File: //home/posscale/access-logs/mail.posscales.com.au-ssl_log
118.127.40.73 - - [28/Feb/2026:22:44:57 +1000] "GET / HTTP/1.1" 200 39255 "-" "Python/3.11 aiohttp/3.9.2"
118.127.40.73 - - [28/Feb/2026:23:14:58 +1000] "GET / HTTP/1.1" 200 39255 "-" "Python/3.11 aiohttp/3.9.2"
118.127.40.73 - - [28/Feb/2026:23:44:57 +1000] "GET / HTTP/1.1" 200 39255 "-" "Python/3.11 aiohttp/3.9.2"
118.127.40.73 - - [01/Mar/2026:00:14:57 +1000] "GET / HTTP/1.1" 200 39255 "-" "Python/3.11 aiohttp/3.9.2"
118.127.40.73 - - [01/Mar/2026:00:44:59 +1000] "GET / HTTP/1.1" 200 39255 "-" "Python/3.11 aiohttp/3.9.2"
118.127.40.73 - - [01/Mar/2026:01:14:58 +1000] "GET / HTTP/1.1" 200 39255 "-" "Python/3.11 aiohttp/3.9.2"
118.127.40.73 - - [01/Mar/2026:01:44:58 +1000] "GET / HTTP/1.1" 200 39255 "-" "Python/3.11 aiohttp/3.9.2"
118.127.40.73 - - [01/Mar/2026:02:14:58 +1000] "GET / HTTP/1.1" 200 39255 "-" "Python/3.11 aiohttp/3.9.2"
118.127.40.73 - - [01/Mar/2026:02:44:59 +1000] "GET / HTTP/1.1" 200 39255 "-" "Python/3.11 aiohttp/3.9.2"
74.7.175.189 - - [01/Mar/2026:02:57:09 +1000] "GET /robots.txt HTTP/1.1" 200 286 "-" "Mozilla/5.0 (Macintosh; Intel Mac OS X 10_15_7) AppleWebKit/537.36 (KHTML, like Gecko) Chrome/131.0.0.0 Safari/537.36; compatible; OAI-SearchBot/1.3; robots.txt; +https://openai.com/searchbot"
118.127.40.73 - - [01/Mar/2026:03:14:59 +1000] "GET / HTTP/1.1" 200 39255 "-" "Python/3.11 aiohttp/3.9.2"
118.127.40.73 - - [01/Mar/2026:03:44:59 +1000] "GET / HTTP/1.1" 200 39255 "-" "Python/3.11 aiohttp/3.9.2"
205.210.31.42 - - [01/Mar/2026:03:52:53 +1000] "GET / HTTP/1.1" 200 39255 "-" "Hello from Palo Alto Networks, find out more about our scans in https://docs-cortex.paloaltonetworks.com/r/1/Cortex-Xpanse/Scanning-activity"
118.127.40.73 - - [01/Mar/2026:04:15:08 +1000] "GET / HTTP/1.1" 200 39255 "-" "Python/3.11 aiohttp/3.9.2"
118.127.40.73 - - [01/Mar/2026:04:45:01 +1000] "GET / HTTP/1.1" 200 39255 "-" "Python/3.11 aiohttp/3.9.2"
118.127.40.73 - - [01/Mar/2026:05:15:01 +1000] "GET / HTTP/1.1" 200 39255 "-" "Python/3.11 aiohttp/3.9.2"
118.127.40.73 - - [01/Mar/2026:05:45:01 +1000] "GET / HTTP/1.1" 200 39255 "-" "Python/3.11 aiohttp/3.9.2"
118.127.40.73 - - [01/Mar/2026:06:15:02 +1000] "GET / HTTP/1.1" 200 39255 "-" "Python/3.11 aiohttp/3.9.2"
118.127.40.73 - - [01/Mar/2026:06:45:02 +1000] "GET / HTTP/1.1" 200 32768 "-" "Python/3.11 aiohttp/3.9.2"
118.127.40.73 - - [01/Mar/2026:07:15:02 +1000] "GET / HTTP/1.1" 200 39255 "-" "Python/3.11 aiohttp/3.9.2"
118.127.40.73 - - [01/Mar/2026:07:45:04 +1000] "GET / HTTP/1.1" 200 39255 "-" "Python/3.11 aiohttp/3.9.2"
118.127.40.73 - - [01/Mar/2026:08:15:04 +1000] "GET / HTTP/1.1" 200 39255 "-" "Python/3.11 aiohttp/3.9.2"
118.127.40.73 - - [01/Mar/2026:08:45:04 +1000] "GET / HTTP/1.1" 200 39255 "-" "Python/3.11 aiohttp/3.9.2"
118.127.40.73 - - [01/Mar/2026:09:15:04 +1000] "GET / HTTP/1.1" 200 39255 "-" "Python/3.11 aiohttp/3.9.2"
118.127.40.73 - - [01/Mar/2026:09:45:04 +1000] "GET / HTTP/1.1" 200 32768 "-" "Python/3.11 aiohttp/3.9.2"
118.127.40.73 - - [01/Mar/2026:10:15:04 +1000] "GET / HTTP/1.1" 200 39301 "-" "Python/3.11 aiohttp/3.9.2"
167.94.138.176 - - [01/Mar/2026:10:39:35 +1000] "GET / HTTP/1.1" 200 39301 "-" "Mozilla/5.0 (compatible; CensysInspect/1.1; +https://about.censys.io/)"
167.94.138.176 - - [01/Mar/2026:10:39:39 +1000] "GET /favicon.ico HTTP/1.1" 404 - "-" "Mozilla/5.0 (compatible; CensysInspect/1.1; +https://about.censys.io/)"
118.127.40.73 - - [01/Mar/2026:10:45:04 +1000] "GET / HTTP/1.1" 200 39301 "-" "Python/3.11 aiohttp/3.9.2"
160.153.190.94 - - [01/Mar/2026:10:59:31 +1000] "POST /owa/auth.owa HTTP/1.1" 404 - "https://mail.posscales.com.au/owa/auth/logon.aspx?replaceCurrent=1&url=https%3a%2f%2fmail.posscales.com.au%2fowa%2f" "Mozilla/5.0 (Windows NT 10.0; Win64; x64) AppleWebKit/537.36 (KHTML, like Gecko) Chrome/96.0.4664.110 Safari/537.36"
160.153.190.94 - - [01/Mar/2026:11:11:11 +1000] "POST /owa/auth.owa HTTP/1.1" 404 - "https://mail.posscales.com.au/owa/auth/logon.aspx?replaceCurrent=1&url=https%3a%2f%2fmail.posscales.com.au%2fowa%2f" "Mozilla/5.0 (Windows NT 10.0; Win64; x64) AppleWebKit/537.36 (KHTML, like Gecko) Chrome/96.0.4664.110 Safari/537.36"
160.153.190.94 - - [01/Mar/2026:11:12:14 +1000] "POST /owa/auth.owa HTTP/1.1" 404 - "https://mail.posscales.com.au/owa/auth/logon.aspx?replaceCurrent=1&url=https%3a%2f%2fmail.posscales.com.au%2fowa%2f" "Mozilla/5.0 (Windows NT 10.0; Win64; x64) AppleWebKit/537.36 (KHTML, like Gecko) Chrome/96.0.4664.110 Safari/537.36"
118.127.40.73 - - [01/Mar/2026:11:15:05 +1000] "GET / HTTP/1.1" 200 39301 "-" "Python/3.11 aiohttp/3.9.2"
167.86.118.77 - - [01/Mar/2026:11:33:09 +1000] "HEAD / HTTP/1.1" 200 - "-" "python-requests/2.32.5"
167.86.118.77 - - [01/Mar/2026:11:33:21 +1000] "GET /wp-admin/ HTTP/1.1" 404 - "binance.com" "Mozilla/5.0 (X11; Linux x86_64) AppleWebKit/537.36 (KHTML, like Gecko) Chrome/120.0.0.0 Safari/537.36"
71.19.251.24 - - [01/Mar/2026:11:44:17 +1000] "POST /owa/auth.owa HTTP/1.1" 404 - "https://mail.posscales.com.au/owa/auth/logon.aspx?replaceCurrent=1&url=https%3a%2f%2fmail.posscales.com.au%2fowa%2f" "Mozilla/5.0 (Windows NT 10.0; Win64; x64) AppleWebKit/537.36 (KHTML, like Gecko) Chrome/96.0.4664.110 Safari/537.36"
118.127.40.73 - - [01/Mar/2026:11:45:05 +1000] "GET / HTTP/1.1" 200 39301 "-" "Python/3.11 aiohttp/3.9.2"
118.127.40.73 - - [01/Mar/2026:12:15:05 +1000] "GET / HTTP/1.1" 200 39301 "-" "Python/3.11 aiohttp/3.9.2"
204.76.203.25 - - [01/Mar/2026:12:24:55 +1000] "GET /.env HTTP/1.1" 404 - "-" "Mozilla/5.0 (Windows NT 10.0; Win64; x64) AppleWebKit/537.36 (KHTML, like Gecko) Chrome/134.0.0.0 Safari/537.3"
118.127.40.73 - - [01/Mar/2026:12:45:08 +1000] "GET / HTTP/1.1" 200 39301 "-" "Python/3.11 aiohttp/3.9.2"
118.127.40.73 - - [01/Mar/2026:13:15:06 +1000] "GET / HTTP/1.1" 200 39301 "-" "Python/3.11 aiohttp/3.9.2"
118.127.40.73 - - [01/Mar/2026:13:45:06 +1000] "GET / HTTP/1.1" 200 39301 "-" "Python/3.11 aiohttp/3.9.2"
118.127.40.73 - - [01/Mar/2026:14:15:06 +1000] "GET / HTTP/1.1" 200 39301 "-" "Python/3.11 aiohttp/3.9.2"
118.127.40.73 - - [01/Mar/2026:14:45:06 +1000] "GET / HTTP/1.1" 200 39301 "-" "Python/3.11 aiohttp/3.9.2"
118.127.40.73 - - [01/Mar/2026:15:15:06 +1000] "GET / HTTP/1.1" 200 39301 "-" "Python/3.11 aiohttp/3.9.2"
118.127.40.73 - - [01/Mar/2026:15:45:06 +1000] "GET / HTTP/1.1" 200 39301 "-" "Python/3.11 aiohttp/3.9.2"
118.127.40.73 - - [01/Mar/2026:16:15:07 +1000] "GET / HTTP/1.1" 200 39301 "-" "Python/3.11 aiohttp/3.9.2"
118.127.40.73 - - [01/Mar/2026:16:45:07 +1000] "GET / HTTP/1.1" 200 39301 "-" "Python/3.11 aiohttp/3.9.2"
118.127.40.73 - - [01/Mar/2026:17:15:07 +1000] "GET / HTTP/1.1" 200 39301 "-" "Python/3.11 aiohttp/3.9.2"
118.127.40.73 - - [01/Mar/2026:17:45:07 +1000] "GET / HTTP/1.1" 200 39301 "-" "Python/3.11 aiohttp/3.9.2"
118.127.40.73 - - [01/Mar/2026:18:15:08 +1000] "GET / HTTP/1.1" 200 39301 "-" "Python/3.11 aiohttp/3.9.2"
118.127.40.73 - - [01/Mar/2026:18:45:08 +1000] "GET / HTTP/1.1" 200 39301 "-" "Python/3.11 aiohttp/3.9.2"
118.127.40.73 - - [01/Mar/2026:19:15:08 +1000] "GET / HTTP/1.1" 200 39301 "-" "Python/3.11 aiohttp/3.9.2"
118.127.40.73 - - [01/Mar/2026:19:45:08 +1000] "GET / HTTP/1.1" 200 39301 "-" "Python/3.11 aiohttp/3.9.2"
118.127.40.73 - - [01/Mar/2026:20:15:08 +1000] "GET / HTTP/1.1" 200 39301 "-" "Python/3.11 aiohttp/3.9.2"
118.127.40.73 - - [01/Mar/2026:20:45:08 +1000] "GET / HTTP/1.1" 200 39301 "-" "Python/3.11 aiohttp/3.9.2"
118.127.40.73 - - [01/Mar/2026:21:15:09 +1000] "GET / HTTP/1.1" 200 39301 "-" "Python/3.11 aiohttp/3.9.2"
118.127.40.73 - - [01/Mar/2026:21:45:09 +1000] "GET / HTTP/1.1" 200 39301 "-" "Python/3.11 aiohttp/3.9.2"
118.127.40.73 - - [01/Mar/2026:22:15:09 +1000] "GET / HTTP/1.1" 200 39301 "-" "Python/3.11 aiohttp/3.9.2"
118.127.40.73 - - [01/Mar/2026:22:45:09 +1000] "GET / HTTP/1.1" 200 39301 "-" "Python/3.11 aiohttp/3.9.2"
74.7.230.34 - - [01/Mar/2026:22:47:15 +1000] "GET /robots.txt HTTP/1.1" 200 286 "-" "Mozilla/5.0 (Macintosh; Intel Mac OS X 10_15_7) AppleWebKit/537.36 (KHTML, like Gecko) Chrome/131.0.0.0 Safari/537.36; compatible; OAI-SearchBot/1.3; robots.txt; +https://openai.com/searchbot"
74.7.227.190 - - [01/Mar/2026:22:47:15 +1000] "GET / HTTP/1.1" 200 39301 "-" "Mozilla/5.0 AppleWebKit/537.36 (KHTML, like Gecko; compatible; GPTBot/1.3; +https://openai.com/gptbot)"
118.127.40.73 - - [01/Mar/2026:23:15:09 +1000] "GET / HTTP/1.1" 200 39301 "-" "Python/3.11 aiohttp/3.9.2"
118.127.40.73 - - [01/Mar/2026:23:45:09 +1000] "GET / HTTP/1.1" 200 39301 "-" "Python/3.11 aiohttp/3.9.2"
118.127.40.73 - - [02/Mar/2026:00:15:10 +1000] "GET / HTTP/1.1" 200 39301 "-" "Python/3.11 aiohttp/3.9.2"
118.127.40.73 - - [02/Mar/2026:00:45:10 +1000] "GET / HTTP/1.1" 200 39301 "-" "Python/3.11 aiohttp/3.9.2"
118.127.40.73 - - [02/Mar/2026:01:15:10 +1000] "GET / HTTP/1.1" 200 39301 "-" "Python/3.11 aiohttp/3.9.2"
118.127.40.73 - - [02/Mar/2026:01:45:10 +1000] "GET / HTTP/1.1" 200 39301 "-" "Python/3.11 aiohttp/3.9.2"
118.127.40.73 - - [02/Mar/2026:02:15:10 +1000] "GET / HTTP/1.1" 200 39301 "-" "Python/3.11 aiohttp/3.9.2"
118.127.40.73 - - [02/Mar/2026:02:45:11 +1000] "GET / HTTP/1.1" 200 39301 "-" "Python/3.11 aiohttp/3.9.2"
118.127.40.73 - - [02/Mar/2026:03:15:11 +1000] "GET / HTTP/1.1" 200 39301 "-" "Python/3.11 aiohttp/3.9.2"
160.153.182.195 - - [02/Mar/2026:03:23:57 +1000] "POST /owa/auth.owa HTTP/1.1" 404 - "https://mail.posscales.com.au/owa/auth/logon.aspx?replaceCurrent=1&url=https%3a%2f%2fmail.posscales.com.au%2fowa%2f" "Mozilla/5.0 (Windows NT 10.0; Win64; x64) AppleWebKit/537.36 (KHTML, like Gecko) Chrome/96.0.4664.110 Safari/537.36"
118.127.40.73 - - [02/Mar/2026:03:45:11 +1000] "GET / HTTP/1.1" 200 39301 "-" "Python/3.11 aiohttp/3.9.2"
118.127.40.73 - - [02/Mar/2026:04:15:12 +1000] "GET / HTTP/1.1" 200 39301 "-" "Python/3.11 aiohttp/3.9.2"
118.127.40.73 - - [02/Mar/2026:04:45:12 +1000] "GET / HTTP/1.1" 200 39301 "-" "Python/3.11 aiohttp/3.9.2"
118.127.40.73 - - [02/Mar/2026:05:15:12 +1000] "GET / HTTP/1.1" 200 39301 "-" "Python/3.11 aiohttp/3.9.2"
118.127.40.73 - - [02/Mar/2026:05:45:12 +1000] "GET / HTTP/1.1" 200 39301 "-" "Python/3.11 aiohttp/3.9.2"
118.127.40.73 - - [02/Mar/2026:06:15:13 +1000] "GET / HTTP/1.1" 200 39301 "-" "Python/3.11 aiohttp/3.9.2"
118.127.40.73 - - [02/Mar/2026:06:45:12 +1000] "GET / HTTP/1.1" 200 39301 "-" "Python/3.11 aiohttp/3.9.2"
118.127.40.73 - - [02/Mar/2026:07:15:12 +1000] "GET / HTTP/1.1" 200 39301 "-" "Python/3.11 aiohttp/3.9.2"
160.153.188.148 - - [02/Mar/2026:07:17:40 +1000] "GET / HTTP/1.1" 200 39301 "-" "Mozilla/5.0 (Windows NT 10.0; Win64; x64) AppleWebKit/537.36 (KHTML, like Gecko) Chrome/97.0.4692.71 Safari/537.36"
160.153.188.148 - - [02/Mar/2026:07:27:37 +1000] "GET / HTTP/1.1" 200 39301 "-" "Mozilla/5.0 (Windows NT 10.0; Win64; x64) AppleWebKit/537.36 (KHTML, like Gecko) Chrome/97.0.4692.71 Safari/537.36"
160.153.188.148 - - [02/Mar/2026:07:44:18 +1000] "GET / HTTP/1.1" 200 39301 "-" "Mozilla/5.0 (Windows NT 10.0; Win64; x64) AppleWebKit/537.36 (KHTML, like Gecko) Chrome/97.0.4692.71 Safari/537.36"
118.127.40.73 - - [02/Mar/2026:07:45:13 +1000] "GET / HTTP/1.1" 200 39301 "-" "Python/3.11 aiohttp/3.9.2"
193.32.248.139 - - [02/Mar/2026:07:55:55 +1000] "HEAD / HTTP/1.1" 200 - "-" "python-requests/2.32.4"
193.32.248.139 - - [02/Mar/2026:07:55:56 +1000] "GET /wp-admin/ HTTP/1.1" 404 - "-" "Mozilla/5.0 (Macintosh; Intel Mac OS X 14_2_1) AppleWebKit/537.36 (KHTML, like Gecko) Chrome/120.0.0.0 Safari/537.36"
193.32.248.139 - - [02/Mar/2026:07:55:57 +1000] "GET /xmlrpc.php HTTP/1.1" 404 - "-" "Mozilla/5.0 (Windows NT 11.0; Win64; x64) AppleWebKit/537.36 (KHTML, like Gecko) Chrome/121.0.0.0 Safari/537.36"
160.153.188.148 - - [02/Mar/2026:07:59:39 +1000] "GET / HTTP/1.1" 200 39301 "-" "Mozilla/5.0 (Windows NT 10.0; Win64; x64) AppleWebKit/537.36 (KHTML, like Gecko) Chrome/97.0.4692.71 Safari/537.36"
118.127.40.73 - - [02/Mar/2026:08:15:14 +1000] "GET / HTTP/1.1" 200 39301 "-" "Python/3.11 aiohttp/3.9.2"
118.127.40.73 - - [02/Mar/2026:08:45:13 +1000] "GET / HTTP/1.1" 200 39301 "-" "Python/3.11 aiohttp/3.9.2"
118.127.40.73 - - [02/Mar/2026:09:15:13 +1000] "GET / HTTP/1.1" 200 39301 "-" "Python/3.11 aiohttp/3.9.2"
118.127.40.73 - - [02/Mar/2026:09:45:13 +1000] "GET / HTTP/1.1" 200 39301 "-" "Python/3.11 aiohttp/3.9.2"
160.153.190.94 - - [02/Mar/2026:09:47:24 +1000] "POST /owa/auth.owa HTTP/1.1" 404 - "https://mail.posscales.com.au/owa/auth/logon.aspx?replaceCurrent=1&url=https%3a%2f%2fmail.posscales.com.au%2fowa%2f" "Mozilla/5.0 (Windows NT 10.0; Win64; x64) AppleWebKit/537.36 (KHTML, like Gecko) Chrome/96.0.4664.110 Safari/537.36"
118.127.40.73 - - [02/Mar/2026:10:15:14 +1000] "GET / HTTP/1.1" 200 39301 "-" "Python/3.11 aiohttp/3.9.2"
118.127.40.73 - - [02/Mar/2026:10:45:14 +1000] "GET / HTTP/1.1" 200 39301 "-" "Python/3.11 aiohttp/3.9.2"
118.127.40.73 - - [02/Mar/2026:11:15:14 +1000] "GET / HTTP/1.1" 200 39301 "-" "Python/3.11 aiohttp/3.9.2"
45.13.237.110 - - [02/Mar/2026:11:17:44 +1000] "GET / HTTP/1.1" 200 39301 "-" "fasthttp"
118.127.40.73 - - [02/Mar/2026:11:45:15 +1000] "GET / HTTP/1.1" 200 39301 "-" "Python/3.11 aiohttp/3.9.2"
118.127.40.73 - - [02/Mar/2026:12:15:15 +1000] "GET / HTTP/1.1" 200 39301 "-" "Python/3.11 aiohttp/3.9.2"
118.127.40.73 - - [02/Mar/2026:12:45:15 +1000] "GET / HTTP/1.1" 200 39301 "-" "Python/3.11 aiohttp/3.9.2"
118.127.40.73 - - [02/Mar/2026:13:15:15 +1000] "GET / HTTP/1.1" 200 39301 "-" "Python/3.11 aiohttp/3.9.2"
3.151.194.164 - - [02/Mar/2026:13:25:47 +1000] "GET / HTTP/1.1" 200 39301 "-" "visionheight.com/scan Mozilla/5.0 (Macintosh; Intel Mac OS X 10_15_7) Chrome/126.0.0.0 Safari/537.36"
118.127.40.73 - - [02/Mar/2026:13:45:17 +1000] "GET / HTTP/1.1" 200 39301 "-" "Python/3.11 aiohttp/3.9.2"
118.127.40.73 - - [02/Mar/2026:14:15:16 +1000] "GET / HTTP/1.1" 200 39301 "-" "Python/3.11 aiohttp/3.9.2"
118.127.40.73 - - [02/Mar/2026:14:45:16 +1000] "GET / HTTP/1.1" 200 39301 "-" "Python/3.11 aiohttp/3.9.2"
118.127.40.73 - - [02/Mar/2026:15:15:16 +1000] "GET / HTTP/1.1" 200 39301 "-" "Python/3.11 aiohttp/3.9.2"
118.127.40.73 - - [02/Mar/2026:15:45:17 +1000] "GET / HTTP/1.1" 200 39301 "-" "Python/3.11 aiohttp/3.9.2"
118.127.40.73 - - [02/Mar/2026:16:15:17 +1000] "GET / HTTP/1.1" 200 39301 "-" "Python/3.11 aiohttp/3.9.2"
118.127.40.73 - - [02/Mar/2026:16:45:17 +1000] "GET / HTTP/1.1" 200 39301 "-" "Python/3.11 aiohttp/3.9.2"
118.127.40.73 - - [02/Mar/2026:17:15:17 +1000] "GET / HTTP/1.1" 200 39301 "-" "Python/3.11 aiohttp/3.9.2"
118.127.40.73 - - [02/Mar/2026:17:45:17 +1000] "GET / HTTP/1.1" 200 39301 "-" "Python/3.11 aiohttp/3.9.2"
118.127.40.73 - - [02/Mar/2026:18:15:17 +1000] "GET / HTTP/1.1" 200 39301 "-" "Python/3.11 aiohttp/3.9.2"
143.110.177.241 - - [02/Mar/2026:18:43:35 +1000] "GET / HTTP/1.1" 200 39301 "-" "Mozilla/5.0 (X11; Linux x86_64) AppleWebKit/537.36 (KHTML, like Gecko) Chrome/142.0.0.0 Safari/537.36"
143.110.177.241 - - [02/Mar/2026:18:43:41 +1000] "GET /favicon.ico HTTP/1.1" 404 - "https://mail.posscales.com.au/" "Mozilla/5.0 (X11; Linux x86_64) AppleWebKit/537.36 (KHTML, like Gecko) Chrome/142.0.0.0 Safari/537.36"
118.127.40.73 - - [02/Mar/2026:18:45:18 +1000] "GET / HTTP/1.1" 200 39301 "-" "Python/3.11 aiohttp/3.9.2"
138.199.31.8 - - [02/Mar/2026:18:46:48 +1000] "POST /owa/auth.owa HTTP/1.1" 404 - "https://mail.posscales.com.au/owa/auth/logon.aspx?replaceCurrent=1&url=https%3a%2f%2fmail.posscales.com.au%2fowa%2f" "Mozilla/5.0 (Windows NT 10.0; Win64; x64) AppleWebKit/537.36 (KHTML, like Gecko) Chrome/96.0.4664.110 Safari/537.36"
45.11.229.144 - - [02/Mar/2026:19:03:33 +1000] "GET / HTTP/1.1" 200 39301 "-" "fasthttp"
118.127.40.73 - - [02/Mar/2026:19:15:18 +1000] "GET / HTTP/1.1" 200 39301 "-" "Python/3.11 aiohttp/3.9.2"
118.127.40.73 - - [02/Mar/2026:19:45:18 +1000] "GET / HTTP/1.1" 200 39301 "-" "Python/3.11 aiohttp/3.9.2"
118.127.40.73 - - [02/Mar/2026:20:15:18 +1000] "GET / HTTP/1.1" 200 39301 "-" "Python/3.11 aiohttp/3.9.2"
118.127.40.73 - - [02/Mar/2026:20:45:18 +1000] "GET / HTTP/1.1" 200 39301 "-" "Python/3.11 aiohttp/3.9.2"
118.127.40.73 - - [02/Mar/2026:21:15:19 +1000] "GET / HTTP/1.1" 200 39301 "-" "Python/3.11 aiohttp/3.9.2"
118.127.40.73 - - [02/Mar/2026:21:45:19 +1000] "GET / HTTP/1.1" 200 39301 "-" "Python/3.11 aiohttp/3.9.2"
118.127.40.73 - - [02/Mar/2026:22:15:19 +1000] "GET / HTTP/1.1" 200 39301 "-" "Python/3.11 aiohttp/3.9.2"
118.127.40.73 - - [02/Mar/2026:22:45:19 +1000] "GET / HTTP/1.1" 200 39301 "-" "Python/3.11 aiohttp/3.9.2"
118.127.40.73 - - [02/Mar/2026:23:15:20 +1000] "GET / HTTP/1.1" 200 39301 "-" "Python/3.11 aiohttp/3.9.2"
118.127.40.73 - - [02/Mar/2026:23:45:20 +1000] "GET / HTTP/1.1" 200 39301 "-" "Python/3.11 aiohttp/3.9.2"
160.153.190.94 - - [03/Mar/2026:00:11:00 +1000] "POST /owa/auth.owa HTTP/1.1" 404 - "https://mail.posscales.com.au/owa/auth/logon.aspx?replaceCurrent=1&url=https%3a%2f%2fmail.posscales.com.au%2fowa%2f" "Mozilla/5.0 (Windows NT 10.0; Win64; x64) AppleWebKit/537.36 (KHTML, like Gecko) Chrome/96.0.4664.110 Safari/537.36"
118.127.40.73 - - [03/Mar/2026:00:15:20 +1000] "GET / HTTP/1.1" 200 39301 "-" "Python/3.11 aiohttp/3.9.2"
118.127.40.73 - - [03/Mar/2026:00:45:20 +1000] "GET / HTTP/1.1" 200 39301 "-" "Python/3.11 aiohttp/3.9.2"
118.127.40.73 - - [03/Mar/2026:01:15:20 +1000] "GET / HTTP/1.1" 200 39301 "-" "Python/3.11 aiohttp/3.9.2"
118.127.40.73 - - [03/Mar/2026:01:45:21 +1000] "GET / HTTP/1.1" 200 39301 "-" "Python/3.11 aiohttp/3.9.2"
118.127.40.73 - - [03/Mar/2026:02:15:21 +1000] "GET / HTTP/1.1" 200 39301 "-" "Python/3.11 aiohttp/3.9.2"
118.127.40.73 - - [03/Mar/2026:02:45:21 +1000] "GET / HTTP/1.1" 200 39301 "-" "Python/3.11 aiohttp/3.9.2"
118.127.40.73 - - [03/Mar/2026:03:15:21 +1000] "GET / HTTP/1.1" 200 39301 "-" "Python/3.11 aiohttp/3.9.2"
118.127.40.73 - - [03/Mar/2026:03:45:22 +1000] "GET / HTTP/1.1" 200 39301 "-" "Python/3.11 aiohttp/3.9.2"
118.127.40.73 - - [03/Mar/2026:04:15:23 +1000] "GET / HTTP/1.1" 200 39301 "-" "Python/3.11 aiohttp/3.9.2"
118.127.40.73 - - [03/Mar/2026:04:45:22 +1000] "GET / HTTP/1.1" 200 39301 "-" "Python/3.11 aiohttp/3.9.2"
118.127.40.73 - - [03/Mar/2026:05:15:22 +1000] "GET / HTTP/1.1" 200 39301 "-" "Python/3.11 aiohttp/3.9.2"
118.127.40.73 - - [03/Mar/2026:05:45:22 +1000] "GET / HTTP/1.1" 200 39301 "-" "Python/3.11 aiohttp/3.9.2"
74.7.230.36 - - [03/Mar/2026:05:46:47 +1000] "GET /robots.txt HTTP/1.1" 200 286 "-" "Mozilla/5.0 (Macintosh; Intel Mac OS X 10_15_7) AppleWebKit/537.36 (KHTML, like Gecko) Chrome/131.0.0.0 Safari/537.36; compatible; OAI-SearchBot/1.3; robots.txt; +https://openai.com/searchbot"
118.127.40.73 - - [03/Mar/2026:06:15:23 +1000] "GET / HTTP/1.1" 200 39301 "-" "Python/3.11 aiohttp/3.9.2"
118.127.40.73 - - [03/Mar/2026:06:45:23 +1000] "GET / HTTP/1.1" 200 39301 "-" "Python/3.11 aiohttp/3.9.2"
118.127.40.73 - - [03/Mar/2026:07:15:23 +1000] "GET / HTTP/1.1" 200 39301 "-" "Python/3.11 aiohttp/3.9.2"
118.127.40.73 - - [03/Mar/2026:07:45:23 +1000] "GET / HTTP/1.1" 200 39301 "-" "Python/3.11 aiohttp/3.9.2"
118.127.40.73 - - [03/Mar/2026:08:15:23 +1000] "GET / HTTP/1.1" 200 39301 "-" "Python/3.11 aiohttp/3.9.2"
206.123.159.20 - - [03/Mar/2026:08:35:46 +1000] "POST /owa/auth.owa HTTP/1.1" 404 - "https://mail.posscales.com.au/owa/auth/logon.aspx?replaceCurrent=1&url=https%3a%2f%2fmail.posscales.com.au%2fowa%2f" "Mozilla/5.0 (Windows NT 10.0; Win64; x64) AppleWebKit/537.36 (KHTML, like Gecko) Chrome/96.0.4664.110 Safari/537.36"
118.127.40.73 - - [03/Mar/2026:08:45:23 +1000] "GET / HTTP/1.1" 200 39301 "-" "Python/3.11 aiohttp/3.9.2"
160.153.190.94 - - [03/Mar/2026:08:53:43 +1000] "POST /owa/auth.owa HTTP/1.1" 404 - "https://mail.posscales.com.au/owa/auth/logon.aspx?replaceCurrent=1&url=https%3a%2f%2fmail.posscales.com.au%2fowa%2f" "Mozilla/5.0 (Windows NT 10.0; Win64; x64) AppleWebKit/537.36 (KHTML, like Gecko) Chrome/96.0.4664.110 Safari/537.36"
118.127.40.73 - - [03/Mar/2026:09:15:24 +1000] "GET / HTTP/1.1" 200 39301 "-" "Python/3.11 aiohttp/3.9.2"
118.127.40.73 - - [03/Mar/2026:09:45:24 +1000] "GET / HTTP/1.1" 200 39301 "-" "Python/3.11 aiohttp/3.9.2"
118.127.40.73 - - [03/Mar/2026:10:15:24 +1000] "GET / HTTP/1.1" 200 39301 "-" "Python/3.11 aiohttp/3.9.2"
118.127.40.73 - - [03/Mar/2026:10:45:24 +1000] "GET / HTTP/1.1" 200 39301 "-" "Python/3.11 aiohttp/3.9.2"
118.127.40.73 - - [03/Mar/2026:11:15:24 +1000] "GET / HTTP/1.1" 200 39301 "-" "Python/3.11 aiohttp/3.9.2"
118.127.40.73 - - [03/Mar/2026:11:45:25 +1000] "GET / HTTP/1.1" 200 39301 "-" "Python/3.11 aiohttp/3.9.2"
118.127.40.73 - - [03/Mar/2026:12:15:25 +1000] "GET / HTTP/1.1" 200 39301 "-" "Python/3.11 aiohttp/3.9.2"
118.127.40.73 - - [03/Mar/2026:12:45:25 +1000] "GET / HTTP/1.1" 200 39301 "-" "Python/3.11 aiohttp/3.9.2"
118.127.40.73 - - [03/Mar/2026:13:15:26 +1000] "GET / HTTP/1.1" 200 39301 "-" "Python/3.11 aiohttp/3.9.2"
118.127.40.73 - - [03/Mar/2026:13:45:35 +1000] "GET / HTTP/1.1" 200 39301 "-" "Python/3.11 aiohttp/3.9.2"
118.127.40.73 - - [03/Mar/2026:14:15:28 +1000] "GET / HTTP/1.1" 200 39301 "-" "Python/3.11 aiohttp/3.9.2"
160.153.190.94 - - [03/Mar/2026:14:33:56 +1000] "POST /owa/auth.owa HTTP/1.1" 404 - "https://mail.posscales.com.au/owa/auth/logon.aspx?replaceCurrent=1&url=https%3a%2f%2fmail.posscales.com.au%2fowa%2f" "Mozilla/5.0 (Windows NT 10.0; Win64; x64) AppleWebKit/537.36 (KHTML, like Gecko) Chrome/96.0.4664.110 Safari/537.36"
118.127.40.73 - - [03/Mar/2026:14:45:29 +1000] "GET / HTTP/1.1" 200 39301 "-" "Python/3.11 aiohttp/3.9.2"
118.127.40.73 - - [03/Mar/2026:15:15:29 +1000] "GET / HTTP/1.1" 200 39301 "-" "Python/3.11 aiohttp/3.9.2"
118.127.40.73 - - [03/Mar/2026:15:45:29 +1000] "GET / HTTP/1.1" 200 39301 "-" "Python/3.11 aiohttp/3.9.2"
118.127.40.73 - - [03/Mar/2026:16:15:29 +1000] "GET / HTTP/1.1" 200 39301 "-" "Python/3.11 aiohttp/3.9.2"
118.127.40.73 - - [03/Mar/2026:16:45:29 +1000] "GET / HTTP/1.1" 200 39301 "-" "Python/3.11 aiohttp/3.9.2"
118.127.40.73 - - [03/Mar/2026:17:15:30 +1000] "GET / HTTP/1.1" 200 39301 "-" "Python/3.11 aiohttp/3.9.2"
118.127.40.73 - - [03/Mar/2026:17:45:30 +1000] "GET / HTTP/1.1" 200 39301 "-" "Python/3.11 aiohttp/3.9.2"
118.127.40.73 - - [03/Mar/2026:18:15:30 +1000] "GET / HTTP/1.1" 200 39301 "-" "Python/3.11 aiohttp/3.9.2"
74.7.230.30 - - [03/Mar/2026:18:41:30 +1000] "GET /robots.txt HTTP/1.1" 200 286 "-" "Mozilla/5.0 (Macintosh; Intel Mac OS X 10_15_7) AppleWebKit/537.36 (KHTML, like Gecko) Chrome/131.0.0.0 Safari/537.36; compatible; OAI-SearchBot/1.3; robots.txt; +https://openai.com/searchbot"
118.127.40.73 - - [03/Mar/2026:18:45:30 +1000] "GET / HTTP/1.1" 200 39301 "-" "Python/3.11 aiohttp/3.9.2"
118.127.40.73 - - [03/Mar/2026:19:15:30 +1000] "GET / HTTP/1.1" 200 39301 "-" "Python/3.11 aiohttp/3.9.2"
118.127.40.73 - - [03/Mar/2026:19:45:30 +1000] "GET / HTTP/1.1" 200 39301 "-" "Python/3.11 aiohttp/3.9.2"
2.58.241.50 - - [03/Mar/2026:19:55:03 +1000] "POST /owa/auth.owa HTTP/1.1" 404 - "https://mail.posscales.com.au/owa/auth/logon.aspx?replaceCurrent=1&url=https%3a%2f%2fmail.posscales.com.au%2fowa%2f" "Mozilla/5.0 (Windows NT 10.0; Win64; x64) AppleWebKit/537.36 (KHTML, like Gecko) Chrome/96.0.4664.110 Safari/537.36"
204.76.203.25 - - [03/Mar/2026:20:14:01 +1000] "GET / HTTP/1.1" 200 39301 "-" "Mozilla/5.0 (Windows NT 10.0; Win64; x64) AppleWebKit/537.36 (KHTML, like Gecko) Chrome/134.0.0.0 Safari/537.3"
118.127.40.73 - - [03/Mar/2026:20:15:31 +1000] "GET / HTTP/1.1" 200 39301 "-" "Python/3.11 aiohttp/3.9.2"
118.127.40.73 - - [03/Mar/2026:20:45:31 +1000] "GET / HTTP/1.1" 200 39301 "-" "Python/3.11 aiohttp/3.9.2"
160.153.190.94 - - [03/Mar/2026:20:55:49 +1000] "POST /owa/auth.owa HTTP/1.1" 404 - "https://mail.posscales.com.au/owa/auth/logon.aspx?replaceCurrent=1&url=https%3a%2f%2fmail.posscales.com.au%2fowa%2f" "Mozilla/5.0 (Windows NT 10.0; Win64; x64) AppleWebKit/537.36 (KHTML, like Gecko) Chrome/96.0.4664.110 Safari/537.36"
160.153.190.94 - - [03/Mar/2026:20:57:04 +1000] "POST /owa/auth.owa HTTP/1.1" 404 - "https://mail.posscales.com.au/owa/auth/logon.aspx?replaceCurrent=1&url=https%3a%2f%2fmail.posscales.com.au%2fowa%2f" "Mozilla/5.0 (Windows NT 10.0; Win64; x64) AppleWebKit/537.36 (KHTML, like Gecko) Chrome/96.0.4664.110 Safari/537.36"
118.127.40.73 - - [03/Mar/2026:21:15:31 +1000] "GET / HTTP/1.1" 200 39301 "-" "Python/3.11 aiohttp/3.9.2"
118.127.40.73 - - [03/Mar/2026:21:45:31 +1000] "GET / HTTP/1.1" 200 39301 "-" "Python/3.11 aiohttp/3.9.2"
103.108.95.138 - - [03/Mar/2026:22:11:35 +1000] "POST /owa/auth.owa HTTP/1.1" 404 - "https://mail.posscales.com.au/owa/auth/logon.aspx?replaceCurrent=1&url=https%3a%2f%2fmail.posscales.com.au%2fowa%2f" "Mozilla/5.0 (Windows NT 10.0; Win64; x64) AppleWebKit/537.36 (KHTML, like Gecko) Chrome/96.0.4664.110 Safari/537.36"
118.127.40.73 - - [03/Mar/2026:22:15:32 +1000] "GET / HTTP/1.1" 200 39301 "-" "Python/3.11 aiohttp/3.9.2"
118.127.40.73 - - [03/Mar/2026:22:45:32 +1000] "GET / HTTP/1.1" 200 39301 "-" "Python/3.11 aiohttp/3.9.2"
118.127.40.73 - - [03/Mar/2026:23:15:33 +1000] "GET / HTTP/1.1" 200 39301 "-" "Python/3.11 aiohttp/3.9.2"
118.127.40.73 - - [04/Mar/2026:00:12:10 +1000] "GET / HTTP/1.1" 200 39301 "-" "Python/3.11 aiohttp/3.9.2"
118.127.40.73 - - [04/Mar/2026:00:42:07 +1000] "GET / HTTP/1.1" 200 39301 "-" "Python/3.11 aiohttp/3.9.2"
118.127.40.73 - - [04/Mar/2026:01:12:08 +1000] "GET / HTTP/1.1" 200 39301 "-" "Python/3.11 aiohttp/3.9.2"
45.13.237.110 - - [04/Mar/2026:01:37:41 +1000] "GET / HTTP/1.1" 200 39301 "-" "fasthttp"
118.127.40.73 - - [04/Mar/2026:01:42:08 +1000] "GET / HTTP/1.1" 200 39301 "-" "Python/3.11 aiohttp/3.9.2"
62.72.7.109 - - [04/Mar/2026:02:06:11 +1000] "GET / HTTP/1.1" 200 39301 "-" "httpx - Open-source project (github.com/projectdiscovery/httpx)"
118.127.40.73 - - [04/Mar/2026:02:12:10 +1000] "GET / HTTP/1.1" 200 39301 "-" "Python/3.11 aiohttp/3.9.2"
118.127.40.73 - - [04/Mar/2026:02:42:08 +1000] "GET / HTTP/1.1" 200 39301 "-" "Python/3.11 aiohttp/3.9.2"
118.127.40.73 - - [04/Mar/2026:03:12:09 +1000] "GET / HTTP/1.1" 200 39301 "-" "Python/3.11 aiohttp/3.9.2"
118.127.40.73 - - [04/Mar/2026:03:42:09 +1000] "GET / HTTP/1.1" 200 39301 "-" "Python/3.11 aiohttp/3.9.2"
118.127.40.73 - - [04/Mar/2026:04:12:09 +1000] "GET / HTTP/1.1" 200 39301 "-" "Python/3.11 aiohttp/3.9.2"
118.127.40.73 - - [04/Mar/2026:04:42:09 +1000] "GET / HTTP/1.1" 200 39301 "-" "Python/3.11 aiohttp/3.9.2"
118.127.40.73 - - [04/Mar/2026:05:12:12 +1000] "GET / HTTP/1.1" 200 39301 "-" "Python/3.11 aiohttp/3.9.2"
118.127.40.73 - - [04/Mar/2026:05:42:10 +1000] "GET / HTTP/1.1" 200 39301 "-" "Python/3.11 aiohttp/3.9.2"
128.1.160.146 - - [04/Mar/2026:05:46:09 +1000] "POST /owa/auth.owa HTTP/1.1" 404 - "https://mail.posscales.com.au/owa/auth/logon.aspx?replaceCurrent=1&url=https%3a%2f%2fmail.posscales.com.au%2fowa%2f" "Mozilla/5.0 (Windows NT 10.0; Win64; x64) AppleWebKit/537.36 (KHTML, like Gecko) Chrome/96.0.4664.110 Safari/537.36"
118.127.40.73 - - [04/Mar/2026:06:12:10 +1000] "GET / HTTP/1.1" 200 39301 "-" "Python/3.11 aiohttp/3.9.2"
118.127.40.73 - - [04/Mar/2026:06:42:10 +1000] "GET / HTTP/1.1" 200 39301 "-" "Python/3.11 aiohttp/3.9.2"
118.127.40.73 - - [04/Mar/2026:07:12:10 +1000] "GET / HTTP/1.1" 200 39301 "-" "Python/3.11 aiohttp/3.9.2"
118.127.40.73 - - [04/Mar/2026:07:42:10 +1000] "GET / HTTP/1.1" 200 39301 "-" "Python/3.11 aiohttp/3.9.2"
118.127.40.73 - - [04/Mar/2026:08:12:10 +1000] "GET / HTTP/1.1" 200 39301 "-" "Python/3.11 aiohttp/3.9.2"
118.127.40.73 - - [04/Mar/2026:08:42:11 +1000] "GET / HTTP/1.1" 200 39301 "-" "Python/3.11 aiohttp/3.9.2"
118.127.40.73 - - [04/Mar/2026:09:12:10 +1000] "GET / HTTP/1.1" 200 39301 "-" "Python/3.11 aiohttp/3.9.2"
118.127.40.73 - - [04/Mar/2026:09:42:12 +1000] "GET / HTTP/1.1" 200 39301 "-" "Python/3.11 aiohttp/3.9.2"
118.127.40.73 - - [04/Mar/2026:10:12:11 +1000] "GET / HTTP/1.1" 200 39301 "-" "Python/3.11 aiohttp/3.9.2"
118.127.40.73 - - [04/Mar/2026:10:42:12 +1000] "GET / HTTP/1.1" 200 39301 "-" "Python/3.11 aiohttp/3.9.2"
118.127.40.73 - - [04/Mar/2026:11:12:11 +1000] "GET / HTTP/1.1" 200 39301 "-" "Python/3.11 aiohttp/3.9.2"
81.161.59.17 - - [04/Mar/2026:11:25:54 +1000] "GET / HTTP/1.1" 200 39301 "-" "-"
118.127.40.73 - - [04/Mar/2026:11:42:11 +1000] "GET / HTTP/1.1" 200 39301 "-" "Python/3.11 aiohttp/3.9.2"
118.127.40.73 - - [04/Mar/2026:12:12:12 +1000] "GET / HTTP/1.1" 200 39301 "-" "Python/3.11 aiohttp/3.9.2"
118.127.40.73 - - [04/Mar/2026:12:42:12 +1000] "GET / HTTP/1.1" 200 39301 "-" "Python/3.11 aiohttp/3.9.2"
172.93.163.30 - - [04/Mar/2026:12:54:05 +1000] "GET / HTTP/1.1" 200 39301 "-" "fasthttp"
118.127.40.73 - - [04/Mar/2026:13:12:12 +1000] "GET / HTTP/1.1" 200 39301 "-" "Python/3.11 aiohttp/3.9.2"
118.127.40.73 - - [04/Mar/2026:13:42:12 +1000] "GET / HTTP/1.1" 200 39301 "-" "Python/3.11 aiohttp/3.9.2"
118.127.40.73 - - [04/Mar/2026:14:12:13 +1000] "GET / HTTP/1.1" 200 39301 "-" "Python/3.11 aiohttp/3.9.2"
118.127.40.73 - - [04/Mar/2026:14:42:14 +1000] "GET / HTTP/1.1" 200 39301 "-" "Python/3.11 aiohttp/3.9.2"
118.127.40.73 - - [04/Mar/2026:15:12:15 +1000] "GET / HTTP/1.1" 200 39301 "-" "Python/3.11 aiohttp/3.9.2"
118.127.40.73 - - [04/Mar/2026:15:42:13 +1000] "GET / HTTP/1.1" 200 39301 "-" "Python/3.11 aiohttp/3.9.2"
35.189.199.133 - - [04/Mar/2026:15:58:23 +1000] "GET / HTTP/1.1" 200 39301 "-" "python-requests/2.32.5"
118.127.40.73 - - [04/Mar/2026:16:12:13 +1000] "GET / HTTP/1.1" 200 39301 "-" "Python/3.11 aiohttp/3.9.2"
118.127.40.73 - - [04/Mar/2026:16:42:15 +1000] "GET / HTTP/1.1" 200 39301 "-" "Python/3.11 aiohttp/3.9.2"
118.127.40.73 - - [04/Mar/2026:17:12:14 +1000] "GET / HTTP/1.1" 200 39301 "-" "Python/3.11 aiohttp/3.9.2"
118.127.40.73 - - [04/Mar/2026:17:42:16 +1000] "GET / HTTP/1.1" 200 39301 "-" "Python/3.11 aiohttp/3.9.2"
118.127.40.73 - - [04/Mar/2026:18:12:14 +1000] "GET / HTTP/1.1" 200 39301 "-" "Python/3.11 aiohttp/3.9.2"
118.127.40.73 - - [04/Mar/2026:18:42:15 +1000] "GET / HTTP/1.1" 200 39301 "-" "Python/3.11 aiohttp/3.9.2"
74.7.175.138 - - [04/Mar/2026:19:00:27 +1000] "GET /robots.txt HTTP/1.1" 200 286 "-" "Mozilla/5.0 (Macintosh; Intel Mac OS X 10_15_7) AppleWebKit/537.36 (KHTML, like Gecko) Chrome/131.0.0.0 Safari/537.36; compatible; OAI-SearchBot/1.3; robots.txt; +https://openai.com/searchbot"
74.7.243.193 - - [04/Mar/2026:19:00:28 +1000] "GET / HTTP/1.1" 200 39301 "-" "Mozilla/5.0 AppleWebKit/537.36 (KHTML, like Gecko; compatible; GPTBot/1.3; +https://openai.com/gptbot)"
118.127.40.73 - - [04/Mar/2026:19:12:20 +1000] "GET / HTTP/1.1" 200 39301 "-" "Python/3.11 aiohttp/3.9.2"
118.127.40.73 - - [04/Mar/2026:19:42:16 +1000] "GET / HTTP/1.1" 200 39301 "-" "Python/3.11 aiohttp/3.9.2"
118.127.40.73 - - [04/Mar/2026:20:12:15 +1000] "GET / HTTP/1.1" 200 39301 "-" "Python/3.11 aiohttp/3.9.2"
118.127.40.73 - - [04/Mar/2026:20:42:17 +1000] "GET / HTTP/1.1" 200 39301 "-" "Python/3.11 aiohttp/3.9.2"
118.127.40.73 - - [04/Mar/2026:21:12:16 +1000] "GET / HTTP/1.1" 200 39301 "-" "Python/3.11 aiohttp/3.9.2"
118.127.40.73 - - [04/Mar/2026:21:42:17 +1000] "GET / HTTP/1.1" 200 39301 "-" "Python/3.11 aiohttp/3.9.2"
118.127.40.73 - - [04/Mar/2026:22:12:16 +1000] "GET / HTTP/1.1" 200 39301 "-" "Python/3.11 aiohttp/3.9.2"
118.127.40.73 - - [04/Mar/2026:22:42:17 +1000] "GET / HTTP/1.1" 200 39301 "-" "Python/3.11 aiohttp/3.9.2"
118.127.40.73 - - [04/Mar/2026:23:12:16 +1000] "GET / HTTP/1.1" 200 39301 "-" "Python/3.11 aiohttp/3.9.2"
172.238.172.176 - - [04/Mar/2026:23:17:06 +1000] "GET / HTTP/1.1" 200 39301 "-" "Mozilla/5.0 (Windows NT 10.0; Win64; x64) AppleWebKit/537.36 (KHTML, like Gecko) Chrome/79.0.4101.79 Safari/537.36"
118.127.40.73 - - [04/Mar/2026:23:42:16 +1000] "GET / HTTP/1.1" 200 39301 "-" "Python/3.11 aiohttp/3.9.2"
172.111.128.241 - - [04/Mar/2026:23:59:41 +1000] "POST /owa/auth.owa HTTP/1.1" 404 - "https://mail.posscales.com.au/owa/auth/logon.aspx?replaceCurrent=1&url=https%3a%2f%2fmail.posscales.com.au%2fowa%2f" "Mozilla/5.0 (Windows NT 10.0; Win64; x64) AppleWebKit/537.36 (KHTML, like Gecko) Chrome/96.0.4664.110 Safari/537.36"
118.127.40.73 - - [05/Mar/2026:00:12:16 +1000] "GET / HTTP/1.1" 200 39301 "-" "Python/3.11 aiohttp/3.9.2"
118.127.40.73 - - [05/Mar/2026:00:42:17 +1000] "GET / HTTP/1.1" 200 39301 "-" "Python/3.11 aiohttp/3.9.2"
118.127.40.73 - - [05/Mar/2026:01:12:16 +1000] "GET / HTTP/1.1" 200 39301 "-" "Python/3.11 aiohttp/3.9.2"
118.127.40.73 - - [05/Mar/2026:01:42:17 +1000] "GET / HTTP/1.1" 200 39301 "-" "Python/3.11 aiohttp/3.9.2"
118.127.40.73 - - [05/Mar/2026:02:12:17 +1000] "GET / HTTP/1.1" 200 39301 "-" "Python/3.11 aiohttp/3.9.2"
118.127.40.73 - - [05/Mar/2026:02:42:24 +1000] "GET / HTTP/1.1" 200 39301 "-" "Python/3.11 aiohttp/3.9.2"
118.127.40.73 - - [05/Mar/2026:03:12:18 +1000] "GET / HTTP/1.1" 200 39301 "-" "Python/3.11 aiohttp/3.9.2"
118.127.40.73 - - [05/Mar/2026:03:42:18 +1000] "GET / HTTP/1.1" 200 39301 "-" "Python/3.11 aiohttp/3.9.2"
118.127.40.73 - - [05/Mar/2026:04:12:20 +1000] "GET / HTTP/1.1" 200 39301 "-" "Python/3.11 aiohttp/3.9.2"
118.127.40.73 - - [05/Mar/2026:04:42:20 +1000] "GET / HTTP/1.1" 200 39301 "-" "Python/3.11 aiohttp/3.9.2"
118.127.40.73 - - [05/Mar/2026:05:12:19 +1000] "GET / HTTP/1.1" 200 39301 "-" "Python/3.11 aiohttp/3.9.2"
118.127.40.73 - - [05/Mar/2026:05:42:20 +1000] "GET / HTTP/1.1" 200 39301 "-" "Python/3.11 aiohttp/3.9.2"
118.127.40.73 - - [05/Mar/2026:06:12:22 +1000] "GET / HTTP/1.1" 200 39301 "-" "Python/3.11 aiohttp/3.9.2"
118.127.40.73 - - [05/Mar/2026:06:42:22 +1000] "GET / HTTP/1.1" 200 39301 "-" "Python/3.11 aiohttp/3.9.2"
118.127.40.73 - - [05/Mar/2026:07:12:19 +1000] "GET / HTTP/1.1" 200 39301 "-" "Python/3.11 aiohttp/3.9.2"
118.127.40.73 - - [05/Mar/2026:07:42:20 +1000] "GET / HTTP/1.1" 200 39301 "-" "Python/3.11 aiohttp/3.9.2"
118.127.40.73 - - [05/Mar/2026:08:12:20 +1000] "GET / HTTP/1.1" 200 39301 "-" "Python/3.11 aiohttp/3.9.2"
118.127.40.73 - - [05/Mar/2026:08:42:22 +1000] "GET / HTTP/1.1" 200 39301 "-" "Python/3.11 aiohttp/3.9.2"
118.127.40.73 - - [05/Mar/2026:09:12:27 +1000] "GET / HTTP/1.1" 200 39301 "-" "Python/3.11 aiohttp/3.9.2"
118.127.40.73 - - [05/Mar/2026:09:42:24 +1000] "GET / HTTP/1.1" 200 39301 "-" "Python/3.11 aiohttp/3.9.2"
118.127.40.73 - - [05/Mar/2026:10:12:22 +1000] "GET / HTTP/1.1" 200 39301 "-" "Python/3.11 aiohttp/3.9.2"
118.127.40.73 - - [05/Mar/2026:10:42:21 +1000] "GET / HTTP/1.1" 200 39301 "-" "Python/3.11 aiohttp/3.9.2"
118.127.40.73 - - [05/Mar/2026:11:12:21 +1000] "GET / HTTP/1.1" 200 39301 "-" "Python/3.11 aiohttp/3.9.2"
118.127.40.73 - - [05/Mar/2026:11:42:23 +1000] "GET / HTTP/1.1" 200 39301 "-" "Python/3.11 aiohttp/3.9.2"
118.127.40.73 - - [05/Mar/2026:12:12:22 +1000] "GET / HTTP/1.1" 200 39301 "-" "Python/3.11 aiohttp/3.9.2"
118.127.40.73 - - [05/Mar/2026:12:42:25 +1000] "GET / HTTP/1.1" 200 39301 "-" "Python/3.11 aiohttp/3.9.2"
193.32.126.236 - - [05/Mar/2026:12:46:14 +1000] "HEAD / HTTP/1.1" 200 - "-" "python-requests/2.32.4"
193.32.126.236 - - [05/Mar/2026:12:46:15 +1000] "GET /wp-admin/ HTTP/1.1" 404 - "-" "Mozilla/5.0 (Linux; Android 14; SM-G998B) AppleWebKit/537.36 (KHTML, like Gecko) Chrome/121.0.0.0 Mobile Safari/537.36"
193.32.126.236 - - [05/Mar/2026:12:46:15 +1000] "GET /xmlrpc.php HTTP/1.1" 404 - "-" "Mozilla/5.0 (X11; Ubuntu; Linux x86_64; rv:121.0) Gecko/20100101 Firefox/121.0"
118.127.40.73 - - [05/Mar/2026:13:13:03 +1000] "GET / HTTP/1.1" 200 39301 "-" "Python/3.11 aiohttp/3.9.2"
118.127.40.73 - - [05/Mar/2026:13:42:26 +1000] "GET / HTTP/1.1" 200 39301 "-" "Python/3.11 aiohttp/3.9.2"
118.127.40.73 - - [05/Mar/2026:14:12:23 +1000] "GET / HTTP/1.1" 200 39301 "-" "Python/3.11 aiohttp/3.9.2"
118.127.40.73 - - [05/Mar/2026:14:42:23 +1000] "GET / HTTP/1.1" 200 39301 "-" "Python/3.11 aiohttp/3.9.2"
118.127.40.73 - - [05/Mar/2026:15:12:23 +1000] "GET / HTTP/1.1" 200 39301 "-" "Python/3.11 aiohttp/3.9.2"
118.127.40.73 - - [05/Mar/2026:15:42:24 +1000] "GET / HTTP/1.1" 200 39301 "-" "Python/3.11 aiohttp/3.9.2"
118.127.40.73 - - [05/Mar/2026:16:12:24 +1000] "GET / HTTP/1.1" 200 39301 "-" "Python/3.11 aiohttp/3.9.2"
118.127.40.73 - - [05/Mar/2026:16:42:24 +1000] "GET / HTTP/1.1" 200 39301 "-" "Python/3.11 aiohttp/3.9.2"
118.127.40.73 - - [05/Mar/2026:17:12:24 +1000] "GET / HTTP/1.1" 200 39301 "-" "Python/3.11 aiohttp/3.9.2"
118.127.40.73 - - [05/Mar/2026:17:42:25 +1000] "GET / HTTP/1.1" 200 39301 "-" "Python/3.11 aiohttp/3.9.2"
118.127.40.73 - - [05/Mar/2026:18:12:25 +1000] "GET / HTTP/1.1" 200 39301 "-" "Python/3.11 aiohttp/3.9.2"
118.127.40.73 - - [05/Mar/2026:18:42:24 +1000] "GET / HTTP/1.1" 200 39301 "-" "Python/3.11 aiohttp/3.9.2"
118.127.40.73 - - [05/Mar/2026:19:12:24 +1000] "GET / HTTP/1.1" 200 39301 "-" "Python/3.11 aiohttp/3.9.2"
118.127.40.73 - - [05/Mar/2026:19:42:26 +1000] "GET / HTTP/1.1" 200 39301 "-" "Python/3.11 aiohttp/3.9.2"
118.127.40.73 - - [05/Mar/2026:20:12:26 +1000] "GET / HTTP/1.1" 200 39301 "-" "Python/3.11 aiohttp/3.9.2"
118.127.40.73 - - [05/Mar/2026:20:42:25 +1000] "GET / HTTP/1.1" 200 39301 "-" "Python/3.11 aiohttp/3.9.2"
118.127.40.73 - - [05/Mar/2026:21:12:27 +1000] "GET / HTTP/1.1" 200 39301 "-" "Python/3.11 aiohttp/3.9.2"
193.187.88.199 - - [05/Mar/2026:21:40:53 +1000] "POST /owa/auth.owa HTTP/1.1" 404 - "https://mail.posscales.com.au/owa/auth/logon.aspx?replaceCurrent=1&url=https%3a%2f%2fmail.posscales.com.au%2fowa%2f" "Mozilla/5.0 (Windows NT 10.0; Win64; x64) AppleWebKit/537.36 (KHTML, like Gecko) Chrome/96.0.4664.110 Safari/537.36"
118.127.40.73 - - [05/Mar/2026:21:42:25 +1000] "GET / HTTP/1.1" 200 39301 "-" "Python/3.11 aiohttp/3.9.2"
118.127.40.73 - - [05/Mar/2026:22:12:26 +1000] "GET / HTTP/1.1" 200 39301 "-" "Python/3.11 aiohttp/3.9.2"
74.7.175.138 - - [05/Mar/2026:22:24:38 +1000] "GET /robots.txt HTTP/1.1" 200 286 "-" "Mozilla/5.0 (Macintosh; Intel Mac OS X 10_15_7) AppleWebKit/537.36 (KHTML, like Gecko) Chrome/131.0.0.0 Safari/537.36; compatible; OAI-SearchBot/1.3; robots.txt; +https://openai.com/searchbot"
118.127.40.73 - - [05/Mar/2026:22:42:27 +1000] "GET / HTTP/1.1" 200 39301 "-" "Python/3.11 aiohttp/3.9.2"
118.127.40.73 - - [05/Mar/2026:23:12:27 +1000] "GET / HTTP/1.1" 200 39301 "-" "Python/3.11 aiohttp/3.9.2"
118.127.40.73 - - [05/Mar/2026:23:42:27 +1000] "GET / HTTP/1.1" 200 39301 "-" "Python/3.11 aiohttp/3.9.2"
118.127.40.73 - - [06/Mar/2026:00:12:29 +1000] "GET / HTTP/1.1" 200 39301 "-" "Python/3.11 aiohttp/3.9.2"
118.127.40.73 - - [06/Mar/2026:00:42:32 +1000] "GET / HTTP/1.1" 200 39301 "-" "Python/3.11 aiohttp/3.9.2"
118.127.40.73 - - [06/Mar/2026:01:12:27 +1000] "GET / HTTP/1.1" 200 39301 "-" "Python/3.11 aiohttp/3.9.2"
118.127.40.73 - - [06/Mar/2026:01:42:28 +1000] "GET / HTTP/1.1" 200 39301 "-" "Python/3.11 aiohttp/3.9.2"
118.127.40.73 - - [06/Mar/2026:02:12:29 +1000] "GET / HTTP/1.1" 200 39301 "-" "Python/3.11 aiohttp/3.9.2"
118.127.40.73 - - [06/Mar/2026:02:42:28 +1000] "GET / HTTP/1.1" 200 39301 "-" "Python/3.11 aiohttp/3.9.2"
141.98.11.168 - - [06/Mar/2026:03:09:59 +1000] "GET /wp-login.php HTTP/1.1" 404 16 "-" "Mozilla/5.0 (Windows NT 10.0; Win64; x64; rv:121.0) Gecko/20100101 Firefox/121.0"
141.98.11.168 - - [06/Mar/2026:03:10:00 +1000] "GET /wp-admin/ HTTP/1.1" 404 - "-" "Mozilla/5.0 (Windows NT 10.0; Win64; x64) AppleWebKit/537.36 (KHTML, like Gecko) Chrome/120.0.0.0 Safari/537.36"
141.98.11.168 - - [06/Mar/2026:03:10:00 +1000] "GET /login HTTP/1.1" 404 - "-" "Mozilla/5.0 (Macintosh; Intel Mac OS X 10_15_7) AppleWebKit/537.36 (KHTML, like Gecko) Chrome/120.0.0.0 Safari/537.36"
141.98.11.168 - - [06/Mar/2026:03:10:00 +1000] "GET /admin HTTP/1.1" 404 - "-" "Mozilla/5.0 (Macintosh; Intel Mac OS X 10_15_7) AppleWebKit/537.36 (KHTML, like Gecko) Chrome/120.0.0.0 Safari/537.36"
141.98.11.168 - - [06/Mar/2026:03:10:01 +1000] "GET /wp-login HTTP/1.1" 404 - "-" "Mozilla/5.0 (X11; Linux x86_64) AppleWebKit/537.36 (KHTML, like Gecko) Chrome/120.0.0.0 Safari/537.36"
141.98.11.168 - - [06/Mar/2026:03:10:01 +1000] "GET /wordpress/wp-login.php HTTP/1.1" 404 - "-" "Mozilla/5.0 (Windows NT 10.0; Win64; x64; rv:121.0) Gecko/20100101 Firefox/121.0"
141.98.11.168 - - [06/Mar/2026:03:10:01 +1000] "GET /blog/wp-login.php HTTP/1.1" 404 - "-" "Mozilla/5.0 (Windows NT 11.0; Win64; x64) AppleWebKit/537.36 (KHTML, like Gecko) Chrome/121.0.0.0 Safari/537.36"
141.98.11.168 - - [06/Mar/2026:03:10:01 +1000] "GET /wp/wp-login.php HTTP/1.1" 404 - "-" "Mozilla/5.0 (Windows NT 11.0; Win64; x64) AppleWebKit/537.36 (KHTML, like Gecko) Chrome/121.0.0.0 Safari/537.36"
141.98.11.168 - - [06/Mar/2026:03:10:02 +1000] "GET /cms/wp-login.php HTTP/1.1" 404 - "-" "Mozilla/5.0 (X11; Linux x86_64) AppleWebKit/537.36 (KHTML, like Gecko) Chrome/120.0.0.0 Safari/537.36"
118.127.40.73 - - [06/Mar/2026:03:12:28 +1000] "GET / HTTP/1.1" 200 39301 "-" "Python/3.11 aiohttp/3.9.2"
118.127.40.73 - - [06/Mar/2026:03:42:29 +1000] "GET / HTTP/1.1" 200 39301 "-" "Python/3.11 aiohttp/3.9.2"
118.127.40.73 - - [06/Mar/2026:04:12:28 +1000] "GET / HTTP/1.1" 200 39301 "-" "Python/3.11 aiohttp/3.9.2"
118.127.40.73 - - [06/Mar/2026:04:42:28 +1000] "GET / HTTP/1.1" 200 39301 "-" "Python/3.11 aiohttp/3.9.2"
118.127.40.73 - - [06/Mar/2026:05:12:28 +1000] "GET / HTTP/1.1" 200 39301 "-" "Python/3.11 aiohttp/3.9.2"
118.127.40.73 - - [06/Mar/2026:05:42:28 +1000] "GET / HTTP/1.1" 200 39301 "-" "Python/3.11 aiohttp/3.9.2"
118.127.40.73 - - [06/Mar/2026:06:12:28 +1000] "GET / HTTP/1.1" 200 39301 "-" "Python/3.11 aiohttp/3.9.2"
118.127.40.73 - - [06/Mar/2026:06:42:28 +1000] "GET / HTTP/1.1" 200 39301 "-" "Python/3.11 aiohttp/3.9.2"
118.127.40.73 - - [06/Mar/2026:07:12:29 +1000] "GET / HTTP/1.1" 200 39301 "-" "Python/3.11 aiohttp/3.9.2"
159.89.111.150 - - [06/Mar/2026:07:25:46 +1000] "HEAD / HTTP/1.1" 200 - "-" "python-requests/2.32.4"
159.89.111.150 - - [06/Mar/2026:07:25:47 +1000] "GET /wp-admin/ HTTP/1.1" 404 - "-" "Mozilla/5.0 (iPhone; CPU iPhone OS 17_2 like Mac OS X) AppleWebKit/605.1.15 (KHTML, like Gecko) Version/17.2 Mobile/15E148 Safari/604.1"
159.89.111.150 - - [06/Mar/2026:07:25:49 +1000] "GET /xmlrpc.php HTTP/1.1" 404 - "-" "Mozilla/5.0 (Linux; Android 14; SM-S918B) AppleWebKit/537.36 (KHTML, like Gecko) Chrome/120.0.0.0 Mobile Safari/537.36"
118.127.40.73 - - [06/Mar/2026:07:42:29 +1000] "GET / HTTP/1.1" 200 39301 "-" "Python/3.11 aiohttp/3.9.2"
138.246.253.24 - - [06/Mar/2026:08:02:32 +1000] "GET /robots.txt HTTP/1.1" 200 286 "-" "Mozilla/5.0 (Windows NT 10.0; Win64; x64) AppleWebKit/537.36 (KHTML, like Gecko) Chrome/103.0.5060.134 Safari/537.36"
118.127.40.73 - - [06/Mar/2026:08:12:30 +1000] "GET / HTTP/1.1" 200 39301 "-" "Python/3.11 aiohttp/3.9.2"
118.127.40.73 - - [06/Mar/2026:08:42:31 +1000] "GET / HTTP/1.1" 200 39301 "-" "Python/3.11 aiohttp/3.9.2"
118.127.40.73 - - [06/Mar/2026:09:12:30 +1000] "GET / HTTP/1.1" 200 39301 "-" "Python/3.11 aiohttp/3.9.2"
118.127.40.73 - - [06/Mar/2026:09:42:32 +1000] "GET / HTTP/1.1" 200 32768 "-" "Python/3.11 aiohttp/3.9.2"
118.127.40.73 - - [06/Mar/2026:10:12:30 +1000] "GET / HTTP/1.1" 200 39301 "-" "Python/3.11 aiohttp/3.9.2"
118.127.40.73 - - [06/Mar/2026:10:42:33 +1000] "GET / HTTP/1.1" 200 39301 "-" "Python/3.11 aiohttp/3.9.2"
118.127.40.73 - - [06/Mar/2026:11:12:30 +1000] "GET / HTTP/1.1" 200 39301 "-" "Python/3.11 aiohttp/3.9.2"
118.127.40.73 - - [06/Mar/2026:11:42:32 +1000] "GET / HTTP/1.1" 200 39301 "-" "Python/3.11 aiohttp/3.9.2"
118.127.40.73 - - [06/Mar/2026:12:12:31 +1000] "GET / HTTP/1.1" 200 39301 "-" "Python/3.11 aiohttp/3.9.2"
118.127.40.73 - - [06/Mar/2026:12:42:31 +1000] "GET / HTTP/1.1" 200 39301 "-" "Python/3.11 aiohttp/3.9.2"
101.91.110.163 - - [06/Mar/2026:12:45:14 +1000] "GET / HTTP/1.1" 200 39301 "-" "Mozilla/5.0 (Macintosh; Intel Mac OS X 10_15_7) AppleWebKit/537.36 (KHTML, like Gecko) Chrome/120.0.0.0 Safari/537.36 Edg/120.0.0.0"
101.91.110.6 - - [06/Mar/2026:12:45:27 +1000] "GET /favicon.ico HTTP/1.1" 404 - "-" "Mozilla/5.0 (Macintosh; Intel Mac OS X 10_15_7) AppleWebKit/537.36 (KHTML, like Gecko) Chrome/120.0.0.0 Safari/537.36 Edg/120.0.0.0"
101.91.110.132 - - [06/Mar/2026:12:45:31 +1000] "GET /robots.txt HTTP/1.1" 200 286 "-" "Mozilla/5.0 (Macintosh; Intel Mac OS X 10_15_7) AppleWebKit/537.36 (KHTML, like Gecko) Chrome/120.0.0.0 Safari/537.36 Edg/120.0.0.0"
101.91.110.151 - - [06/Mar/2026:12:45:35 +1000] "GET /sitemap.xml HTTP/1.1" 404 - "-" "Mozilla/5.0 (Macintosh; Intel Mac OS X 10_15_7) AppleWebKit/537.36 (KHTML, like Gecko) Chrome/120.0.0.0 Safari/537.36 Edg/120.0.0.0"
101.91.110.36 - - [06/Mar/2026:12:45:51 +1000] "GET /config.json HTTP/1.1" 404 - "-" "Mozilla/5.0 (Macintosh; Intel Mac OS X 10_7_0) AppleWebKit/535.11 (KHTML, like Gecko) Chrome/17.0.963.56 Safari/535.11"
101.91.110.141 - - [06/Mar/2026:12:46:15 +1000] "GET /wp-content/plugins/contact-form-7/readme.txt HTTP/1.1" 404 - "-" "Opera/9.53.(Windows NT 6.1; om-ET) Presto/2.9.167 Version/11.00"
101.91.110.161 - - [06/Mar/2026:12:46:17 +1000] "GET /wp-content/plugins/*\",\"/readme.txt HTTP/1.1" 404 - "-" "Opera/9.53.(Windows NT 6.1; om-ET) Presto/2.9.167 Version/11.00"
101.91.110.142 - - [06/Mar/2026:12:46:18 +1000] "GET /wp-content/plugins/social-icons-widget-by-wpzoom/readme.txt HTTP/1.1" 404 - "-" "Opera/9.53.(Windows NT 6.1; om-ET) Presto/2.9.167 Version/11.00"
101.91.110.33 - - [06/Mar/2026:12:46:20 +1000] "GET /wp-content/themes/angle/readme.txt HTTP/1.1" 404 - "-" "Opera/9.53.(Windows NT 6.1; om-ET) Presto/2.9.167 Version/11.00"
118.127.40.73 - - [06/Mar/2026:13:12:31 +1000] "GET / HTTP/1.1" 200 39301 "-" "Python/3.11 aiohttp/3.9.2"
118.127.40.73 - - [06/Mar/2026:13:42:34 +1000] "GET / HTTP/1.1" 200 39301 "-" "Python/3.11 aiohttp/3.9.2"
160.153.182.195 - - [06/Mar/2026:13:53:32 +1000] "GET / HTTP/1.1" 200 39301 "-" "Mozilla/5.0 (Windows NT 10.0; Win64; x64) AppleWebKit/537.36 (KHTML, like Gecko) Chrome/97.0.4692.71 Safari/537.36"
118.127.40.73 - - [06/Mar/2026:14:12:32 +1000] "GET / HTTP/1.1" 200 39301 "-" "Python/3.11 aiohttp/3.9.2"
118.127.40.73 - - [06/Mar/2026:14:42:33 +1000] "GET / HTTP/1.1" 200 39301 "-" "Python/3.11 aiohttp/3.9.2"
118.127.40.73 - - [06/Mar/2026:15:12:33 +1000] "GET / HTTP/1.1" 200 39301 "-" "Python/3.11 aiohttp/3.9.2"
118.127.40.73 - - [06/Mar/2026:15:42:34 +1000] "GET / HTTP/1.1" 200 39301 "-" "Python/3.11 aiohttp/3.9.2"
118.127.40.73 - - [06/Mar/2026:16:12:33 +1000] "GET / HTTP/1.1" 200 39301 "-" "Python/3.11 aiohttp/3.9.2"
118.127.40.73 - - [06/Mar/2026:16:42:34 +1000] "GET / HTTP/1.1" 200 39301 "-" "Python/3.11 aiohttp/3.9.2"
118.127.40.73 - - [06/Mar/2026:17:12:33 +1000] "GET / HTTP/1.1" 200 39301 "-" "Python/3.11 aiohttp/3.9.2"
118.127.40.73 - - [06/Mar/2026:17:42:34 +1000] "GET / HTTP/1.1" 200 39301 "-" "Python/3.11 aiohttp/3.9.2"
118.127.40.73 - - [06/Mar/2026:18:12:34 +1000] "GET / HTTP/1.1" 200 39301 "-" "Python/3.11 aiohttp/3.9.2"
118.127.40.73 - - [06/Mar/2026:18:42:35 +1000] "GET / HTTP/1.1" 200 39301 "-" "Python/3.11 aiohttp/3.9.2"
118.127.40.73 - - [06/Mar/2026:19:12:33 +1000] "GET / HTTP/1.1" 200 39301 "-" "Python/3.11 aiohttp/3.9.2"
118.127.40.73 - - [06/Mar/2026:19:42:34 +1000] "GET / HTTP/1.1" 200 39301 "-" "Python/3.11 aiohttp/3.9.2"
118.127.40.73 - - [06/Mar/2026:20:12:34 +1000] "GET / HTTP/1.1" 200 39301 "-" "Python/3.11 aiohttp/3.9.2"
118.127.40.73 - - [06/Mar/2026:20:42:35 +1000] "GET / HTTP/1.1" 200 39301 "-" "Python/3.11 aiohttp/3.9.2"
118.127.40.73 - - [06/Mar/2026:21:12:35 +1000] "GET / HTTP/1.1" 200 39301 "-" "Python/3.11 aiohttp/3.9.2"
118.127.40.73 - - [06/Mar/2026:21:42:35 +1000] "GET / HTTP/1.1" 200 39301 "-" "Python/3.11 aiohttp/3.9.2"
118.127.40.73 - - [06/Mar/2026:22:12:35 +1000] "GET / HTTP/1.1" 200 39301 "-" "Python/3.11 aiohttp/3.9.2"
118.127.40.73 - - [06/Mar/2026:22:42:36 +1000] "GET / HTTP/1.1" 200 39301 "-" "Python/3.11 aiohttp/3.9.2"
118.127.40.73 - - [06/Mar/2026:23:12:35 +1000] "GET / HTTP/1.1" 200 39301 "-" "Python/3.11 aiohttp/3.9.2"
74.7.175.138 - - [06/Mar/2026:23:31:01 +1000] "GET /robots.txt HTTP/1.1" 200 286 "-" "Mozilla/5.0 (Macintosh; Intel Mac OS X 10_15_7) AppleWebKit/537.36 (KHTML, like Gecko) Chrome/131.0.0.0 Safari/537.36; compatible; OAI-SearchBot/1.3; robots.txt; +https://openai.com/searchbot"
74.7.243.193 - - [06/Mar/2026:23:31:02 +1000] "GET / HTTP/1.1" 200 39301 "-" "Mozilla/5.0 AppleWebKit/537.36 (KHTML, like Gecko; compatible; GPTBot/1.3; +https://openai.com/gptbot)"
206.123.130.241 - - [06/Mar/2026:23:40:39 +1000] "POST /owa/auth.owa HTTP/1.1" 404 - "https://mail.posscales.com.au/owa/auth/logon.aspx?replaceCurrent=1&url=https%3a%2f%2fmail.posscales.com.au%2fowa%2f" "Mozilla/5.0 (Windows NT 10.0; Win64; x64) AppleWebKit/537.36 (KHTML, like Gecko) Chrome/96.0.4664.110 Safari/537.36"
118.127.40.73 - - [06/Mar/2026:23:42:40 +1000] "GET / HTTP/1.1" 200 39301 "-" "Python/3.11 aiohttp/3.9.2"
118.127.40.73 - - [07/Mar/2026:00:12:40 +1000] "GET / HTTP/1.1" 200 39301 "-" "Python/3.11 aiohttp/3.9.2"
118.127.40.73 - - [07/Mar/2026:00:42:36 +1000] "GET / HTTP/1.1" 200 39301 "-" "Python/3.11 aiohttp/3.9.2"
118.127.40.73 - - [07/Mar/2026:01:22:38 +1000] "GET / HTTP/1.1" 200 39301 "-" "Python/3.11 aiohttp/3.9.2"
118.127.40.73 - - [07/Mar/2026:01:52:36 +1000] "GET / HTTP/1.1" 200 39301 "-" "Python/3.11 aiohttp/3.9.2"
118.127.40.73 - - [07/Mar/2026:02:22:37 +1000] "GET / HTTP/1.1" 200 39301 "-" "Python/3.11 aiohttp/3.9.2"
118.127.40.73 - - [07/Mar/2026:02:52:41 +1000] "GET / HTTP/1.1" 200 39301 "-" "Python/3.11 aiohttp/3.9.2"
118.127.40.73 - - [07/Mar/2026:03:22:37 +1000] "GET / HTTP/1.1" 200 39301 "-" "Python/3.11 aiohttp/3.9.2"
118.127.40.73 - - [07/Mar/2026:03:52:37 +1000] "GET / HTTP/1.1" 200 39301 "-" "Python/3.11 aiohttp/3.9.2"
204.76.203.25 - - [07/Mar/2026:04:19:33 +1000] "GET /.env HTTP/1.1" 404 - "-" "Mozilla/5.0 (Windows NT 10.0; Win64; x64) AppleWebKit/537.36 (KHTML, like Gecko) Chrome/134.0.0.0 Safari/537.3"
118.127.40.73 - - [07/Mar/2026:04:22:37 +1000] "GET / HTTP/1.1" 200 39301 "-" "Python/3.11 aiohttp/3.9.2"
172.111.241.241 - - [07/Mar/2026:04:31:13 +1000] "POST /owa/auth.owa HTTP/1.1" 404 - "https://mail.posscales.com.au/owa/auth/logon.aspx?replaceCurrent=1&url=https%3a%2f%2fmail.posscales.com.au%2fowa%2f" "Mozilla/5.0 (Windows NT 10.0; Win64; x64) AppleWebKit/537.36 (KHTML, like Gecko) Chrome/96.0.4664.110 Safari/537.36"
118.127.40.73 - - [07/Mar/2026:04:52:37 +1000] "GET / HTTP/1.1" 200 39301 "-" "Python/3.11 aiohttp/3.9.2"
118.127.40.73 - - [07/Mar/2026:05:22:38 +1000] "GET / HTTP/1.1" 200 39301 "-" "Python/3.11 aiohttp/3.9.2"
