118.127.40.73 - - [07/Mar/2026:05:52:38 +1000] "GET / HTTP/1.1" 200 39301 "-" "Python/3.11 aiohttp/3.9.2"
118.127.40.73 - - [07/Mar/2026:06:22:38 +1000] "GET / HTTP/1.1" 200 39301 "-" "Python/3.11 aiohttp/3.9.2"
118.127.40.73 - - [07/Mar/2026:06:52:38 +1000] "GET / HTTP/1.1" 200 39301 "-" "Python/3.11 aiohttp/3.9.2"
118.127.40.73 - - [07/Mar/2026:07:22:38 +1000] "GET / HTTP/1.1" 200 39301 "-" "Python/3.11 aiohttp/3.9.2"
118.127.40.73 - - [07/Mar/2026:07:52:39 +1000] "GET / HTTP/1.1" 200 39301 "-" "Python/3.11 aiohttp/3.9.2"
118.127.40.73 - - [07/Mar/2026:08:22:39 +1000] "GET / HTTP/1.1" 200 39301 "-" "Python/3.11 aiohttp/3.9.2"
118.127.40.73 - - [07/Mar/2026:08:52:38 +1000] "GET / HTTP/1.1" 200 39301 "-" "Python/3.11 aiohttp/3.9.2"
118.127.40.73 - - [07/Mar/2026:09:22:39 +1000] "GET / HTTP/1.1" 200 39301 "-" "Python/3.11 aiohttp/3.9.2"
118.127.40.73 - - [07/Mar/2026:09:52:39 +1000] "GET / HTTP/1.1" 200 39301 "-" "Python/3.11 aiohttp/3.9.2"
118.127.40.73 - - [07/Mar/2026:10:22:39 +1000] "GET / HTTP/1.1" 200 39301 "-" "Python/3.11 aiohttp/3.9.2"
118.127.40.73 - - [07/Mar/2026:10:52:40 +1000] "GET / HTTP/1.1" 200 39301 "-" "Python/3.11 aiohttp/3.9.2"
118.127.40.73 - - [07/Mar/2026:11:22:39 +1000] "GET / HTTP/1.1" 200 39301 "-" "Python/3.11 aiohttp/3.9.2"
118.127.40.73 - - [07/Mar/2026:11:52:40 +1000] "GET / HTTP/1.1" 200 39301 "-" "Python/3.11 aiohttp/3.9.2"
118.127.40.73 - - [07/Mar/2026:12:22:40 +1000] "GET / HTTP/1.1" 200 39301 "-" "Python/3.11 aiohttp/3.9.2"
118.127.40.73 - - [07/Mar/2026:12:52:41 +1000] "GET / HTTP/1.1" 200 39301 "-" "Python/3.11 aiohttp/3.9.2"
118.127.40.73 - - [07/Mar/2026:13:22:41 +1000] "GET / HTTP/1.1" 200 39301 "-" "Python/3.11 aiohttp/3.9.2"
118.127.40.73 - - [07/Mar/2026:13:52:41 +1000] "GET / HTTP/1.1" 200 39301 "-" "Python/3.11 aiohttp/3.9.2"
118.127.40.73 - - [07/Mar/2026:14:22:40 +1000] "GET / HTTP/1.1" 200 39301 "-" "Python/3.11 aiohttp/3.9.2"
118.127.40.73 - - [07/Mar/2026:14:52:41 +1000] "GET / HTTP/1.1" 200 39301 "-" "Python/3.11 aiohttp/3.9.2"
118.127.40.73 - - [07/Mar/2026:15:22:41 +1000] "GET / HTTP/1.1" 200 39301 "-" "Python/3.11 aiohttp/3.9.2"
118.127.40.73 - - [07/Mar/2026:15:52:42 +1000] "GET / HTTP/1.1" 200 39301 "-" "Python/3.11 aiohttp/3.9.2"
118.127.40.73 - - [07/Mar/2026:16:22:41 +1000] "GET / HTTP/1.1" 200 39301 "-" "Python/3.11 aiohttp/3.9.2"
118.127.40.73 - - [07/Mar/2026:16:52:42 +1000] "GET / HTTP/1.1" 200 39301 "-" "Python/3.11 aiohttp/3.9.2"
118.127.40.73 - - [07/Mar/2026:17:22:42 +1000] "GET / HTTP/1.1" 200 39301 "-" "Python/3.11 aiohttp/3.9.2"
118.127.40.73 - - [07/Mar/2026:17:52:42 +1000] "GET / HTTP/1.1" 200 39301 "-" "Python/3.11 aiohttp/3.9.2"
118.127.40.73 - - [07/Mar/2026:18:22:42 +1000] "GET / HTTP/1.1" 200 39301 "-" "Python/3.11 aiohttp/3.9.2"
118.127.40.73 - - [07/Mar/2026:18:52:43 +1000] "GET / HTTP/1.1" 200 39301 "-" "Python/3.11 aiohttp/3.9.2"
118.127.40.73 - - [07/Mar/2026:19:22:43 +1000] "GET / HTTP/1.1" 200 39301 "-" "Python/3.11 aiohttp/3.9.2"
118.127.40.73 - - [07/Mar/2026:19:52:43 +1000] "GET / HTTP/1.1" 200 39301 "-" "Python/3.11 aiohttp/3.9.2"
118.127.40.73 - - [07/Mar/2026:20:22:43 +1000] "GET / HTTP/1.1" 200 39301 "-" "Python/3.11 aiohttp/3.9.2"
118.127.40.73 - - [07/Mar/2026:20:52:43 +1000] "GET / HTTP/1.1" 200 39301 "-" "Python/3.11 aiohttp/3.9.2"
118.127.40.73 - - [07/Mar/2026:21:22:43 +1000] "GET / HTTP/1.1" 200 39301 "-" "Python/3.11 aiohttp/3.9.2"
118.127.40.73 - - [07/Mar/2026:21:52:43 +1000] "GET / HTTP/1.1" 200 39301 "-" "Python/3.11 aiohttp/3.9.2"
118.127.40.73 - - [07/Mar/2026:22:22:44 +1000] "GET / HTTP/1.1" 200 39301 "-" "Python/3.11 aiohttp/3.9.2"
118.127.40.73 - - [07/Mar/2026:22:52:44 +1000] "GET / HTTP/1.1" 200 39301 "-" "Python/3.11 aiohttp/3.9.2"
118.127.40.73 - - [07/Mar/2026:23:22:45 +1000] "GET / HTTP/1.1" 200 39301 "-" "Python/3.11 aiohttp/3.9.2"
118.127.40.73 - - [07/Mar/2026:23:52:44 +1000] "GET / HTTP/1.1" 200 39301 "-" "Python/3.11 aiohttp/3.9.2"
81.161.59.17 - - [08/Mar/2026:00:16:44 +1000] "GET / HTTP/1.1" 200 39301 "-" "-"
118.127.40.73 - - [08/Mar/2026:00:22:44 +1000] "GET / HTTP/1.1" 200 39301 "-" "Python/3.11 aiohttp/3.9.2"
118.127.40.73 - - [08/Mar/2026:00:52:45 +1000] "GET / HTTP/1.1" 200 39301 "-" "Python/3.11 aiohttp/3.9.2"
118.127.40.73 - - [08/Mar/2026:01:22:47 +1000] "GET / HTTP/1.1" 200 39301 "-" "Python/3.11 aiohttp/3.9.2"
5.254.26.20 - - [08/Mar/2026:01:40:21 +1000] "POST /owa/auth.owa HTTP/1.1" 404 - "https://mail.posscales.com.au/owa/auth/logon.aspx?replaceCurrent=1&url=https%3a%2f%2fmail.posscales.com.au%2fowa%2f" "Mozilla/5.0 (Windows NT 10.0; Win64; x64) AppleWebKit/537.36 (KHTML, like Gecko) Chrome/96.0.4664.110 Safari/537.36"
118.127.40.73 - - [08/Mar/2026:01:52:45 +1000] "GET / HTTP/1.1" 200 39301 "-" "Python/3.11 aiohttp/3.9.2"
118.127.40.73 - - [08/Mar/2026:02:22:47 +1000] "GET / HTTP/1.1" 200 39301 "-" "Python/3.11 aiohttp/3.9.2"
118.127.40.73 - - [08/Mar/2026:02:52:46 +1000] "GET / HTTP/1.1" 200 39301 "-" "Python/3.11 aiohttp/3.9.2"
118.127.40.73 - - [08/Mar/2026:03:22:46 +1000] "GET / HTTP/1.1" 200 39301 "-" "Python/3.11 aiohttp/3.9.2"
118.127.40.73 - - [08/Mar/2026:03:52:46 +1000] "GET / HTTP/1.1" 200 39301 "-" "Python/3.11 aiohttp/3.9.2"
118.127.40.73 - - [08/Mar/2026:04:22:46 +1000] "GET / HTTP/1.1" 200 39301 "-" "Python/3.11 aiohttp/3.9.2"
118.127.40.73 - - [08/Mar/2026:04:52:46 +1000] "GET / HTTP/1.1" 200 39301 "-" "Python/3.11 aiohttp/3.9.2"
118.127.40.73 - - [08/Mar/2026:05:22:47 +1000] "GET / HTTP/1.1" 200 39301 "-" "Python/3.11 aiohttp/3.9.2"
118.127.40.73 - - [08/Mar/2026:05:52:46 +1000] "GET / HTTP/1.1" 200 39301 "-" "Python/3.11 aiohttp/3.9.2"
81.161.59.17 - - [08/Mar/2026:06:13:59 +1000] "GET / HTTP/1.1" 200 39301 "-" "-"
118.127.40.73 - - [08/Mar/2026:06:22:47 +1000] "GET / HTTP/1.1" 200 39301 "-" "Python/3.11 aiohttp/3.9.2"
118.127.40.73 - - [08/Mar/2026:06:52:47 +1000] "GET / HTTP/1.1" 200 39301 "-" "Python/3.11 aiohttp/3.9.2"
118.127.40.73 - - [08/Mar/2026:07:22:47 +1000] "GET / HTTP/1.1" 200 39301 "-" "Python/3.11 aiohttp/3.9.2"
118.127.40.73 - - [08/Mar/2026:07:52:47 +1000] "GET / HTTP/1.1" 200 39301 "-" "Python/3.11 aiohttp/3.9.2"
118.127.40.73 - - [08/Mar/2026:08:22:48 +1000] "GET / HTTP/1.1" 200 39301 "-" "Python/3.11 aiohttp/3.9.2"
118.127.40.73 - - [08/Mar/2026:08:52:48 +1000] "GET / HTTP/1.1" 200 39301 "-" "Python/3.11 aiohttp/3.9.2"
118.127.40.73 - - [08/Mar/2026:09:22:48 +1000] "GET / HTTP/1.1" 200 39301 "-" "Python/3.11 aiohttp/3.9.2"
118.127.40.73 - - [08/Mar/2026:09:52:48 +1000] "GET / HTTP/1.1" 200 39301 "-" "Python/3.11 aiohttp/3.9.2"
118.127.40.73 - - [08/Mar/2026:10:22:48 +1000] "GET / HTTP/1.1" 200 39301 "-" "Python/3.11 aiohttp/3.9.2"
118.127.40.73 - - [08/Mar/2026:10:52:48 +1000] "GET / HTTP/1.1" 200 39301 "-" "Python/3.11 aiohttp/3.9.2"
206.123.159.20 - - [08/Mar/2026:11:21:58 +1000] "POST /owa/auth.owa HTTP/1.1" 404 - "https://mail.posscales.com.au/owa/auth/logon.aspx?replaceCurrent=1&url=https%3a%2f%2fmail.posscales.com.au%2fowa%2f" "Mozilla/5.0 (Windows NT 10.0; Win64; x64) AppleWebKit/537.36 (KHTML, like Gecko) Chrome/96.0.4664.110 Safari/537.36"
118.127.40.73 - - [08/Mar/2026:11:22:49 +1000] "GET / HTTP/1.1" 200 39301 "-" "Python/3.11 aiohttp/3.9.2"
118.127.40.73 - - [08/Mar/2026:11:52:50 +1000] "GET / HTTP/1.1" 200 39301 "-" "Python/3.11 aiohttp/3.9.2"
118.127.40.73 - - [08/Mar/2026:12:22:49 +1000] "GET / HTTP/1.1" 200 39301 "-" "Python/3.11 aiohttp/3.9.2"
118.127.40.73 - - [08/Mar/2026:12:52:49 +1000] "GET / HTTP/1.1" 200 39301 "-" "Python/3.11 aiohttp/3.9.2"
118.127.40.73 - - [08/Mar/2026:13:22:50 +1000] "GET / HTTP/1.1" 200 39301 "-" "Python/3.11 aiohttp/3.9.2"
118.127.40.73 - - [08/Mar/2026:13:52:49 +1000] "GET / HTTP/1.1" 200 39301 "-" "Python/3.11 aiohttp/3.9.2"
118.127.40.73 - - [08/Mar/2026:14:22:49 +1000] "GET / HTTP/1.1" 200 39301 "-" "Python/3.11 aiohttp/3.9.2"
118.127.40.73 - - [08/Mar/2026:14:52:50 +1000] "GET / HTTP/1.1" 200 39301 "-" "Python/3.11 aiohttp/3.9.2"
118.127.40.73 - - [08/Mar/2026:15:22:50 +1000] "GET / HTTP/1.1" 200 39301 "-" "Python/3.11 aiohttp/3.9.2"
118.127.40.73 - - [08/Mar/2026:15:52:50 +1000] "GET / HTTP/1.1" 200 39301 "-" "Python/3.11 aiohttp/3.9.2"
118.127.40.73 - - [08/Mar/2026:16:22:50 +1000] "GET / HTTP/1.1" 200 39301 "-" "Python/3.11 aiohttp/3.9.2"
66.132.153.122 - - [08/Mar/2026:16:42:04 +1000] "GET / HTTP/1.1" 200 39301 "-" "Mozilla/5.0 (compatible; CensysInspect/1.1; +https://about.censys.io/)"
66.132.153.122 - - [08/Mar/2026:16:42:07 +1000] "GET /favicon.ico HTTP/1.1" 404 - "-" "Mozilla/5.0 (compatible; CensysInspect/1.1; +https://about.censys.io/)"
118.127.40.73 - - [08/Mar/2026:16:52:53 +1000] "GET / HTTP/1.1" 200 39301 "-" "Python/3.11 aiohttp/3.9.2"
149.102.243.23 - - [08/Mar/2026:16:53:51 +1000] "POST /owa/auth.owa HTTP/1.1" 404 - "https://mail.posscales.com.au/owa/auth/logon.aspx?replaceCurrent=1&url=https%3a%2f%2fmail.posscales.com.au%2fowa%2f" "Mozilla/5.0 (Windows NT 10.0; Win64; x64) AppleWebKit/537.36 (KHTML, like Gecko) Chrome/96.0.4664.110 Safari/537.36"
118.127.40.73 - - [08/Mar/2026:17:22:50 +1000] "GET / HTTP/1.1" 200 39301 "-" "Python/3.11 aiohttp/3.9.2"
118.127.40.73 - - [08/Mar/2026:17:52:51 +1000] "GET / HTTP/1.1" 200 39301 "-" "Python/3.11 aiohttp/3.9.2"
118.127.40.73 - - [08/Mar/2026:18:22:51 +1000] "GET / HTTP/1.1" 200 39301 "-" "Python/3.11 aiohttp/3.9.2"
118.127.40.73 - - [08/Mar/2026:18:52:54 +1000] "GET / HTTP/1.1" 200 39301 "-" "Python/3.11 aiohttp/3.9.2"
118.127.40.73 - - [08/Mar/2026:19:22:52 +1000] "GET / HTTP/1.1" 200 39301 "-" "Python/3.11 aiohttp/3.9.2"
118.127.40.73 - - [08/Mar/2026:19:52:53 +1000] "GET / HTTP/1.1" 200 39301 "-" "Python/3.11 aiohttp/3.9.2"
118.127.40.73 - - [08/Mar/2026:20:22:52 +1000] "GET / HTTP/1.1" 200 39301 "-" "Python/3.11 aiohttp/3.9.2"
118.127.40.73 - - [08/Mar/2026:20:52:53 +1000] "GET / HTTP/1.1" 200 39301 "-" "Python/3.11 aiohttp/3.9.2"
118.127.40.73 - - [08/Mar/2026:21:22:53 +1000] "GET / HTTP/1.1" 200 39301 "-" "Python/3.11 aiohttp/3.9.2"
118.127.40.73 - - [08/Mar/2026:21:52:54 +1000] "GET / HTTP/1.1" 200 39301 "-" "Python/3.11 aiohttp/3.9.2"
118.127.40.73 - - [08/Mar/2026:22:22:53 +1000] "GET / HTTP/1.1" 200 39301 "-" "Python/3.11 aiohttp/3.9.2"
118.127.40.73 - - [08/Mar/2026:22:52:53 +1000] "GET / HTTP/1.1" 200 39301 "-" "Python/3.11 aiohttp/3.9.2"
118.127.40.73 - - [08/Mar/2026:23:22:54 +1000] "GET / HTTP/1.1" 200 39301 "-" "Python/3.11 aiohttp/3.9.2"
118.127.40.73 - - [08/Mar/2026:23:52:53 +1000] "GET / HTTP/1.1" 200 39301 "-" "Python/3.11 aiohttp/3.9.2"
118.127.40.73 - - [09/Mar/2026:00:22:54 +1000] "GET / HTTP/1.1" 200 39301 "-" "Python/3.11 aiohttp/3.9.2"
118.127.40.73 - - [09/Mar/2026:00:52:54 +1000] "GET / HTTP/1.1" 200 39301 "-" "Python/3.11 aiohttp/3.9.2"
118.127.40.73 - - [09/Mar/2026:01:22:56 +1000] "GET / HTTP/1.1" 200 39301 "-" "Python/3.11 aiohttp/3.9.2"
118.127.40.73 - - [09/Mar/2026:01:52:54 +1000] "GET / HTTP/1.1" 200 39301 "-" "Python/3.11 aiohttp/3.9.2"
118.127.40.73 - - [09/Mar/2026:02:22:55 +1000] "GET / HTTP/1.1" 200 39301 "-" "Python/3.11 aiohttp/3.9.2"
118.127.40.73 - - [09/Mar/2026:02:52:55 +1000] "GET / HTTP/1.1" 200 39301 "-" "Python/3.11 aiohttp/3.9.2"
118.127.40.73 - - [09/Mar/2026:03:22:56 +1000] "GET / HTTP/1.1" 200 39301 "-" "Python/3.11 aiohttp/3.9.2"
118.127.40.73 - - [09/Mar/2026:03:52:55 +1000] "GET / HTTP/1.1" 200 39301 "-" "Python/3.11 aiohttp/3.9.2"
118.127.40.73 - - [09/Mar/2026:04:23:03 +1000] "GET / HTTP/1.1" 200 39301 "-" "Python/3.11 aiohttp/3.9.2"
118.127.40.73 - - [09/Mar/2026:04:52:56 +1000] "GET / HTTP/1.1" 200 39301 "-" "Python/3.11 aiohttp/3.9.2"
118.127.40.73 - - [09/Mar/2026:05:22:56 +1000] "GET / HTTP/1.1" 200 39301 "-" "Python/3.11 aiohttp/3.9.2"
118.127.40.73 - - [09/Mar/2026:05:52:57 +1000] "GET / HTTP/1.1" 200 39301 "-" "Python/3.11 aiohttp/3.9.2"
118.127.40.73 - - [09/Mar/2026:06:22:57 +1000] "GET / HTTP/1.1" 200 39301 "-" "Python/3.11 aiohttp/3.9.2"
118.127.40.73 - - [09/Mar/2026:06:52:58 +1000] "GET / HTTP/1.1" 200 39301 "-" "Python/3.11 aiohttp/3.9.2"
118.127.40.73 - - [09/Mar/2026:07:22:57 +1000] "GET / HTTP/1.1" 200 39301 "-" "Python/3.11 aiohttp/3.9.2"
118.127.40.73 - - [09/Mar/2026:07:52:59 +1000] "GET / HTTP/1.1" 200 39301 "-" "Python/3.11 aiohttp/3.9.2"
118.127.40.73 - - [09/Mar/2026:08:22:58 +1000] "GET / HTTP/1.1" 200 39301 "-" "Python/3.11 aiohttp/3.9.2"
118.127.40.73 - - [09/Mar/2026:08:52:58 +1000] "GET / HTTP/1.1" 200 39301 "-" "Python/3.11 aiohttp/3.9.2"
118.127.40.73 - - [09/Mar/2026:09:22:58 +1000] "GET / HTTP/1.1" 200 39301 "-" "Python/3.11 aiohttp/3.9.2"
118.127.40.73 - - [09/Mar/2026:09:52:59 +1000] "GET / HTTP/1.1" 200 39301 "-" "Python/3.11 aiohttp/3.9.2"
118.127.40.73 - - [09/Mar/2026:10:22:59 +1000] "GET / HTTP/1.1" 200 39301 "-" "Python/3.11 aiohttp/3.9.2"
118.127.40.73 - - [09/Mar/2026:10:52:59 +1000] "GET / HTTP/1.1" 200 39301 "-" "Python/3.11 aiohttp/3.9.2"
118.127.40.73 - - [09/Mar/2026:11:23:00 +1000] "GET / HTTP/1.1" 200 39301 "-" "Python/3.11 aiohttp/3.9.2"
118.127.40.73 - - [09/Mar/2026:11:52:59 +1000] "GET / HTTP/1.1" 200 39301 "-" "Python/3.11 aiohttp/3.9.2"
118.127.40.73 - - [09/Mar/2026:12:22:59 +1000] "GET / HTTP/1.1" 200 39301 "-" "Python/3.11 aiohttp/3.9.2"
204.76.203.25 - - [09/Mar/2026:12:36:36 +1000] "GET / HTTP/1.1" 200 39301 "-" "Mozilla/5.0 (Windows NT 10.0; Win64; x64) AppleWebKit/537.36 (KHTML, like Gecko) Chrome/134.0.0.0 Safari/537.3"
118.127.40.73 - - [09/Mar/2026:12:53:02 +1000] "GET / HTTP/1.1" 200 39301 "-" "Python/3.11 aiohttp/3.9.2"
118.127.40.73 - - [09/Mar/2026:13:22:59 +1000] "GET / HTTP/1.1" 200 39301 "-" "Python/3.11 aiohttp/3.9.2"
118.127.40.73 - - [09/Mar/2026:13:52:59 +1000] "GET / HTTP/1.1" 200 39301 "-" "Python/3.11 aiohttp/3.9.2"
89.187.164.96 - - [09/Mar/2026:14:13:34 +1000] "POST /owa/auth.owa HTTP/1.1" 404 - "https://mail.posscales.com.au/owa/auth/logon.aspx?replaceCurrent=1&url=https%3a%2f%2fmail.posscales.com.au%2fowa%2f" "Mozilla/5.0 (Windows NT 10.0; Win64; x64) AppleWebKit/537.36 (KHTML, like Gecko) Chrome/96.0.4664.110 Safari/537.36"
118.127.40.73 - - [09/Mar/2026:14:23:00 +1000] "GET / HTTP/1.1" 200 39301 "-" "Python/3.11 aiohttp/3.9.2"
118.127.40.73 - - [09/Mar/2026:14:53:00 +1000] "GET / HTTP/1.1" 200 39301 "-" "Python/3.11 aiohttp/3.9.2"
118.127.40.73 - - [09/Mar/2026:15:23:00 +1000] "GET / HTTP/1.1" 200 39301 "-" "Python/3.11 aiohttp/3.9.2"
118.127.40.73 - - [09/Mar/2026:15:53:00 +1000] "GET / HTTP/1.1" 200 39301 "-" "Python/3.11 aiohttp/3.9.2"
118.127.40.73 - - [09/Mar/2026:16:23:01 +1000] "GET / HTTP/1.1" 200 39301 "-" "Python/3.11 aiohttp/3.9.2"
147.224.177.10 - - [09/Mar/2026:16:39:17 +1000] "GET /wp-login.php HTTP/1.1" 404 16 "https://t.co/" "Mozilla/5.0 (X11; Ubuntu; Linux x86_64) AppleWebKit/537.36 (KHTML, like Gecko) Chrome/118.0.0.0 Safari/537.36"
147.224.177.10 - - [09/Mar/2026:16:39:17 +1000] "GET /wp-admin/ HTTP/1.1" 404 - "" "Mozilla/5.0 (X11; Linux x86_64) AppleWebKit/537.36 (KHTML, like Gecko) Chrome/118.0.0.0 Safari/537.36"
147.224.177.10 - - [09/Mar/2026:16:39:22 +1000] "GET /wp-login.php HTTP/1.1" 404 16 "https://www.facebook.com/" "Mozilla/5.0 (Windows NT 10.0; Win64; x64; rv:119.0) Gecko/20100101 Firefox/119.0"
147.224.177.10 - - [09/Mar/2026:16:39:23 +1000] "GET /wp-admin/ HTTP/1.1" 404 - "https://wordpress.org/" "Mozilla/5.0 (Macintosh; Intel Mac OS X 10_15_7; rv:121.0) Gecko/20100101 Firefox/121.0"
118.127.40.73 - - [09/Mar/2026:16:53:01 +1000] "GET / HTTP/1.1" 200 39301 "-" "Python/3.11 aiohttp/3.9.2"
118.127.40.73 - - [09/Mar/2026:17:23:01 +1000] "GET / HTTP/1.1" 200 39301 "-" "Python/3.11 aiohttp/3.9.2"
118.127.40.73 - - [09/Mar/2026:17:53:01 +1000] "GET / HTTP/1.1" 200 39301 "-" "Python/3.11 aiohttp/3.9.2"
118.127.40.73 - - [09/Mar/2026:18:23:02 +1000] "GET / HTTP/1.1" 200 39301 "-" "Python/3.11 aiohttp/3.9.2"
74.7.175.138 - - [09/Mar/2026:18:34:05 +1000] "GET /robots.txt HTTP/1.1" 200 286 "-" "Mozilla/5.0 (Macintosh; Intel Mac OS X 10_15_7) AppleWebKit/537.36 (KHTML, like Gecko) Chrome/131.0.0.0 Safari/537.36; compatible; OAI-SearchBot/1.3; robots.txt; +https://openai.com/searchbot"
74.7.243.193 - - [09/Mar/2026:18:34:06 +1000] "GET / HTTP/1.1" 200 39301 "-" "Mozilla/5.0 AppleWebKit/537.36 (KHTML, like Gecko; compatible; GPTBot/1.3; +https://openai.com/gptbot)"
118.127.40.73 - - [09/Mar/2026:18:53:02 +1000] "GET / HTTP/1.1" 200 39301 "-" "Python/3.11 aiohttp/3.9.2"
205.210.31.186 - - [09/Mar/2026:18:54:53 +1000] "GET / HTTP/1.1" 200 39301 "-" "Hello from Palo Alto Networks, find out more about our scans in https://docs-cortex.paloaltonetworks.com/r/1/Cortex-Xpanse/Scanning-activity"
118.127.40.73 - - [09/Mar/2026:19:23:02 +1000] "GET / HTTP/1.1" 200 39301 "-" "Python/3.11 aiohttp/3.9.2"
118.127.40.73 - - [09/Mar/2026:19:53:02 +1000] "GET / HTTP/1.1" 200 39301 "-" "Python/3.11 aiohttp/3.9.2"
118.127.40.73 - - [09/Mar/2026:20:23:03 +1000] "GET / HTTP/1.1" 200 39301 "-" "Python/3.11 aiohttp/3.9.2"
118.127.40.73 - - [09/Mar/2026:20:53:03 +1000] "GET / HTTP/1.1" 200 39301 "-" "Python/3.11 aiohttp/3.9.2"
79.127.218.201 - - [09/Mar/2026:21:13:41 +1000] "POST /owa/auth.owa HTTP/1.1" 404 - "https://mail.posscales.com.au/owa/auth/logon.aspx?replaceCurrent=1&url=https%3a%2f%2fmail.posscales.com.au%2fowa%2f" "Mozilla/5.0 (Windows NT 10.0; Win64; x64) AppleWebKit/537.36 (KHTML, like Gecko) Chrome/96.0.4664.110 Safari/537.36"
118.127.40.73 - - [09/Mar/2026:21:23:03 +1000] "GET / HTTP/1.1" 200 39301 "-" "Python/3.11 aiohttp/3.9.2"
129.227.96.82 - - [09/Mar/2026:21:40:32 +1000] "POST /owa/auth.owa HTTP/1.1" 404 - "https://mail.posscales.com.au/owa/auth/logon.aspx?replaceCurrent=1&url=https%3a%2f%2fmail.posscales.com.au%2fowa%2f" "Mozilla/5.0 (Windows NT 10.0; Win64; x64) AppleWebKit/537.36 (KHTML, like Gecko) Chrome/96.0.4664.110 Safari/537.36"
118.127.40.73 - - [09/Mar/2026:21:53:03 +1000] "GET / HTTP/1.1" 200 39301 "-" "Python/3.11 aiohttp/3.9.2"
118.127.40.73 - - [09/Mar/2026:22:23:04 +1000] "GET / HTTP/1.1" 200 39301 "-" "Python/3.11 aiohttp/3.9.2"
118.127.40.73 - - [09/Mar/2026:22:53:05 +1000] "GET / HTTP/1.1" 200 39301 "-" "Python/3.11 aiohttp/3.9.2"
118.127.40.73 - - [09/Mar/2026:23:23:04 +1000] "GET / HTTP/1.1" 200 39301 "-" "Python/3.11 aiohttp/3.9.2"
118.127.40.73 - - [09/Mar/2026:23:53:03 +1000] "GET / HTTP/1.1" 200 39301 "-" "Python/3.11 aiohttp/3.9.2"
104.250.183.241 - - [10/Mar/2026:00:17:23 +1000] "POST /owa/auth.owa HTTP/1.1" 404 - "https://mail.posscales.com.au/owa/auth/logon.aspx?replaceCurrent=1&url=https%3a%2f%2fmail.posscales.com.au%2fowa%2f" "Mozilla/5.0 (Windows NT 10.0; Win64; x64) AppleWebKit/537.36 (KHTML, like Gecko) Chrome/96.0.4664.110 Safari/537.36"
118.127.40.73 - - [10/Mar/2026:00:23:04 +1000] "GET / HTTP/1.1" 200 39301 "-" "Python/3.11 aiohttp/3.9.2"
118.127.40.73 - - [10/Mar/2026:00:53:04 +1000] "GET / HTTP/1.1" 200 39301 "-" "Python/3.11 aiohttp/3.9.2"
118.127.40.73 - - [10/Mar/2026:01:23:06 +1000] "GET / HTTP/1.1" 200 39301 "-" "Python/3.11 aiohttp/3.9.2"
118.127.40.73 - - [10/Mar/2026:01:53:04 +1000] "GET / HTTP/1.1" 200 39301 "-" "Python/3.11 aiohttp/3.9.2"
118.127.40.73 - - [10/Mar/2026:02:23:06 +1000] "GET / HTTP/1.1" 200 39301 "-" "Python/3.11 aiohttp/3.9.2"
74.7.175.138 - - [10/Mar/2026:02:50:49 +1000] "GET /robots.txt HTTP/1.1" 200 286 "-" "Mozilla/5.0 (Macintosh; Intel Mac OS X 10_15_7) AppleWebKit/537.36 (KHTML, like Gecko) Chrome/131.0.0.0 Safari/537.36; compatible; OAI-SearchBot/1.3; robots.txt; +https://openai.com/searchbot"
118.127.40.73 - - [10/Mar/2026:02:53:06 +1000] "GET / HTTP/1.1" 200 39301 "-" "Python/3.11 aiohttp/3.9.2"
118.127.40.73 - - [10/Mar/2026:03:23:07 +1000] "GET / HTTP/1.1" 200 39301 "-" "Python/3.11 aiohttp/3.9.2"
118.127.40.73 - - [10/Mar/2026:03:53:08 +1000] "GET / HTTP/1.1" 200 32768 "-" "Python/3.11 aiohttp/3.9.2"
118.127.40.73 - - [10/Mar/2026:04:23:06 +1000] "GET / HTTP/1.1" 200 39301 "-" "Python/3.11 aiohttp/3.9.2"
118.127.40.73 - - [10/Mar/2026:04:53:06 +1000] "GET / HTTP/1.1" 200 39301 "-" "Python/3.11 aiohttp/3.9.2"
149.40.52.227 - - [10/Mar/2026:05:07:49 +1000] "POST /owa/auth.owa HTTP/1.1" 404 - "https://mail.posscales.com.au/owa/auth/logon.aspx?replaceCurrent=1&url=https%3a%2f%2fmail.posscales.com.au%2fowa%2f" "Mozilla/5.0 (Windows NT 10.0; Win64; x64) AppleWebKit/537.36 (KHTML, like Gecko) Chrome/96.0.4664.110 Safari/537.36"
118.127.40.73 - - [10/Mar/2026:05:23:07 +1000] "GET / HTTP/1.1" 200 39301 "-" "Python/3.11 aiohttp/3.9.2"
80.209.239.42 - - [10/Mar/2026:05:33:43 +1000] "POST /owa/auth.owa HTTP/1.1" 404 - "https://mail.posscales.com.au/owa/auth/logon.aspx?replaceCurrent=1&url=https%3a%2f%2fmail.posscales.com.au%2fowa%2f" "Mozilla/5.0 (Windows NT 10.0; Win64; x64) AppleWebKit/537.36 (KHTML, like Gecko) Chrome/96.0.4664.110 Safari/537.36"
118.127.40.73 - - [10/Mar/2026:05:53:07 +1000] "GET / HTTP/1.1" 200 39301 "-" "Python/3.11 aiohttp/3.9.2"
118.127.40.73 - - [10/Mar/2026:06:23:07 +1000] "GET / HTTP/1.1" 200 39301 "-" "Python/3.11 aiohttp/3.9.2"
118.127.40.73 - - [10/Mar/2026:06:53:07 +1000] "GET / HTTP/1.1" 200 39301 "-" "Python/3.11 aiohttp/3.9.2"
118.127.40.73 - - [10/Mar/2026:07:23:07 +1000] "GET / HTTP/1.1" 200 39301 "-" "Python/3.11 aiohttp/3.9.2"
118.127.40.73 - - [10/Mar/2026:07:53:08 +1000] "GET / HTTP/1.1" 200 39301 "-" "Python/3.11 aiohttp/3.9.2"
172.236.112.76 - - [10/Mar/2026:08:03:13 +1000] "HEAD /core/misc/drupal.js HTTP/1.1" 404 - "-" "Mozilla/5.0 (Linux; Android 8.0.0; SM-J810G) AppleWebKit/537.36 (KHTML, like Gecko) Chrome/74.0.3729.136 Mobile Safari/537.36"
172.236.112.76 - - [10/Mar/2026:08:03:13 +1000] "HEAD /misc/drupal.js HTTP/1.1" 404 - "-" "Mozilla/5.0 (Linux; Android 8.0.0; SM-J810G) AppleWebKit/537.36 (KHTML, like Gecko) Chrome/74.0.3729.136 Mobile Safari/537.36"
118.127.40.73 - - [10/Mar/2026:08:23:08 +1000] "GET / HTTP/1.1" 200 39301 "-" "Python/3.11 aiohttp/3.9.2"
118.127.40.73 - - [10/Mar/2026:08:53:08 +1000] "GET / HTTP/1.1" 200 39301 "-" "Python/3.11 aiohttp/3.9.2"
118.127.40.73 - - [10/Mar/2026:09:23:08 +1000] "GET / HTTP/1.1" 200 39301 "-" "Python/3.11 aiohttp/3.9.2"
118.127.40.73 - - [10/Mar/2026:09:53:08 +1000] "GET / HTTP/1.1" 200 39301 "-" "Python/3.11 aiohttp/3.9.2"
118.127.40.73 - - [10/Mar/2026:10:23:09 +1000] "GET / HTTP/1.1" 200 39301 "-" "Python/3.11 aiohttp/3.9.2"
118.127.40.73 - - [10/Mar/2026:10:53:09 +1000] "GET / HTTP/1.1" 200 39301 "-" "Python/3.11 aiohttp/3.9.2"
118.127.40.73 - - [10/Mar/2026:11:23:09 +1000] "GET / HTTP/1.1" 200 39301 "-" "Python/3.11 aiohttp/3.9.2"
118.127.40.73 - - [10/Mar/2026:11:53:09 +1000] "GET / HTTP/1.1" 200 39301 "-" "Python/3.11 aiohttp/3.9.2"
118.127.40.73 - - [10/Mar/2026:12:23:09 +1000] "GET / HTTP/1.1" 200 39301 "-" "Python/3.11 aiohttp/3.9.2"
118.127.40.73 - - [10/Mar/2026:12:53:09 +1000] "GET / HTTP/1.1" 200 39301 "-" "Python/3.11 aiohttp/3.9.2"
118.127.40.73 - - [10/Mar/2026:13:23:09 +1000] "GET / HTTP/1.1" 200 39301 "-" "Python/3.11 aiohttp/3.9.2"
118.127.40.73 - - [10/Mar/2026:13:53:10 +1000] "GET / HTTP/1.1" 200 39301 "-" "Python/3.11 aiohttp/3.9.2"
118.127.40.73 - - [10/Mar/2026:14:23:10 +1000] "GET / HTTP/1.1" 200 39301 "-" "Python/3.11 aiohttp/3.9.2"
213.180.203.97 - - [10/Mar/2026:14:42:30 +1000] "GET /robots.txt HTTP/1.1" 200 286 "-" "Mozilla/5.0 (compatible; YandexBot/3.0; +http://yandex.com/bots)"
213.180.203.178 - - [10/Mar/2026:14:42:31 +1000] "GET /robots.txt HTTP/1.1" 200 286 "-" "Mozilla/5.0 (compatible; YandexBot/3.0; +http://yandex.com/bots)"
87.250.224.204 - - [10/Mar/2026:14:42:33 +1000] "GET /robots.txt HTTP/1.1" 200 286 "-" "Mozilla/5.0 (compatible; YandexBot/3.0; +http://yandex.com/bots)"
213.180.203.70 - - [10/Mar/2026:14:42:33 +1000] "GET /robots.txt HTTP/1.1" 200 286 "-" "Mozilla/5.0 (compatible; YandexBot/3.0; +http://yandex.com/bots)"
95.108.213.114 - - [10/Mar/2026:14:42:34 +1000] "GET /robots.txt HTTP/1.1" 200 286 "-" "Mozilla/5.0 (compatible; YandexBot/3.0; +http://yandex.com/bots)"
5.255.231.197 - - [10/Mar/2026:14:42:35 +1000] "GET /robots.txt HTTP/1.1" 200 286 "-" "Mozilla/5.0 (compatible; YandexBot/3.0; +http://yandex.com/bots)"
213.180.203.23 - - [10/Mar/2026:14:42:36 +1000] "GET /robots.txt HTTP/1.1" 200 286 "-" "Mozilla/5.0 (compatible; YandexBot/3.0; +http://yandex.com/bots)"
95.108.213.95 - - [10/Mar/2026:14:42:37 +1000] "GET /robots.txt HTTP/1.1" 200 286 "-" "Mozilla/5.0 (compatible; YandexBot/3.0; +http://yandex.com/bots)"
213.180.203.115 - - [10/Mar/2026:14:42:38 +1000] "GET /robots.txt HTTP/1.1" 200 286 "-" "Mozilla/5.0 (compatible; YandexBot/3.0; +http://yandex.com/bots)"
5.255.231.105 - - [10/Mar/2026:14:42:39 +1000] "GET /robots.txt HTTP/1.1" 200 286 "-" "Mozilla/5.0 (compatible; YandexBot/3.0; +http://yandex.com/bots)"
118.127.40.73 - - [10/Mar/2026:14:53:10 +1000] "GET / HTTP/1.1" 200 39301 "-" "Python/3.11 aiohttp/3.9.2"
118.127.40.73 - - [10/Mar/2026:15:23:11 +1000] "GET / HTTP/1.1" 200 39301 "-" "Python/3.11 aiohttp/3.9.2"
118.127.40.73 - - [10/Mar/2026:15:53:11 +1000] "GET / HTTP/1.1" 200 39301 "-" "Python/3.11 aiohttp/3.9.2"
3.139.242.79 - - [10/Mar/2026:16:21:25 +1000] "GET / HTTP/1.1" 200 39301 "-" "visionheight.com/scan Mozilla/5.0 (Macintosh; Intel Mac OS X 10_15_7) Chrome/126.0.0.0 Safari/537.36"
118.127.40.73 - - [10/Mar/2026:16:23:11 +1000] "GET / HTTP/1.1" 200 39301 "-" "Python/3.11 aiohttp/3.9.2"
118.127.40.73 - - [10/Mar/2026:16:53:11 +1000] "GET / HTTP/1.1" 200 39301 "-" "Python/3.11 aiohttp/3.9.2"
118.127.40.73 - - [10/Mar/2026:17:23:11 +1000] "GET / HTTP/1.1" 200 39301 "-" "Python/3.11 aiohttp/3.9.2"
118.127.40.73 - - [10/Mar/2026:17:53:12 +1000] "GET / HTTP/1.1" 200 39301 "-" "Python/3.11 aiohttp/3.9.2"
118.127.40.73 - - [10/Mar/2026:18:23:12 +1000] "GET / HTTP/1.1" 200 39301 "-" "Python/3.11 aiohttp/3.9.2"
118.127.40.73 - - [10/Mar/2026:18:53:12 +1000] "GET / HTTP/1.1" 200 39301 "-" "Python/3.11 aiohttp/3.9.2"
118.127.40.73 - - [10/Mar/2026:19:23:12 +1000] "GET / HTTP/1.1" 200 39301 "-" "Python/3.11 aiohttp/3.9.2"
118.127.40.73 - - [10/Mar/2026:19:53:12 +1000] "GET / HTTP/1.1" 200 39301 "-" "Python/3.11 aiohttp/3.9.2"
118.127.40.73 - - [10/Mar/2026:20:23:12 +1000] "GET / HTTP/1.1" 200 39301 "-" "Python/3.11 aiohttp/3.9.2"
118.127.40.73 - - [10/Mar/2026:20:53:13 +1000] "GET / HTTP/1.1" 200 39301 "-" "Python/3.11 aiohttp/3.9.2"
118.127.40.73 - - [10/Mar/2026:21:23:12 +1000] "GET / HTTP/1.1" 200 39301 "-" "Python/3.11 aiohttp/3.9.2"
118.127.40.73 - - [10/Mar/2026:21:53:13 +1000] "GET / HTTP/1.1" 200 39301 "-" "Python/3.11 aiohttp/3.9.2"
118.127.40.73 - - [10/Mar/2026:22:23:13 +1000] "GET / HTTP/1.1" 200 39301 "-" "Python/3.11 aiohttp/3.9.2"
118.127.40.73 - - [10/Mar/2026:22:53:13 +1000] "GET / HTTP/1.1" 200 39301 "-" "Python/3.11 aiohttp/3.9.2"
118.127.40.73 - - [10/Mar/2026:23:23:14 +1000] "GET / HTTP/1.1" 200 39301 "-" "Python/3.11 aiohttp/3.9.2"
118.127.40.73 - - [10/Mar/2026:23:53:14 +1000] "GET / HTTP/1.1" 200 39301 "-" "Python/3.11 aiohttp/3.9.2"
118.127.40.73 - - [11/Mar/2026:00:23:15 +1000] "GET / HTTP/1.1" 200 39301 "-" "Python/3.11 aiohttp/3.9.2"
118.127.40.73 - - [11/Mar/2026:00:53:37 +1000] "GET / HTTP/1.1" 200 39301 "-" "Python/3.11 aiohttp/3.9.2"
118.127.40.73 - - [11/Mar/2026:01:23:19 +1000] "GET / HTTP/1.1" 200 39301 "-" "Python/3.11 aiohttp/3.9.2"
118.127.40.73 - - [11/Mar/2026:01:53:17 +1000] "GET / HTTP/1.1" 200 39301 "-" "Python/3.11 aiohttp/3.9.2"
118.127.40.73 - - [11/Mar/2026:02:23:17 +1000] "GET / HTTP/1.1" 200 39301 "-" "Python/3.11 aiohttp/3.9.2"
118.127.40.73 - - [11/Mar/2026:02:53:20 +1000] "GET / HTTP/1.1" 200 39301 "-" "Python/3.11 aiohttp/3.9.2"
118.127.40.73 - - [11/Mar/2026:03:23:17 +1000] "GET / HTTP/1.1" 200 39301 "-" "Python/3.11 aiohttp/3.9.2"
118.127.40.73 - - [11/Mar/2026:03:53:18 +1000] "GET / HTTP/1.1" 200 39301 "-" "Python/3.11 aiohttp/3.9.2"
118.127.40.73 - - [11/Mar/2026:04:23:18 +1000] "GET / HTTP/1.1" 200 39301 "-" "Python/3.11 aiohttp/3.9.2"
172.232.22.88 - - [11/Mar/2026:04:35:31 +1000] "GET / HTTP/1.1" 200 39301 "-" "Mozilla/5.0 (Linux; Android 10; Pixel 4 XL) AppleWebKit/537.36 (KHTML, like Gecko) Chrome/80.0.3987.149 Mobile Safari/537.36"
118.127.40.73 - - [11/Mar/2026:04:53:18 +1000] "GET / HTTP/1.1" 200 39301 "-" "Python/3.11 aiohttp/3.9.2"
118.127.40.73 - - [11/Mar/2026:05:23:18 +1000] "GET / HTTP/1.1" 200 39301 "-" "Python/3.11 aiohttp/3.9.2"
118.127.40.73 - - [11/Mar/2026:05:53:18 +1000] "GET / HTTP/1.1" 200 39301 "-" "Python/3.11 aiohttp/3.9.2"
118.127.40.73 - - [11/Mar/2026:06:23:18 +1000] "GET / HTTP/1.1" 200 39301 "-" "Python/3.11 aiohttp/3.9.2"
118.127.40.73 - - [11/Mar/2026:06:53:18 +1000] "GET / HTTP/1.1" 200 39301 "-" "Python/3.11 aiohttp/3.9.2"
118.127.40.73 - - [11/Mar/2026:07:23:18 +1000] "GET / HTTP/1.1" 200 39301 "-" "Python/3.11 aiohttp/3.9.2"
118.127.40.73 - - [11/Mar/2026:07:53:19 +1000] "GET / HTTP/1.1" 200 39301 "-" "Python/3.11 aiohttp/3.9.2"
118.127.40.73 - - [11/Mar/2026:08:23:19 +1000] "GET / HTTP/1.1" 200 32768 "-" "Python/3.11 aiohttp/3.9.2"
118.127.40.73 - - [11/Mar/2026:08:53:20 +1000] "GET / HTTP/1.1" 200 39301 "-" "Python/3.11 aiohttp/3.9.2"
118.127.40.73 - - [11/Mar/2026:09:23:19 +1000] "GET / HTTP/1.1" 200 39301 "-" "Python/3.11 aiohttp/3.9.2"
159.65.167.144 - - [11/Mar/2026:09:25:04 +1000] "GET /.git/config HTTP/1.1" 404 - "-" "Mozilla/5.0 (X11; Linux i686) AppleWebKit/537.22 (KHTML like Gecko) Ubuntu Chromium/25.0.1364.160 Chrome/25.0.1364.160 Safari/537.22"
45.13.237.110 - - [11/Mar/2026:09:29:25 +1000] "GET / HTTP/1.1" 200 39301 "-" "fasthttp"
118.127.40.73 - - [11/Mar/2026:09:53:20 +1000] "GET / HTTP/1.1" 200 39301 "-" "Python/3.11 aiohttp/3.9.2"
192.210.134.93 - - [11/Mar/2026:10:19:20 +1000] "GET / HTTP/1.1" 200 39301 "-" "fasthttp"
3.27.199.193 - - [11/Mar/2026:10:22:19 +1000] "GET / HTTP/1.1" 200 39301 "-" "Mozilla/5.0 (Windows NT 10.0; Win64; x64) AppleWebKit/537.36 (KHTML, like Gecko) Chrome/131.0.0.0 Safari/537.36"
3.27.199.193 - - [11/Mar/2026:10:22:20 +1000] "POST / HTTP/1.1" 200 39301 "-" "Mozilla/5.0 (Windows NT 10.0; Win64; x64) AppleWebKit/537.36 (KHTML, like Gecko) Chrome/131.0.0.0 Safari/537.36"
3.27.199.193 - - [11/Mar/2026:10:22:20 +1000] "POST / HTTP/1.1" 200 39301 "-" "Mozilla/5.0 (Windows NT 10.0; Win64; x64) AppleWebKit/537.36 (KHTML, like Gecko) Chrome/131.0.0.0 Safari/537.36"
3.27.199.193 - - [11/Mar/2026:10:22:20 +1000] "POST / HTTP/1.1" 200 39301 "-" "Mozilla/5.0 (Windows NT 10.0; Win64; x64) AppleWebKit/537.36 (KHTML, like Gecko) Chrome/131.0.0.0 Safari/537.36"
118.127.40.73 - - [11/Mar/2026:10:23:20 +1000] "GET / HTTP/1.1" 200 39301 "-" "Python/3.11 aiohttp/3.9.2"
118.127.40.73 - - [11/Mar/2026:10:53:20 +1000] "GET / HTTP/1.1" 200 39301 "-" "Python/3.11 aiohttp/3.9.2"
74.7.175.138 - - [11/Mar/2026:11:02:55 +1000] "GET /robots.txt HTTP/1.1" 200 286 "-" "Mozilla/5.0 (Macintosh; Intel Mac OS X 10_15_7) AppleWebKit/537.36 (KHTML, like Gecko) Chrome/131.0.0.0 Safari/537.36; compatible; OAI-SearchBot/1.3; robots.txt; +https://openai.com/searchbot"
118.127.40.73 - - [11/Mar/2026:11:23:20 +1000] "GET / HTTP/1.1" 200 39301 "-" "Python/3.11 aiohttp/3.9.2"
118.127.40.73 - - [11/Mar/2026:11:53:20 +1000] "GET / HTTP/1.1" 200 39301 "-" "Python/3.11 aiohttp/3.9.2"
118.127.40.73 - - [11/Mar/2026:12:23:20 +1000] "GET / HTTP/1.1" 200 39301 "-" "Python/3.11 aiohttp/3.9.2"
118.127.40.73 - - [11/Mar/2026:12:53:21 +1000] "GET / HTTP/1.1" 200 39301 "-" "Python/3.11 aiohttp/3.9.2"
118.127.40.73 - - [11/Mar/2026:13:23:21 +1000] "GET / HTTP/1.1" 200 39301 "-" "Python/3.11 aiohttp/3.9.2"
118.127.40.73 - - [11/Mar/2026:13:53:21 +1000] "GET / HTTP/1.1" 200 39301 "-" "Python/3.11 aiohttp/3.9.2"
149.50.215.109 - - [11/Mar/2026:14:17:38 +1000] "POST /owa/auth.owa HTTP/1.1" 404 - "https://mail.posscales.com.au/owa/auth/logon.aspx?replaceCurrent=1&url=https%3a%2f%2fmail.posscales.com.au%2fowa%2f" "Mozilla/5.0 (Windows NT 10.0; Win64; x64) AppleWebKit/537.36 (KHTML, like Gecko) Chrome/96.0.4664.110 Safari/537.36"
118.127.40.73 - - [11/Mar/2026:14:23:21 +1000] "GET / HTTP/1.1" 200 39301 "-" "Python/3.11 aiohttp/3.9.2"
118.127.40.73 - - [11/Mar/2026:14:53:23 +1000] "GET / HTTP/1.1" 200 39301 "-" "Python/3.11 aiohttp/3.9.2"
118.127.40.73 - - [11/Mar/2026:15:23:22 +1000] "GET / HTTP/1.1" 200 39301 "-" "Python/3.11 aiohttp/3.9.2"
118.127.40.73 - - [11/Mar/2026:15:53:22 +1000] "GET / HTTP/1.1" 200 32768 "-" "Python/3.11 aiohttp/3.9.2"
192.177.58.4 - - [11/Mar/2026:16:10:12 +1000] "HEAD / HTTP/1.1" 200 - "-" "Mozilla/5.0 (Windows NT 10.0; Win64; x64) AppleWebKit/537.36 (KHTML, like Gecko) Chrome/121.0.0.0 Safari/537.36 Edg/121.0.0.0"
192.177.58.4 - - [11/Mar/2026:16:10:14 +1000] "GET / HTTP/1.1" 200 39301 "-" "Mozilla/5.0 (Windows NT 10.0; Win64; x64) AppleWebKit/537.36 (KHTML, like Gecko) Chrome/121.0.0.0 Safari/537.36 Edg/121.0.0.0"
172.121.208.108 - - [11/Mar/2026:16:11:06 +1000] "GET / HTTP/1.1" 200 39301 "-" "Mozilla/5.0 (compatible; Konqueror/3; Linux)"
172.121.208.108 - - [11/Mar/2026:16:11:08 +1000] "GET /robots.txt HTTP/1.1" 200 286 "https://mail.posscales.com.au/" "Mozilla/5.0 (compatible; Konqueror/3; Linux)"
172.121.208.108 - - [11/Mar/2026:16:11:08 +1000] "GET / HTTP/1.1" 200 39301 "-" "Mozilla/5.0 (compatible; Konqueror/3; Linux)"
104.232.199.11 - - [11/Mar/2026:16:11:10 +1000] "HEAD / HTTP/1.1" 200 - "-" "Mozilla/5.0 (Windows NT 6.1; Trident/7.0; rv:11.0) like Gecko"
104.232.199.11 - - [11/Mar/2026:16:11:11 +1000] "GET / HTTP/1.1" 200 39301 "-" "Mozilla/5.0 (Windows NT 6.1; Trident/7.0; rv:11.0) like Gecko"
35.160.250.213 - - [11/Mar/2026:16:11:15 +1000] "GET / HTTP/1.1" 200 39301 "-" "Mozilla/5.0 (X11; Linux x86_64) AppleWebKit/537.36 (KHTML, like Gecko) Chrome/140.0.0.0 Safari/537.36"
35.160.250.213 - - [11/Mar/2026:16:11:18 +1000] "GET /favicon.ico HTTP/1.1" 404 - "https://mail.posscales.com.au/" "Mozilla/5.0 (X11; Linux x86_64) AppleWebKit/537.36 (KHTML, like Gecko) Chrome/140.0.0.0 Safari/537.36"
192.177.58.167 - - [11/Mar/2026:16:12:05 +1000] "HEAD / HTTP/1.1" 200 - "-" "Mozilla/5.0 (Windows NT 6.2; Win64; x64) AppleWebKit/537.36 (KHTML, like Gecko) Chrome/60.0.3112.90 Safari/537.36"
192.177.58.167 - - [11/Mar/2026:16:12:05 +1000] "GET / HTTP/1.1" 200 39301 "-" "Mozilla/5.0 (Windows NT 6.2; Win64; x64) AppleWebKit/537.36 (KHTML, like Gecko) Chrome/60.0.3112.90 Safari/537.36"
172.121.217.79 - - [11/Mar/2026:16:12:06 +1000] "GET /wp-login.php HTTP/1.1" 404 16 "-" "Mozilla/5.0 (X11; Ubuntu; Linux x86_64; rv:109.0) Gecko/20100101 Firefox/121.0"
18.246.227.173 - - [11/Mar/2026:16:12:09 +1000] "GET / HTTP/1.1" 200 39301 "-" "Mozilla/5.0 (X11; Linux x86_64) AppleWebKit/537.36 (KHTML, like Gecko) Chrome/140.0.0.0 Safari/537.36"
18.246.227.173 - - [11/Mar/2026:16:12:13 +1000] "GET /favicon.ico HTTP/1.1" 404 - "https://mail.posscales.com.au/" "Mozilla/5.0 (X11; Linux x86_64) AppleWebKit/537.36 (KHTML, like Gecko) Chrome/140.0.0.0 Safari/537.36"
172.121.223.207 - - [11/Mar/2026:16:13:41 +1000] "HEAD / HTTP/1.1" 200 - "-" "Mozilla/5.0 (compatible; MSIE 9.0; Windows NT 6.1; Trident/5.0)"
172.121.223.207 - - [11/Mar/2026:16:13:41 +1000] "GET / HTTP/1.1" 200 39301 "-" "Mozilla/5.0 (compatible; MSIE 9.0; Windows NT 6.1; Trident/5.0)"
16.147.31.110 - - [11/Mar/2026:16:13:47 +1000] "GET / HTTP/1.1" 200 39301 "-" "Mozilla/5.0 (X11; Linux x86_64) AppleWebKit/537.36 (KHTML, like Gecko) Chrome/140.0.0.0 Safari/537.36"
16.147.31.110 - - [11/Mar/2026:16:13:50 +1000] "GET /favicon.ico HTTP/1.1" 404 - "https://mail.posscales.com.au/" "Mozilla/5.0 (X11; Linux x86_64) AppleWebKit/537.36 (KHTML, like Gecko) Chrome/140.0.0.0 Safari/537.36"
118.127.40.73 - - [11/Mar/2026:16:23:22 +1000] "GET / HTTP/1.1" 200 39301 "-" "Python/3.11 aiohttp/3.9.2"
118.127.40.73 - - [11/Mar/2026:16:53:22 +1000] "GET / HTTP/1.1" 200 39301 "-" "Python/3.11 aiohttp/3.9.2"
154.47.27.115 - - [11/Mar/2026:17:21:24 +1000] "POST /owa/auth.owa HTTP/1.1" 404 - "https://mail.posscales.com.au/owa/auth/logon.aspx?replaceCurrent=1&url=https%3a%2f%2fmail.posscales.com.au%2fowa%2f" "Mozilla/5.0 (Windows NT 10.0; Win64; x64) AppleWebKit/537.36 (KHTML, like Gecko) Chrome/96.0.4664.110 Safari/537.36"
118.127.40.73 - - [11/Mar/2026:17:23:22 +1000] "GET / HTTP/1.1" 200 39301 "-" "Python/3.11 aiohttp/3.9.2"
118.127.40.73 - - [11/Mar/2026:17:53:23 +1000] "GET / HTTP/1.1" 200 39301 "-" "Python/3.11 aiohttp/3.9.2"
118.127.40.73 - - [11/Mar/2026:18:23:23 +1000] "GET / HTTP/1.1" 200 39301 "-" "Python/3.11 aiohttp/3.9.2"
118.127.40.73 - - [11/Mar/2026:18:53:23 +1000] "GET / HTTP/1.1" 200 39301 "-" "Python/3.11 aiohttp/3.9.2"
118.127.40.73 - - [11/Mar/2026:19:23:23 +1000] "GET / HTTP/1.1" 200 39301 "-" "Python/3.11 aiohttp/3.9.2"
118.127.40.73 - - [11/Mar/2026:19:53:23 +1000] "GET / HTTP/1.1" 200 39301 "-" "Python/3.11 aiohttp/3.9.2"
118.127.40.73 - - [11/Mar/2026:20:23:24 +1000] "GET / HTTP/1.1" 200 39301 "-" "Python/3.11 aiohttp/3.9.2"
118.127.40.73 - - [11/Mar/2026:20:53:25 +1000] "GET / HTTP/1.1" 200 39301 "-" "Python/3.11 aiohttp/3.9.2"
118.127.40.73 - - [11/Mar/2026:21:23:24 +1000] "GET / HTTP/1.1" 200 39301 "-" "Python/3.11 aiohttp/3.9.2"
118.127.40.73 - - [11/Mar/2026:21:53:24 +1000] "GET / HTTP/1.1" 200 39301 "-" "Python/3.11 aiohttp/3.9.2"
118.127.40.73 - - [11/Mar/2026:22:23:24 +1000] "GET / HTTP/1.1" 200 39301 "-" "Python/3.11 aiohttp/3.9.2"
118.127.40.73 - - [11/Mar/2026:22:53:25 +1000] "GET / HTTP/1.1" 200 39301 "-" "Python/3.11 aiohttp/3.9.2"
118.127.40.73 - - [11/Mar/2026:23:23:25 +1000] "GET / HTTP/1.1" 200 39301 "-" "Python/3.11 aiohttp/3.9.2"
118.127.40.73 - - [11/Mar/2026:23:53:25 +1000] "GET / HTTP/1.1" 200 39301 "-" "Python/3.11 aiohttp/3.9.2"
118.127.40.73 - - [12/Mar/2026:00:23:26 +1000] "GET / HTTP/1.1" 200 39301 "-" "Python/3.11 aiohttp/3.9.2"
159.65.167.144 - - [12/Mar/2026:00:29:57 +1000] "GET /.git/config HTTP/1.1" 404 - "-" "AdsBot-Google ( http://www.google.com/adsbot.html)"
118.127.40.73 - - [12/Mar/2026:00:53:25 +1000] "GET / HTTP/1.1" 200 39301 "-" "Python/3.11 aiohttp/3.9.2"
118.127.40.73 - - [12/Mar/2026:01:23:25 +1000] "GET / HTTP/1.1" 200 39301 "-" "Python/3.11 aiohttp/3.9.2"
118.127.40.73 - - [12/Mar/2026:01:53:26 +1000] "GET / HTTP/1.1" 200 39301 "-" "Python/3.11 aiohttp/3.9.2"
203.17.245.213 - - [12/Mar/2026:02:05:28 +1000] "POST /owa/auth.owa HTTP/1.1" 404 - "https://mail.posscales.com.au/owa/auth/logon.aspx?replaceCurrent=1&url=https%3a%2f%2fmail.posscales.com.au%2fowa%2f" "Mozilla/5.0 (Windows NT 10.0; Win64; x64) AppleWebKit/537.36 (KHTML, like Gecko) Chrome/96.0.4664.110 Safari/537.36"
118.127.40.73 - - [12/Mar/2026:02:23:26 +1000] "GET / HTTP/1.1" 200 39301 "-" "Python/3.11 aiohttp/3.9.2"
118.127.40.73 - - [12/Mar/2026:02:53:27 +1000] "GET / HTTP/1.1" 200 39301 "-" "Python/3.11 aiohttp/3.9.2"
118.127.40.73 - - [12/Mar/2026:03:23:26 +1000] "GET / HTTP/1.1" 200 39301 "-" "Python/3.11 aiohttp/3.9.2"
118.127.40.73 - - [12/Mar/2026:03:53:27 +1000] "GET / HTTP/1.1" 200 39301 "-" "Python/3.11 aiohttp/3.9.2"
118.127.40.73 - - [12/Mar/2026:04:23:27 +1000] "GET / HTTP/1.1" 200 39301 "-" "Python/3.11 aiohttp/3.9.2"
118.127.40.73 - - [12/Mar/2026:04:53:27 +1000] "GET / HTTP/1.1" 200 39301 "-" "Python/3.11 aiohttp/3.9.2"
81.161.59.17 - - [12/Mar/2026:05:19:49 +1000] "GET / HTTP/1.1" 200 39301 "-" "-"
118.127.40.73 - - [12/Mar/2026:05:23:27 +1000] "GET / HTTP/1.1" 200 39301 "-" "Python/3.11 aiohttp/3.9.2"
118.127.40.73 - - [12/Mar/2026:05:53:28 +1000] "GET / HTTP/1.1" 200 39301 "-" "Python/3.11 aiohttp/3.9.2"
118.127.40.73 - - [12/Mar/2026:06:23:27 +1000] "GET / HTTP/1.1" 200 39301 "-" "Python/3.11 aiohttp/3.9.2"
118.127.40.73 - - [12/Mar/2026:06:53:28 +1000] "GET / HTTP/1.1" 200 39301 "-" "Python/3.11 aiohttp/3.9.2"
118.127.40.73 - - [12/Mar/2026:07:23:37 +1000] "GET / HTTP/1.1" 200 39301 "-" "Python/3.11 aiohttp/3.9.2"
118.127.40.73 - - [12/Mar/2026:07:53:31 +1000] "GET / HTTP/1.1" 200 39301 "-" "Python/3.11 aiohttp/3.9.2"
118.127.40.73 - - [12/Mar/2026:08:23:29 +1000] "GET / HTTP/1.1" 200 39301 "-" "Python/3.11 aiohttp/3.9.2"
159.65.167.144 - - [12/Mar/2026:08:35:55 +1000] "GET /.git/config HTTP/1.1" 404 - "-" "Mozilla/5.0 (X11; FreeBSD amd64) AppleWebKit/535.22+ (KHTML, like Gecko) Chromium/17.0.963.56 Chrome/17.0.963.56 Safari/535.22+ Epiphany/2.30.6"
118.127.40.73 - - [12/Mar/2026:08:53:29 +1000] "GET / HTTP/1.1" 200 39301 "-" "Python/3.11 aiohttp/3.9.2"
118.127.40.73 - - [12/Mar/2026:09:23:29 +1000] "GET / HTTP/1.1" 200 39301 "-" "Python/3.11 aiohttp/3.9.2"
118.127.40.73 - - [12/Mar/2026:09:53:29 +1000] "GET / HTTP/1.1" 200 39301 "-" "Python/3.11 aiohttp/3.9.2"
118.127.40.73 - - [12/Mar/2026:10:23:29 +1000] "GET / HTTP/1.1" 200 39301 "-" "Python/3.11 aiohttp/3.9.2"
118.127.40.73 - - [12/Mar/2026:10:53:30 +1000] "GET / HTTP/1.1" 200 39301 "-" "Python/3.11 aiohttp/3.9.2"
118.127.40.73 - - [12/Mar/2026:11:23:30 +1000] "GET / HTTP/1.1" 200 39301 "-" "Python/3.11 aiohttp/3.9.2"
118.127.40.73 - - [12/Mar/2026:11:53:29 +1000] "GET / HTTP/1.1" 200 39301 "-" "Python/3.11 aiohttp/3.9.2"
118.127.40.73 - - [12/Mar/2026:12:23:30 +1000] "GET / HTTP/1.1" 200 39301 "-" "Python/3.11 aiohttp/3.9.2"
118.127.40.73 - - [12/Mar/2026:12:53:30 +1000] "GET / HTTP/1.1" 200 39301 "-" "Python/3.11 aiohttp/3.9.2"
3.252.105.52 - - [12/Mar/2026:13:19:06 +1000] "GET / HTTP/1.0" 200 39301 "-" "Mozilla/5.0 (compatible; NetcraftSurveyAgent/1.0; +info@netcraft.com)"
118.127.40.73 - - [12/Mar/2026:13:23:31 +1000] "GET / HTTP/1.1" 200 39301 "-" "Python/3.11 aiohttp/3.9.2"
54.155.142.216 - - [12/Mar/2026:13:31:38 +1000] "GET / HTTP/1.1" 200 39301 "-" "Mozilla/5.0 (Macintosh; Intel Mac OS X 10_15_7) AppleWebKit/537.36 (KHTML, like Gecko) Chrome/131.0.0.0 Safari/537.36"
54.155.142.216 - - [12/Mar/2026:13:31:39 +1000] "POST / HTTP/1.1" 200 39301 "-" "Mozilla/5.0 (Macintosh; Intel Mac OS X 10_15_7) AppleWebKit/537.36 (KHTML, like Gecko) Chrome/131.0.0.0 Safari/537.36"
54.155.142.216 - - [12/Mar/2026:13:31:40 +1000] "POST / HTTP/1.1" 200 39301 "-" "Mozilla/5.0 (Macintosh; Intel Mac OS X 10_15_7) AppleWebKit/537.36 (KHTML, like Gecko) Chrome/131.0.0.0 Safari/537.36"
54.155.142.216 - - [12/Mar/2026:13:31:40 +1000] "POST / HTTP/1.1" 200 39301 "-" "Mozilla/5.0 (Macintosh; Intel Mac OS X 10_15_7) AppleWebKit/537.36 (KHTML, like Gecko) Chrome/131.0.0.0 Safari/537.36"
45.74.55.233 - - [12/Mar/2026:13:43:14 +1000] "POST /owa/auth.owa HTTP/1.1" 404 - "https://mail.posscales.com.au/owa/auth/logon.aspx?replaceCurrent=1&url=https%3a%2f%2fmail.posscales.com.au%2fowa%2f" "Mozilla/5.0 (Windows NT 10.0; Win64; x64) AppleWebKit/537.36 (KHTML, like Gecko) Chrome/96.0.4664.110 Safari/537.36"
118.127.40.73 - - [12/Mar/2026:13:53:32 +1000] "GET / HTTP/1.1" 200 39301 "-" "Python/3.11 aiohttp/3.9.2"
54.171.156.124 - - [12/Mar/2026:14:10:57 +1000] "GET / HTTP/1.1" 200 39301 "-" "Mozilla/5.0 (Macintosh; Intel Mac OS X 10_15_7) AppleWebKit/537.36 (KHTML, like Gecko) Chrome/131.0.0.0 Safari/537.36"
54.171.156.124 - - [12/Mar/2026:14:10:57 +1000] "POST / HTTP/1.1" 200 39301 "-" "Mozilla/5.0 (Macintosh; Intel Mac OS X 10_15_7) AppleWebKit/537.36 (KHTML, like Gecko) Chrome/131.0.0.0 Safari/537.36"
54.171.156.124 - - [12/Mar/2026:14:10:58 +1000] "POST / HTTP/1.1" 200 39301 "-" "Mozilla/5.0 (Macintosh; Intel Mac OS X 10_15_7) AppleWebKit/537.36 (KHTML, like Gecko) Chrome/131.0.0.0 Safari/537.36"
54.171.156.124 - - [12/Mar/2026:14:10:58 +1000] "POST / HTTP/1.1" 200 39301 "-" "Mozilla/5.0 (Macintosh; Intel Mac OS X 10_15_7) AppleWebKit/537.36 (KHTML, like Gecko) Chrome/131.0.0.0 Safari/537.36"
118.127.40.73 - - [12/Mar/2026:14:23:31 +1000] "GET / HTTP/1.1" 200 39301 "-" "Python/3.11 aiohttp/3.9.2"
118.127.40.73 - - [12/Mar/2026:14:53:31 +1000] "GET / HTTP/1.1" 200 39301 "-" "Python/3.11 aiohttp/3.9.2"
118.127.40.73 - - [12/Mar/2026:15:23:32 +1000] "GET / HTTP/1.1" 200 39301 "-" "Python/3.11 aiohttp/3.9.2"
118.127.40.73 - - [12/Mar/2026:15:53:32 +1000] "GET / HTTP/1.1" 200 39301 "-" "Python/3.11 aiohttp/3.9.2"
118.127.40.73 - - [12/Mar/2026:16:23:32 +1000] "GET / HTTP/1.1" 200 39301 "-" "Python/3.11 aiohttp/3.9.2"
118.127.40.73 - - [12/Mar/2026:16:53:32 +1000] "GET / HTTP/1.1" 200 39301 "-" "Python/3.11 aiohttp/3.9.2"
118.127.40.73 - - [12/Mar/2026:17:23:32 +1000] "GET / HTTP/1.1" 200 39301 "-" "Python/3.11 aiohttp/3.9.2"
118.127.40.73 - - [12/Mar/2026:17:53:32 +1000] "GET / HTTP/1.1" 200 39301 "-" "Python/3.11 aiohttp/3.9.2"
118.127.40.73 - - [12/Mar/2026:18:23:32 +1000] "GET / HTTP/1.1" 200 39301 "-" "Python/3.11 aiohttp/3.9.2"
118.127.40.73 - - [12/Mar/2026:18:53:33 +1000] "GET / HTTP/1.1" 200 39301 "-" "Python/3.11 aiohttp/3.9.2"
118.127.40.73 - - [12/Mar/2026:19:23:32 +1000] "GET / HTTP/1.1" 200 39301 "-" "Python/3.11 aiohttp/3.9.2"
118.127.40.73 - - [12/Mar/2026:19:53:33 +1000] "GET / HTTP/1.1" 200 39301 "-" "Python/3.11 aiohttp/3.9.2"
118.127.40.73 - - [12/Mar/2026:20:23:33 +1000] "GET / HTTP/1.1" 200 39301 "-" "Python/3.11 aiohttp/3.9.2"
118.127.40.73 - - [12/Mar/2026:20:53:33 +1000] "GET / HTTP/1.1" 200 39301 "-" "Python/3.11 aiohttp/3.9.2"
118.127.40.73 - - [12/Mar/2026:21:23:33 +1000] "GET / HTTP/1.1" 200 39301 "-" "Python/3.11 aiohttp/3.9.2"
74.7.244.48 - - [12/Mar/2026:21:34:18 +1000] "GET /robots.txt HTTP/1.1" 200 286 "-" "Mozilla/5.0 (Macintosh; Intel Mac OS X 10_15_7) AppleWebKit/537.36 (KHTML, like Gecko) Chrome/131.0.0.0 Safari/537.36; compatible; OAI-SearchBot/1.3; robots.txt; +https://openai.com/searchbot"
74.7.227.9 - - [12/Mar/2026:21:34:21 +1000] "GET / HTTP/1.1" 200 39301 "-" "Mozilla/5.0 AppleWebKit/537.36 (KHTML, like Gecko; compatible; GPTBot/1.3; +https://openai.com/gptbot)"
118.127.40.73 - - [12/Mar/2026:21:53:33 +1000] "GET / HTTP/1.1" 200 39301 "-" "Python/3.11 aiohttp/3.9.2"
118.127.40.73 - - [12/Mar/2026:22:23:34 +1000] "GET / HTTP/1.1" 200 39301 "-" "Python/3.11 aiohttp/3.9.2"
118.127.40.73 - - [12/Mar/2026:22:53:35 +1000] "GET / HTTP/1.1" 200 39301 "-" "Python/3.11 aiohttp/3.9.2"
118.127.40.73 - - [12/Mar/2026:23:52:42 +1000] "GET / HTTP/1.1" 200 39301 "-" "Python/3.11 aiohttp/3.9.2"
118.127.40.73 - - [13/Mar/2026:00:22:40 +1000] "GET / HTTP/1.1" 200 39301 "-" "Python/3.11 aiohttp/3.9.2"
118.127.40.73 - - [13/Mar/2026:00:52:40 +1000] "GET / HTTP/1.1" 200 39301 "-" "Python/3.11 aiohttp/3.9.2"
118.127.40.73 - - [13/Mar/2026:01:22:43 +1000] "GET / HTTP/1.1" 200 39301 "-" "Python/3.11 aiohttp/3.9.2"
118.127.40.73 - - [13/Mar/2026:01:52:40 +1000] "GET / HTTP/1.1" 200 39301 "-" "Python/3.11 aiohttp/3.9.2"
118.127.40.73 - - [13/Mar/2026:02:22:44 +1000] "GET / HTTP/1.1" 200 39301 "-" "Python/3.11 aiohttp/3.9.2"
118.127.40.73 - - [13/Mar/2026:02:52:42 +1000] "GET / HTTP/1.1" 200 39301 "-" "Python/3.11 aiohttp/3.9.2"
118.127.40.73 - - [13/Mar/2026:03:22:44 +1000] "GET / HTTP/1.1" 200 39301 "-" "Python/3.11 aiohttp/3.9.2"
118.127.40.73 - - [13/Mar/2026:03:52:41 +1000] "GET / HTTP/1.1" 200 39301 "-" "Python/3.11 aiohttp/3.9.2"
118.127.40.73 - - [13/Mar/2026:04:22:42 +1000] "GET / HTTP/1.1" 200 39301 "-" "Python/3.11 aiohttp/3.9.2"
118.127.40.73 - - [13/Mar/2026:04:52:42 +1000] "GET / HTTP/1.1" 200 39301 "-" "Python/3.11 aiohttp/3.9.2"
118.127.40.73 - - [13/Mar/2026:05:22:43 +1000] "GET / HTTP/1.1" 200 39301 "-" "Python/3.11 aiohttp/3.9.2"
118.127.40.73 - - [13/Mar/2026:05:52:42 +1000] "GET / HTTP/1.1" 200 39301 "-" "Python/3.11 aiohttp/3.9.2"
118.127.40.73 - - [13/Mar/2026:06:22:42 +1000] "GET / HTTP/1.1" 200 39301 "-" "Python/3.11 aiohttp/3.9.2"
3.98.122.215 - - [13/Mar/2026:06:26:01 +1000] "GET / HTTP/1.1" 200 39301 "-" "Mozilla/5.0 (Macintosh; Intel Mac OS X 10_15_7) AppleWebKit/537.36 (KHTML, like Gecko) Chrome/131.0.0.0 Safari/537.36"
3.98.122.215 - - [13/Mar/2026:06:26:01 +1000] "POST / HTTP/1.1" 200 39301 "-" "Mozilla/5.0 (Macintosh; Intel Mac OS X 10_15_7) AppleWebKit/537.36 (KHTML, like Gecko) Chrome/131.0.0.0 Safari/537.36"
3.98.122.215 - - [13/Mar/2026:06:26:02 +1000] "POST / HTTP/1.1" 200 39301 "-" "Mozilla/5.0 (Macintosh; Intel Mac OS X 10_15_7) AppleWebKit/537.36 (KHTML, like Gecko) Chrome/131.0.0.0 Safari/537.36"
3.98.122.215 - - [13/Mar/2026:06:26:02 +1000] "POST / HTTP/1.1" 200 39301 "-" "Mozilla/5.0 (Macintosh; Intel Mac OS X 10_15_7) AppleWebKit/537.36 (KHTML, like Gecko) Chrome/131.0.0.0 Safari/537.36"
118.127.40.73 - - [13/Mar/2026:06:52:42 +1000] "GET / HTTP/1.1" 200 39301 "-" "Python/3.11 aiohttp/3.9.2"
204.76.203.25 - - [13/Mar/2026:07:06:44 +1000] "GET /.env HTTP/1.1" 404 - "-" "Mozilla/5.0 (Windows NT 10.0; Win64; x64) AppleWebKit/537.36 (KHTML, like Gecko) Chrome/134.0.0.0 Safari/537.3"
118.127.40.73 - - [13/Mar/2026:07:22:44 +1000] "GET / HTTP/1.1" 200 39301 "-" "Python/3.11 aiohttp/3.9.2"
118.127.40.73 - - [13/Mar/2026:07:52:43 +1000] "GET / HTTP/1.1" 200 39301 "-" "Python/3.11 aiohttp/3.9.2"
118.127.40.73 - - [13/Mar/2026:08:22:44 +1000] "GET / HTTP/1.1" 200 39301 "-" "Python/3.11 aiohttp/3.9.2"
118.127.40.73 - - [13/Mar/2026:08:52:44 +1000] "GET / HTTP/1.1" 200 39301 "-" "Python/3.11 aiohttp/3.9.2"
118.127.40.73 - - [13/Mar/2026:09:22:43 +1000] "GET / HTTP/1.1" 200 39301 "-" "Python/3.11 aiohttp/3.9.2"
45.13.237.110 - - [13/Mar/2026:09:32:49 +1000] "GET / HTTP/1.1" 200 39301 "-" "fasthttp"
118.127.40.73 - - [13/Mar/2026:09:52:43 +1000] "GET / HTTP/1.1" 200 39301 "-" "Python/3.11 aiohttp/3.9.2"
118.127.40.73 - - [13/Mar/2026:10:22:43 +1000] "GET / HTTP/1.1" 200 39301 "-" "Python/3.11 aiohttp/3.9.2"
103.107.197.180 - - [13/Mar/2026:10:44:15 +1000] "POST /owa/auth.owa HTTP/1.1" 404 - "https://mail.posscales.com.au/owa/auth/logon.aspx?replaceCurrent=1&url=https%3a%2f%2fmail.posscales.com.au%2fowa%2f" "Mozilla/5.0 (Windows NT 10.0; Win64; x64) AppleWebKit/537.36 (KHTML, like Gecko) Chrome/96.0.4664.110 Safari/537.36"
118.127.40.73 - - [13/Mar/2026:10:52:44 +1000] "GET / HTTP/1.1" 200 39301 "-" "Python/3.11 aiohttp/3.9.2"
74.7.175.133 - - [13/Mar/2026:11:12:42 +1000] "GET /robots.txt HTTP/1.1" 200 286 "-" "Mozilla/5.0 (Macintosh; Intel Mac OS X 10_15_7) AppleWebKit/537.36 (KHTML, like Gecko) Chrome/131.0.0.0 Safari/537.36; compatible; OAI-SearchBot/1.3; robots.txt; +https://openai.com/searchbot"