74.7.228.43 - - [06/Mar/2026:23:17:00 +1000] "GET /robots.txt HTTP/1.1" 404 - "-" "Mozilla/5.0 (Macintosh; Intel Mac OS X 10_15_7) AppleWebKit/537.36 (KHTML, like Gecko) Chrome/131.0.0.0 Safari/537.36; compatible; OAI-SearchBot/1.3; robots.txt; +https://openai.com/searchbot"
74.7.242.43 - - [06/Mar/2026:23:17:02 +1000] "GET / HTTP/1.1" 200 658 "-" "Mozilla/5.0 AppleWebKit/537.36 (KHTML, like Gecko; compatible; GPTBot/1.3; +https://openai.com/gptbot)"
74.7.242.43 - - [06/Mar/2026:23:17:05 +1000] "GET /?C=D;O=A HTTP/1.1" 200 658 "https://mydata1.posscales.com.au/" "Mozilla/5.0 AppleWebKit/537.36 (KHTML, like Gecko; compatible; GPTBot/1.3; +https://openai.com/gptbot)"
74.7.242.43 - - [06/Mar/2026:23:17:08 +1000] "GET /?C=N;O=D HTTP/1.1" 200 658 "https://mydata1.posscales.com.au/" "Mozilla/5.0 AppleWebKit/537.36 (KHTML, like Gecko; compatible; GPTBot/1.3; +https://openai.com/gptbot)"
74.7.242.43 - - [06/Mar/2026:23:17:10 +1000] "GET /?C=S;O=A HTTP/1.1" 200 658 "https://mydata1.posscales.com.au/" "Mozilla/5.0 AppleWebKit/537.36 (KHTML, like Gecko; compatible; GPTBot/1.3; +https://openai.com/gptbot)"
74.7.242.43 - - [06/Mar/2026:23:17:12 +1000] "GET /?C=D;O=D HTTP/1.1" 200 658 "https://mydata1.posscales.com.au/?C=D;O=A" "Mozilla/5.0 AppleWebKit/537.36 (KHTML, like Gecko; compatible; GPTBot/1.3; +https://openai.com/gptbot)"
74.7.242.43 - - [06/Mar/2026:23:17:14 +1000] "GET /?C=N;O=A HTTP/1.1" 200 658 "https://mydata1.posscales.com.au/?C=D;O=A" "Mozilla/5.0 AppleWebKit/537.36 (KHTML, like Gecko; compatible; GPTBot/1.3; +https://openai.com/gptbot)"
74.7.242.43 - - [06/Mar/2026:23:17:16 +1000] "GET /?C=S;O=D HTTP/1.1" 200 658 "https://mydata1.posscales.com.au/?C=S;O=A" "Mozilla/5.0 AppleWebKit/537.36 (KHTML, like Gecko; compatible; GPTBot/1.3; +https://openai.com/gptbot)"
118.127.40.73 - - [06/Mar/2026:23:42:33 +1000] "GET / HTTP/1.1" 200 658 "-" "Python/3.11 aiohttp/3.9.2"
118.127.40.73 - - [07/Mar/2026:00:12:34 +1000] "GET / HTTP/1.1" 200 658 "-" "Python/3.11 aiohttp/3.9.2"
74.7.244.29 - - [07/Mar/2026:00:22:01 +1000] "GET /robots.txt HTTP/1.1" 404 - "-" "Mozilla/5.0 (Macintosh; Intel Mac OS X 10_15_7) AppleWebKit/537.36 (KHTML, like Gecko) Chrome/131.0.0.0 Safari/537.36; compatible; OAI-SearchBot/1.3; robots.txt; +https://openai.com/searchbot"
118.127.40.73 - - [07/Mar/2026:00:42:34 +1000] "GET / HTTP/1.1" 200 658 "-" "Python/3.11 aiohttp/3.9.2"
118.127.40.73 - - [07/Mar/2026:01:22:36 +1000] "GET / HTTP/1.1" 200 658 "-" "Python/3.11 aiohttp/3.9.2"
118.127.40.73 - - [07/Mar/2026:01:52:35 +1000] "GET / HTTP/1.1" 200 658 "-" "Python/3.11 aiohttp/3.9.2"
118.127.40.73 - - [07/Mar/2026:02:22:35 +1000] "GET / HTTP/1.1" 200 658 "-" "Python/3.11 aiohttp/3.9.2"
118.127.40.73 - - [07/Mar/2026:02:52:37 +1000] "GET / HTTP/1.1" 200 658 "-" "Python/3.11 aiohttp/3.9.2"
118.127.40.73 - - [07/Mar/2026:03:22:35 +1000] "GET / HTTP/1.1" 200 658 "-" "Python/3.11 aiohttp/3.9.2"
118.127.40.73 - - [07/Mar/2026:03:52:36 +1000] "GET / HTTP/1.1" 200 658 "-" "Python/3.11 aiohttp/3.9.2"
118.127.40.73 - - [07/Mar/2026:04:22:36 +1000] "GET / HTTP/1.1" 200 658 "-" "Python/3.11 aiohttp/3.9.2"
118.127.40.73 - - [07/Mar/2026:04:52:36 +1000] "GET / HTTP/1.1" 200 658 "-" "Python/3.11 aiohttp/3.9.2"
118.127.40.73 - - [07/Mar/2026:05:22:37 +1000] "GET / HTTP/1.1" 200 658 "-" "Python/3.11 aiohttp/3.9.2"
16.171.3.235 - - [07/Mar/2026:05:25:41 +1000] "GET / HTTP/1.1" 200 658 "-" "Mozilla/5.0 (Windows NT 10.0; Win64; x64) AppleWebKit/537.36 (KHTML, like Gecko) Chrome/131.0.0.0 Safari/537.36"
16.171.3.235 - - [07/Mar/2026:05:25:41 +1000] "POST / HTTP/1.1" 404 - "-" "Mozilla/5.0 (Windows NT 10.0; Win64; x64) AppleWebKit/537.36 (KHTML, like Gecko) Chrome/131.0.0.0 Safari/537.36"
16.171.3.235 - - [07/Mar/2026:05:25:42 +1000] "POST / HTTP/1.1" 404 - "-" "Mozilla/5.0 (Windows NT 10.0; Win64; x64) AppleWebKit/537.36 (KHTML, like Gecko) Chrome/131.0.0.0 Safari/537.36"
16.171.3.235 - - [07/Mar/2026:05:25:42 +1000] "POST / HTTP/1.1" 404 - "-" "Mozilla/5.0 (Windows NT 10.0; Win64; x64) AppleWebKit/537.36 (KHTML, like Gecko) Chrome/131.0.0.0 Safari/537.36"
13.125.201.42 - - [07/Mar/2026:05:47:44 +1000] "GET / HTTP/1.1" 200 658 "-" "Mozilla/5.0 (Macintosh; Intel Mac OS X 10_15_7) AppleWebKit/537.36 (KHTML, like Gecko) Chrome/131.0.0.0 Safari/537.36"
13.125.201.42 - - [07/Mar/2026:05:47:44 +1000] "POST / HTTP/1.1" 404 - "-" "Mozilla/5.0 (Macintosh; Intel Mac OS X 10_15_7) AppleWebKit/537.36 (KHTML, like Gecko) Chrome/131.0.0.0 Safari/537.36"
13.125.201.42 - - [07/Mar/2026:05:47:44 +1000] "POST / HTTP/1.1" 404 - "-" "Mozilla/5.0 (Macintosh; Intel Mac OS X 10_15_7) AppleWebKit/537.36 (KHTML, like Gecko) Chrome/131.0.0.0 Safari/537.36"
13.125.201.42 - - [07/Mar/2026:05:47:44 +1000] "POST / HTTP/1.1" 404 - "-" "Mozilla/5.0 (Macintosh; Intel Mac OS X 10_15_7) AppleWebKit/537.36 (KHTML, like Gecko) Chrome/131.0.0.0 Safari/537.36"
118.127.40.73 - - [07/Mar/2026:05:52:37 +1000] "GET / HTTP/1.1" 200 658 "-" "Python/3.11 aiohttp/3.9.2"
118.127.40.73 - - [07/Mar/2026:06:22:37 +1000] "GET / HTTP/1.1" 200 658 "-" "Python/3.11 aiohttp/3.9.2"
118.127.40.73 - - [07/Mar/2026:06:52:37 +1000] "GET / HTTP/1.1" 200 658 "-" "Python/3.11 aiohttp/3.9.2"
118.127.40.73 - - [07/Mar/2026:07:22:37 +1000] "GET / HTTP/1.1" 200 658 "-" "Python/3.11 aiohttp/3.9.2"
118.127.40.73 - - [07/Mar/2026:07:52:39 +1000] "GET / HTTP/1.1" 200 658 "-" "Python/3.11 aiohttp/3.9.2"
118.127.40.73 - - [07/Mar/2026:08:22:38 +1000] "GET / HTTP/1.1" 200 658 "-" "Python/3.11 aiohttp/3.9.2"
118.127.40.73 - - [07/Mar/2026:08:52:37 +1000] "GET / HTTP/1.1" 200 658 "-" "Python/3.11 aiohttp/3.9.2"
118.127.40.73 - - [07/Mar/2026:09:22:38 +1000] "GET / HTTP/1.1" 200 658 "-" "Python/3.11 aiohttp/3.9.2"
118.127.40.73 - - [07/Mar/2026:09:52:38 +1000] "GET / HTTP/1.1" 200 658 "-" "Python/3.11 aiohttp/3.9.2"
167.94.138.185 - - [07/Mar/2026:10:11:39 +1000] "GET / HTTP/1.1" 200 658 "-" "Mozilla/5.0 (compatible; CensysInspect/1.1; +https://about.censys.io/)"
167.94.138.185 - - [07/Mar/2026:10:11:39 +1000] "GET /cgi-bin HTTP/1.1" 301 293 "-" "Mozilla/5.0 (compatible; CensysInspect/1.1; +https://about.censys.io/)"
167.94.138.185 - - [07/Mar/2026:10:11:40 +1000] "GET /cgi-bin/ HTTP/1.1" 404 - "https://www.mydata1.posscales.com.au:443/cgi-bin" "Mozilla/5.0 (compatible; CensysInspect/1.1; +https://about.censys.io/)"
118.127.40.73 - - [07/Mar/2026:10:22:38 +1000] "GET / HTTP/1.1" 200 658 "-" "Python/3.11 aiohttp/3.9.2"
118.127.40.73 - - [07/Mar/2026:10:52:38 +1000] "GET / HTTP/1.1" 200 658 "-" "Python/3.11 aiohttp/3.9.2"
118.127.40.73 - - [07/Mar/2026:11:22:38 +1000] "GET / HTTP/1.1" 200 658 "-" "Python/3.11 aiohttp/3.9.2"
165.22.247.20 - - [07/Mar/2026:11:39:38 +1000] "HEAD / HTTP/1.1" 200 - "-" "Mozilla/5.0 (Windows NT 6.1; Win64; x64) AppleWebKit/537.36 (KHTML, like Gecko) Chrome/44.0.2403.155 Safari/537.36"
165.22.247.20 - - [07/Mar/2026:11:39:38 +1000] "GET / HTTP/1.1" 200 658 "-" "Mozilla/5.0 (Windows NT 6.1; Win64; x64) AppleWebKit/537.36 (KHTML, like Gecko) Chrome/44.0.2403.155 Safari/537.36"
165.22.247.20 - - [07/Mar/2026:11:39:38 +1000] "GET / HTTP/1.1" 200 658 "-" "Mozilla/5.0 (Windows NT 6.1; Win64; x64) AppleWebKit/537.36 (KHTML, like Gecko) Chrome/44.0.2403.155 Safari/537.36"
165.22.247.20 - - [07/Mar/2026:11:39:38 +1000] "GET /.git/HEAD HTTP/1.1" 404 - "-" "Mozilla/5.0 (Windows NT 6.1; Win64; x64) AppleWebKit/537.36 (KHTML, like Gecko) Chrome/44.0.2403.155 Safari/537.36"
165.22.247.20 - - [07/Mar/2026:11:39:38 +1000] "GET /.git-credentials HTTP/1.1" 404 - "-" "Mozilla/5.0 (Windows NT 6.1; Win64; x64) AppleWebKit/537.36 (KHTML, like Gecko) Chrome/44.0.2403.155 Safari/537.36"
165.22.247.20 - - [07/Mar/2026:11:39:39 +1000] "GET /.ssh/id_rsa HTTP/1.1" 404 - "-" "Mozilla/5.0 (Windows NT 6.1; Win64; x64) AppleWebKit/537.36 (KHTML, like Gecko) Chrome/44.0.2403.155 Safari/537.36"
165.22.247.20 - - [07/Mar/2026:11:39:39 +1000] "GET /.env HTTP/1.1" 404 - "-" "Mozilla/5.0 (Windows NT 6.1; Win64; x64) AppleWebKit/537.36 (KHTML, like Gecko) Chrome/44.0.2403.155 Safari/537.36"
165.22.247.20 - - [07/Mar/2026:11:39:39 +1000] "GET /.git-credentials HTTP/1.1" 404 - "-" "Mozilla/5.0 (Windows NT 6.1; Win64; x64) AppleWebKit/537.36 (KHTML, like Gecko) Chrome/44.0.2403.155 Safari/537.36"
165.22.247.20 - - [07/Mar/2026:11:39:40 +1000] "GET /.git/HEAD HTTP/1.1" 404 - "-" "Mozilla/5.0 (Windows NT 6.1; Win64; x64) AppleWebKit/537.36 (KHTML, like Gecko) Chrome/44.0.2403.155 Safari/537.36"
165.22.247.20 - - [07/Mar/2026:11:39:40 +1000] "GET /.prod.env HTTP/1.1" 404 - "-" "Mozilla/5.0 (Windows NT 6.1; Win64; x64) AppleWebKit/537.36 (KHTML, like Gecko) Chrome/44.0.2403.155 Safari/537.36"
165.22.247.20 - - [07/Mar/2026:11:39:40 +1000] "GET /.ssh/rsa HTTP/1.1" 404 - "-" "Mozilla/5.0 (Windows NT 6.1; Win64; x64) AppleWebKit/537.36 (KHTML, like Gecko) Chrome/44.0.2403.155 Safari/537.36"
118.127.40.73 - - [07/Mar/2026:11:52:39 +1000] "GET / HTTP/1.1" 200 658 "-" "Python/3.11 aiohttp/3.9.2"
118.127.40.73 - - [07/Mar/2026:12:22:39 +1000] "GET / HTTP/1.1" 200 658 "-" "Python/3.11 aiohttp/3.9.2"
199.45.155.93 - - [07/Mar/2026:12:26:14 +1000] "GET / HTTP/1.1" 200 658 "-" "Mozilla/5.0 (compatible; CensysInspect/1.1; +https://about.censys.io/)"
199.45.155.93 - - [07/Mar/2026:12:26:20 +1000] "GET /favicon.ico HTTP/1.1" 404 - "-" "Mozilla/5.0 (compatible; CensysInspect/1.1; +https://about.censys.io/)"
199.45.155.93 - - [07/Mar/2026:12:26:50 +1000] "GET / HTTP/1.1" 200 658 "-" "Mozilla/5.0 (compatible; CensysInspect/1.1; +https://about.censys.io/)"
199.45.155.93 - - [07/Mar/2026:12:26:52 +1000] "GET /cgi-bin HTTP/1.1" 301 293 "-" "Mozilla/5.0 (compatible; CensysInspect/1.1; +https://about.censys.io/)"
199.45.155.93 - - [07/Mar/2026:12:26:53 +1000] "GET /cgi-bin/ HTTP/1.1" 404 - "https://www.mydata1.posscales.com.au:443/cgi-bin" "Mozilla/5.0 (compatible; CensysInspect/1.1; +https://about.censys.io/)"
118.127.40.73 - - [07/Mar/2026:12:52:39 +1000] "GET / HTTP/1.1" 200 658 "-" "Python/3.11 aiohttp/3.9.2"
118.127.40.73 - - [07/Mar/2026:13:22:40 +1000] "GET / HTTP/1.1" 200 658 "-" "Python/3.11 aiohttp/3.9.2"
118.127.40.73 - - [07/Mar/2026:13:52:40 +1000] "GET / HTTP/1.1" 200 658 "-" "Python/3.11 aiohttp/3.9.2"
118.127.40.73 - - [07/Mar/2026:14:22:39 +1000] "GET / HTTP/1.1" 200 658 "-" "Python/3.11 aiohttp/3.9.2"
118.127.40.73 - - [07/Mar/2026:14:52:40 +1000] "GET / HTTP/1.1" 200 658 "-" "Python/3.11 aiohttp/3.9.2"
118.127.40.73 - - [07/Mar/2026:15:22:40 +1000] "GET / HTTP/1.1" 200 658 "-" "Python/3.11 aiohttp/3.9.2"
118.127.40.73 - - [07/Mar/2026:15:52:40 +1000] "GET / HTTP/1.1" 200 658 "-" "Python/3.11 aiohttp/3.9.2"
118.127.40.73 - - [07/Mar/2026:16:22:40 +1000] "GET / HTTP/1.1" 200 658 "-" "Python/3.11 aiohttp/3.9.2"
118.127.40.73 - - [07/Mar/2026:16:52:41 +1000] "GET / HTTP/1.1" 200 658 "-" "Python/3.11 aiohttp/3.9.2"
118.127.40.73 - - [07/Mar/2026:17:22:41 +1000] "GET / HTTP/1.1" 200 658 "-" "Python/3.11 aiohttp/3.9.2"
118.127.40.73 - - [07/Mar/2026:17:52:41 +1000] "GET / HTTP/1.1" 200 658 "-" "Python/3.11 aiohttp/3.9.2"
118.127.40.73 - - [07/Mar/2026:18:22:41 +1000] "GET / HTTP/1.1" 200 658 "-" "Python/3.11 aiohttp/3.9.2"
54.211.48.27 - - [07/Mar/2026:18:46:47 +1000] "GET / HTTP/1.1" 200 658 "-" "python-requests/2.32.4"
118.127.40.73 - - [07/Mar/2026:18:52:42 +1000] "GET / HTTP/1.1" 200 658 "-" "Python/3.11 aiohttp/3.9.2"
118.127.40.73 - - [07/Mar/2026:19:22:42 +1000] "GET / HTTP/1.1" 200 658 "-" "Python/3.11 aiohttp/3.9.2"
118.127.40.73 - - [07/Mar/2026:19:52:42 +1000] "GET / HTTP/1.1" 200 658 "-" "Python/3.11 aiohttp/3.9.2"
118.127.40.73 - - [07/Mar/2026:20:22:42 +1000] "GET / HTTP/1.1" 200 658 "-" "Python/3.11 aiohttp/3.9.2"
118.127.40.73 - - [07/Mar/2026:20:52:42 +1000] "GET / HTTP/1.1" 200 658 "-" "Python/3.11 aiohttp/3.9.2"
118.127.40.73 - - [07/Mar/2026:21:22:42 +1000] "GET / HTTP/1.1" 200 658 "-" "Python/3.11 aiohttp/3.9.2"
118.127.40.73 - - [07/Mar/2026:21:52:43 +1000] "GET / HTTP/1.1" 200 658 "-" "Python/3.11 aiohttp/3.9.2"
118.127.40.73 - - [07/Mar/2026:22:22:43 +1000] "GET / HTTP/1.1" 200 658 "-" "Python/3.11 aiohttp/3.9.2"
118.127.40.73 - - [07/Mar/2026:22:52:43 +1000] "GET / HTTP/1.1" 200 658 "-" "Python/3.11 aiohttp/3.9.2"
98.90.116.248 - - [07/Mar/2026:22:56:16 +1000] "GET / HTTP/1.1" 200 658 "-" "Mozilla/5.0 (Windows NT 10.0; Win64; x64) AppleWebKit/537.36 (KHTML, like Gecko) Chrome/138.0.0.0 Safari/537.36 Edg/138.0.0.0"
118.127.40.73 - - [07/Mar/2026:23:22:44 +1000] "GET / HTTP/1.1" 200 658 "-" "Python/3.11 aiohttp/3.9.2"
118.127.40.73 - - [07/Mar/2026:23:52:43 +1000] "GET / HTTP/1.1" 200 658 "-" "Python/3.11 aiohttp/3.9.2"
118.127.40.73 - - [08/Mar/2026:00:22:44 +1000] "GET / HTTP/1.1" 200 658 "-" "Python/3.11 aiohttp/3.9.2"
74.7.228.43 - - [08/Mar/2026:00:30:08 +1000] "GET /robots.txt HTTP/1.1" 404 - "-" "Mozilla/5.0 (Macintosh; Intel Mac OS X 10_15_7) AppleWebKit/537.36 (KHTML, like Gecko) Chrome/131.0.0.0 Safari/537.36; compatible; OAI-SearchBot/1.3; robots.txt; +https://openai.com/searchbot"
118.127.40.73 - - [08/Mar/2026:00:52:44 +1000] "GET / HTTP/1.1" 200 658 "-" "Python/3.11 aiohttp/3.9.2"
74.7.244.29 - - [08/Mar/2026:00:55:57 +1000] "GET /robots.txt HTTP/1.1" 404 - "-" "Mozilla/5.0 (Macintosh; Intel Mac OS X 10_15_7) AppleWebKit/537.36 (KHTML, like Gecko) Chrome/131.0.0.0 Safari/537.36; compatible; OAI-SearchBot/1.3; robots.txt; +https://openai.com/searchbot"
74.7.242.20 - - [08/Mar/2026:00:56:00 +1000] "GET / HTTP/1.1" 200 658 "-" "Mozilla/5.0 AppleWebKit/537.36 (KHTML, like Gecko; compatible; GPTBot/1.3; +https://openai.com/gptbot)"
74.7.242.20 - - [08/Mar/2026:00:56:02 +1000] "GET /?C=S;O=A HTTP/1.1" 200 658 "https://www.mydata1.posscales.com.au/" "Mozilla/5.0 AppleWebKit/537.36 (KHTML, like Gecko; compatible; GPTBot/1.3; +https://openai.com/gptbot)"
74.7.242.20 - - [08/Mar/2026:00:56:04 +1000] "GET /?C=D;O=A HTTP/1.1" 200 658 "https://www.mydata1.posscales.com.au/" "Mozilla/5.0 AppleWebKit/537.36 (KHTML, like Gecko; compatible; GPTBot/1.3; +https://openai.com/gptbot)"
74.7.242.20 - - [08/Mar/2026:00:56:05 +1000] "GET /?C=N;O=D HTTP/1.1" 200 658 "https://www.mydata1.posscales.com.au/" "Mozilla/5.0 AppleWebKit/537.36 (KHTML, like Gecko; compatible; GPTBot/1.3; +https://openai.com/gptbot)"
74.7.242.20 - - [08/Mar/2026:00:56:09 +1000] "GET /?C=D;O=D HTTP/1.1" 200 658 "https://www.mydata1.posscales.com.au/?C=D;O=A" "Mozilla/5.0 AppleWebKit/537.36 (KHTML, like Gecko; compatible; GPTBot/1.3; +https://openai.com/gptbot)"
74.7.242.20 - - [08/Mar/2026:00:56:10 +1000] "GET /?C=S;O=D HTTP/1.1" 200 658 "https://www.mydata1.posscales.com.au/?C=S;O=A" "Mozilla/5.0 AppleWebKit/537.36 (KHTML, like Gecko; compatible; GPTBot/1.3; +https://openai.com/gptbot)"
74.7.242.20 - - [08/Mar/2026:00:56:13 +1000] "GET /?C=N;O=A HTTP/1.1" 200 658 "https://www.mydata1.posscales.com.au/?C=S;O=A" "Mozilla/5.0 AppleWebKit/537.36 (KHTML, like Gecko; compatible; GPTBot/1.3; +https://openai.com/gptbot)"
87.236.176.134 - - [08/Mar/2026:01:11:37 +1000] "GET / HTTP/1.1" 200 658 "-" "Mozilla/5.0 (compatible; InternetMeasurement/1.0; +https://internet-measurement.com/)"
104.152.52.60 - - [08/Mar/2026:01:11:58 +1000] "GET / HTTP/1.1" 200 658 "-" "curl/7.61.1"
104.152.52.60 - - [08/Mar/2026:01:11:59 +1000] "GET /favicon.ico HTTP/1.1" 404 - "-" "curl/7.61.1"
118.127.40.73 - - [08/Mar/2026:01:22:44 +1000] "GET / HTTP/1.1" 200 658 "-" "Python/3.11 aiohttp/3.9.2"
118.127.40.73 - - [08/Mar/2026:01:52:44 +1000] "GET / HTTP/1.1" 200 658 "-" "Python/3.11 aiohttp/3.9.2"
118.127.40.73 - - [08/Mar/2026:02:22:45 +1000] "GET / HTTP/1.1" 200 658 "-" "Python/3.11 aiohttp/3.9.2"
118.127.40.73 - - [08/Mar/2026:02:52:45 +1000] "GET / HTTP/1.1" 200 658 "-" "Python/3.11 aiohttp/3.9.2"
118.127.40.73 - - [08/Mar/2026:03:22:45 +1000] "GET / HTTP/1.1" 200 658 "-" "Python/3.11 aiohttp/3.9.2"
118.127.40.73 - - [08/Mar/2026:03:52:45 +1000] "GET / HTTP/1.1" 200 658 "-" "Python/3.11 aiohttp/3.9.2"
118.127.40.73 - - [08/Mar/2026:04:22:45 +1000] "GET / HTTP/1.1" 200 658 "-" "Python/3.11 aiohttp/3.9.2"
118.127.40.73 - - [08/Mar/2026:04:52:45 +1000] "GET / HTTP/1.1" 200 658 "-" "Python/3.11 aiohttp/3.9.2"
118.127.40.73 - - [08/Mar/2026:05:22:46 +1000] "GET / HTTP/1.1" 200 658 "-" "Python/3.11 aiohttp/3.9.2"
118.127.40.73 - - [08/Mar/2026:05:52:45 +1000] "GET / HTTP/1.1" 200 658 "-" "Python/3.11 aiohttp/3.9.2"
118.127.40.73 - - [08/Mar/2026:06:22:46 +1000] "GET / HTTP/1.1" 200 658 "-" "Python/3.11 aiohttp/3.9.2"
118.127.40.73 - - [08/Mar/2026:06:52:46 +1000] "GET / HTTP/1.1" 200 658 "-" "Python/3.11 aiohttp/3.9.2"
118.127.40.73 - - [08/Mar/2026:07:22:46 +1000] "GET / HTTP/1.1" 200 658 "-" "Python/3.11 aiohttp/3.9.2"
118.127.40.73 - - [08/Mar/2026:07:52:46 +1000] "GET / HTTP/1.1" 200 658 "-" "Python/3.11 aiohttp/3.9.2"
118.127.40.73 - - [08/Mar/2026:08:22:47 +1000] "GET / HTTP/1.1" 200 658 "-" "Python/3.11 aiohttp/3.9.2"
118.127.40.73 - - [08/Mar/2026:08:52:47 +1000] "GET / HTTP/1.1" 200 658 "-" "Python/3.11 aiohttp/3.9.2"
118.127.40.73 - - [08/Mar/2026:09:22:47 +1000] "GET / HTTP/1.1" 200 658 "-" "Python/3.11 aiohttp/3.9.2"
118.127.40.73 - - [08/Mar/2026:09:52:47 +1000] "GET / HTTP/1.1" 200 658 "-" "Python/3.11 aiohttp/3.9.2"
118.127.40.73 - - [08/Mar/2026:10:22:47 +1000] "GET / HTTP/1.1" 200 658 "-" "Python/3.11 aiohttp/3.9.2"
118.127.40.73 - - [08/Mar/2026:10:52:47 +1000] "GET / HTTP/1.1" 200 658 "-" "Python/3.11 aiohttp/3.9.2"
118.127.40.73 - - [08/Mar/2026:11:22:48 +1000] "GET / HTTP/1.1" 200 658 "-" "Python/3.11 aiohttp/3.9.2"
118.127.40.73 - - [08/Mar/2026:11:52:48 +1000] "GET / HTTP/1.1" 200 658 "-" "Python/3.11 aiohttp/3.9.2"
118.127.40.73 - - [08/Mar/2026:12:22:48 +1000] "GET / HTTP/1.1" 200 658 "-" "Python/3.11 aiohttp/3.9.2"
118.127.40.73 - - [08/Mar/2026:12:52:48 +1000] "GET / HTTP/1.1" 200 658 "-" "Python/3.11 aiohttp/3.9.2"
118.127.40.73 - - [08/Mar/2026:13:22:48 +1000] "GET / HTTP/1.1" 200 658 "-" "Python/3.11 aiohttp/3.9.2"
118.127.40.73 - - [08/Mar/2026:13:52:48 +1000] "GET / HTTP/1.1" 200 658 "-" "Python/3.11 aiohttp/3.9.2"
118.127.40.73 - - [08/Mar/2026:14:22:49 +1000] "GET / HTTP/1.1" 200 658 "-" "Python/3.11 aiohttp/3.9.2"
118.127.40.73 - - [08/Mar/2026:14:52:49 +1000] "GET / HTTP/1.1" 200 658 "-" "Python/3.11 aiohttp/3.9.2"
118.127.40.73 - - [08/Mar/2026:15:22:49 +1000] "GET / HTTP/1.1" 200 658 "-" "Python/3.11 aiohttp/3.9.2"
118.127.40.73 - - [08/Mar/2026:15:52:49 +1000] "GET / HTTP/1.1" 200 658 "-" "Python/3.11 aiohttp/3.9.2"
118.127.40.73 - - [08/Mar/2026:16:22:49 +1000] "GET / HTTP/1.1" 200 658 "-" "Python/3.11 aiohttp/3.9.2"
118.127.40.73 - - [08/Mar/2026:16:52:50 +1000] "GET / HTTP/1.1" 200 658 "-" "Python/3.11 aiohttp/3.9.2"
118.127.40.73 - - [08/Mar/2026:17:22:50 +1000] "GET / HTTP/1.1" 200 658 "-" "Python/3.11 aiohttp/3.9.2"
118.127.40.73 - - [08/Mar/2026:17:52:50 +1000] "GET / HTTP/1.1" 200 658 "-" "Python/3.11 aiohttp/3.9.2"
118.127.40.73 - - [08/Mar/2026:18:22:50 +1000] "GET / HTTP/1.1" 200 658 "-" "Python/3.11 aiohttp/3.9.2"
198.235.24.17 - - [08/Mar/2026:18:42:41 +1000] "GET / HTTP/1.1" 200 658 "-" "Hello from Palo Alto Networks, find out more about our scans in https://docs-cortex.paloaltonetworks.com/r/1/Cortex-Xpanse/Scanning-activity"
118.127.40.73 - - [08/Mar/2026:18:52:51 +1000] "GET / HTTP/1.1" 200 658 "-" "Python/3.11 aiohttp/3.9.2"
118.127.40.73 - - [08/Mar/2026:19:22:51 +1000] "GET / HTTP/1.1" 200 658 "-" "Python/3.11 aiohttp/3.9.2"
118.127.40.73 - - [08/Mar/2026:19:52:51 +1000] "GET / HTTP/1.1" 200 658 "-" "Python/3.11 aiohttp/3.9.2"
118.127.40.73 - - [08/Mar/2026:20:22:51 +1000] "GET / HTTP/1.1" 200 658 "-" "Python/3.11 aiohttp/3.9.2"
118.127.40.73 - - [08/Mar/2026:20:52:51 +1000] "GET / HTTP/1.1" 200 658 "-" "Python/3.11 aiohttp/3.9.2"
118.127.40.73 - - [08/Mar/2026:21:22:52 +1000] "GET / HTTP/1.1" 200 658 "-" "Python/3.11 aiohttp/3.9.2"
204.76.203.25 - - [08/Mar/2026:21:40:32 +1000] "GET / HTTP/1.1" 200 658 "-" "Mozilla/5.0 (Windows NT 10.0; Win64; x64) AppleWebKit/537.36 (KHTML, like Gecko) Chrome/134.0.0.0 Safari/537.3"
118.127.40.73 - - [08/Mar/2026:21:52:52 +1000] "GET / HTTP/1.1" 200 658 "-" "Python/3.11 aiohttp/3.9.2"
118.127.40.73 - - [08/Mar/2026:22:22:52 +1000] "GET / HTTP/1.1" 200 658 "-" "Python/3.11 aiohttp/3.9.2"
118.127.40.73 - - [08/Mar/2026:22:52:52 +1000] "GET / HTTP/1.1" 200 658 "-" "Python/3.11 aiohttp/3.9.2"
118.127.40.73 - - [08/Mar/2026:23:22:53 +1000] "GET / HTTP/1.1" 200 658 "-" "Python/3.11 aiohttp/3.9.2"
118.127.40.73 - - [08/Mar/2026:23:52:52 +1000] "GET / HTTP/1.1" 200 658 "-" "Python/3.11 aiohttp/3.9.2"
118.127.40.73 - - [09/Mar/2026:00:22:53 +1000] "GET / HTTP/1.1" 200 658 "-" "Python/3.11 aiohttp/3.9.2"
118.127.40.73 - - [09/Mar/2026:00:52:53 +1000] "GET / HTTP/1.1" 200 658 "-" "Python/3.11 aiohttp/3.9.2"
118.127.40.73 - - [09/Mar/2026:01:22:53 +1000] "GET / HTTP/1.1" 200 658 "-" "Python/3.11 aiohttp/3.9.2"
118.127.40.73 - - [09/Mar/2026:01:52:53 +1000] "GET / HTTP/1.1" 200 658 "-" "Python/3.11 aiohttp/3.9.2"
118.127.40.73 - - [09/Mar/2026:02:22:54 +1000] "GET / HTTP/1.1" 200 658 "-" "Python/3.11 aiohttp/3.9.2"
118.127.40.73 - - [09/Mar/2026:02:52:54 +1000] "GET / HTTP/1.1" 200 658 "-" "Python/3.11 aiohttp/3.9.2"
118.127.40.73 - - [09/Mar/2026:03:22:54 +1000] "GET / HTTP/1.1" 200 658 "-" "Python/3.11 aiohttp/3.9.2"
118.127.40.73 - - [09/Mar/2026:03:52:54 +1000] "GET / HTTP/1.1" 200 658 "-" "Python/3.11 aiohttp/3.9.2"
118.127.40.73 - - [09/Mar/2026:04:23:00 +1000] "GET / HTTP/1.1" 200 658 "-" "Python/3.11 aiohttp/3.9.2"
118.127.40.73 - - [09/Mar/2026:04:52:55 +1000] "GET / HTTP/1.1" 200 658 "-" "Python/3.11 aiohttp/3.9.2"
118.127.40.73 - - [09/Mar/2026:05:22:55 +1000] "GET / HTTP/1.1" 200 658 "-" "Python/3.11 aiohttp/3.9.2"
118.127.40.73 - - [09/Mar/2026:05:52:56 +1000] "GET / HTTP/1.1" 200 658 "-" "Python/3.11 aiohttp/3.9.2"
118.127.40.73 - - [09/Mar/2026:06:22:56 +1000] "GET / HTTP/1.1" 200 658 "-" "Python/3.11 aiohttp/3.9.2"
118.127.40.73 - - [09/Mar/2026:06:52:56 +1000] "GET / HTTP/1.1" 200 658 "-" "Python/3.11 aiohttp/3.9.2"
118.127.40.73 - - [09/Mar/2026:07:22:56 +1000] "GET / HTTP/1.1" 200 658 "-" "Python/3.11 aiohttp/3.9.2"
118.127.40.73 - - [09/Mar/2026:07:52:57 +1000] "GET / HTTP/1.1" 200 658 "-" "Python/3.11 aiohttp/3.9.2"
118.127.40.73 - - [09/Mar/2026:08:22:57 +1000] "GET / HTTP/1.1" 200 658 "-" "Python/3.11 aiohttp/3.9.2"
118.127.40.73 - - [09/Mar/2026:08:52:56 +1000] "GET / HTTP/1.1" 200 658 "-" "Python/3.11 aiohttp/3.9.2"
118.127.40.73 - - [09/Mar/2026:09:22:57 +1000] "GET / HTTP/1.1" 200 658 "-" "Python/3.11 aiohttp/3.9.2"
118.127.40.73 - - [09/Mar/2026:09:52:57 +1000] "GET / HTTP/1.1" 200 658 "-" "Python/3.11 aiohttp/3.9.2"
118.127.40.73 - - [09/Mar/2026:10:22:57 +1000] "GET / HTTP/1.1" 200 658 "-" "Python/3.11 aiohttp/3.9.2"
94.26.106.219 - - [09/Mar/2026:10:49:46 +1000] "GET /wp-login.php HTTP/1.1" 404 16 "" "Mozilla/5.0 (Macintosh; Intel Mac OS X 13_6_1) AppleWebKit/605.1.15 (KHTML, like Gecko) Version/17.1 Safari/605.1.15"
94.26.106.219 - - [09/Mar/2026:10:49:46 +1000] "GET /wp-admin/ HTTP/1.1" 404 - "https://t.co/" "Mozilla/5.0 (Windows NT 11.0; Win64; x64) AppleWebKit/537.36 (KHTML, like Gecko) Chrome/119.0.0.0 Safari/537.36"
118.127.40.73 - - [09/Mar/2026:10:52:57 +1000] "GET / HTTP/1.1" 200 658 "-" "Python/3.11 aiohttp/3.9.2"
118.127.40.73 - - [09/Mar/2026:11:22:59 +1000] "GET / HTTP/1.1" 200 658 "-" "Python/3.11 aiohttp/3.9.2"
118.127.40.73 - - [09/Mar/2026:11:52:58 +1000] "GET / HTTP/1.1" 200 658 "-" "Python/3.11 aiohttp/3.9.2"
118.127.40.73 - - [09/Mar/2026:12:22:58 +1000] "GET / HTTP/1.1" 200 658 "-" "Python/3.11 aiohttp/3.9.2"
118.127.40.73 - - [09/Mar/2026:12:52:59 +1000] "GET / HTTP/1.1" 200 658 "-" "Python/3.11 aiohttp/3.9.2"
118.127.40.73 - - [09/Mar/2026:13:22:58 +1000] "GET / HTTP/1.1" 200 658 "-" "Python/3.11 aiohttp/3.9.2"
74.7.228.43 - - [09/Mar/2026:13:42:35 +1000] "GET /robots.txt HTTP/1.1" 404 - "-" "Mozilla/5.0 (Macintosh; Intel Mac OS X 10_15_7) AppleWebKit/537.36 (KHTML, like Gecko) Chrome/131.0.0.0 Safari/537.36; compatible; OAI-SearchBot/1.3; robots.txt; +https://openai.com/searchbot"
74.7.242.43 - - [09/Mar/2026:13:42:35 +1000] "GET / HTTP/1.1" 200 658 "-" "Mozilla/5.0 AppleWebKit/537.36 (KHTML, like Gecko; compatible; GPTBot/1.3; +https://openai.com/gptbot)"
74.7.242.43 - - [09/Mar/2026:13:42:38 +1000] "GET /?C=N;O=D HTTP/1.1" 200 658 "https://mydata1.posscales.com.au/" "Mozilla/5.0 AppleWebKit/537.36 (KHTML, like Gecko; compatible; GPTBot/1.3; +https://openai.com/gptbot)"
74.7.242.43 - - [09/Mar/2026:13:42:41 +1000] "GET /?C=D;O=A HTTP/1.1" 200 658 "https://mydata1.posscales.com.au/" "Mozilla/5.0 AppleWebKit/537.36 (KHTML, like Gecko; compatible; GPTBot/1.3; +https://openai.com/gptbot)"
74.7.242.43 - - [09/Mar/2026:13:42:44 +1000] "GET /?C=S;O=A HTTP/1.1" 200 658 "https://mydata1.posscales.com.au/" "Mozilla/5.0 AppleWebKit/537.36 (KHTML, like Gecko; compatible; GPTBot/1.3; +https://openai.com/gptbot)"
74.7.242.43 - - [09/Mar/2026:13:42:46 +1000] "GET /?C=D;O=D HTTP/1.1" 200 658 "https://mydata1.posscales.com.au/?C=D;O=A" "Mozilla/5.0 AppleWebKit/537.36 (KHTML, like Gecko; compatible; GPTBot/1.3; +https://openai.com/gptbot)"
74.7.242.43 - - [09/Mar/2026:13:42:48 +1000] "GET /?C=N;O=A HTTP/1.1" 200 658 "https://mydata1.posscales.com.au/?C=N;O=D" "Mozilla/5.0 AppleWebKit/537.36 (KHTML, like Gecko; compatible; GPTBot/1.3; +https://openai.com/gptbot)"
74.7.242.43 - - [09/Mar/2026:13:42:50 +1000] "GET /?C=S;O=D HTTP/1.1" 200 658 "https://mydata1.posscales.com.au/?C=S;O=A" "Mozilla/5.0 AppleWebKit/537.36 (KHTML, like Gecko; compatible; GPTBot/1.3; +https://openai.com/gptbot)"
74.7.244.29 - - [09/Mar/2026:13:50:28 +1000] "GET /robots.txt HTTP/1.1" 404 - "-" "Mozilla/5.0 (Macintosh; Intel Mac OS X 10_15_7) AppleWebKit/537.36 (KHTML, like Gecko) Chrome/131.0.0.0 Safari/537.36; compatible; OAI-SearchBot/1.3; robots.txt; +https://openai.com/searchbot"
118.127.40.73 - - [09/Mar/2026:13:52:58 +1000] "GET / HTTP/1.1" 200 658 "-" "Python/3.11 aiohttp/3.9.2"
118.127.40.73 - - [09/Mar/2026:14:22:59 +1000] "GET / HTTP/1.1" 200 658 "-" "Python/3.11 aiohttp/3.9.2"
118.127.40.73 - - [09/Mar/2026:14:52:59 +1000] "GET / HTTP/1.1" 200 658 "-" "Python/3.11 aiohttp/3.9.2"
118.127.40.73 - - [09/Mar/2026:15:22:59 +1000] "GET / HTTP/1.1" 200 658 "-" "Python/3.11 aiohttp/3.9.2"
118.127.40.73 - - [09/Mar/2026:15:52:59 +1000] "GET / HTTP/1.1" 200 658 "-" "Python/3.11 aiohttp/3.9.2"
118.127.40.73 - - [09/Mar/2026:16:23:00 +1000] "GET / HTTP/1.1" 200 658 "-" "Python/3.11 aiohttp/3.9.2"
118.127.40.73 - - [09/Mar/2026:16:53:00 +1000] "GET / HTTP/1.1" 200 658 "-" "Python/3.11 aiohttp/3.9.2"
118.127.40.73 - - [09/Mar/2026:17:23:00 +1000] "GET / HTTP/1.1" 200 658 "-" "Python/3.11 aiohttp/3.9.2"
118.127.40.73 - - [09/Mar/2026:17:53:00 +1000] "GET / HTTP/1.1" 200 658 "-" "Python/3.11 aiohttp/3.9.2"
118.127.40.73 - - [09/Mar/2026:18:23:00 +1000] "GET / HTTP/1.1" 200 658 "-" "Python/3.11 aiohttp/3.9.2"
118.127.40.73 - - [09/Mar/2026:18:53:01 +1000] "GET / HTTP/1.1" 200 658 "-" "Python/3.11 aiohttp/3.9.2"
118.127.40.73 - - [09/Mar/2026:19:23:01 +1000] "GET / HTTP/1.1" 200 658 "-" "Python/3.11 aiohttp/3.9.2"
118.127.40.73 - - [09/Mar/2026:19:53:01 +1000] "GET / HTTP/1.1" 200 658 "-" "Python/3.11 aiohttp/3.9.2"
118.127.40.73 - - [09/Mar/2026:20:23:01 +1000] "GET / HTTP/1.1" 200 658 "-" "Python/3.11 aiohttp/3.9.2"
118.127.40.73 - - [09/Mar/2026:20:53:01 +1000] "GET / HTTP/1.1" 200 658 "-" "Python/3.11 aiohttp/3.9.2"
118.127.40.73 - - [09/Mar/2026:21:23:01 +1000] "GET / HTTP/1.1" 200 658 "-" "Python/3.11 aiohttp/3.9.2"
118.127.40.73 - - [09/Mar/2026:21:53:02 +1000] "GET / HTTP/1.1" 200 658 "-" "Python/3.11 aiohttp/3.9.2"
118.127.40.73 - - [09/Mar/2026:22:23:02 +1000] "GET / HTTP/1.1" 200 658 "-" "Python/3.11 aiohttp/3.9.2"
118.127.40.73 - - [09/Mar/2026:22:53:04 +1000] "GET / HTTP/1.1" 200 658 "-" "Python/3.11 aiohttp/3.9.2"
118.127.40.73 - - [09/Mar/2026:23:23:03 +1000] "GET / HTTP/1.1" 200 658 "-" "Python/3.11 aiohttp/3.9.2"
74.7.244.29 - - [09/Mar/2026:23:52:53 +1000] "GET /robots.txt HTTP/1.1" 404 - "-" "Mozilla/5.0 (Macintosh; Intel Mac OS X 10_15_7) AppleWebKit/537.36 (KHTML, like Gecko) Chrome/131.0.0.0 Safari/537.36; compatible; OAI-SearchBot/1.3; robots.txt; +https://openai.com/searchbot"
118.127.40.73 - - [09/Mar/2026:23:53:02 +1000] "GET / HTTP/1.1" 200 658 "-" "Python/3.11 aiohttp/3.9.2"
124.117.192.229 - - [09/Mar/2026:23:54:43 +1000] "GET / HTTP/1.1" 200 658 "-" "Go-http-client/1.1"
118.127.40.73 - - [10/Mar/2026:00:23:03 +1000] "GET / HTTP/1.1" 200 658 "-" "Python/3.11 aiohttp/3.9.2"
93.123.109.214 - - [10/Mar/2026:00:28:46 +1000] "GET / HTTP/1.1" 200 658 "-" "Mozilla/5.0 (Windows NT 10.0; Win64; x64; rv:133.0) Gecko/20100101 Firefox/133.0"
93.123.109.214 - - [10/Mar/2026:00:28:46 +1000] "GET /.env HTTP/1.1" 404 - "-" "Mozilla/5.0 (Windows NT 10.0; Win64; x64; rv:133.0) Gecko/20100101 Firefox/133.0"
93.123.109.214 - - [10/Mar/2026:00:28:47 +1000] "GET /.env HTTP/1.1" 404 - "-" "Mozilla/5.0 (X11; Linux x86_64) AppleWebKit/537.36 (KHTML, like Gecko) Chrome/131.0.0.0 Safari/537.36"
93.123.109.214 - - [10/Mar/2026:00:28:47 +1000] "GET /.env.bak HTTP/1.1" 404 - "-" "Mozilla/5.0 (X11; Linux x86_64) AppleWebKit/537.36 (KHTML, like Gecko) Chrome/131.0.0.0 Safari/537.36"
93.123.109.214 - - [10/Mar/2026:00:28:47 +1000] "GET /.env.save HTTP/1.1" 404 - "-" "Mozilla/5.0 (Macintosh; Intel Mac OS X 10_15_7) AppleWebKit/537.36 (KHTML, like Gecko) Chrome/131.0.0.0 Safari/537.36"
93.123.109.214 - - [10/Mar/2026:00:28:48 +1000] "GET /backend/.env HTTP/1.1" 404 - "-" "Mozilla/5.0 (Windows NT 10.0; Win64; x64; rv:133.0) Gecko/20100101 Firefox/133.0"
93.123.109.214 - - [10/Mar/2026:00:28:48 +1000] "GET /admin/.env HTTP/1.1" 404 - "-" "Mozilla/5.0 (Windows NT 10.0; Win64; x64) AppleWebKit/537.36 (KHTML, like Gecko) Chrome/131.0.0.0 Safari/537.36"
93.123.109.214 - - [10/Mar/2026:00:28:48 +1000] "GET /.git/config HTTP/1.1" 404 - "-" "Mozilla/5.0 (Windows NT 10.0; Win64; x64; rv:133.0) Gecko/20100101 Firefox/133.0"
93.123.109.214 - - [10/Mar/2026:00:28:48 +1000] "GET /wp-config.php HTTP/1.1" 404 - "-" "Mozilla/5.0 (Windows NT 10.0; Win64; x64) AppleWebKit/537.36 (KHTML, like Gecko) Chrome/131.0.0.0 Safari/537.36"
93.123.109.214 - - [10/Mar/2026:00:28:49 +1000] "GET /wp-config.php.old HTTP/1.1" 404 - "-" "Mozilla/5.0 (Macintosh; Intel Mac OS X 10_15_7) AppleWebKit/537.36 (KHTML, like Gecko) Chrome/131.0.0.0 Safari/537.36"
93.123.109.214 - - [10/Mar/2026:00:28:49 +1000] "GET /config.php HTTP/1.1" 404 16 "-" "Mozilla/5.0 (Windows NT 10.0; Win64; x64) AppleWebKit/537.36 (KHTML, like Gecko) Chrome/131.0.0.0 Safari/537.36"
93.123.109.214 - - [10/Mar/2026:00:28:49 +1000] "GET /config.php.bak HTTP/1.1" 404 - "-" "Mozilla/5.0 (Windows NT 10.0; Win64; x64) AppleWebKit/537.36 (KHTML, like Gecko) Chrome/131.0.0.0 Safari/537.36"
93.123.109.214 - - [10/Mar/2026:00:28:49 +1000] "GET /config.js HTTP/1.1" 404 - "-" "Mozilla/5.0 (Macintosh; Intel Mac OS X 10_15_7) AppleWebKit/537.36 (KHTML, like Gecko) Chrome/131.0.0.0 Safari/537.36"
93.123.109.214 - - [10/Mar/2026:00:28:50 +1000] "GET /aws-config.js HTTP/1.1" 404 - "-" "Mozilla/5.0 (Windows NT 10.0; Win64; x64; rv:133.0) Gecko/20100101 Firefox/133.0"
93.123.109.214 - - [10/Mar/2026:00:28:50 +1000] "GET /aws.config.js HTTP/1.1" 404 - "-" "Mozilla/5.0 (Macintosh; Intel Mac OS X 10_15_7) AppleWebKit/537.36 (KHTML, like Gecko) Chrome/131.0.0.0 Safari/537.36"
93.123.109.214 - - [10/Mar/2026:00:28:50 +1000] "GET /.git/HEAD HTTP/1.1" 404 - "-" "Mozilla/5.0 (Windows NT 10.0; Win64; x64) AppleWebKit/537.36 (KHTML, like Gecko) Chrome/131.0.0.0 Safari/537.36"
93.123.109.214 - - [10/Mar/2026:00:28:51 +1000] "GET /.git/config HTTP/1.1" 404 - "-" "Mozilla/5.0 (X11; Linux x86_64) AppleWebKit/537.36 (KHTML, like Gecko) Chrome/131.0.0.0 Safari/537.36"
118.127.40.73 - - [10/Mar/2026:00:53:03 +1000] "GET / HTTP/1.1" 200 658 "-" "Python/3.11 aiohttp/3.9.2"
74.7.228.43 - - [10/Mar/2026:01:03:03 +1000] "GET /robots.txt HTTP/1.1" 404 - "-" "Mozilla/5.0 (Macintosh; Intel Mac OS X 10_15_7) AppleWebKit/537.36 (KHTML, like Gecko) Chrome/131.0.0.0 Safari/537.36; compatible; OAI-SearchBot/1.3; robots.txt; +https://openai.com/searchbot"
118.127.40.73 - - [10/Mar/2026:01:23:03 +1000] "GET / HTTP/1.1" 200 658 "-" "Python/3.11 aiohttp/3.9.2"
118.127.40.73 - - [10/Mar/2026:01:53:03 +1000] "GET / HTTP/1.1" 200 658 "-" "Python/3.11 aiohttp/3.9.2"
118.127.40.73 - - [10/Mar/2026:02:23:05 +1000] "GET / HTTP/1.1" 200 658 "-" "Python/3.11 aiohttp/3.9.2"
118.127.40.73 - - [10/Mar/2026:02:53:05 +1000] "GET / HTTP/1.1" 200 658 "-" "Python/3.11 aiohttp/3.9.2"
118.127.40.73 - - [10/Mar/2026:03:23:05 +1000] "GET / HTTP/1.1" 200 658 "-" "Python/3.11 aiohttp/3.9.2"
118.127.40.73 - - [10/Mar/2026:03:53:05 +1000] "GET / HTTP/1.1" 200 658 "-" "Python/3.11 aiohttp/3.9.2"
118.127.40.73 - - [10/Mar/2026:04:23:05 +1000] "GET / HTTP/1.1" 200 658 "-" "Python/3.11 aiohttp/3.9.2"
45.141.233.210 - - [10/Mar/2026:04:43:07 +1000] "GET /wp-login.php HTTP/1.1" 404 16 "-" "Mozilla/5.0 (Macintosh; Intel Mac OS X 13_6_1) AppleWebKit/605.1.15 (KHTML, like Gecko) Version/16.6 Safari/605.1.15"
45.141.233.210 - - [10/Mar/2026:04:43:08 +1000] "GET /wp-admin/ HTTP/1.1" 404 - "https://t.co/" "Mozilla/5.0 (Windows NT 11.0; Win64; x64; rv:121.0) Gecko/20100101 Firefox/121.0"
118.127.40.73 - - [10/Mar/2026:04:53:05 +1000] "GET / HTTP/1.1" 200 658 "-" "Python/3.11 aiohttp/3.9.2"
118.127.40.73 - - [10/Mar/2026:05:23:06 +1000] "GET / HTTP/1.1" 200 658 "-" "Python/3.11 aiohttp/3.9.2"
118.127.40.73 - - [10/Mar/2026:05:53:06 +1000] "GET / HTTP/1.1" 200 658 "-" "Python/3.11 aiohttp/3.9.2"
118.127.40.73 - - [10/Mar/2026:06:23:06 +1000] "GET / HTTP/1.1" 200 658 "-" "Python/3.11 aiohttp/3.9.2"
118.127.40.73 - - [10/Mar/2026:06:53:06 +1000] "GET / HTTP/1.1" 200 658 "-" "Python/3.11 aiohttp/3.9.2"
118.127.40.73 - - [10/Mar/2026:07:23:06 +1000] "GET / HTTP/1.1" 200 658 "-" "Python/3.11 aiohttp/3.9.2"
118.127.40.73 - - [10/Mar/2026:07:53:07 +1000] "GET / HTTP/1.1" 200 658 "-" "Python/3.11 aiohttp/3.9.2"
118.127.40.73 - - [10/Mar/2026:08:23:07 +1000] "GET / HTTP/1.1" 200 658 "-" "Python/3.11 aiohttp/3.9.2"
118.127.40.73 - - [10/Mar/2026:08:53:07 +1000] "GET / HTTP/1.1" 200 658 "-" "Python/3.11 aiohttp/3.9.2"
118.127.40.73 - - [10/Mar/2026:09:23:07 +1000] "GET / HTTP/1.1" 200 658 "-" "Python/3.11 aiohttp/3.9.2"
118.127.40.73 - - [10/Mar/2026:09:53:07 +1000] "GET / HTTP/1.1" 200 658 "-" "Python/3.11 aiohttp/3.9.2"
118.127.40.73 - - [10/Mar/2026:10:23:07 +1000] "GET / HTTP/1.1" 200 658 "-" "Python/3.11 aiohttp/3.9.2"
118.127.40.73 - - [10/Mar/2026:10:53:08 +1000] "GET / HTTP/1.1" 200 658 "-" "Python/3.11 aiohttp/3.9.2"
118.127.40.73 - - [10/Mar/2026:11:23:08 +1000] "GET / HTTP/1.1" 200 658 "-" "Python/3.11 aiohttp/3.9.2"
118.127.40.73 - - [10/Mar/2026:11:53:08 +1000] "GET / HTTP/1.1" 200 658 "-" "Python/3.11 aiohttp/3.9.2"
118.127.40.73 - - [10/Mar/2026:12:23:08 +1000] "GET / HTTP/1.1" 200 658 "-" "Python/3.11 aiohttp/3.9.2"
118.127.40.73 - - [10/Mar/2026:12:53:08 +1000] "GET / HTTP/1.1" 200 658 "-" "Python/3.11 aiohttp/3.9.2"
118.127.40.73 - - [10/Mar/2026:13:23:08 +1000] "GET / HTTP/1.1" 200 658 "-" "Python/3.11 aiohttp/3.9.2"
118.127.40.73 - - [10/Mar/2026:13:53:09 +1000] "GET / HTTP/1.1" 200 658 "-" "Python/3.11 aiohttp/3.9.2"
118.127.40.73 - - [10/Mar/2026:14:23:10 +1000] "GET / HTTP/1.1" 200 658 "-" "Python/3.11 aiohttp/3.9.2"
118.127.40.73 - - [10/Mar/2026:14:53:09 +1000] "GET / HTTP/1.1" 200 658 "-" "Python/3.11 aiohttp/3.9.2"
118.127.40.73 - - [10/Mar/2026:15:23:10 +1000] "GET / HTTP/1.1" 200 658 "-" "Python/3.11 aiohttp/3.9.2"
118.127.40.73 - - [10/Mar/2026:15:53:10 +1000] "GET / HTTP/1.1" 200 658 "-" "Python/3.11 aiohttp/3.9.2"
44.243.252.198 - - [10/Mar/2026:16:22:36 +1000] "GET /robots.txt HTTP/1.1" 404 - "-" "Mozilla/5.0 (compatible; wpbot/1.4; +https://forms.gle/ajBaxygz9jSR8p8G9)"
44.243.252.198 - - [10/Mar/2026:16:22:36 +1000] "GET / HTTP/1.1" 200 658 "-" "Mozilla/5.0 (compatible; wpbot/1.4; +https://forms.gle/ajBaxygz9jSR8p8G9)"
118.127.40.73 - - [10/Mar/2026:16:23:10 +1000] "GET / HTTP/1.1" 200 658 "-" "Python/3.11 aiohttp/3.9.2"
118.127.40.73 - - [10/Mar/2026:16:53:10 +1000] "GET / HTTP/1.1" 200 658 "-" "Python/3.11 aiohttp/3.9.2"
118.127.40.73 - - [10/Mar/2026:17:23:10 +1000] "GET / HTTP/1.1" 200 658 "-" "Python/3.11 aiohttp/3.9.2"
118.127.40.73 - - [10/Mar/2026:17:53:11 +1000] "GET / HTTP/1.1" 200 658 "-" "Python/3.11 aiohttp/3.9.2"
118.127.40.73 - - [10/Mar/2026:18:23:11 +1000] "GET / HTTP/1.1" 200 658 "-" "Python/3.11 aiohttp/3.9.2"
118.127.40.73 - - [10/Mar/2026:18:53:11 +1000] "GET / HTTP/1.1" 200 658 "-" "Python/3.11 aiohttp/3.9.2"
118.127.40.73 - - [10/Mar/2026:19:23:11 +1000] "GET / HTTP/1.1" 200 658 "-" "Python/3.11 aiohttp/3.9.2"
118.127.40.73 - - [10/Mar/2026:19:53:11 +1000] "GET / HTTP/1.1" 200 658 "-" "Python/3.11 aiohttp/3.9.2"
118.127.40.73 - - [10/Mar/2026:20:23:11 +1000] "GET / HTTP/1.1" 200 658 "-" "Python/3.11 aiohttp/3.9.2"
118.127.40.73 - - [10/Mar/2026:20:53:11 +1000] "GET / HTTP/1.1" 200 658 "-" "Python/3.11 aiohttp/3.9.2"
118.127.40.73 - - [10/Mar/2026:21:23:12 +1000] "GET / HTTP/1.1" 200 658 "-" "Python/3.11 aiohttp/3.9.2"
118.127.40.73 - - [10/Mar/2026:21:53:12 +1000] "GET / HTTP/1.1" 200 658 "-" "Python/3.11 aiohttp/3.9.2"
118.127.40.73 - - [10/Mar/2026:22:23:12 +1000] "GET / HTTP/1.1" 200 658 "-" "Python/3.11 aiohttp/3.9.2"
118.127.40.73 - - [10/Mar/2026:22:53:12 +1000] "GET / HTTP/1.1" 200 658 "-" "Python/3.11 aiohttp/3.9.2"
194.180.48.253 - - [10/Mar/2026:23:05:35 +1000] "GET /.git/config HTTP/1.1" 404 - "-" "fasthttp"
118.127.40.73 - - [10/Mar/2026:23:23:13 +1000] "GET / HTTP/1.1" 200 658 "-" "Python/3.11 aiohttp/3.9.2"
118.127.40.73 - - [10/Mar/2026:23:53:12 +1000] "GET / HTTP/1.1" 200 658 "-" "Python/3.11 aiohttp/3.9.2"
118.127.40.73 - - [11/Mar/2026:00:23:13 +1000] "GET / HTTP/1.1" 200 658 "-" "Python/3.11 aiohttp/3.9.2"
118.127.40.73 - - [11/Mar/2026:00:53:24 +1000] "GET / HTTP/1.1" 200 658 "-" "Python/3.11 aiohttp/3.9.2"
118.127.40.73 - - [11/Mar/2026:01:23:16 +1000] "GET / HTTP/1.1" 200 658 "-" "Python/3.11 aiohttp/3.9.2"
118.127.40.73 - - [11/Mar/2026:01:53:16 +1000] "GET / HTTP/1.1" 200 658 "-" "Python/3.11 aiohttp/3.9.2"
104.152.52.127 - - [11/Mar/2026:02:11:55 +1000] "GET / HTTP/1.1" 200 658 "-" "curl/7.61.1"
104.152.52.127 - - [11/Mar/2026:02:11:56 +1000] "GET /favicon.ico HTTP/1.1" 404 - "-" "curl/7.61.1"
118.127.40.73 - - [11/Mar/2026:02:23:16 +1000] "GET / HTTP/1.1" 200 658 "-" "Python/3.11 aiohttp/3.9.2"
118.127.40.73 - - [11/Mar/2026:02:53:18 +1000] "GET / HTTP/1.1" 200 658 "-" "Python/3.11 aiohttp/3.9.2"
118.127.40.73 - - [11/Mar/2026:03:23:16 +1000] "GET / HTTP/1.1" 200 658 "-" "Python/3.11 aiohttp/3.9.2"
74.7.228.43 - - [11/Mar/2026:03:51:06 +1000] "GET /robots.txt HTTP/1.1" 404 - "-" "Mozilla/5.0 (Macintosh; Intel Mac OS X 10_15_7) AppleWebKit/537.36 (KHTML, like Gecko) Chrome/131.0.0.0 Safari/537.36; compatible; OAI-SearchBot/1.3; robots.txt; +https://openai.com/searchbot"
118.127.40.73 - - [11/Mar/2026:03:53:16 +1000] "GET / HTTP/1.1" 200 658 "-" "Python/3.11 aiohttp/3.9.2"
118.127.40.73 - - [11/Mar/2026:04:23:17 +1000] "GET / HTTP/1.1" 200 658 "-" "Python/3.11 aiohttp/3.9.2"
118.127.40.73 - - [11/Mar/2026:04:53:17 +1000] "GET / HTTP/1.1" 200 658 "-" "Python/3.11 aiohttp/3.9.2"
118.127.40.73 - - [11/Mar/2026:05:23:17 +1000] "GET / HTTP/1.1" 200 658 "-" "Python/3.11 aiohttp/3.9.2"
118.127.40.73 - - [11/Mar/2026:05:53:17 +1000] "GET / HTTP/1.1" 200 658 "-" "Python/3.11 aiohttp/3.9.2"
118.127.40.73 - - [11/Mar/2026:06:23:17 +1000] "GET / HTTP/1.1" 200 658 "-" "Python/3.11 aiohttp/3.9.2"
118.127.40.73 - - [11/Mar/2026:06:53:18 +1000] "GET / HTTP/1.1" 200 658 "-" "Python/3.11 aiohttp/3.9.2"
118.127.40.73 - - [11/Mar/2026:07:23:17 +1000] "GET / HTTP/1.1" 200 658 "-" "Python/3.11 aiohttp/3.9.2"
159.65.167.144 - - [11/Mar/2026:07:40:27 +1000] "GET /.git/config HTTP/1.1" 404 - "-" "Mozilla/5.0 (compatible; YandexNews/4.0; +http://yandex.com/bots)"
118.127.40.73 - - [11/Mar/2026:07:53:17 +1000] "GET / HTTP/1.1" 200 658 "-" "Python/3.11 aiohttp/3.9.2"
118.127.40.73 - - [11/Mar/2026:08:23:18 +1000] "GET / HTTP/1.1" 200 658 "-" "Python/3.11 aiohttp/3.9.2"
118.127.40.73 - - [11/Mar/2026:08:53:18 +1000] "GET / HTTP/1.1" 200 658 "-" "Python/3.11 aiohttp/3.9.2"
118.127.40.73 - - [11/Mar/2026:09:23:18 +1000] "GET / HTTP/1.1" 200 658 "-" "Python/3.11 aiohttp/3.9.2"
118.127.40.73 - - [11/Mar/2026:09:53:19 +1000] "GET / HTTP/1.1" 200 658 "-" "Python/3.11 aiohttp/3.9.2"
118.127.40.73 - - [11/Mar/2026:10:23:19 +1000] "GET / HTTP/1.1" 200 658 "-" "Python/3.11 aiohttp/3.9.2"
118.127.40.73 - - [11/Mar/2026:10:53:19 +1000] "GET / HTTP/1.1" 200 658 "-" "Python/3.11 aiohttp/3.9.2"
68.183.151.56 - - [11/Mar/2026:11:05:12 +1000] "GET /.git/config HTTP/1.1" 404 - "-" "Mozilla/5.0 (Windows NT 10.0; WOW64) AppleWebKit/537.36 (KHTML, like Gecko) Chrome/70.0.3538.25 Safari/537.36 Core/1.70.3704.400 QQBrowser/10.4.3587.400"
118.127.40.73 - - [11/Mar/2026:11:23:19 +1000] "GET / HTTP/1.1" 200 658 "-" "Python/3.11 aiohttp/3.9.2"
118.127.40.73 - - [11/Mar/2026:11:53:19 +1000] "GET / HTTP/1.1" 200 658 "-" "Python/3.11 aiohttp/3.9.2"
118.127.40.73 - - [11/Mar/2026:12:23:19 +1000] "GET / HTTP/1.1" 200 658 "-" "Python/3.11 aiohttp/3.9.2"
118.127.40.73 - - [11/Mar/2026:12:53:20 +1000] "GET / HTTP/1.1" 200 658 "-" "Python/3.11 aiohttp/3.9.2"
118.127.40.73 - - [11/Mar/2026:13:23:20 +1000] "GET / HTTP/1.1" 200 658 "-" "Python/3.11 aiohttp/3.9.2"
118.127.40.73 - - [11/Mar/2026:13:53:20 +1000] "GET / HTTP/1.1" 200 658 "-" "Python/3.11 aiohttp/3.9.2"
118.127.40.73 - - [11/Mar/2026:14:23:20 +1000] "GET / HTTP/1.1" 200 658 "-" "Python/3.11 aiohttp/3.9.2"
74.7.244.29 - - [11/Mar/2026:14:30:16 +1000] "GET /robots.txt HTTP/1.1" 404 - "-" "Mozilla/5.0 (Macintosh; Intel Mac OS X 10_15_7) AppleWebKit/537.36 (KHTML, like Gecko) Chrome/131.0.0.0 Safari/537.36; compatible; OAI-SearchBot/1.3; robots.txt; +https://openai.com/searchbot"
74.7.242.20 - - [11/Mar/2026:14:30:16 +1000] "GET / HTTP/1.1" 200 658 "-" "Mozilla/5.0 AppleWebKit/537.36 (KHTML, like Gecko; compatible; GPTBot/1.3; +https://openai.com/gptbot)"
74.7.242.20 - - [11/Mar/2026:14:30:22 +1000] "GET /?C=N;O=D HTTP/1.1" 200 658 "https://www.mydata1.posscales.com.au/" "Mozilla/5.0 AppleWebKit/537.36 (KHTML, like Gecko; compatible; GPTBot/1.3; +https://openai.com/gptbot)"
74.7.242.20 - - [11/Mar/2026:14:30:30 +1000] "GET /?C=S;O=A HTTP/1.1" 200 658 "https://www.mydata1.posscales.com.au/" "Mozilla/5.0 AppleWebKit/537.36 (KHTML, like Gecko; compatible; GPTBot/1.3; +https://openai.com/gptbot)"
74.7.242.20 - - [11/Mar/2026:14:30:34 +1000] "GET /?C=N;O=A HTTP/1.1" 200 658 "https://www.mydata1.posscales.com.au/?C=N;O=D" "Mozilla/5.0 AppleWebKit/537.36 (KHTML, like Gecko; compatible; GPTBot/1.3; +https://openai.com/gptbot)"
74.7.242.20 - - [11/Mar/2026:14:30:36 +1000] "GET /?C=S;O=D HTTP/1.1" 200 658 "https://www.mydata1.posscales.com.au/?C=S;O=A" "Mozilla/5.0 AppleWebKit/537.36 (KHTML, like Gecko; compatible; GPTBot/1.3; +https://openai.com/gptbot)"
118.127.40.73 - - [11/Mar/2026:14:53:21 +1000] "GET / HTTP/1.1" 200 658 "-" "Python/3.11 aiohttp/3.9.2"
118.127.40.73 - - [11/Mar/2026:15:23:21 +1000] "GET / HTTP/1.1" 200 658 "-" "Python/3.11 aiohttp/3.9.2"
118.127.40.73 - - [11/Mar/2026:15:53:21 +1000] "GET / HTTP/1.1" 200 658 "-" "Python/3.11 aiohttp/3.9.2"
38.128.156.200 - - [11/Mar/2026:16:10:12 +1000] "HEAD / HTTP/1.1" 200 - "-" "Mozilla/5.0 (Windows NT 10.0; Win64; x64; rv:123.0) Gecko/20100101 Firefox/123.0 Config/92.2.7601.2"
104.194.198.192 - - [11/Mar/2026:16:10:13 +1000] "HEAD / HTTP/1.1" 200 - "-" "Mozilla/5.0 (Windows NT 10.0; Win64; x64) AppleWebKit/537.36 (KHTML, like Gecko) Chrome/122.0.0.0 Safari/537.36"
38.128.156.200 - - [11/Mar/2026:16:10:13 +1000] "GET / HTTP/1.1" 200 658 "-" "Mozilla/5.0 (Windows NT 10.0; Win64; x64; rv:123.0) Gecko/20100101 Firefox/123.0 Config/92.2.7601.2"
104.194.198.192 - - [11/Mar/2026:16:10:13 +1000] "GET / HTTP/1.1" 200 658 "-" "Mozilla/5.0 (Windows NT 10.0; Win64; x64) AppleWebKit/537.36 (KHTML, like Gecko) Chrome/122.0.0.0 Safari/537.36"
104.232.199.222 - - [11/Mar/2026:16:11:06 +1000] "GET / HTTP/1.1" 200 658 "-" "Mozilla/5.0 (compatible; Konqueror/3; Linux)"
45.5.65.60 - - [11/Mar/2026:16:11:07 +1000] "GET / HTTP/1.1" 200 658 "-" "Mozilla/5.0 (Windows NT 10.0; Win64; x64; rv:109.0) Gecko/20100101 Firefox/121.0"
104.232.199.222 - - [11/Mar/2026:16:11:07 +1000] "GET /robots.txt HTTP/1.1" 404 - "https://mydata1.posscales.com.au/" "Mozilla/5.0 (compatible; Konqueror/3; Linux)"
45.5.65.60 - - [11/Mar/2026:16:11:08 +1000] "GET /robots.txt HTTP/1.1" 404 - "https://www.mydata1.posscales.com.au/" "Mozilla/5.0 (Windows NT 10.0; Win64; x64; rv:109.0) Gecko/20100101 Firefox/121.0"
104.232.199.222 - - [11/Mar/2026:16:11:08 +1000] "GET / HTTP/1.1" 200 658 "-" "Mozilla/5.0 (compatible; Konqueror/3; Linux)"
45.5.65.60 - - [11/Mar/2026:16:11:08 +1000] "GET / HTTP/1.1" 200 658 "-" "Mozilla/5.0 (Windows NT 10.0; Win64; x64; rv:109.0) Gecko/20100101 Firefox/121.0"
103.105.167.210 - - [11/Mar/2026:16:11:09 +1000] "HEAD / HTTP/1.1" 200 - "-" "Mozilla/5.0 (Windows NT 6.1; Win64; x64; Trident/7.0; rv:11.0) like Gecko"
103.105.167.210 - - [11/Mar/2026:16:11:09 +1000] "GET / HTTP/1.1" 200 658 "-" "Mozilla/5.0 (Windows NT 6.1; Win64; x64; Trident/7.0; rv:11.0) like Gecko"
172.121.221.125 - - [11/Mar/2026:16:11:10 +1000] "HEAD / HTTP/1.1" 200 - "-" "Mozilla/5.0 (Windows NT 6.1; WOW64; Trident/7.0; rv:11.0) like Gecko"
172.121.221.125 - - [11/Mar/2026:16:11:10 +1000] "GET / HTTP/1.1" 200 658 "-" "Mozilla/5.0 (Windows NT 6.1; WOW64; Trident/7.0; rv:11.0) like Gecko"
44.244.114.152 - - [11/Mar/2026:16:11:13 +1000] "GET / HTTP/1.1" 200 658 "-" "Mozilla/5.0 (X11; Linux x86_64) AppleWebKit/537.36 (KHTML, like Gecko) Chrome/140.0.0.0 Safari/537.36"
44.244.114.152 - - [11/Mar/2026:16:11:14 +1000] "GET /favicon.ico HTTP/1.1" 404 - "https://mydata1.posscales.com.au/" "Mozilla/5.0 (X11; Linux x86_64) AppleWebKit/537.36 (KHTML, like Gecko) Chrome/140.0.0.0 Safari/537.36"
34.214.93.183 - - [11/Mar/2026:16:11:14 +1000] "GET / HTTP/1.1" 200 658 "-" "Mozilla/5.0 (X11; Linux x86_64) AppleWebKit/537.36 (KHTML, like Gecko) Chrome/140.0.0.0 Safari/537.36"
34.214.93.183 - - [11/Mar/2026:16:11:14 +1000] "GET /favicon.ico HTTP/1.1" 404 - "https://www.mydata1.posscales.com.au/" "Mozilla/5.0 (X11; Linux x86_64) AppleWebKit/537.36 (KHTML, like Gecko) Chrome/140.0.0.0 Safari/537.36"
118.127.40.73 - - [11/Mar/2026:16:23:21 +1000] "GET / HTTP/1.1" 200 658 "-" "Python/3.11 aiohttp/3.9.2"
118.127.40.73 - - [11/Mar/2026:16:53:21 +1000] "GET / HTTP/1.1" 200 658 "-" "Python/3.11 aiohttp/3.9.2"
118.127.40.73 - - [11/Mar/2026:17:23:22 +1000] "GET / HTTP/1.1" 200 658 "-" "Python/3.11 aiohttp/3.9.2"
118.127.40.73 - - [11/Mar/2026:17:53:22 +1000] "GET / HTTP/1.1" 200 658 "-" "Python/3.11 aiohttp/3.9.2"
118.127.40.73 - - [11/Mar/2026:18:23:22 +1000] "GET / HTTP/1.1" 200 658 "-" "Python/3.11 aiohttp/3.9.2"
118.127.40.73 - - [11/Mar/2026:18:53:22 +1000] "GET / HTTP/1.1" 200 658 "-" "Python/3.11 aiohttp/3.9.2"
170.64.234.37 - - [11/Mar/2026:19:11:04 +1000] "GET / HTTP/1.1" 200 658 "-" "Mozilla/5.0 (Windows NT 10.0; Win64; x64) AppleWebKit/537.36 (KHTML, like Gecko) Chrome/125.0.0.0 Safari/537.36"
170.64.234.37 - - [11/Mar/2026:19:11:04 +1000] "GET /.env HTTP/1.1" 404 - "-" "Mozilla/5.0 (Windows NT 10.0; Win64; x64) AppleWebKit/537.36 (KHTML, like Gecko) Chrome/125.0.0.0 Safari/537.36"
170.64.234.37 - - [11/Mar/2026:19:11:04 +1000] "GET /wp HTTP/1.1" 404 - "-" "Mozilla/5.0 (Windows NT 10.0; Win64; x64) AppleWebKit/537.36 (KHTML, like Gecko) Chrome/125.0.0.0 Safari/537.36"
170.64.234.37 - - [11/Mar/2026:19:11:04 +1000] "GET /wordpress HTTP/1.1" 404 - "-" "Mozilla/5.0 (Windows NT 10.0; Win64; x64) AppleWebKit/537.36 (KHTML, like Gecko) Chrome/125.0.0.0 Safari/537.36"
170.64.234.37 - - [11/Mar/2026:19:11:04 +1000] "GET /.git/config HTTP/1.1" 404 - "-" "Mozilla/5.0 (Windows NT 10.0; Win64; x64) AppleWebKit/537.36 (KHTML, like Gecko) Chrome/125.0.0.0 Safari/537.36"
170.64.234.37 - - [11/Mar/2026:19:11:04 +1000] "GET /debug/default/index HTTP/1.1" 404 - "-" "Mozilla/5.0 (Windows NT 10.0; Win64; x64) AppleWebKit/537.36 (KHTML, like Gecko) Chrome/125.0.0.0 Safari/537.36"
170.64.234.37 - - [11/Mar/2026:19:11:04 +1000] "GET /blog HTTP/1.1" 404 - "-" "Mozilla/5.0 (Windows NT 10.0; Win64; x64) AppleWebKit/537.36 (KHTML, like Gecko) Chrome/125.0.0.0 Safari/537.36"
170.64.234.37 - - [11/Mar/2026:19:11:04 +1000] "GET /demo HTTP/1.1" 404 - "-" "Mozilla/5.0 (Windows NT 10.0; Win64; x64) AppleWebKit/537.36 (KHTML, like Gecko) Chrome/125.0.0.0 Safari/537.36"
170.64.234.37 - - [11/Mar/2026:19:11:04 +1000] "GET /new HTTP/1.1" 404 - "-" "Mozilla/5.0 (Windows NT 10.0; Win64; x64) AppleWebKit/537.36 (KHTML, like Gecko) Chrome/125.0.0.0 Safari/537.36"
170.64.234.37 - - [11/Mar/2026:19:11:04 +1000] "GET / HTTP/1.1" 200 658 "-" "Mozilla/5.0 (Windows NT 10.0; Win64; x64) AppleWebKit/537.36 (KHTML, like Gecko) Chrome/125.0.0.0 Safari/537.36"
170.64.234.37 - - [11/Mar/2026:19:11:04 +1000] "POST /vendor/phpunit/phpunit/src/Util/PHP/eval-stdin.php HTTP/1.1" 404 - "-" "Mozilla/5.0 (Windows NT 10.0; Win64; x64) AppleWebKit/537.36 (KHTML, like Gecko) Chrome/125.0.0.0 Safari/537.36"
170.64.234.37 - - [11/Mar/2026:19:11:04 +1000] "GET /vendor/laravel-filemanager/js/script.js HTTP/1.1" 404 - "-" "Mozilla/5.0 (Windows NT 10.0; Win64; x64) AppleWebKit/537.36 (KHTML, like Gecko) Chrome/125.0.0.0 Safari/537.36"
170.64.234.37 - - [11/Mar/2026:19:11:04 +1000] "POST / HTTP/1.1" 404 - "-" "Mozilla/5.0 (Windows NT 10.0; Win64; x64) AppleWebKit/537.36 (KHTML, like Gecko) Chrome/125.0.0.0 Safari/537.36"
170.64.234.37 - - [11/Mar/2026:19:11:04 +1000] "GET /public/vendor/laravel-filemanager/js/script.js HTTP/1.1" 404 - "-" "Mozilla/5.0 (Windows NT 10.0; Win64; x64) AppleWebKit/537.36 (KHTML, like Gecko) Chrome/125.0.0.0 Safari/537.36"
170.64.234.37 - - [11/Mar/2026:19:11:04 +1000] "GET /_ignition/execute-solution HTTP/1.1" 404 - "-" "Mozilla/5.0 (Windows NT 10.0; Win64; x64) AppleWebKit/537.36 (KHTML, like Gecko) Chrome/125.0.0.0 Safari/537.36"
118.127.40.73 - - [11/Mar/2026:19:23:22 +1000] "GET / HTTP/1.1" 200 658 "-" "Python/3.11 aiohttp/3.9.2"
