HEX
Server: Apache
System: Linux server2.voipitup.com.au 4.18.0-553.104.1.lve.el8.x86_64 #1 SMP Tue Feb 10 20:07:30 UTC 2026 x86_64
User: posscale (1027)
PHP: 8.2.29
Disabled: exec,passthru,shell_exec,system
Upload Files
File: //home/posscale/access-logs/mydata1.posscales.com.au-ssl_log
118.127.40.73 - - [28/Feb/2026:22:45:03 +1000] "GET / HTTP/1.1" 200 658 "-" "Python/3.11 aiohttp/3.9.2"
45.153.34.31 - - [28/Feb/2026:23:04:03 +1000] "GET /.git/config HTTP/1.1" 404 - "-" "Mozilla/5.0 (Linux; Android 9; ANE-LX1) AppleWebKit/537.36 (KHTML, like Gecko) Chrome/74.0.3729.157 Mobile Safari/537.36"
118.127.40.73 - - [28/Feb/2026:23:15:09 +1000] "GET / HTTP/1.1" 200 658 "-" "Python/3.11 aiohttp/3.9.2"
118.127.40.73 - - [28/Feb/2026:23:45:02 +1000] "GET / HTTP/1.1" 200 658 "-" "Python/3.11 aiohttp/3.9.2"
118.127.40.73 - - [01/Mar/2026:00:15:03 +1000] "GET / HTTP/1.1" 200 658 "-" "Python/3.11 aiohttp/3.9.2"
118.127.40.73 - - [01/Mar/2026:00:45:11 +1000] "GET / HTTP/1.1" 200 658 "-" "Python/3.11 aiohttp/3.9.2"
168.228.214.132 - - [01/Mar/2026:01:05:29 +1000] "GET /robots.txt HTTP/1.1" 404 - "-" "Mozilla/5.0 (Windows NT 10.0; Win64; x64) AppleWebKit/537.36 (KHTML, like Gecko) Chrome/114.0.0.0 Safari/537.36 Edg/114.0.1823.43"
118.127.40.73 - - [01/Mar/2026:01:15:02 +1000] "GET / HTTP/1.1" 200 658 "-" "Python/3.11 aiohttp/3.9.2"
118.127.40.73 - - [01/Mar/2026:01:45:07 +1000] "GET / HTTP/1.1" 200 658 "-" "Python/3.11 aiohttp/3.9.2"
118.127.40.73 - - [01/Mar/2026:02:15:04 +1000] "GET / HTTP/1.1" 200 658 "-" "Python/3.11 aiohttp/3.9.2"
118.127.40.73 - - [01/Mar/2026:02:45:11 +1000] "GET / HTTP/1.1" 200 658 "-" "Python/3.11 aiohttp/3.9.2"
74.7.175.191 - - [01/Mar/2026:02:56:21 +1000] "GET /robots.txt HTTP/1.1" 404 - "-" "Mozilla/5.0 (Macintosh; Intel Mac OS X 10_15_7) AppleWebKit/537.36 (KHTML, like Gecko) Chrome/131.0.0.0 Safari/537.36; compatible; OAI-SearchBot/1.3; robots.txt; +https://openai.com/searchbot"
118.127.40.73 - - [01/Mar/2026:03:15:13 +1000] "GET / HTTP/1.1" 200 658 "-" "Python/3.11 aiohttp/3.9.2"
118.127.40.73 - - [01/Mar/2026:03:45:06 +1000] "GET / HTTP/1.1" 200 658 "-" "Python/3.11 aiohttp/3.9.2"
118.127.40.73 - - [01/Mar/2026:04:15:29 +1000] "GET / HTTP/1.1" 200 658 "-" "Python/3.11 aiohttp/3.9.2"
118.127.40.73 - - [01/Mar/2026:04:45:12 +1000] "GET / HTTP/1.1" 200 658 "-" "Python/3.11 aiohttp/3.9.2"
118.127.40.73 - - [01/Mar/2026:05:15:07 +1000] "GET / HTTP/1.1" 200 658 "-" "Python/3.11 aiohttp/3.9.2"
118.127.40.73 - - [01/Mar/2026:05:45:10 +1000] "GET / HTTP/1.1" 200 658 "-" "Python/3.11 aiohttp/3.9.2"
118.127.40.73 - - [01/Mar/2026:06:15:09 +1000] "GET / HTTP/1.1" 200 658 "-" "Python/3.11 aiohttp/3.9.2"
118.127.40.73 - - [01/Mar/2026:06:45:07 +1000] "GET / HTTP/1.1" 200 658 "-" "Python/3.11 aiohttp/3.9.2"
118.127.40.73 - - [01/Mar/2026:07:15:07 +1000] "GET / HTTP/1.1" 200 658 "-" "Python/3.11 aiohttp/3.9.2"
118.127.40.73 - - [01/Mar/2026:07:45:17 +1000] "GET / HTTP/1.1" 200 658 "-" "Python/3.11 aiohttp/3.9.2"
118.127.40.73 - - [01/Mar/2026:08:15:13 +1000] "GET / HTTP/1.1" 200 658 "-" "Python/3.11 aiohttp/3.9.2"
118.127.40.73 - - [01/Mar/2026:08:45:12 +1000] "GET / HTTP/1.1" 200 658 "-" "Python/3.11 aiohttp/3.9.2"
118.127.40.73 - - [01/Mar/2026:09:15:07 +1000] "GET / HTTP/1.1" 200 658 "-" "Python/3.11 aiohttp/3.9.2"
118.127.40.73 - - [01/Mar/2026:09:45:08 +1000] "GET / HTTP/1.1" 200 658 "-" "Python/3.11 aiohttp/3.9.2"
118.127.40.73 - - [01/Mar/2026:10:15:08 +1000] "GET / HTTP/1.1" 200 658 "-" "Python/3.11 aiohttp/3.9.2"
118.127.40.73 - - [01/Mar/2026:10:45:08 +1000] "GET / HTTP/1.1" 200 658 "-" "Python/3.11 aiohttp/3.9.2"
118.127.40.73 - - [01/Mar/2026:11:15:09 +1000] "GET / HTTP/1.1" 200 658 "-" "Python/3.11 aiohttp/3.9.2"
167.86.118.77 - - [01/Mar/2026:11:33:02 +1000] "HEAD / HTTP/1.1" 200 - "-" "python-requests/2.32.5"
167.86.118.77 - - [01/Mar/2026:11:33:06 +1000] "GET /wp-admin/ HTTP/1.1" 404 - "binance.com" "Mozilla/5.0 (X11; Ubuntu; Linux x86_64; rv:121.0) Gecko/20100101 Firefox/121.0"
167.86.118.77 - - [01/Mar/2026:11:33:15 +1000] "HEAD / HTTP/1.1" 200 - "-" "python-requests/2.32.5"
167.86.118.77 - - [01/Mar/2026:11:33:35 +1000] "GET /wp-admin/ HTTP/1.1" 404 - "binance.com" "Mozilla/5.0 (iPhone; CPU iPhone OS 17_2 like Mac OS X) AppleWebKit/605.1.15 (KHTML, like Gecko) Version/17.2 Mobile/15E148 Safari/604.1"
118.127.40.73 - - [01/Mar/2026:11:45:10 +1000] "GET / HTTP/1.1" 200 658 "-" "Python/3.11 aiohttp/3.9.2"
118.127.40.73 - - [01/Mar/2026:12:15:10 +1000] "GET / HTTP/1.1" 200 658 "-" "Python/3.11 aiohttp/3.9.2"
118.127.40.73 - - [01/Mar/2026:12:45:25 +1000] "GET / HTTP/1.1" 200 658 "-" "Python/3.11 aiohttp/3.9.2"
118.127.40.73 - - [01/Mar/2026:13:15:10 +1000] "GET / HTTP/1.1" 200 658 "-" "Python/3.11 aiohttp/3.9.2"
118.127.40.73 - - [01/Mar/2026:13:45:09 +1000] "GET / HTTP/1.1" 200 658 "-" "Python/3.11 aiohttp/3.9.2"
118.127.40.73 - - [01/Mar/2026:14:15:10 +1000] "GET / HTTP/1.1" 200 658 "-" "Python/3.11 aiohttp/3.9.2"
118.127.40.73 - - [01/Mar/2026:14:45:10 +1000] "GET / HTTP/1.1" 200 658 "-" "Python/3.11 aiohttp/3.9.2"
118.127.40.73 - - [01/Mar/2026:15:15:11 +1000] "GET / HTTP/1.1" 200 658 "-" "Python/3.11 aiohttp/3.9.2"
118.127.40.73 - - [01/Mar/2026:15:45:11 +1000] "GET / HTTP/1.1" 200 658 "-" "Python/3.11 aiohttp/3.9.2"
118.127.40.73 - - [01/Mar/2026:16:15:11 +1000] "GET / HTTP/1.1" 200 658 "-" "Python/3.11 aiohttp/3.9.2"
118.127.40.73 - - [01/Mar/2026:16:45:12 +1000] "GET / HTTP/1.1" 200 658 "-" "Python/3.11 aiohttp/3.9.2"
118.127.40.73 - - [01/Mar/2026:17:15:12 +1000] "GET / HTTP/1.1" 200 658 "-" "Python/3.11 aiohttp/3.9.2"
118.127.40.73 - - [01/Mar/2026:17:45:11 +1000] "GET / HTTP/1.1" 200 658 "-" "Python/3.11 aiohttp/3.9.2"
118.127.40.73 - - [01/Mar/2026:18:15:22 +1000] "GET / HTTP/1.1" 200 658 "-" "Python/3.11 aiohttp/3.9.2"
118.127.40.73 - - [01/Mar/2026:18:45:13 +1000] "GET / HTTP/1.1" 200 658 "-" "Python/3.11 aiohttp/3.9.2"
118.127.40.73 - - [01/Mar/2026:19:15:17 +1000] "GET / HTTP/1.1" 200 658 "-" "Python/3.11 aiohttp/3.9.2"
118.127.40.73 - - [01/Mar/2026:19:45:13 +1000] "GET / HTTP/1.1" 200 658 "-" "Python/3.11 aiohttp/3.9.2"
118.127.40.73 - - [01/Mar/2026:20:15:11 +1000] "GET / HTTP/1.1" 200 658 "-" "Python/3.11 aiohttp/3.9.2"
118.127.40.73 - - [01/Mar/2026:20:45:14 +1000] "GET / HTTP/1.1" 200 658 "-" "Python/3.11 aiohttp/3.9.2"
118.127.40.73 - - [01/Mar/2026:21:15:14 +1000] "GET / HTTP/1.1" 200 658 "-" "Python/3.11 aiohttp/3.9.2"
118.127.40.73 - - [01/Mar/2026:21:45:15 +1000] "GET / HTTP/1.1" 200 658 "-" "Python/3.11 aiohttp/3.9.2"
118.127.40.73 - - [01/Mar/2026:22:15:14 +1000] "GET / HTTP/1.1" 200 658 "-" "Python/3.11 aiohttp/3.9.2"
118.127.40.73 - - [01/Mar/2026:22:45:13 +1000] "GET / HTTP/1.1" 200 658 "-" "Python/3.11 aiohttp/3.9.2"
118.127.40.73 - - [01/Mar/2026:23:15:15 +1000] "GET / HTTP/1.1" 200 658 "-" "Python/3.11 aiohttp/3.9.2"
118.127.40.73 - - [01/Mar/2026:23:45:13 +1000] "GET / HTTP/1.1" 200 658 "-" "Python/3.11 aiohttp/3.9.2"
118.127.40.73 - - [02/Mar/2026:00:15:14 +1000] "GET / HTTP/1.1" 200 658 "-" "Python/3.11 aiohttp/3.9.2"
118.127.40.73 - - [02/Mar/2026:00:45:15 +1000] "GET / HTTP/1.1" 200 658 "-" "Python/3.11 aiohttp/3.9.2"
118.127.40.73 - - [02/Mar/2026:01:15:14 +1000] "GET / HTTP/1.1" 200 658 "-" "Python/3.11 aiohttp/3.9.2"
118.127.40.73 - - [02/Mar/2026:01:45:14 +1000] "GET / HTTP/1.1" 200 658 "-" "Python/3.11 aiohttp/3.9.2"
118.127.40.73 - - [02/Mar/2026:02:15:15 +1000] "GET / HTTP/1.1" 200 658 "-" "Python/3.11 aiohttp/3.9.2"
74.7.244.35 - - [02/Mar/2026:02:23:48 +1000] "GET /robots.txt HTTP/1.1" 404 - "-" "Mozilla/5.0 (Macintosh; Intel Mac OS X 10_15_7) AppleWebKit/537.36 (KHTML, like Gecko) Chrome/131.0.0.0 Safari/537.36; compatible; OAI-SearchBot/1.3; robots.txt; +https://openai.com/searchbot"
74.7.241.150 - - [02/Mar/2026:02:30:40 +1000] "GET /robots.txt HTTP/1.1" 404 - "-" "Mozilla/5.0 (Macintosh; Intel Mac OS X 10_15_7) AppleWebKit/537.36 (KHTML, like Gecko) Chrome/131.0.0.0 Safari/537.36; compatible; OAI-SearchBot/1.3; robots.txt; +https://openai.com/searchbot"
118.127.40.73 - - [02/Mar/2026:02:45:15 +1000] "GET / HTTP/1.1" 200 658 "-" "Python/3.11 aiohttp/3.9.2"
118.127.40.73 - - [02/Mar/2026:03:15:15 +1000] "GET / HTTP/1.1" 200 658 "-" "Python/3.11 aiohttp/3.9.2"
118.127.40.73 - - [02/Mar/2026:03:45:20 +1000] "GET / HTTP/1.1" 200 658 "-" "Python/3.11 aiohttp/3.9.2"
118.127.40.73 - - [02/Mar/2026:04:15:24 +1000] "GET / HTTP/1.1" 200 658 "-" "Python/3.11 aiohttp/3.9.2"
118.127.40.73 - - [02/Mar/2026:04:45:18 +1000] "GET / HTTP/1.1" 200 658 "-" "Python/3.11 aiohttp/3.9.2"
118.127.40.73 - - [02/Mar/2026:05:15:19 +1000] "GET / HTTP/1.1" 200 658 "-" "Python/3.11 aiohttp/3.9.2"
118.127.40.73 - - [02/Mar/2026:05:45:17 +1000] "GET / HTTP/1.1" 200 658 "-" "Python/3.11 aiohttp/3.9.2"
118.127.40.73 - - [02/Mar/2026:06:15:24 +1000] "GET / HTTP/1.1" 200 658 "-" "Python/3.11 aiohttp/3.9.2"
118.127.40.73 - - [02/Mar/2026:06:45:19 +1000] "GET / HTTP/1.1" 200 658 "-" "Python/3.11 aiohttp/3.9.2"
118.127.40.73 - - [02/Mar/2026:07:15:18 +1000] "GET / HTTP/1.1" 200 658 "-" "Python/3.11 aiohttp/3.9.2"
118.127.40.73 - - [02/Mar/2026:07:45:18 +1000] "GET / HTTP/1.1" 200 658 "-" "Python/3.11 aiohttp/3.9.2"
118.127.40.73 - - [02/Mar/2026:08:15:24 +1000] "GET / HTTP/1.1" 200 658 "-" "Python/3.11 aiohttp/3.9.2"
118.127.40.73 - - [02/Mar/2026:08:45:17 +1000] "GET / HTTP/1.1" 200 658 "-" "Python/3.11 aiohttp/3.9.2"
118.127.40.73 - - [02/Mar/2026:09:15:17 +1000] "GET / HTTP/1.1" 200 658 "-" "Python/3.11 aiohttp/3.9.2"
118.127.40.73 - - [02/Mar/2026:09:45:18 +1000] "GET / HTTP/1.1" 200 658 "-" "Python/3.11 aiohttp/3.9.2"
118.127.40.73 - - [02/Mar/2026:10:15:24 +1000] "GET / HTTP/1.1" 200 658 "-" "Python/3.11 aiohttp/3.9.2"
118.127.40.73 - - [02/Mar/2026:10:45:18 +1000] "GET / HTTP/1.1" 200 658 "-" "Python/3.11 aiohttp/3.9.2"
118.127.40.73 - - [02/Mar/2026:11:15:18 +1000] "GET / HTTP/1.1" 200 658 "-" "Python/3.11 aiohttp/3.9.2"
198.235.24.44 - - [02/Mar/2026:11:25:34 +1000] "GET / HTTP/1.1" 200 658 "-" "Hello from Palo Alto Networks, find out more about our scans in https://docs-cortex.paloaltonetworks.com/r/1/Cortex-Xpanse/Scanning-activity"
118.127.40.73 - - [02/Mar/2026:11:45:20 +1000] "GET / HTTP/1.1" 200 658 "-" "Python/3.11 aiohttp/3.9.2"
118.127.40.73 - - [02/Mar/2026:12:15:20 +1000] "GET / HTTP/1.1" 200 658 "-" "Python/3.11 aiohttp/3.9.2"
118.127.40.73 - - [02/Mar/2026:12:45:23 +1000] "GET / HTTP/1.1" 200 658 "-" "Python/3.11 aiohttp/3.9.2"
118.127.40.73 - - [02/Mar/2026:13:15:20 +1000] "GET / HTTP/1.1" 200 658 "-" "Python/3.11 aiohttp/3.9.2"
74.7.227.163 - - [02/Mar/2026:13:28:05 +1000] "GET / HTTP/1.1" 200 658 "-" "Mozilla/5.0 AppleWebKit/537.36 (KHTML, like Gecko; compatible; GPTBot/1.3; +https://openai.com/gptbot)"
74.7.244.32 - - [02/Mar/2026:13:28:58 +1000] "GET /robots.txt HTTP/1.1" 404 - "-" "Mozilla/5.0 (Macintosh; Intel Mac OS X 10_15_7) AppleWebKit/537.36 (KHTML, like Gecko) Chrome/131.0.0.0 Safari/537.36; compatible; OAI-SearchBot/1.3; robots.txt; +https://openai.com/searchbot"
74.7.227.163 - - [02/Mar/2026:13:30:50 +1000] "GET /?C=D;O=A HTTP/1.1" 200 658 "https://mydata1.posscales.com.au/" "Mozilla/5.0 AppleWebKit/537.36 (KHTML, like Gecko; compatible; GPTBot/1.3; +https://openai.com/gptbot)"
74.7.227.163 - - [02/Mar/2026:13:37:10 +1000] "GET /?C=D;O=D HTTP/1.1" 200 658 "https://mydata1.posscales.com.au/?C=D;O=A" "Mozilla/5.0 AppleWebKit/537.36 (KHTML, like Gecko; compatible; GPTBot/1.3; +https://openai.com/gptbot)"
74.7.244.32 - - [02/Mar/2026:13:37:41 +1000] "GET /robots.txt HTTP/1.1" 404 - "-" "Mozilla/5.0 (Macintosh; Intel Mac OS X 10_15_7) AppleWebKit/537.36 (KHTML, like Gecko) Chrome/131.0.0.0 Safari/537.36; compatible; OAI-SearchBot/1.3; robots.txt; +https://openai.com/searchbot"
74.7.227.163 - - [02/Mar/2026:13:39:09 +1000] "GET /?C=N;O=D HTTP/1.1" 200 658 "https://mydata1.posscales.com.au/" "Mozilla/5.0 AppleWebKit/537.36 (KHTML, like Gecko; compatible; GPTBot/1.3; +https://openai.com/gptbot)"
74.7.227.163 - - [02/Mar/2026:13:39:27 +1000] "GET /?C=S;O=A HTTP/1.1" 200 658 "https://mydata1.posscales.com.au/" "Mozilla/5.0 AppleWebKit/537.36 (KHTML, like Gecko; compatible; GPTBot/1.3; +https://openai.com/gptbot)"
74.7.227.163 - - [02/Mar/2026:13:39:33 +1000] "GET /?C=N;O=A HTTP/1.1" 200 658 "https://mydata1.posscales.com.au/?C=D;O=A" "Mozilla/5.0 AppleWebKit/537.36 (KHTML, like Gecko; compatible; GPTBot/1.3; +https://openai.com/gptbot)"
74.7.227.163 - - [02/Mar/2026:13:39:36 +1000] "GET /?C=S;O=D HTTP/1.1" 200 658 "https://mydata1.posscales.com.au/?C=S;O=A" "Mozilla/5.0 AppleWebKit/537.36 (KHTML, like Gecko; compatible; GPTBot/1.3; +https://openai.com/gptbot)"
118.127.40.73 - - [02/Mar/2026:13:45:31 +1000] "GET / HTTP/1.1" 200 658 "-" "Python/3.11 aiohttp/3.9.2"
118.127.40.73 - - [02/Mar/2026:14:15:21 +1000] "GET / HTTP/1.1" 200 658 "-" "Python/3.11 aiohttp/3.9.2"
118.127.40.73 - - [02/Mar/2026:14:45:23 +1000] "GET / HTTP/1.1" 200 658 "-" "Python/3.11 aiohttp/3.9.2"
118.127.40.73 - - [02/Mar/2026:15:15:20 +1000] "GET / HTTP/1.1" 200 658 "-" "Python/3.11 aiohttp/3.9.2"
118.127.40.73 - - [02/Mar/2026:15:45:21 +1000] "GET / HTTP/1.1" 200 658 "-" "Python/3.11 aiohttp/3.9.2"
118.127.40.73 - - [02/Mar/2026:16:15:22 +1000] "GET / HTTP/1.1" 200 658 "-" "Python/3.11 aiohttp/3.9.2"
118.127.40.73 - - [02/Mar/2026:16:45:21 +1000] "GET / HTTP/1.1" 200 658 "-" "Python/3.11 aiohttp/3.9.2"
118.127.40.73 - - [02/Mar/2026:17:15:21 +1000] "GET / HTTP/1.1" 200 658 "-" "Python/3.11 aiohttp/3.9.2"
118.127.40.73 - - [02/Mar/2026:17:45:21 +1000] "GET / HTTP/1.1" 200 658 "-" "Python/3.11 aiohttp/3.9.2"
118.127.40.73 - - [02/Mar/2026:18:15:23 +1000] "GET / HTTP/1.1" 200 658 "-" "Python/3.11 aiohttp/3.9.2"
118.127.40.73 - - [02/Mar/2026:18:45:24 +1000] "GET / HTTP/1.1" 200 658 "-" "Python/3.11 aiohttp/3.9.2"
118.127.40.73 - - [02/Mar/2026:19:15:22 +1000] "GET / HTTP/1.1" 200 658 "-" "Python/3.11 aiohttp/3.9.2"
118.127.40.73 - - [02/Mar/2026:19:45:25 +1000] "GET / HTTP/1.1" 200 658 "-" "Python/3.11 aiohttp/3.9.2"
118.127.40.73 - - [02/Mar/2026:20:15:23 +1000] "GET / HTTP/1.1" 200 658 "-" "Python/3.11 aiohttp/3.9.2"
118.127.40.73 - - [02/Mar/2026:20:45:24 +1000] "GET / HTTP/1.1" 200 658 "-" "Python/3.11 aiohttp/3.9.2"
118.127.40.73 - - [02/Mar/2026:21:15:23 +1000] "GET / HTTP/1.1" 200 658 "-" "Python/3.11 aiohttp/3.9.2"
118.127.40.73 - - [02/Mar/2026:21:45:23 +1000] "GET / HTTP/1.1" 200 658 "-" "Python/3.11 aiohttp/3.9.2"
118.127.40.73 - - [02/Mar/2026:22:15:27 +1000] "GET / HTTP/1.1" 200 658 "-" "Python/3.11 aiohttp/3.9.2"
3.139.242.79 - - [02/Mar/2026:22:45:03 +1000] "GET / HTTP/1.1" 200 658 "-" "visionheight.com/scan Mozilla/5.0 (Macintosh; Intel Mac OS X 10_15_7) Chrome/126.0.0.0 Safari/537.36"
118.127.40.73 - - [02/Mar/2026:22:45:26 +1000] "GET / HTTP/1.1" 200 658 "-" "Python/3.11 aiohttp/3.9.2"
118.127.40.73 - - [02/Mar/2026:23:15:23 +1000] "GET / HTTP/1.1" 200 658 "-" "Python/3.11 aiohttp/3.9.2"
118.127.40.73 - - [02/Mar/2026:23:45:24 +1000] "GET / HTTP/1.1" 200 658 "-" "Python/3.11 aiohttp/3.9.2"
118.127.40.73 - - [03/Mar/2026:00:15:26 +1000] "GET / HTTP/1.1" 200 658 "-" "Python/3.11 aiohttp/3.9.2"
118.127.40.73 - - [03/Mar/2026:00:45:25 +1000] "GET / HTTP/1.1" 200 658 "-" "Python/3.11 aiohttp/3.9.2"
118.127.40.73 - - [03/Mar/2026:01:15:25 +1000] "GET / HTTP/1.1" 200 658 "-" "Python/3.11 aiohttp/3.9.2"
138.197.87.230 - - [03/Mar/2026:01:27:55 +1000] "GET / HTTP/1.1" 200 658 "-" "Mozilla/5.0 (X11; Linux x86_64) AppleWebKit/537.36 (KHTML, like Gecko) Chrome/142.0.0.0 Safari/537.36"
138.197.87.230 - - [03/Mar/2026:01:28:00 +1000] "GET /favicon.ico HTTP/1.1" 404 - "https://www.mydata1.posscales.com.au/" "Mozilla/5.0 (X11; Linux x86_64) AppleWebKit/537.36 (KHTML, like Gecko) Chrome/142.0.0.0 Safari/537.36"
118.127.40.73 - - [03/Mar/2026:01:45:25 +1000] "GET / HTTP/1.1" 200 658 "-" "Python/3.11 aiohttp/3.9.2"
118.127.40.73 - - [03/Mar/2026:02:15:26 +1000] "GET / HTTP/1.1" 200 658 "-" "Python/3.11 aiohttp/3.9.2"
118.127.40.73 - - [03/Mar/2026:02:45:25 +1000] "GET / HTTP/1.1" 200 658 "-" "Python/3.11 aiohttp/3.9.2"
118.127.40.73 - - [03/Mar/2026:03:15:25 +1000] "GET / HTTP/1.1" 200 658 "-" "Python/3.11 aiohttp/3.9.2"
118.127.40.73 - - [03/Mar/2026:03:45:29 +1000] "GET / HTTP/1.1" 200 658 "-" "Python/3.11 aiohttp/3.9.2"
118.127.40.73 - - [03/Mar/2026:04:15:36 +1000] "GET / HTTP/1.1" 200 658 "-" "Python/3.11 aiohttp/3.9.2"
74.7.241.180 - - [03/Mar/2026:04:27:25 +1000] "GET /robots.txt HTTP/1.1" 404 - "-" "Mozilla/5.0 (Macintosh; Intel Mac OS X 10_15_7) AppleWebKit/537.36 (KHTML, like Gecko) Chrome/131.0.0.0 Safari/537.36; compatible; OAI-SearchBot/1.3; robots.txt; +https://openai.com/searchbot"
74.7.242.54 - - [03/Mar/2026:04:28:05 +1000] "GET / HTTP/1.1" 200 658 "-" "Mozilla/5.0 AppleWebKit/537.36 (KHTML, like Gecko; compatible; GPTBot/1.3; +https://openai.com/gptbot)"
74.7.242.54 - - [03/Mar/2026:04:30:59 +1000] "GET /?C=S;O=A HTTP/1.1" 200 658 "https://www.mydata1.posscales.com.au/" "Mozilla/5.0 AppleWebKit/537.36 (KHTML, like Gecko; compatible; GPTBot/1.3; +https://openai.com/gptbot)"
74.7.242.54 - - [03/Mar/2026:04:31:32 +1000] "GET /?C=M;O=A HTTP/1.1" 200 658 "https://www.mydata1.posscales.com.au/" "Mozilla/5.0 AppleWebKit/537.36 (KHTML, like Gecko; compatible; GPTBot/1.3; +https://openai.com/gptbot)"
74.7.242.54 - - [03/Mar/2026:04:31:56 +1000] "GET /?C=D;O=A HTTP/1.1" 200 658 "https://www.mydata1.posscales.com.au/" "Mozilla/5.0 AppleWebKit/537.36 (KHTML, like Gecko; compatible; GPTBot/1.3; +https://openai.com/gptbot)"
74.7.242.54 - - [03/Mar/2026:04:32:09 +1000] "GET /?C=N;O=D HTTP/1.1" 200 658 "https://www.mydata1.posscales.com.au/" "Mozilla/5.0 AppleWebKit/537.36 (KHTML, like Gecko; compatible; GPTBot/1.3; +https://openai.com/gptbot)"
74.7.241.180 - - [03/Mar/2026:04:32:42 +1000] "GET /robots.txt HTTP/1.1" 404 - "-" "Mozilla/5.0 (Macintosh; Intel Mac OS X 10_15_7) AppleWebKit/537.36 (KHTML, like Gecko) Chrome/131.0.0.0 Safari/537.36; compatible; OAI-SearchBot/1.3; robots.txt; +https://openai.com/searchbot"
74.7.242.54 - - [03/Mar/2026:04:33:23 +1000] "GET /?C=N;O=A HTTP/1.1" 200 658 "https://www.mydata1.posscales.com.au/?C=S;O=A" "Mozilla/5.0 AppleWebKit/537.36 (KHTML, like Gecko; compatible; GPTBot/1.3; +https://openai.com/gptbot)"
74.7.242.54 - - [03/Mar/2026:04:33:54 +1000] "GET /?C=S;O=D HTTP/1.1" 200 658 "https://www.mydata1.posscales.com.au/?C=S;O=A" "Mozilla/5.0 AppleWebKit/537.36 (KHTML, like Gecko; compatible; GPTBot/1.3; +https://openai.com/gptbot)"
74.7.242.54 - - [03/Mar/2026:04:34:30 +1000] "GET /?C=D;O=D HTTP/1.1" 200 658 "https://www.mydata1.posscales.com.au/?C=D;O=A" "Mozilla/5.0 AppleWebKit/537.36 (KHTML, like Gecko; compatible; GPTBot/1.3; +https://openai.com/gptbot)"
118.127.40.73 - - [03/Mar/2026:04:45:27 +1000] "GET / HTTP/1.1" 200 658 "-" "Python/3.11 aiohttp/3.9.2"
118.127.40.73 - - [03/Mar/2026:05:15:26 +1000] "GET / HTTP/1.1" 200 658 "-" "Python/3.11 aiohttp/3.9.2"
204.76.203.25 - - [03/Mar/2026:05:23:12 +1000] "GET / HTTP/1.1" 200 658 "-" "Mozilla/5.0 (Windows NT 10.0; Win64; x64) AppleWebKit/537.36 (KHTML, like Gecko) Chrome/134.0.0.0 Safari/537.3"
74.7.244.32 - - [03/Mar/2026:05:35:42 +1000] "GET /robots.txt HTTP/1.1" 404 - "-" "Mozilla/5.0 (Macintosh; Intel Mac OS X 10_15_7) AppleWebKit/537.36 (KHTML, like Gecko) Chrome/131.0.0.0 Safari/537.36; compatible; OAI-SearchBot/1.3; robots.txt; +https://openai.com/searchbot"
118.127.40.73 - - [03/Mar/2026:05:45:27 +1000] "GET / HTTP/1.1" 200 658 "-" "Python/3.11 aiohttp/3.9.2"
118.127.40.73 - - [03/Mar/2026:06:15:26 +1000] "GET / HTTP/1.1" 200 658 "-" "Python/3.11 aiohttp/3.9.2"
118.127.40.73 - - [03/Mar/2026:06:45:27 +1000] "GET / HTTP/1.1" 200 658 "-" "Python/3.11 aiohttp/3.9.2"
118.127.40.73 - - [03/Mar/2026:07:15:28 +1000] "GET / HTTP/1.1" 200 658 "-" "Python/3.11 aiohttp/3.9.2"
34.121.143.243 - - [03/Mar/2026:07:29:28 +1000] "GET /.git/config HTTP/1.1" 404 - "-" "-"
118.127.40.73 - - [03/Mar/2026:07:45:29 +1000] "GET / HTTP/1.1" 200 658 "-" "Python/3.11 aiohttp/3.9.2"
118.127.40.73 - - [03/Mar/2026:08:15:33 +1000] "GET / HTTP/1.1" 200 658 "-" "Python/3.11 aiohttp/3.9.2"
118.127.40.73 - - [03/Mar/2026:08:45:29 +1000] "GET / HTTP/1.1" 200 658 "-" "Python/3.11 aiohttp/3.9.2"
118.127.40.73 - - [03/Mar/2026:09:15:29 +1000] "GET / HTTP/1.1" 200 658 "-" "Python/3.11 aiohttp/3.9.2"
118.127.40.73 - - [03/Mar/2026:09:45:30 +1000] "GET / HTTP/1.1" 200 658 "-" "Python/3.11 aiohttp/3.9.2"
118.127.40.73 - - [03/Mar/2026:10:15:28 +1000] "GET / HTTP/1.1" 200 658 "-" "Python/3.11 aiohttp/3.9.2"
118.127.40.73 - - [03/Mar/2026:10:45:28 +1000] "GET / HTTP/1.1" 200 658 "-" "Python/3.11 aiohttp/3.9.2"
118.127.40.73 - - [03/Mar/2026:11:15:28 +1000] "GET / HTTP/1.1" 200 658 "-" "Python/3.11 aiohttp/3.9.2"
118.127.40.73 - - [03/Mar/2026:11:45:31 +1000] "GET / HTTP/1.1" 200 658 "-" "Python/3.11 aiohttp/3.9.2"
18.206.217.244 - - [03/Mar/2026:12:12:45 +1000] "GET / HTTP/1.1" 200 658 "-" "python-requests/2.32.4"
118.127.40.73 - - [03/Mar/2026:12:15:31 +1000] "GET / HTTP/1.1" 200 658 "-" "Python/3.11 aiohttp/3.9.2"
118.127.40.73 - - [03/Mar/2026:12:45:33 +1000] "GET / HTTP/1.1" 200 658 "-" "Python/3.11 aiohttp/3.9.2"
118.127.40.73 - - [03/Mar/2026:13:15:32 +1000] "GET / HTTP/1.1" 200 658 "-" "Python/3.11 aiohttp/3.9.2"
118.127.40.73 - - [03/Mar/2026:13:45:56 +1000] "GET / HTTP/1.1" 200 658 "-" "Python/3.11 aiohttp/3.9.2"
118.127.40.73 - - [03/Mar/2026:14:15:33 +1000] "GET / HTTP/1.1" 200 658 "-" "Python/3.11 aiohttp/3.9.2"
118.127.40.73 - - [03/Mar/2026:14:45:34 +1000] "GET / HTTP/1.1" 200 658 "-" "Python/3.11 aiohttp/3.9.2"
118.127.40.73 - - [03/Mar/2026:15:15:33 +1000] "GET / HTTP/1.1" 200 658 "-" "Python/3.11 aiohttp/3.9.2"
118.127.40.73 - - [03/Mar/2026:15:45:34 +1000] "GET / HTTP/1.1" 200 658 "-" "Python/3.11 aiohttp/3.9.2"
118.127.40.73 - - [03/Mar/2026:16:15:33 +1000] "GET / HTTP/1.1" 200 658 "-" "Python/3.11 aiohttp/3.9.2"
118.127.40.73 - - [03/Mar/2026:16:45:37 +1000] "GET / HTTP/1.1" 200 658 "-" "Python/3.11 aiohttp/3.9.2"
118.127.40.73 - - [03/Mar/2026:17:15:34 +1000] "GET / HTTP/1.1" 200 658 "-" "Python/3.11 aiohttp/3.9.2"
74.7.175.176 - - [03/Mar/2026:17:21:51 +1000] "GET /robots.txt HTTP/1.1" 404 - "-" "Mozilla/5.0 (Macintosh; Intel Mac OS X 10_15_7) AppleWebKit/537.36 (KHTML, like Gecko) Chrome/131.0.0.0 Safari/537.36; compatible; OAI-SearchBot/1.3; robots.txt; +https://openai.com/searchbot"
62.72.57.164 - - [03/Mar/2026:17:32:34 +1000] "GET / HTTP/1.1" 200 658 "-" "httpx - Open-source project (github.com/projectdiscovery/httpx)"
118.127.40.73 - - [03/Mar/2026:17:45:34 +1000] "GET / HTTP/1.1" 200 658 "-" "Python/3.11 aiohttp/3.9.2"
118.127.40.73 - - [03/Mar/2026:18:15:34 +1000] "GET / HTTP/1.1" 200 658 "-" "Python/3.11 aiohttp/3.9.2"
205.210.31.159 - - [03/Mar/2026:18:18:03 +1000] "GET / HTTP/1.1" 200 658 "-" "Hello from Palo Alto Networks, find out more about our scans in https://docs-cortex.paloaltonetworks.com/r/1/Cortex-Xpanse/Scanning-activity"
74.7.175.165 - - [03/Mar/2026:18:21:51 +1000] "GET /robots.txt HTTP/1.1" 404 - "-" "Mozilla/5.0 (Macintosh; Intel Mac OS X 10_15_7) AppleWebKit/537.36 (KHTML, like Gecko) Chrome/131.0.0.0 Safari/537.36; compatible; OAI-SearchBot/1.3; robots.txt; +https://openai.com/searchbot"
118.127.40.73 - - [03/Mar/2026:18:45:36 +1000] "GET / HTTP/1.1" 200 658 "-" "Python/3.11 aiohttp/3.9.2"
118.127.40.73 - - [03/Mar/2026:19:15:36 +1000] "GET / HTTP/1.1" 200 658 "-" "Python/3.11 aiohttp/3.9.2"
118.127.40.73 - - [03/Mar/2026:19:45:35 +1000] "GET / HTTP/1.1" 200 658 "-" "Python/3.11 aiohttp/3.9.2"
118.127.40.73 - - [03/Mar/2026:20:15:35 +1000] "GET / HTTP/1.1" 200 658 "-" "Python/3.11 aiohttp/3.9.2"
118.127.40.73 - - [03/Mar/2026:20:45:36 +1000] "GET / HTTP/1.1" 200 658 "-" "Python/3.11 aiohttp/3.9.2"
118.127.40.73 - - [03/Mar/2026:21:15:35 +1000] "GET / HTTP/1.1" 200 658 "-" "Python/3.11 aiohttp/3.9.2"
118.127.40.73 - - [03/Mar/2026:21:45:36 +1000] "GET / HTTP/1.1" 200 658 "-" "Python/3.11 aiohttp/3.9.2"
118.127.40.73 - - [03/Mar/2026:22:15:40 +1000] "GET / HTTP/1.1" 200 658 "-" "Python/3.11 aiohttp/3.9.2"
118.127.40.73 - - [03/Mar/2026:22:45:36 +1000] "GET / HTTP/1.1" 200 658 "-" "Python/3.11 aiohttp/3.9.2"
118.127.40.73 - - [03/Mar/2026:23:15:56 +1000] "GET / HTTP/1.1" 200 658 "-" "Python/3.11 aiohttp/3.9.2"
118.127.40.73 - - [04/Mar/2026:00:12:05 +1000] "GET / HTTP/1.1" 200 658 "-" "Python/3.11 aiohttp/3.9.2"
118.127.40.73 - - [04/Mar/2026:00:42:05 +1000] "GET / HTTP/1.1" 200 658 "-" "Python/3.11 aiohttp/3.9.2"
118.127.40.73 - - [04/Mar/2026:01:12:05 +1000] "GET / HTTP/1.1" 200 658 "-" "Python/3.11 aiohttp/3.9.2"
118.127.40.73 - - [04/Mar/2026:01:42:05 +1000] "GET / HTTP/1.1" 200 658 "-" "Python/3.11 aiohttp/3.9.2"
118.127.40.73 - - [04/Mar/2026:02:12:06 +1000] "GET / HTTP/1.1" 200 658 "-" "Python/3.11 aiohttp/3.9.2"
104.152.52.200 - - [04/Mar/2026:02:13:35 +1000] "GET / HTTP/1.1" 200 658 "-" "curl/7.61.1"
104.152.52.200 - - [04/Mar/2026:02:13:35 +1000] "GET /favicon.ico HTTP/1.1" 404 - "-" "curl/7.61.1"
118.127.40.73 - - [04/Mar/2026:02:42:06 +1000] "GET / HTTP/1.1" 200 658 "-" "Python/3.11 aiohttp/3.9.2"
62.72.59.239 - - [04/Mar/2026:03:09:57 +1000] "GET / HTTP/1.1" 200 658 "-" "httpx - Open-source project (github.com/projectdiscovery/httpx)"
118.127.40.73 - - [04/Mar/2026:03:12:06 +1000] "GET / HTTP/1.1" 200 658 "-" "Python/3.11 aiohttp/3.9.2"
118.127.40.73 - - [04/Mar/2026:03:42:06 +1000] "GET / HTTP/1.1" 200 658 "-" "Python/3.11 aiohttp/3.9.2"
118.127.40.73 - - [04/Mar/2026:04:12:06 +1000] "GET / HTTP/1.1" 200 658 "-" "Python/3.11 aiohttp/3.9.2"
118.127.40.73 - - [04/Mar/2026:04:42:06 +1000] "GET / HTTP/1.1" 200 658 "-" "Python/3.11 aiohttp/3.9.2"
118.127.40.73 - - [04/Mar/2026:05:12:07 +1000] "GET / HTTP/1.1" 200 658 "-" "Python/3.11 aiohttp/3.9.2"
118.127.40.73 - - [04/Mar/2026:05:42:08 +1000] "GET / HTTP/1.1" 200 658 "-" "Python/3.11 aiohttp/3.9.2"
118.127.40.73 - - [04/Mar/2026:06:12:07 +1000] "GET / HTTP/1.1" 200 658 "-" "Python/3.11 aiohttp/3.9.2"
160.187.210.184 - - [04/Mar/2026:06:22:41 +1000] "GET /wp-login.php HTTP/1.1" 404 16 "https://t.co/" "Mozilla/5.0 (X11; Ubuntu; Linux x86_64) AppleWebKit/537.36 (KHTML, like Gecko) Chrome/121.0.0.0 Safari/537.36"
160.187.210.184 - - [04/Mar/2026:06:22:41 +1000] "GET /wp-admin/ HTTP/1.1" 404 - "" "Mozilla/5.0 (Windows NT 11.0; Win64; x64; rv:121.0) Gecko/20100101 Firefox/121.0"
118.127.40.73 - - [04/Mar/2026:06:42:07 +1000] "GET / HTTP/1.1" 200 658 "-" "Python/3.11 aiohttp/3.9.2"
118.127.40.73 - - [04/Mar/2026:07:12:08 +1000] "GET / HTTP/1.1" 200 658 "-" "Python/3.11 aiohttp/3.9.2"
118.127.40.73 - - [04/Mar/2026:07:42:08 +1000] "GET / HTTP/1.1" 200 658 "-" "Python/3.11 aiohttp/3.9.2"
118.127.40.73 - - [04/Mar/2026:08:12:08 +1000] "GET / HTTP/1.1" 200 658 "-" "Python/3.11 aiohttp/3.9.2"
118.127.40.73 - - [04/Mar/2026:08:42:08 +1000] "GET / HTTP/1.1" 200 658 "-" "Python/3.11 aiohttp/3.9.2"
118.127.40.73 - - [04/Mar/2026:09:12:08 +1000] "GET / HTTP/1.1" 200 658 "-" "Python/3.11 aiohttp/3.9.2"
118.127.40.73 - - [04/Mar/2026:09:42:08 +1000] "GET / HTTP/1.1" 200 658 "-" "Python/3.11 aiohttp/3.9.2"
118.127.40.73 - - [04/Mar/2026:10:12:09 +1000] "GET / HTTP/1.1" 200 658 "-" "Python/3.11 aiohttp/3.9.2"
118.127.40.73 - - [04/Mar/2026:10:42:09 +1000] "GET / HTTP/1.1" 200 658 "-" "Python/3.11 aiohttp/3.9.2"
118.127.40.73 - - [04/Mar/2026:11:12:09 +1000] "GET / HTTP/1.1" 200 658 "-" "Python/3.11 aiohttp/3.9.2"
118.127.40.73 - - [04/Mar/2026:11:42:09 +1000] "GET / HTTP/1.1" 200 658 "-" "Python/3.11 aiohttp/3.9.2"
118.127.40.73 - - [04/Mar/2026:12:12:09 +1000] "GET / HTTP/1.1" 200 658 "-" "Python/3.11 aiohttp/3.9.2"
118.127.40.73 - - [04/Mar/2026:12:42:09 +1000] "GET / HTTP/1.1" 200 658 "-" "Python/3.11 aiohttp/3.9.2"
118.127.40.73 - - [04/Mar/2026:13:12:10 +1000] "GET / HTTP/1.1" 200 658 "-" "Python/3.11 aiohttp/3.9.2"
118.127.40.73 - - [04/Mar/2026:13:42:10 +1000] "GET / HTTP/1.1" 200 658 "-" "Python/3.11 aiohttp/3.9.2"
118.127.40.73 - - [04/Mar/2026:14:12:10 +1000] "GET / HTTP/1.1" 200 658 "-" "Python/3.11 aiohttp/3.9.2"
118.127.40.73 - - [04/Mar/2026:14:42:10 +1000] "GET / HTTP/1.1" 200 658 "-" "Python/3.11 aiohttp/3.9.2"
118.127.40.73 - - [04/Mar/2026:15:12:11 +1000] "GET / HTTP/1.1" 200 658 "-" "Python/3.11 aiohttp/3.9.2"
118.127.40.73 - - [04/Mar/2026:15:42:10 +1000] "GET / HTTP/1.1" 200 658 "-" "Python/3.11 aiohttp/3.9.2"
141.98.11.106 - - [04/Mar/2026:15:55:31 +1000] "GET /wp-login.php HTTP/1.1" 404 16 "-" "Mozilla/5.0 (Macintosh; Intel Mac OS X 10_15_7) AppleWebKit/537.36 (KHTML, like Gecko) Chrome/120.0.0.0 Safari/537.36"
141.98.11.106 - - [04/Mar/2026:15:55:32 +1000] "GET /wp-admin/ HTTP/1.1" 404 - "-" "Mozilla/5.0 (Windows NT 10.0; Win64; x64; rv:121.0) Gecko/20100101 Firefox/121.0"
141.98.11.106 - - [04/Mar/2026:15:55:32 +1000] "GET /login HTTP/1.1" 404 - "-" "Mozilla/5.0 (Windows NT 10.0; Win64; x64) AppleWebKit/537.36 (KHTML, like Gecko) Chrome/120.0.0.0 Safari/537.36"
141.98.11.106 - - [04/Mar/2026:15:55:32 +1000] "GET /admin HTTP/1.1" 404 - "-" "Mozilla/5.0 (X11; Linux x86_64) AppleWebKit/537.36 (KHTML, like Gecko) Chrome/120.0.0.0 Safari/537.36"
141.98.11.106 - - [04/Mar/2026:15:55:33 +1000] "GET /wp-login HTTP/1.1" 404 - "-" "Mozilla/5.0 (Windows NT 10.0; Win64; x64; rv:121.0) Gecko/20100101 Firefox/121.0"
141.98.11.106 - - [04/Mar/2026:15:55:33 +1000] "GET /wordpress/wp-login.php HTTP/1.1" 404 - "-" "Mozilla/5.0 (Windows NT 10.0; Win64; x64) AppleWebKit/537.36 (KHTML, like Gecko) Chrome/120.0.0.0 Safari/537.36"
141.98.11.106 - - [04/Mar/2026:15:55:33 +1000] "GET /blog/wp-login.php HTTP/1.1" 404 - "-" "Mozilla/5.0 (Windows NT 10.0; Win64; x64; rv:121.0) Gecko/20100101 Firefox/121.0"
141.98.11.106 - - [04/Mar/2026:15:55:33 +1000] "GET /wp/wp-login.php HTTP/1.1" 404 - "-" "Mozilla/5.0 (Windows NT 11.0; Win64; x64) AppleWebKit/537.36 (KHTML, like Gecko) Chrome/121.0.0.0 Safari/537.36"
141.98.11.106 - - [04/Mar/2026:15:55:34 +1000] "GET /cms/wp-login.php HTTP/1.1" 404 - "-" "Mozilla/5.0 (Windows NT 11.0; Win64; x64) AppleWebKit/537.36 (KHTML, like Gecko) Chrome/121.0.0.0 Safari/537.36"
118.127.40.73 - - [04/Mar/2026:16:12:11 +1000] "GET / HTTP/1.1" 200 658 "-" "Python/3.11 aiohttp/3.9.2"
118.127.40.73 - - [04/Mar/2026:16:42:11 +1000] "GET / HTTP/1.1" 200 658 "-" "Python/3.11 aiohttp/3.9.2"
118.127.40.73 - - [04/Mar/2026:17:12:11 +1000] "GET / HTTP/1.1" 200 658 "-" "Python/3.11 aiohttp/3.9.2"
118.127.40.73 - - [04/Mar/2026:17:42:12 +1000] "GET / HTTP/1.1" 200 658 "-" "Python/3.11 aiohttp/3.9.2"
118.127.40.73 - - [04/Mar/2026:18:12:11 +1000] "GET / HTTP/1.1" 200 658 "-" "Python/3.11 aiohttp/3.9.2"
74.7.228.43 - - [04/Mar/2026:18:38:50 +1000] "GET /robots.txt HTTP/1.1" 404 - "-" "Mozilla/5.0 (Macintosh; Intel Mac OS X 10_15_7) AppleWebKit/537.36 (KHTML, like Gecko) Chrome/131.0.0.0 Safari/537.36; compatible; OAI-SearchBot/1.3; robots.txt; +https://openai.com/searchbot"
74.7.242.43 - - [04/Mar/2026:18:38:53 +1000] "GET / HTTP/1.1" 200 658 "-" "Mozilla/5.0 AppleWebKit/537.36 (KHTML, like Gecko; compatible; GPTBot/1.3; +https://openai.com/gptbot)"
74.7.242.43 - - [04/Mar/2026:18:38:59 +1000] "GET /?C=N;O=D HTTP/1.1" 200 658 "https://mydata1.posscales.com.au/" "Mozilla/5.0 AppleWebKit/537.36 (KHTML, like Gecko; compatible; GPTBot/1.3; +https://openai.com/gptbot)"
74.7.242.43 - - [04/Mar/2026:18:39:01 +1000] "GET /?C=D;O=A HTTP/1.1" 200 658 "https://mydata1.posscales.com.au/" "Mozilla/5.0 AppleWebKit/537.36 (KHTML, like Gecko; compatible; GPTBot/1.3; +https://openai.com/gptbot)"
74.7.242.43 - - [04/Mar/2026:18:39:03 +1000] "GET /?C=S;O=A HTTP/1.1" 200 658 "https://mydata1.posscales.com.au/" "Mozilla/5.0 AppleWebKit/537.36 (KHTML, like Gecko; compatible; GPTBot/1.3; +https://openai.com/gptbot)"
74.7.242.43 - - [04/Mar/2026:18:39:05 +1000] "GET /?C=N;O=A HTTP/1.1" 200 658 "https://mydata1.posscales.com.au/?C=N;O=D" "Mozilla/5.0 AppleWebKit/537.36 (KHTML, like Gecko; compatible; GPTBot/1.3; +https://openai.com/gptbot)"
74.7.242.43 - - [04/Mar/2026:18:39:07 +1000] "GET /?C=D;O=D HTTP/1.1" 200 658 "https://mydata1.posscales.com.au/?C=D;O=A" "Mozilla/5.0 AppleWebKit/537.36 (KHTML, like Gecko; compatible; GPTBot/1.3; +https://openai.com/gptbot)"
74.7.242.43 - - [04/Mar/2026:18:39:09 +1000] "GET /?C=S;O=D HTTP/1.1" 200 658 "https://mydata1.posscales.com.au/?C=S;O=A" "Mozilla/5.0 AppleWebKit/537.36 (KHTML, like Gecko; compatible; GPTBot/1.3; +https://openai.com/gptbot)"
118.127.40.73 - - [04/Mar/2026:18:42:12 +1000] "GET / HTTP/1.1" 200 658 "-" "Python/3.11 aiohttp/3.9.2"
118.127.40.73 - - [04/Mar/2026:19:12:14 +1000] "GET / HTTP/1.1" 200 658 "-" "Python/3.11 aiohttp/3.9.2"
118.127.40.73 - - [04/Mar/2026:19:42:13 +1000] "GET / HTTP/1.1" 200 658 "-" "Python/3.11 aiohttp/3.9.2"
118.127.40.73 - - [04/Mar/2026:20:12:13 +1000] "GET / HTTP/1.1" 200 658 "-" "Python/3.11 aiohttp/3.9.2"
118.127.40.73 - - [04/Mar/2026:20:42:13 +1000] "GET / HTTP/1.1" 200 658 "-" "Python/3.11 aiohttp/3.9.2"
118.127.40.73 - - [04/Mar/2026:21:12:13 +1000] "GET / HTTP/1.1" 200 658 "-" "Python/3.11 aiohttp/3.9.2"
118.127.40.73 - - [04/Mar/2026:21:42:13 +1000] "GET / HTTP/1.1" 200 658 "-" "Python/3.11 aiohttp/3.9.2"
74.7.244.29 - - [04/Mar/2026:21:45:02 +1000] "GET /robots.txt HTTP/1.1" 404 - "-" "Mozilla/5.0 (Macintosh; Intel Mac OS X 10_15_7) AppleWebKit/537.36 (KHTML, like Gecko) Chrome/131.0.0.0 Safari/537.36; compatible; OAI-SearchBot/1.3; robots.txt; +https://openai.com/searchbot"
118.127.40.73 - - [04/Mar/2026:22:12:14 +1000] "GET / HTTP/1.1" 200 658 "-" "Python/3.11 aiohttp/3.9.2"
118.127.40.73 - - [04/Mar/2026:22:42:14 +1000] "GET / HTTP/1.1" 200 658 "-" "Python/3.11 aiohttp/3.9.2"
118.127.40.73 - - [04/Mar/2026:23:12:14 +1000] "GET / HTTP/1.1" 200 658 "-" "Python/3.11 aiohttp/3.9.2"
118.127.40.73 - - [04/Mar/2026:23:42:14 +1000] "GET / HTTP/1.1" 200 658 "-" "Python/3.11 aiohttp/3.9.2"
118.127.40.73 - - [05/Mar/2026:00:12:14 +1000] "GET / HTTP/1.1" 200 658 "-" "Python/3.11 aiohttp/3.9.2"
118.127.40.73 - - [05/Mar/2026:00:42:15 +1000] "GET / HTTP/1.1" 200 658 "-" "Python/3.11 aiohttp/3.9.2"
118.127.40.73 - - [05/Mar/2026:01:12:15 +1000] "GET / HTTP/1.1" 200 658 "-" "Python/3.11 aiohttp/3.9.2"
118.127.40.73 - - [05/Mar/2026:01:42:15 +1000] "GET / HTTP/1.1" 200 658 "-" "Python/3.11 aiohttp/3.9.2"
118.127.40.73 - - [05/Mar/2026:02:12:15 +1000] "GET / HTTP/1.1" 200 658 "-" "Python/3.11 aiohttp/3.9.2"
204.101.161.15 - - [05/Mar/2026:02:27:45 +1000] "GET / HTTP/1.1" 200 658 "-" "Mozilla/5.0 (X11; Linux x86_64) AppleWebKit/537.36 (KHTML, like Gecko) Chrome/145.0.0.0 Safari/537.36"
204.101.161.15 - - [05/Mar/2026:02:27:45 +1000] "GET /favicon.ico HTTP/1.1" 404 - "https://www.mydata1.posscales.com.au/" "Mozilla/5.0 (X11; Linux x86_64) AppleWebKit/537.36 (KHTML, like Gecko) Chrome/145.0.0.0 Safari/537.36"
118.127.40.73 - - [05/Mar/2026:02:42:16 +1000] "GET / HTTP/1.1" 200 658 "-" "Python/3.11 aiohttp/3.9.2"
104.152.52.215 - - [05/Mar/2026:02:48:26 +1000] "GET / HTTP/1.1" 200 658 "-" "curl/7.61.1"
104.152.52.215 - - [05/Mar/2026:02:48:26 +1000] "GET /favicon.ico HTTP/1.1" 404 - "-" "curl/7.61.1"
118.127.40.73 - - [05/Mar/2026:03:12:16 +1000] "GET / HTTP/1.1" 200 658 "-" "Python/3.11 aiohttp/3.9.2"
118.127.40.73 - - [05/Mar/2026:03:42:16 +1000] "GET / HTTP/1.1" 200 658 "-" "Python/3.11 aiohttp/3.9.2"
118.127.40.73 - - [05/Mar/2026:04:12:17 +1000] "GET / HTTP/1.1" 200 658 "-" "Python/3.11 aiohttp/3.9.2"
138.246.253.24 - - [05/Mar/2026:04:32:10 +1000] "GET /robots.txt HTTP/1.1" 404 - "-" "Mozilla/5.0 (Windows NT 10.0; Win64; x64) AppleWebKit/537.36 (KHTML, like Gecko) Chrome/103.0.5060.134 Safari/537.36"
118.127.40.73 - - [05/Mar/2026:04:42:16 +1000] "GET / HTTP/1.1" 200 658 "-" "Python/3.11 aiohttp/3.9.2"
118.127.40.73 - - [05/Mar/2026:05:12:17 +1000] "GET / HTTP/1.1" 200 658 "-" "Python/3.11 aiohttp/3.9.2"
118.127.40.73 - - [05/Mar/2026:05:42:17 +1000] "GET / HTTP/1.1" 200 658 "-" "Python/3.11 aiohttp/3.9.2"
118.127.40.73 - - [05/Mar/2026:06:12:17 +1000] "GET / HTTP/1.1" 200 658 "-" "Python/3.11 aiohttp/3.9.2"
118.127.40.73 - - [05/Mar/2026:06:42:17 +1000] "GET / HTTP/1.1" 200 658 "-" "Python/3.11 aiohttp/3.9.2"
118.127.40.73 - - [05/Mar/2026:07:12:17 +1000] "GET / HTTP/1.1" 200 658 "-" "Python/3.11 aiohttp/3.9.2"
118.127.40.73 - - [05/Mar/2026:07:42:18 +1000] "GET / HTTP/1.1" 200 658 "-" "Python/3.11 aiohttp/3.9.2"
118.127.40.73 - - [05/Mar/2026:08:12:18 +1000] "GET / HTTP/1.1" 200 658 "-" "Python/3.11 aiohttp/3.9.2"
118.127.40.73 - - [05/Mar/2026:08:42:18 +1000] "GET / HTTP/1.1" 200 658 "-" "Python/3.11 aiohttp/3.9.2"
118.127.40.73 - - [05/Mar/2026:09:12:20 +1000] "GET / HTTP/1.1" 200 658 "-" "Python/3.11 aiohttp/3.9.2"
118.127.40.73 - - [05/Mar/2026:09:42:19 +1000] "GET / HTTP/1.1" 200 658 "-" "Python/3.11 aiohttp/3.9.2"
118.127.40.73 - - [05/Mar/2026:10:12:19 +1000] "GET / HTTP/1.1" 200 658 "-" "Python/3.11 aiohttp/3.9.2"
118.127.40.73 - - [05/Mar/2026:10:42:19 +1000] "GET / HTTP/1.1" 200 658 "-" "Python/3.11 aiohttp/3.9.2"
118.127.40.73 - - [05/Mar/2026:11:12:19 +1000] "GET / HTTP/1.1" 200 658 "-" "Python/3.11 aiohttp/3.9.2"
118.127.40.73 - - [05/Mar/2026:11:42:20 +1000] "GET / HTTP/1.1" 200 658 "-" "Python/3.11 aiohttp/3.9.2"
118.127.40.73 - - [05/Mar/2026:12:12:20 +1000] "GET / HTTP/1.1" 200 658 "-" "Python/3.11 aiohttp/3.9.2"
118.127.40.73 - - [05/Mar/2026:12:42:21 +1000] "GET / HTTP/1.1" 200 658 "-" "Python/3.11 aiohttp/3.9.2"
118.127.40.73 - - [05/Mar/2026:13:12:28 +1000] "GET / HTTP/1.1" 200 658 "-" "Python/3.11 aiohttp/3.9.2"
118.127.40.73 - - [05/Mar/2026:13:42:21 +1000] "GET / HTTP/1.1" 200 658 "-" "Python/3.11 aiohttp/3.9.2"
118.127.40.73 - - [05/Mar/2026:14:12:20 +1000] "GET / HTTP/1.1" 200 658 "-" "Python/3.11 aiohttp/3.9.2"
118.127.40.73 - - [05/Mar/2026:14:42:21 +1000] "GET / HTTP/1.1" 200 658 "-" "Python/3.11 aiohttp/3.9.2"
118.127.40.73 - - [05/Mar/2026:15:12:21 +1000] "GET / HTTP/1.1" 200 658 "-" "Python/3.11 aiohttp/3.9.2"
118.127.40.73 - - [05/Mar/2026:15:42:21 +1000] "GET / HTTP/1.1" 200 658 "-" "Python/3.11 aiohttp/3.9.2"
118.127.40.73 - - [05/Mar/2026:16:12:21 +1000] "GET / HTTP/1.1" 200 658 "-" "Python/3.11 aiohttp/3.9.2"
118.127.40.73 - - [05/Mar/2026:16:42:21 +1000] "GET / HTTP/1.1" 200 658 "-" "Python/3.11 aiohttp/3.9.2"
118.127.40.73 - - [05/Mar/2026:17:12:22 +1000] "GET / HTTP/1.1" 200 658 "-" "Python/3.11 aiohttp/3.9.2"
118.127.40.73 - - [05/Mar/2026:17:42:22 +1000] "GET / HTTP/1.1" 200 658 "-" "Python/3.11 aiohttp/3.9.2"
118.127.40.73 - - [05/Mar/2026:18:12:22 +1000] "GET / HTTP/1.1" 200 658 "-" "Python/3.11 aiohttp/3.9.2"
118.127.40.73 - - [05/Mar/2026:18:42:22 +1000] "GET / HTTP/1.1" 200 658 "-" "Python/3.11 aiohttp/3.9.2"
18.118.47.47 - - [05/Mar/2026:19:04:57 +1000] "GET / HTTP/1.1" 200 658 "-" "Mozilla/5.0 (X11; Linux x86_64) AppleWebKit/537.36 (KHTML, like Gecko) Chrome/131.0.0.0 Safari/537.36"
18.118.47.47 - - [05/Mar/2026:19:04:57 +1000] "POST / HTTP/1.1" 404 - "-" "Mozilla/5.0 (X11; Linux x86_64) AppleWebKit/537.36 (KHTML, like Gecko) Chrome/131.0.0.0 Safari/537.36"
18.118.47.47 - - [05/Mar/2026:19:04:58 +1000] "POST / HTTP/1.1" 404 - "-" "Mozilla/5.0 (X11; Linux x86_64) AppleWebKit/537.36 (KHTML, like Gecko) Chrome/131.0.0.0 Safari/537.36"
18.118.47.47 - - [05/Mar/2026:19:04:58 +1000] "POST / HTTP/1.1" 404 - "-" "Mozilla/5.0 (X11; Linux x86_64) AppleWebKit/537.36 (KHTML, like Gecko) Chrome/131.0.0.0 Safari/537.36"
118.127.40.73 - - [05/Mar/2026:19:12:22 +1000] "GET / HTTP/1.1" 200 658 "-" "Python/3.11 aiohttp/3.9.2"
3.38.197.248 - - [05/Mar/2026:19:25:24 +1000] "GET / HTTP/1.1" 200 658 "-" "Mozilla/5.0 (X11; Linux x86_64) AppleWebKit/537.36 (KHTML, like Gecko) Chrome/131.0.0.0 Safari/537.36"
3.38.197.248 - - [05/Mar/2026:19:25:24 +1000] "POST / HTTP/1.1" 404 - "-" "Mozilla/5.0 (X11; Linux x86_64) AppleWebKit/537.36 (KHTML, like Gecko) Chrome/131.0.0.0 Safari/537.36"
3.38.197.248 - - [05/Mar/2026:19:25:24 +1000] "POST / HTTP/1.1" 404 - "-" "Mozilla/5.0 (X11; Linux x86_64) AppleWebKit/537.36 (KHTML, like Gecko) Chrome/131.0.0.0 Safari/537.36"
3.38.197.248 - - [05/Mar/2026:19:25:24 +1000] "POST / HTTP/1.1" 404 - "-" "Mozilla/5.0 (X11; Linux x86_64) AppleWebKit/537.36 (KHTML, like Gecko) Chrome/131.0.0.0 Safari/537.36"
118.127.40.73 - - [05/Mar/2026:19:42:22 +1000] "GET / HTTP/1.1" 200 658 "-" "Python/3.11 aiohttp/3.9.2"
118.127.40.73 - - [05/Mar/2026:20:12:23 +1000] "GET / HTTP/1.1" 200 658 "-" "Python/3.11 aiohttp/3.9.2"
118.127.40.73 - - [05/Mar/2026:20:42:23 +1000] "GET / HTTP/1.1" 200 658 "-" "Python/3.11 aiohttp/3.9.2"
74.7.244.29 - - [05/Mar/2026:20:44:14 +1000] "GET /robots.txt HTTP/1.1" 404 - "-" "Mozilla/5.0 (Macintosh; Intel Mac OS X 10_15_7) AppleWebKit/537.36 (KHTML, like Gecko) Chrome/131.0.0.0 Safari/537.36; compatible; OAI-SearchBot/1.3; robots.txt; +https://openai.com/searchbot"
74.7.242.20 - - [05/Mar/2026:20:44:17 +1000] "GET / HTTP/1.1" 200 658 "-" "Mozilla/5.0 AppleWebKit/537.36 (KHTML, like Gecko; compatible; GPTBot/1.3; +https://openai.com/gptbot)"
74.7.242.20 - - [05/Mar/2026:20:44:23 +1000] "GET /?C=D;O=A HTTP/1.1" 200 658 "https://www.mydata1.posscales.com.au/" "Mozilla/5.0 AppleWebKit/537.36 (KHTML, like Gecko; compatible; GPTBot/1.3; +https://openai.com/gptbot)"
74.7.242.20 - - [05/Mar/2026:20:44:28 +1000] "GET /?C=N;O=D HTTP/1.1" 200 658 "https://www.mydata1.posscales.com.au/" "Mozilla/5.0 AppleWebKit/537.36 (KHTML, like Gecko; compatible; GPTBot/1.3; +https://openai.com/gptbot)"
74.7.242.20 - - [05/Mar/2026:20:44:30 +1000] "GET /?C=S;O=A HTTP/1.1" 200 658 "https://www.mydata1.posscales.com.au/" "Mozilla/5.0 AppleWebKit/537.36 (KHTML, like Gecko; compatible; GPTBot/1.3; +https://openai.com/gptbot)"
74.7.242.20 - - [05/Mar/2026:20:44:32 +1000] "GET /?C=N;O=A HTTP/1.1" 200 658 "https://www.mydata1.posscales.com.au/?C=D;O=A" "Mozilla/5.0 AppleWebKit/537.36 (KHTML, like Gecko; compatible; GPTBot/1.3; +https://openai.com/gptbot)"
74.7.242.20 - - [05/Mar/2026:20:44:34 +1000] "GET /?C=D;O=D HTTP/1.1" 200 658 "https://www.mydata1.posscales.com.au/?C=D;O=A" "Mozilla/5.0 AppleWebKit/537.36 (KHTML, like Gecko; compatible; GPTBot/1.3; +https://openai.com/gptbot)"
74.7.242.20 - - [05/Mar/2026:20:44:36 +1000] "GET /?C=S;O=D HTTP/1.1" 200 658 "https://www.mydata1.posscales.com.au/?C=S;O=A" "Mozilla/5.0 AppleWebKit/537.36 (KHTML, like Gecko; compatible; GPTBot/1.3; +https://openai.com/gptbot)"
118.127.40.73 - - [05/Mar/2026:21:12:23 +1000] "GET / HTTP/1.1" 200 658 "-" "Python/3.11 aiohttp/3.9.2"
118.127.40.73 - - [05/Mar/2026:21:42:24 +1000] "GET / HTTP/1.1" 200 658 "-" "Python/3.11 aiohttp/3.9.2"
74.7.228.43 - - [05/Mar/2026:22:05:53 +1000] "GET /robots.txt HTTP/1.1" 404 - "-" "Mozilla/5.0 (Macintosh; Intel Mac OS X 10_15_7) AppleWebKit/537.36 (KHTML, like Gecko) Chrome/131.0.0.0 Safari/537.36; compatible; OAI-SearchBot/1.3; robots.txt; +https://openai.com/searchbot"
118.127.40.73 - - [05/Mar/2026:22:12:24 +1000] "GET / HTTP/1.1" 200 658 "-" "Python/3.11 aiohttp/3.9.2"
118.127.40.73 - - [05/Mar/2026:22:42:24 +1000] "GET / HTTP/1.1" 200 658 "-" "Python/3.11 aiohttp/3.9.2"
118.127.40.73 - - [05/Mar/2026:23:12:24 +1000] "GET / HTTP/1.1" 200 658 "-" "Python/3.11 aiohttp/3.9.2"
118.127.40.73 - - [05/Mar/2026:23:42:24 +1000] "GET / HTTP/1.1" 200 658 "-" "Python/3.11 aiohttp/3.9.2"
118.127.40.73 - - [06/Mar/2026:00:12:25 +1000] "GET / HTTP/1.1" 200 658 "-" "Python/3.11 aiohttp/3.9.2"
118.127.40.73 - - [06/Mar/2026:00:42:25 +1000] "GET / HTTP/1.1" 200 658 "-" "Python/3.11 aiohttp/3.9.2"
118.127.40.73 - - [06/Mar/2026:01:12:25 +1000] "GET / HTTP/1.1" 200 658 "-" "Python/3.11 aiohttp/3.9.2"
118.127.40.73 - - [06/Mar/2026:01:42:25 +1000] "GET / HTTP/1.1" 200 658 "-" "Python/3.11 aiohttp/3.9.2"
118.127.40.73 - - [06/Mar/2026:02:12:25 +1000] "GET / HTTP/1.1" 200 658 "-" "Python/3.11 aiohttp/3.9.2"
118.127.40.73 - - [06/Mar/2026:02:42:25 +1000] "GET / HTTP/1.1" 200 658 "-" "Python/3.11 aiohttp/3.9.2"
118.127.40.73 - - [06/Mar/2026:03:12:26 +1000] "GET / HTTP/1.1" 200 658 "-" "Python/3.11 aiohttp/3.9.2"
118.127.40.73 - - [06/Mar/2026:03:42:26 +1000] "GET / HTTP/1.1" 200 658 "-" "Python/3.11 aiohttp/3.9.2"
118.127.40.73 - - [06/Mar/2026:04:12:26 +1000] "GET / HTTP/1.1" 200 658 "-" "Python/3.11 aiohttp/3.9.2"
118.127.40.73 - - [06/Mar/2026:04:42:26 +1000] "GET / HTTP/1.1" 200 658 "-" "Python/3.11 aiohttp/3.9.2"
118.127.40.73 - - [06/Mar/2026:05:12:26 +1000] "GET / HTTP/1.1" 200 658 "-" "Python/3.11 aiohttp/3.9.2"
118.127.40.73 - - [06/Mar/2026:05:42:26 +1000] "GET / HTTP/1.1" 200 658 "-" "Python/3.11 aiohttp/3.9.2"
118.127.40.73 - - [06/Mar/2026:06:12:27 +1000] "GET / HTTP/1.1" 200 658 "-" "Python/3.11 aiohttp/3.9.2"
118.127.40.73 - - [06/Mar/2026:06:42:27 +1000] "GET / HTTP/1.1" 200 658 "-" "Python/3.11 aiohttp/3.9.2"
118.127.40.73 - - [06/Mar/2026:07:12:27 +1000] "GET / HTTP/1.1" 200 658 "-" "Python/3.11 aiohttp/3.9.2"
118.127.40.73 - - [06/Mar/2026:07:42:27 +1000] "GET / HTTP/1.1" 200 658 "-" "Python/3.11 aiohttp/3.9.2"
118.127.40.73 - - [06/Mar/2026:08:12:28 +1000] "GET / HTTP/1.1" 200 658 "-" "Python/3.11 aiohttp/3.9.2"
118.127.40.73 - - [06/Mar/2026:08:42:28 +1000] "GET / HTTP/1.1" 200 658 "-" "Python/3.11 aiohttp/3.9.2"
118.127.40.73 - - [06/Mar/2026:09:12:28 +1000] "GET / HTTP/1.1" 200 658 "-" "Python/3.11 aiohttp/3.9.2"
118.127.40.73 - - [06/Mar/2026:09:42:28 +1000] "GET / HTTP/1.1" 200 658 "-" "Python/3.11 aiohttp/3.9.2"
118.127.40.73 - - [06/Mar/2026:10:12:28 +1000] "GET / HTTP/1.1" 200 658 "-" "Python/3.11 aiohttp/3.9.2"
118.127.40.73 - - [06/Mar/2026:10:42:28 +1000] "GET / HTTP/1.1" 200 658 "-" "Python/3.11 aiohttp/3.9.2"
118.127.40.73 - - [06/Mar/2026:11:12:29 +1000] "GET / HTTP/1.1" 200 658 "-" "Python/3.11 aiohttp/3.9.2"
178.128.214.119 - - [06/Mar/2026:11:29:34 +1000] "GET / HTTP/1.1" 200 658 "-" "Mozilla/5.0 (X11; Linux i686) AppleWebKit/537.36 (KHTML, like Gecko) Chrome/142.0.0.0 Safari/537.36"
118.127.40.73 - - [06/Mar/2026:11:42:29 +1000] "GET / HTTP/1.1" 200 658 "-" "Python/3.11 aiohttp/3.9.2"
118.127.40.73 - - [06/Mar/2026:12:12:29 +1000] "GET / HTTP/1.1" 200 658 "-" "Python/3.11 aiohttp/3.9.2"
118.127.40.73 - - [06/Mar/2026:12:42:29 +1000] "GET / HTTP/1.1" 200 658 "-" "Python/3.11 aiohttp/3.9.2"
118.127.40.73 - - [06/Mar/2026:13:12:29 +1000] "GET / HTTP/1.1" 200 658 "-" "Python/3.11 aiohttp/3.9.2"
178.128.214.119 - - [06/Mar/2026:13:35:15 +1000] "GET / HTTP/1.1" 200 658 "-" "Mozilla/5.0 (Macintosh; U; PPC Mac OS X 10_10_3 rv:2.0; so-DJ) AppleWebKit/533.15.6 (KHTML, like Gecko) Version/4.0.2 Safari/533.15.6"
204.76.203.25 - - [06/Mar/2026:13:35:42 +1000] "GET /.env HTTP/1.1" 404 - "-" "Mozilla/5.0 (Windows NT 10.0; Win64; x64) AppleWebKit/537.36 (KHTML, like Gecko) Chrome/134.0.0.0 Safari/537.3"
162.142.125.118 - - [06/Mar/2026:13:39:59 +1000] "GET / HTTP/1.1" 200 658 "-" "Mozilla/5.0 (compatible; CensysInspect/1.1; +https://about.censys.io/)"
162.142.125.118 - - [06/Mar/2026:13:40:02 +1000] "GET /favicon.ico HTTP/1.1" 404 - "-" "Mozilla/5.0 (compatible; CensysInspect/1.1; +https://about.censys.io/)"
162.142.125.118 - - [06/Mar/2026:13:40:15 +1000] "GET / HTTP/1.1" 200 658 "-" "Mozilla/5.0 (compatible; CensysInspect/1.1; +https://about.censys.io/)"
162.142.125.118 - - [06/Mar/2026:13:40:15 +1000] "GET /cgi-bin HTTP/1.1" 301 289 "-" "Mozilla/5.0 (compatible; CensysInspect/1.1; +https://about.censys.io/)"
162.142.125.118 - - [06/Mar/2026:13:40:16 +1000] "GET /cgi-bin/ HTTP/1.1" 404 - "https://mydata1.posscales.com.au:443/cgi-bin" "Mozilla/5.0 (compatible; CensysInspect/1.1; +https://about.censys.io/)"
118.127.40.73 - - [06/Mar/2026:13:42:30 +1000] "GET / HTTP/1.1" 200 658 "-" "Python/3.11 aiohttp/3.9.2"
118.127.40.73 - - [06/Mar/2026:14:12:30 +1000] "GET / HTTP/1.1" 200 658 "-" "Python/3.11 aiohttp/3.9.2"
118.127.40.73 - - [06/Mar/2026:14:42:30 +1000] "GET / HTTP/1.1" 200 658 "-" "Python/3.11 aiohttp/3.9.2"
118.127.40.73 - - [06/Mar/2026:15:12:30 +1000] "GET / HTTP/1.1" 200 658 "-" "Python/3.11 aiohttp/3.9.2"
118.127.40.73 - - [06/Mar/2026:15:42:30 +1000] "GET / HTTP/1.1" 200 658 "-" "Python/3.11 aiohttp/3.9.2"
118.127.40.73 - - [06/Mar/2026:16:12:31 +1000] "GET / HTTP/1.1" 200 658 "-" "Python/3.11 aiohttp/3.9.2"
118.127.40.73 - - [06/Mar/2026:16:42:31 +1000] "GET / HTTP/1.1" 200 658 "-" "Python/3.11 aiohttp/3.9.2"
118.127.40.73 - - [06/Mar/2026:17:12:31 +1000] "GET / HTTP/1.1" 200 658 "-" "Python/3.11 aiohttp/3.9.2"
118.127.40.73 - - [06/Mar/2026:17:42:31 +1000] "GET / HTTP/1.1" 200 658 "-" "Python/3.11 aiohttp/3.9.2"
138.246.253.24 - - [06/Mar/2026:17:44:34 +1000] "GET /robots.txt HTTP/1.1" 404 - "-" "Mozilla/5.0 (Windows NT 10.0; Win64; x64) AppleWebKit/537.36 (KHTML, like Gecko) Chrome/103.0.5060.134 Safari/537.36"
118.127.40.73 - - [06/Mar/2026:18:12:31 +1000] "GET / HTTP/1.1" 200 658 "-" "Python/3.11 aiohttp/3.9.2"
118.127.40.73 - - [06/Mar/2026:18:42:31 +1000] "GET / HTTP/1.1" 200 658 "-" "Python/3.11 aiohttp/3.9.2"
118.127.40.73 - - [06/Mar/2026:19:12:31 +1000] "GET / HTTP/1.1" 200 658 "-" "Python/3.11 aiohttp/3.9.2"
195.178.110.157 - - [06/Mar/2026:19:16:02 +1000] "GET /.git/config HTTP/1.1" 404 - "-" "Mozilla/5.0 (Windows NT 10.0; Win64; x64) AppleWebKit/537.36 (KHTML, like Gecko) Chrome/122.0.0.0 Safari/537.36"
118.127.40.73 - - [06/Mar/2026:19:42:32 +1000] "GET / HTTP/1.1" 200 658 "-" "Python/3.11 aiohttp/3.9.2"
161.115.235.50 - - [06/Mar/2026:19:56:54 +1000] "GET / HTTP/1.1" 200 658 "-" "Python/3.11 aiohttp/3.9.1"
161.115.235.50 - - [06/Mar/2026:19:56:58 +1000] "GET / HTTP/1.1" 200 658 "-" "Python/3.11 aiohttp/3.9.1"
118.127.40.73 - - [06/Mar/2026:20:12:32 +1000] "GET / HTTP/1.1" 200 658 "-" "Python/3.11 aiohttp/3.9.2"
118.127.40.73 - - [06/Mar/2026:20:42:32 +1000] "GET / HTTP/1.1" 200 658 "-" "Python/3.11 aiohttp/3.9.2"
118.127.40.73 - - [06/Mar/2026:21:12:32 +1000] "GET / HTTP/1.1" 200 658 "-" "Python/3.11 aiohttp/3.9.2"
118.127.40.73 - - [06/Mar/2026:21:42:32 +1000] "GET / HTTP/1.1" 200 658 "-" "Python/3.11 aiohttp/3.9.2"
118.127.40.73 - - [06/Mar/2026:22:12:33 +1000] "GET / HTTP/1.1" 200 658 "-" "Python/3.11 aiohttp/3.9.2"
118.127.40.73 - - [06/Mar/2026:22:42:33 +1000] "GET / HTTP/1.1" 200 658 "-" "Python/3.11 aiohttp/3.9.2"
118.127.40.73 - - [06/Mar/2026:23:12:33 +1000] "GET / HTTP/1.1" 200 658 "-" "Python/3.11 aiohttp/3.9.2"
