HEX
Server: Apache
System: Linux server2.voipitup.com.au 4.18.0-553.104.1.lve.el8.x86_64 #1 SMP Tue Feb 10 20:07:30 UTC 2026 x86_64
User: posscale (1027)
PHP: 8.2.29
Disabled: exec,passthru,shell_exec,system
Upload Files
File: //home/posscale/access-logs/newsitenew.posscales.com.au-ssl_log
74.7.175.185 - - [28/Feb/2026:22:16:31 +1000] "GET /robots.txt HTTP/1.1" 200 24 "-" "Mozilla/5.0 (Macintosh; Intel Mac OS X 10_15_7) AppleWebKit/537.36 (KHTML, like Gecko) Chrome/131.0.0.0 Safari/537.36; compatible; OAI-SearchBot/1.3; robots.txt; +https://openai.com/searchbot"
118.127.40.73 - - [28/Feb/2026:22:44:58 +1000] "GET / HTTP/1.1" 500 425936 "-" "Python/3.11 aiohttp/3.9.2"
118.127.40.73 - - [28/Feb/2026:23:15:00 +1000] "GET / HTTP/1.1" 500 172016 "-" "Python/3.11 aiohttp/3.9.2"
45.153.34.31 - - [28/Feb/2026:23:37:57 +1000] "GET /.git/config HTTP/1.1" 404 6603 "-" "Mozilla/5.0 (X11; Fedora; Linux x86_64) AppleWebKit/537.36 (KHTML, like Gecko) Chrome/52.0.2743.116 Safari/537.36"
118.127.40.73 - - [28/Feb/2026:23:44:58 +1000] "GET / HTTP/1.1" 500 335832 "-" "Python/3.11 aiohttp/3.9.2"
118.127.40.73 - - [01/Mar/2026:00:14:59 +1000] "GET / HTTP/1.1" 500 212968 "-" "Python/3.11 aiohttp/3.9.2"
118.127.40.73 - - [01/Mar/2026:00:45:02 +1000] "GET / HTTP/1.1" 500 352216 "-" "Python/3.11 aiohttp/3.9.2"
118.127.40.73 - - [01/Mar/2026:01:14:59 +1000] "GET / HTTP/1.1" 500 163824 "-" "Python/3.11 aiohttp/3.9.2"
87.236.176.250 - - [01/Mar/2026:01:40:59 +1000] "GET / HTTP/1.1" 500 1076314 "-" "Mozilla/5.0 (compatible; InternetMeasurement/1.0; +https://internet-measurement.com/)"
118.127.40.73 - - [01/Mar/2026:01:45:00 +1000] "GET / HTTP/1.1" 500 147440 "-" "Python/3.11 aiohttp/3.9.2"
118.127.40.73 - - [01/Mar/2026:02:14:59 +1000] "GET / HTTP/1.1" 500 278496 "-" "Python/3.11 aiohttp/3.9.2"
118.127.40.73 - - [01/Mar/2026:02:45:02 +1000] "GET / HTTP/1.1" 500 241320 "-" "Python/3.11 aiohttp/3.9.2"
118.127.40.73 - - [01/Mar/2026:03:15:01 +1000] "GET / HTTP/1.1" 500 876440 "-" "Python/3.11 aiohttp/3.9.2"
118.127.40.73 - - [01/Mar/2026:03:45:01 +1000] "GET / HTTP/1.1" 500 172016 "-" "Python/3.11 aiohttp/3.9.2"
35.204.109.104 - - [01/Mar/2026:03:47:48 +1000] "GET / HTTP/1.1" 500 1076532 "-" "Scrapy/2.13.4 (+https://scrapy.org)"
157.245.36.108 - - [01/Mar/2026:03:53:40 +1000] "GET / HTTP/1.1" 500 241320 "-" "Mozilla/5.0 (l9scan/2.0.330313e20343e2732313e2831313; +https://leakix.net)"
164.90.228.79 - - [01/Mar/2026:03:53:40 +1000] "GET / HTTP/1.1" 500 241320 "-" "Mozilla/5.0 (l9scan/2.0.330313e20343e2732313e2831313; +https://leakix.net)"
157.245.36.108 - - [01/Mar/2026:03:53:41 +1000] "GET /console/ HTTP/1.1" 301 295 "-" "Mozilla/5.0 (l9scan/2.0.330313e20343e2732313e2831313; +https://leakix.net)"
164.90.228.79 - - [01/Mar/2026:03:53:41 +1000] "GET /console/ HTTP/1.1" 301 291 "-" "Mozilla/5.0 (l9scan/2.0.330313e20343e2732313e2831313; +https://leakix.net)"
157.245.36.108 - - [01/Mar/2026:03:53:42 +1000] "GET /server HTTP/1.1" 404 6603 "-" "Mozilla/5.0 (l9scan/2.0.330313e20343e2732313e2831313; +https://leakix.net)"
164.90.228.79 - - [01/Mar/2026:03:53:42 +1000] "GET /server HTTP/1.1" 404 6603 "-" "Mozilla/5.0 (l9scan/2.0.330313e20343e2732313e2831313; +https://leakix.net)"
157.245.36.108 - - [01/Mar/2026:03:53:43 +1000] "GET /server-status HTTP/1.1" 404 6603 "-" "Mozilla/5.0 (l9scan/2.0.330313e20343e2732313e2831313; +https://leakix.net)"
164.90.228.79 - - [01/Mar/2026:03:53:44 +1000] "GET /server-status HTTP/1.1" 404 6603 "-" "Mozilla/5.0 (l9scan/2.0.330313e20343e2732313e2831313; +https://leakix.net)"
157.245.36.108 - - [01/Mar/2026:03:53:45 +1000] "GET /about HTTP/1.1" 404 6603 "-" "Mozilla/5.0 (l9scan/2.0.330313e20343e2732313e2831313; +https://leakix.net)"
164.90.228.79 - - [01/Mar/2026:03:53:45 +1000] "GET /about HTTP/1.1" 404 6603 "-" "Mozilla/5.0 (l9scan/2.0.330313e20343e2732313e2831313; +https://leakix.net)"
157.245.36.108 - - [01/Mar/2026:03:53:46 +1000] "GET /login.action HTTP/1.1" 404 6603 "-" "Mozilla/5.0 (l9scan/2.0.330313e20343e2732313e2831313; +https://leakix.net)"
164.90.228.79 - - [01/Mar/2026:03:53:46 +1000] "GET /login.action HTTP/1.1" 404 6603 "-" "Mozilla/5.0 (l9scan/2.0.330313e20343e2732313e2831313; +https://leakix.net)"
157.245.36.108 - - [01/Mar/2026:03:53:47 +1000] "GET /v2/_catalog HTTP/1.1" 404 8813 "-" "Mozilla/5.0 (l9scan/2.0.330313e20343e2732313e2831313; +https://leakix.net)"
164.90.228.79 - - [01/Mar/2026:03:53:48 +1000] "GET /v2/_catalog HTTP/1.1" 404 8813 "-" "Mozilla/5.0 (l9scan/2.0.330313e20343e2732313e2831313; +https://leakix.net)"
195.221.56.3 - - [01/Mar/2026:03:53:47 +1000] "GET / HTTP/1.1" 500 1076366 "-" "Mozilla/5.0 (Windows NT 10.0; Win64; x64) AppleWebKit/537.36 (KHTML, like Gecko) Chrome/131.0.0.0 Safari/537.36"
195.221.56.3 - - [01/Mar/2026:03:53:47 +1000] "GET / HTTP/1.1" 500 1076656 "-" "Mozilla/5.0 (Windows NT 10.0; Win64; x64) AppleWebKit/537.36 (KHTML, like Gecko) Chrome/131.0.0.0 Safari/537.36"
157.245.36.108 - - [01/Mar/2026:03:53:48 +1000] "GET /.DS_Store HTTP/1.1" 404 6603 "-" "Mozilla/5.0 (l9scan/2.0.330313e20343e2732313e2831313; +https://leakix.net)"
164.90.228.79 - - [01/Mar/2026:03:53:48 +1000] "GET /.DS_Store HTTP/1.1" 404 6603 "-" "Mozilla/5.0 (l9scan/2.0.330313e20343e2732313e2831313; +https://leakix.net)"
195.221.56.3 - - [01/Mar/2026:03:53:49 +1000] "GET /setup/ HTTP/1.1" 301 289 "-" "Mozilla/5.0 (Windows NT 10.0; Win64; x64) AppleWebKit/537.36 (KHTML, like Gecko) Chrome/131.0.0.0 Safari/537.36"
195.221.56.3 - - [01/Mar/2026:03:53:49 +1000] "GET /setup/ HTTP/1.1" 301 293 "-" "Mozilla/5.0 (Windows NT 10.0; Win64; x64) AppleWebKit/537.36 (KHTML, like Gecko) Chrome/131.0.0.0 Safari/537.36"
195.221.56.3 - - [01/Mar/2026:03:53:49 +1000] "GET /setup HTTP/1.1" 404 6603 "https://www.newsitenew.posscales.com.au/setup/" "Mozilla/5.0 (Windows NT 10.0; Win64; x64) AppleWebKit/537.36 (KHTML, like Gecko) Chrome/131.0.0.0 Safari/537.36"
195.221.56.3 - - [01/Mar/2026:03:53:49 +1000] "GET /setup HTTP/1.1" 404 6603 "https://newsitenew.posscales.com.au/setup/" "Mozilla/5.0 (Windows NT 10.0; Win64; x64) AppleWebKit/537.36 (KHTML, like Gecko) Chrome/131.0.0.0 Safari/537.36"
164.90.228.79 - - [01/Mar/2026:03:53:49 +1000] "GET /.env HTTP/1.1" 404 6603 "-" "Mozilla/5.0 (l9scan/2.0.330313e20343e2732313e2831313; +https://leakix.net)"
157.245.36.108 - - [01/Mar/2026:03:53:49 +1000] "GET /.env HTTP/1.1" 404 6603 "-" "Mozilla/5.0 (l9scan/2.0.330313e20343e2732313e2831313; +https://leakix.net)"
195.221.56.3 - - [01/Mar/2026:03:53:50 +1000] "POST /_internal/api/setup.php?action=exists HTTP/1.1" 404 6603 "-" "Mozilla/5.0 (Windows NT 10.0; Win64; x64) AppleWebKit/537.36 (KHTML, like Gecko) Chrome/131.0.0.0 Safari/537.36"
195.221.56.3 - - [01/Mar/2026:03:53:50 +1000] "POST /_internal/api/setup.php?action=exists HTTP/1.1" 404 6603 "-" "Mozilla/5.0 (Windows NT 10.0; Win64; x64) AppleWebKit/537.36 (KHTML, like Gecko) Chrome/131.0.0.0 Safari/537.36"
195.221.56.3 - - [01/Mar/2026:03:53:50 +1000] "POST /_internal/api/setup.php?action=exists HTTP/1.1" 404 6603 "-" "Mozilla/5.0 (Windows NT 10.0; Win64; x64) AppleWebKit/537.36 (KHTML, like Gecko) Chrome/131.0.0.0 Safari/537.36"
195.221.56.3 - - [01/Mar/2026:03:53:50 +1000] "POST /_internal/api/setup.php?action=exists HTTP/1.1" 404 6603 "-" "Mozilla/5.0 (Windows NT 10.0; Win64; x64) AppleWebKit/537.36 (KHTML, like Gecko) Chrome/131.0.0.0 Safari/537.36"
195.221.56.3 - - [01/Mar/2026:03:53:51 +1000] "GET /api/user/ HTTP/1.1" 301 296 "-" "Mozilla/5.0 (Windows NT 10.0; Win64; x64) AppleWebKit/537.36 (KHTML, like Gecko) Chrome/131.0.0.0 Safari/537.36"
195.221.56.3 - - [01/Mar/2026:03:53:51 +1000] "GET /api/user/ HTTP/1.1" 301 292 "-" "Mozilla/5.0 (Windows NT 10.0; Win64; x64) AppleWebKit/537.36 (KHTML, like Gecko) Chrome/131.0.0.0 Safari/537.36"
195.221.56.3 - - [01/Mar/2026:03:53:51 +1000] "GET /api/user HTTP/1.1" 404 6603 "https://www.newsitenew.posscales.com.au/api/user/" "Mozilla/5.0 (Windows NT 10.0; Win64; x64) AppleWebKit/537.36 (KHTML, like Gecko) Chrome/131.0.0.0 Safari/537.36"
195.221.56.3 - - [01/Mar/2026:03:53:51 +1000] "GET /api/user HTTP/1.1" 404 6603 "https://newsitenew.posscales.com.au/api/user/" "Mozilla/5.0 (Windows NT 10.0; Win64; x64) AppleWebKit/537.36 (KHTML, like Gecko) Chrome/131.0.0.0 Safari/537.36"
157.245.36.108 - - [01/Mar/2026:03:53:51 +1000] "GET /ecp/Current/exporttool/microsoft.exchange.ediscovery.exporttool.application HTTP/1.1" 404 6603 "-" "Mozilla/5.0 (l9scan/2.0.330313e20343e2732313e2831313; +https://leakix.net)"
164.90.228.79 - - [01/Mar/2026:03:53:51 +1000] "GET /ecp/Current/exporttool/microsoft.exchange.ediscovery.exporttool.application HTTP/1.1" 404 6603 "-" "Mozilla/5.0 (l9scan/2.0.330313e20343e2732313e2831313; +https://leakix.net)"
157.245.36.108 - - [01/Mar/2026:03:53:53 +1000] "GET /.git/config HTTP/1.1" 404 6603 "-" "Mozilla/5.0 (l9scan/2.0.330313e20343e2732313e2831313; +https://leakix.net)"
164.90.228.79 - - [01/Mar/2026:03:53:53 +1000] "GET /.git/config HTTP/1.1" 404 6603 "-" "Mozilla/5.0 (l9scan/2.0.330313e20343e2732313e2831313; +https://leakix.net)"
157.245.36.108 - - [01/Mar/2026:03:53:54 +1000] "POST /graphql HTTP/1.1" 404 8809 "-" "Mozilla/5.0 (l9scan/2.0.330313e20343e2732313e2831313; +https://leakix.net)"
164.90.228.79 - - [01/Mar/2026:03:53:54 +1000] "POST /graphql HTTP/1.1" 404 8809 "-" "Mozilla/5.0 (l9scan/2.0.330313e20343e2732313e2831313; +https://leakix.net)"
157.245.36.108 - - [01/Mar/2026:03:53:55 +1000] "POST /api HTTP/1.1" 404 8805 "-" "Mozilla/5.0 (l9scan/2.0.330313e20343e2732313e2831313; +https://leakix.net)"
164.90.228.79 - - [01/Mar/2026:03:53:55 +1000] "POST /api HTTP/1.1" 404 8805 "-" "Mozilla/5.0 (l9scan/2.0.330313e20343e2732313e2831313; +https://leakix.net)"
157.245.36.108 - - [01/Mar/2026:03:53:56 +1000] "POST /api/graphql HTTP/1.1" 404 8813 "-" "Mozilla/5.0 (l9scan/2.0.330313e20343e2732313e2831313; +https://leakix.net)"
164.90.228.79 - - [01/Mar/2026:03:53:56 +1000] "POST /api/graphql HTTP/1.1" 404 8813 "-" "Mozilla/5.0 (l9scan/2.0.330313e20343e2732313e2831313; +https://leakix.net)"
157.245.36.108 - - [01/Mar/2026:03:53:57 +1000] "POST /graphql/api HTTP/1.1" 404 8813 "-" "Mozilla/5.0 (l9scan/2.0.330313e20343e2732313e2831313; +https://leakix.net)"
164.90.228.79 - - [01/Mar/2026:03:53:57 +1000] "POST /graphql/api HTTP/1.1" 404 8813 "-" "Mozilla/5.0 (l9scan/2.0.330313e20343e2732313e2831313; +https://leakix.net)"
157.245.36.108 - - [01/Mar/2026:03:53:58 +1000] "POST /api/gql HTTP/1.1" 404 8809 "-" "Mozilla/5.0 (l9scan/2.0.330313e20343e2732313e2831313; +https://leakix.net)"
164.90.228.79 - - [01/Mar/2026:03:53:58 +1000] "POST /api/gql HTTP/1.1" 404 8809 "-" "Mozilla/5.0 (l9scan/2.0.330313e20343e2732313e2831313; +https://leakix.net)"
157.245.36.108 - - [01/Mar/2026:03:53:59 +1000] "GET /s/330313e20343e2732313e2831313/_/;/META-INF/maven/com.atlassian.jira/jira-webapp-dist/pom.properties HTTP/1.1" 404 6603 "-" "Mozilla/5.0 (l9scan/2.0.330313e20343e2732313e2831313; +https://leakix.net)"
164.90.228.79 - - [01/Mar/2026:03:53:59 +1000] "GET /s/330313e20343e2732313e2831313/_/;/META-INF/maven/com.atlassian.jira/jira-webapp-dist/pom.properties HTTP/1.1" 404 6603 "-" "Mozilla/5.0 (l9scan/2.0.330313e20343e2732313e2831313; +https://leakix.net)"
157.245.36.108 - - [01/Mar/2026:03:54:00 +1000] "GET /config.json HTTP/1.1" 404 6603 "-" "Mozilla/5.0 (l9scan/2.0.330313e20343e2732313e2831313; +https://leakix.net)"
164.90.228.79 - - [01/Mar/2026:03:54:00 +1000] "GET /config.json HTTP/1.1" 404 6603 "-" "Mozilla/5.0 (l9scan/2.0.330313e20343e2732313e2831313; +https://leakix.net)"
157.245.36.108 - - [01/Mar/2026:03:54:02 +1000] "GET /telescope/requests HTTP/1.1" 404 6603 "-" "Mozilla/5.0 (l9scan/2.0.330313e20343e2732313e2831313; +https://leakix.net)"
164.90.228.79 - - [01/Mar/2026:03:54:02 +1000] "GET /telescope/requests HTTP/1.1" 404 6603 "-" "Mozilla/5.0 (l9scan/2.0.330313e20343e2732313e2831313; +https://leakix.net)"
157.245.36.108 - - [01/Mar/2026:03:54:02 +1000] "GET /info.php HTTP/1.1" 404 6603 "-" "Mozilla/5.0 (l9scan/2.0.330313e20343e2732313e2831313; +https://leakix.net)"
164.90.228.79 - - [01/Mar/2026:03:54:03 +1000] "GET /info.php HTTP/1.1" 404 6603 "-" "Mozilla/5.0 (l9scan/2.0.330313e20343e2732313e2831313; +https://leakix.net)"
157.245.36.108 - - [01/Mar/2026:03:54:03 +1000] "GET /.well-known/security.txt HTTP/1.1" 404 6603 "-" "Mozilla/5.0 (l9scan/2.0.330313e20343e2732313e2831313; +https://leakix.net)"
164.90.228.79 - - [01/Mar/2026:03:54:04 +1000] "GET /.well-known/security.txt HTTP/1.1" 404 6603 "-" "Mozilla/5.0 (l9scan/2.0.330313e20343e2732313e2831313; +https://leakix.net)"
157.245.36.108 - - [01/Mar/2026:03:54:05 +1000] "GET /actuator/env HTTP/1.1" 404 6603 "-" "Mozilla/5.0 (l9scan/2.0.330313e20343e2732313e2831313; +https://leakix.net)"
164.90.228.79 - - [01/Mar/2026:03:54:05 +1000] "GET /actuator/env HTTP/1.1" 404 6603 "-" "Mozilla/5.0 (l9scan/2.0.330313e20343e2732313e2831313; +https://leakix.net)"
157.245.36.108 - - [01/Mar/2026:03:54:06 +1000] "GET /swagger-ui.html HTTP/1.1" 404 6603 "-" "Mozilla/5.0 (l9scan/2.0.330313e20343e2732313e2831313; +https://leakix.net)"
164.90.228.79 - - [01/Mar/2026:03:54:07 +1000] "GET /swagger-ui.html HTTP/1.1" 404 6603 "-" "Mozilla/5.0 (l9scan/2.0.330313e20343e2732313e2831313; +https://leakix.net)"
157.245.36.108 - - [01/Mar/2026:03:54:07 +1000] "GET /swagger/index.html HTTP/1.1" 404 6603 "-" "Mozilla/5.0 (l9scan/2.0.330313e20343e2732313e2831313; +https://leakix.net)"
164.90.228.79 - - [01/Mar/2026:03:54:08 +1000] "GET /swagger/index.html HTTP/1.1" 404 6603 "-" "Mozilla/5.0 (l9scan/2.0.330313e20343e2732313e2831313; +https://leakix.net)"
157.245.36.108 - - [01/Mar/2026:03:54:08 +1000] "GET /swagger/swagger-ui.html HTTP/1.1" 404 6603 "-" "Mozilla/5.0 (l9scan/2.0.330313e20343e2732313e2831313; +https://leakix.net)"
164.90.228.79 - - [01/Mar/2026:03:54:09 +1000] "GET /swagger/swagger-ui.html HTTP/1.1" 404 6603 "-" "Mozilla/5.0 (l9scan/2.0.330313e20343e2732313e2831313; +https://leakix.net)"
157.245.36.108 - - [01/Mar/2026:03:54:09 +1000] "GET /webjars/swagger-ui/index.html HTTP/1.1" 404 6603 "-" "Mozilla/5.0 (l9scan/2.0.330313e20343e2732313e2831313; +https://leakix.net)"
164.90.228.79 - - [01/Mar/2026:03:54:10 +1000] "GET /webjars/swagger-ui/index.html HTTP/1.1" 404 6603 "-" "Mozilla/5.0 (l9scan/2.0.330313e20343e2732313e2831313; +https://leakix.net)"
157.245.36.108 - - [01/Mar/2026:03:54:10 +1000] "GET /swagger.json HTTP/1.1" 404 6603 "-" "Mozilla/5.0 (l9scan/2.0.330313e20343e2732313e2831313; +https://leakix.net)"
164.90.228.79 - - [01/Mar/2026:03:54:11 +1000] "GET /swagger.json HTTP/1.1" 404 6603 "-" "Mozilla/5.0 (l9scan/2.0.330313e20343e2732313e2831313; +https://leakix.net)"
157.245.36.108 - - [01/Mar/2026:03:54:11 +1000] "GET /swagger/v1/swagger.json HTTP/1.1" 404 6603 "-" "Mozilla/5.0 (l9scan/2.0.330313e20343e2732313e2831313; +https://leakix.net)"
164.90.228.79 - - [01/Mar/2026:03:54:12 +1000] "GET /swagger/v1/swagger.json HTTP/1.1" 404 6603 "-" "Mozilla/5.0 (l9scan/2.0.330313e20343e2732313e2831313; +https://leakix.net)"
157.245.36.108 - - [01/Mar/2026:03:54:12 +1000] "GET /v2/api-docs HTTP/1.1" 404 6603 "-" "Mozilla/5.0 (l9scan/2.0.330313e20343e2732313e2831313; +https://leakix.net)"
164.90.228.79 - - [01/Mar/2026:03:54:13 +1000] "GET /v2/api-docs HTTP/1.1" 404 6603 "-" "Mozilla/5.0 (l9scan/2.0.330313e20343e2732313e2831313; +https://leakix.net)"
157.245.36.108 - - [01/Mar/2026:03:54:13 +1000] "GET /v3/api-docs HTTP/1.1" 404 6603 "-" "Mozilla/5.0 (l9scan/2.0.330313e20343e2732313e2831313; +https://leakix.net)"
164.90.228.79 - - [01/Mar/2026:03:54:14 +1000] "GET /v3/api-docs HTTP/1.1" 404 6603 "-" "Mozilla/5.0 (l9scan/2.0.330313e20343e2732313e2831313; +https://leakix.net)"
157.245.36.108 - - [01/Mar/2026:03:54:14 +1000] "GET /api-docs/swagger.json HTTP/1.1" 404 6603 "-" "Mozilla/5.0 (l9scan/2.0.330313e20343e2732313e2831313; +https://leakix.net)"
164.90.228.79 - - [01/Mar/2026:03:54:15 +1000] "GET /api-docs/swagger.json HTTP/1.1" 404 6603 "-" "Mozilla/5.0 (l9scan/2.0.330313e20343e2732313e2831313; +https://leakix.net)"
157.245.36.108 - - [01/Mar/2026:03:54:15 +1000] "GET /api/swagger.json HTTP/1.1" 404 6603 "-" "Mozilla/5.0 (l9scan/2.0.330313e20343e2732313e2831313; +https://leakix.net)"
164.90.228.79 - - [01/Mar/2026:03:54:16 +1000] "GET /api/swagger.json HTTP/1.1" 404 6603 "-" "Mozilla/5.0 (l9scan/2.0.330313e20343e2732313e2831313; +https://leakix.net)"
157.245.36.108 - - [01/Mar/2026:03:54:16 +1000] "GET /@vite/env HTTP/1.1" 404 6603 "-" "Mozilla/5.0 (l9scan/2.0.330313e20343e2732313e2831313; +https://leakix.net)"
164.90.228.79 - - [01/Mar/2026:03:54:17 +1000] "GET /@vite/env HTTP/1.1" 404 6603 "-" "Mozilla/5.0 (l9scan/2.0.330313e20343e2732313e2831313; +https://leakix.net)"
157.245.36.108 - - [01/Mar/2026:03:54:18 +1000] "GET /.vscode/sftp.json HTTP/1.1" 404 6603 "-" "Mozilla/5.0 (l9scan/2.0.330313e20343e2732313e2831313; +https://leakix.net)"
164.90.228.79 - - [01/Mar/2026:03:54:18 +1000] "GET /.vscode/sftp.json HTTP/1.1" 404 6603 "-" "Mozilla/5.0 (l9scan/2.0.330313e20343e2732313e2831313; +https://leakix.net)"
157.245.36.108 - - [01/Mar/2026:03:54:19 +1000] "OPTIONS / HTTP/1.1" 200 - "-" "Mozilla/5.0 (l9scan/2.0.330313e20343e2732313e2831313; +https://leakix.net)"
164.90.228.79 - - [01/Mar/2026:03:54:19 +1000] "OPTIONS / HTTP/1.1" 200 - "-" "Mozilla/5.0 (l9scan/2.0.330313e20343e2732313e2831313; +https://leakix.net)"
157.245.36.108 - - [01/Mar/2026:03:54:19 +1000] "GET /?rest_route=/wp/v2/users/ HTTP/1.1" 500 172016 "-" "Mozilla/5.0 (l9scan/2.0.330313e20343e2732313e2831313; +https://leakix.net)"
164.90.228.79 - - [01/Mar/2026:03:54:20 +1000] "GET /?rest_route=/wp/v2/users/ HTTP/1.1" 500 172016 "-" "Mozilla/5.0 (l9scan/2.0.330313e20343e2732313e2831313; +https://leakix.net)"
157.245.36.108 - - [01/Mar/2026:03:54:20 +1000] "GET /debug/default/view?panel=config HTTP/1.1" 404 6603 "-" "Mozilla/5.0 (l9scan/2.0.330313e20343e2732313e2831313; +https://leakix.net)"
164.90.228.79 - - [01/Mar/2026:03:54:21 +1000] "GET /debug/default/view?panel=config HTTP/1.1" 404 6603 "-" "Mozilla/5.0 (l9scan/2.0.330313e20343e2732313e2831313; +https://leakix.net)"
45.156.87.52 - - [01/Mar/2026:04:09:07 +1000] "GET /wp-login.php HTTP/1.1" 404 6603 "-" "Mozilla/5.0 (Macintosh; Intel Mac OS X 10.15) Gecko/20100101 Firefox/119.0.1"
45.156.87.52 - - [01/Mar/2026:04:09:09 +1000] "GET /wp-admin/ HTTP/1.1" 301 292 "-" "Mozilla/5.0 (Macintosh; Intel Mac OS X 10.15) Gecko/20100101 Firefox/120.0.1"
45.156.87.52 - - [01/Mar/2026:04:09:09 +1000] "GET /wp-admin HTTP/1.1" 404 6603 "https://newsitenew.posscales.com.au/wp-admin/" "Mozilla/5.0 (Macintosh; Intel Mac OS X 10.15) Gecko/20100101 Firefox/120.0.1"
45.156.87.52 - - [01/Mar/2026:04:09:10 +1000] "GET /administrator/ HTTP/1.1" 301 297 "-" "Mozilla/5.0 (Windows NT 10.0; Win64; x64) AppleWebKit/537.36 (KHTML, like Gecko) Chrome/120.0.6099.130 Safari/537.36"
45.156.87.52 - - [01/Mar/2026:04:09:11 +1000] "GET /administrator HTTP/1.1" 404 6603 "https://newsitenew.posscales.com.au/administrator/" "Mozilla/5.0 (Windows NT 10.0; Win64; x64) AppleWebKit/537.36 (KHTML, like Gecko) Chrome/120.0.6099.130 Safari/537.36"
118.127.40.73 - - [01/Mar/2026:04:15:14 +1000] "GET / HTTP/1.1" 500 352216 "-" "Python/3.11 aiohttp/3.9.2"
91.231.89.101 - - [01/Mar/2026:04:15:26 +1000] "GET / HTTP/1.1" 500 401360 "-" "Mozilla/5.0 (X11; Ubuntu; Linux x86_64; rv:134.0) Gecko/20100101 Firefox/134.0"
91.231.89.96 - - [01/Mar/2026:04:16:25 +1000] "GET / HTTP/1.1" 500 679856 "-" "Mozilla/5.0 (X11; Ubuntu; Linux x86_64; rv:134.0) Gecko/20100101 Firefox/134.0"
185.177.72.60 - - [01/Mar/2026:04:23:39 +1000] "GET / HTTP/1.1" 500 286688 "-" "Mozilla/5.0 (Windows NT 10.0; Win64; x64) AppleWebKit/537.36"
185.177.72.60 - - [01/Mar/2026:04:23:39 +1000] "GET / HTTP/1.1" 500 319456 "-" "Mozilla/5.0 (Windows NT 10.0; Win64; x64) AppleWebKit/537.36"
74.7.175.137 - - [01/Mar/2026:04:37:12 +1000] "GET /robots.txt HTTP/1.1" 200 24 "-" "Mozilla/5.0 (Macintosh; Intel Mac OS X 10_15_7) AppleWebKit/537.36 (KHTML, like Gecko) Chrome/131.0.0.0 Safari/537.36; compatible; OAI-SearchBot/1.3; robots.txt; +https://openai.com/searchbot"
185.177.72.60 - - [01/Mar/2026:04:41:30 +1000] "GET / HTTP/1.1" 500 155632 "-" "Mozilla/5.0 (Windows NT 10.0; Win64; x64) AppleWebKit/537.36 (KHTML, like Gecko) Chrome/120.0.0.0 Safari/537.36"
185.177.72.60 - - [01/Mar/2026:04:41:30 +1000] "GET / HTTP/1.1" 500 163824 "-" "Mozilla/5.0 (Windows NT 10.0; Win64; x64) AppleWebKit/537.36 (KHTML, like Gecko) Chrome/120.0.0.0 Safari/537.36"
185.177.72.60 - - [01/Mar/2026:04:41:36 +1000] "GET /index.html HTTP/1.1" 404 6603 "-" "Mozilla/5.0 (Windows NT 10.0; Win64; x64) AppleWebKit/537.36 (KHTML, like Gecko) Chrome/120.0.0.0 Safari/537.36"
185.177.72.60 - - [01/Mar/2026:04:41:36 +1000] "GET /index.html HTTP/1.1" 404 6603 "-" "Mozilla/5.0 (Windows NT 10.0; Win64; x64) AppleWebKit/537.36 (KHTML, like Gecko) Chrome/120.0.0.0 Safari/537.36"
185.177.72.60 - - [01/Mar/2026:04:41:48 +1000] "GET /checkout HTTP/1.1" 404 6603 "-" "Mozilla/5.0 (Windows NT 10.0; Win64; x64) AppleWebKit/537.36 (KHTML, like Gecko) Chrome/120.0.0.0 Safari/537.36"
118.127.40.73 - - [01/Mar/2026:04:45:04 +1000] "GET / HTTP/1.1" 500 139248 "-" "Python/3.11 aiohttp/3.9.2"
81.29.142.6 - - [01/Mar/2026:04:47:54 +1000] "GET / HTTP/1.1" 500 1076902 "-" "Mozilla/5.0 (Windows NT 10.0; Win64; x64) AppleWebKit/537.36 (KHTML, like Gecko) Chrome/92.0.4515.131 YaBrowser/21.8.1.468 Yowser/2.5 Safari/537.36"
81.29.142.6 - - [01/Mar/2026:04:47:54 +1000] "GET / HTTP/1.1" 500 1076466 "-" "Mozilla/5.0 (Windows NT 6.3; Win64; x64) AppleWebKit/537.36 (KHTML, like Gecko) Chrome/90.0.4430.72 Safari/537.36"
81.29.142.6 - - [01/Mar/2026:04:47:56 +1000] "GET /.well-known/security.txt HTTP/1.1" 404 6603 "-" "Mozilla/5.0 (Windows NT 10.0; Win64; x64) AppleWebKit/537.36 (KHTML, like Gecko) Chrome/92.0.4515.131 YaBrowser/21.8.1.468 Yowser/2.5 Safari/537.36"
81.29.142.6 - - [01/Mar/2026:04:47:56 +1000] "GET /.well-known/security.txt HTTP/1.1" 404 6603 "-" "Mozilla/5.0 (Windows NT 6.3; Win64; x64) AppleWebKit/537.36 (KHTML, like Gecko) Chrome/90.0.4430.72 Safari/537.36"
81.29.142.6 - - [01/Mar/2026:04:47:58 +1000] "GET /favicon.ico HTTP/1.1" 200 - "-" "Mozilla/5.0 (Windows NT 10.0; Win64; x64) AppleWebKit/537.36 (KHTML, like Gecko) Chrome/92.0.4515.131 YaBrowser/21.8.1.468 Yowser/2.5 Safari/537.36"
81.29.142.6 - - [01/Mar/2026:04:47:58 +1000] "GET /favicon.ico HTTP/1.1" 200 - "-" "Mozilla/5.0 (Windows NT 6.3; Win64; x64) AppleWebKit/537.36 (KHTML, like Gecko) Chrome/90.0.4430.72 Safari/537.36"
81.29.142.6 - - [01/Mar/2026:04:48:01 +1000] "GET /security.txt HTTP/1.1" 404 6603 "-" "Mozilla/5.0 (Windows NT 10.0; Win64; x64) AppleWebKit/537.36 (KHTML, like Gecko) Chrome/92.0.4515.131 YaBrowser/21.8.1.468 Yowser/2.5 Safari/537.36"
81.29.142.6 - - [01/Mar/2026:04:48:01 +1000] "GET /security.txt HTTP/1.1" 404 6603 "-" "Mozilla/5.0 (Windows NT 6.3; Win64; x64) AppleWebKit/537.36 (KHTML, like Gecko) Chrome/90.0.4430.72 Safari/537.36"
81.29.142.6 - - [01/Mar/2026:04:48:02 +1000] "GET /favicon.ico HTTP/1.1" 200 - "-" "Mozilla/5.0 (Windows NT 10.0; Win64; x64) AppleWebKit/537.36 (KHTML, like Gecko) Chrome/92.0.4515.131 YaBrowser/21.8.1.468 Yowser/2.5 Safari/537.36"
81.29.142.6 - - [01/Mar/2026:04:48:02 +1000] "GET /favicon.ico HTTP/1.1" 200 - "-" "Mozilla/5.0 (Windows NT 6.3; Win64; x64) AppleWebKit/537.36 (KHTML, like Gecko) Chrome/90.0.4430.72 Safari/537.36"
118.127.40.73 - - [01/Mar/2026:05:15:03 +1000] "GET / HTTP/1.1" 500 344024 "-" "Python/3.11 aiohttp/3.9.2"
216.73.216.5 - - [01/Mar/2026:05:29:16 +1000] "GET /robots.txt HTTP/1.1" 200 24 "-" "Mozilla/5.0 AppleWebKit/537.36 (KHTML, like Gecko; compatible; ClaudeBot/1.0; +claudebot@anthropic.com)"
216.73.216.5 - - [01/Mar/2026:05:29:16 +1000] "GET /robots.txt HTTP/1.1" 200 24 "-" ""
216.73.216.5 - - [01/Mar/2026:05:29:16 +1000] "GET / HTTP/1.1" 500 270304 "-" "Mozilla/5.0 AppleWebKit/537.36 (KHTML, like Gecko; compatible; ClaudeBot/1.0; +claudebot@anthropic.com)"
216.73.216.5 - - [01/Mar/2026:05:30:09 +1000] "GET /robots.txt HTTP/1.1" 200 24 "-" "Mozilla/5.0 AppleWebKit/537.36 (KHTML, like Gecko; compatible; ClaudeBot/1.0; +claudebot@anthropic.com)"
216.73.216.5 - - [01/Mar/2026:05:30:09 +1000] "GET /robots.txt HTTP/1.1" 200 24 "-" ""
216.73.216.5 - - [01/Mar/2026:05:30:09 +1000] "GET / HTTP/1.1" 500 270304 "-" "Mozilla/5.0 AppleWebKit/537.36 (KHTML, like Gecko; compatible; ClaudeBot/1.0; +claudebot@anthropic.com)"
118.127.40.73 - - [01/Mar/2026:05:45:05 +1000] "GET / HTTP/1.1" 500 417744 "-" "Python/3.11 aiohttp/3.9.2"
118.127.40.73 - - [01/Mar/2026:06:15:04 +1000] "GET / HTTP/1.1" 500 303072 "-" "Python/3.11 aiohttp/3.9.2"
118.127.40.73 - - [01/Mar/2026:06:45:03 +1000] "GET / HTTP/1.1" 500 172016 "-" "Python/3.11 aiohttp/3.9.2"
216.73.216.5 - - [01/Mar/2026:06:51:20 +1000] "GET /robots.txt HTTP/1.1" 200 24 "-" "Mozilla/5.0 AppleWebKit/537.36 (KHTML, like Gecko; compatible; ClaudeBot/1.0; +claudebot@anthropic.com)"
216.73.216.5 - - [01/Mar/2026:06:51:20 +1000] "GET / HTTP/1.1" 500 237544 "-" "Mozilla/5.0 AppleWebKit/537.36 (KHTML, like Gecko; compatible; ClaudeBot/1.0; +claudebot@anthropic.com)"
118.127.40.73 - - [01/Mar/2026:07:15:03 +1000] "GET / HTTP/1.1" 500 368600 "-" "Python/3.11 aiohttp/3.9.2"
87.236.176.140 - - [01/Mar/2026:07:16:39 +1000] "GET / HTTP/1.1" 500 1076610 "-" "Mozilla/5.0 (compatible; InternetMeasurement/1.0; +https://internet-measurement.com/)"
118.127.40.73 - - [01/Mar/2026:07:45:08 +1000] "GET / HTTP/1.1" 500 172016 "-" "Python/3.11 aiohttp/3.9.2"
118.127.40.73 - - [01/Mar/2026:08:15:05 +1000] "GET / HTTP/1.1" 500 221160 "-" "Python/3.11 aiohttp/3.9.2"
216.73.216.5 - - [01/Mar/2026:08:24:07 +1000] "GET /robots.txt HTTP/1.1" 200 24 "-" "Mozilla/5.0 AppleWebKit/537.36 (KHTML, like Gecko; compatible; ClaudeBot/1.0; +claudebot@anthropic.com)"
216.73.216.5 - - [01/Mar/2026:08:24:08 +1000] "GET /sitemap.xml HTTP/1.1" 404 6603 "-" "Mozilla/5.0 AppleWebKit/537.36 (KHTML, like Gecko; compatible; ClaudeBot/1.0; +claudebot@anthropic.com)"
118.127.40.73 - - [01/Mar/2026:08:45:06 +1000] "GET / HTTP/1.1" 500 241320 "-" "Python/3.11 aiohttp/3.9.2"
118.127.40.73 - - [01/Mar/2026:09:15:05 +1000] "GET / HTTP/1.1" 500 172016 "-" "Python/3.11 aiohttp/3.9.2"
216.73.216.5 - - [01/Mar/2026:09:26:54 +1000] "GET /robots.txt HTTP/1.1" 200 24 "-" "Mozilla/5.0 AppleWebKit/537.36 (KHTML, like Gecko; compatible; ClaudeBot/1.0; +claudebot@anthropic.com)"
216.73.216.5 - - [01/Mar/2026:09:26:54 +1000] "GET /sitemap.xml HTTP/1.1" 404 6603 "-" "Mozilla/5.0 AppleWebKit/537.36 (KHTML, like Gecko; compatible; ClaudeBot/1.0; +claudebot@anthropic.com)"
118.127.40.73 - - [01/Mar/2026:09:45:05 +1000] "GET / HTTP/1.1" 500 241320 "-" "Python/3.11 aiohttp/3.9.2"
118.127.40.73 - - [01/Mar/2026:10:15:05 +1000] "GET / HTTP/1.1" 500 344024 "-" "Python/3.11 aiohttp/3.9.2"
74.7.175.185 - - [01/Mar/2026:10:34:13 +1000] "GET /robots.txt HTTP/1.1" 200 24 "-" "Mozilla/5.0 (Macintosh; Intel Mac OS X 10_15_7) AppleWebKit/537.36 (KHTML, like Gecko) Chrome/131.0.0.0 Safari/537.36; compatible; OAI-SearchBot/1.3; robots.txt; +https://openai.com/searchbot"
118.127.40.73 - - [01/Mar/2026:10:45:05 +1000] "GET / HTTP/1.1" 500 106488 "-" "Python/3.11 aiohttp/3.9.2"
118.127.40.73 - - [01/Mar/2026:11:15:06 +1000] "GET / HTTP/1.1" 500 122872 "-" "Python/3.11 aiohttp/3.9.2"
216.73.216.5 - - [01/Mar/2026:11:38:43 +1000] "GET /robots.txt HTTP/1.1" 200 24 "-" "Mozilla/5.0 AppleWebKit/537.36 (KHTML, like Gecko; compatible; ClaudeBot/1.0; +claudebot@anthropic.com)"
216.73.216.5 - - [01/Mar/2026:11:38:43 +1000] "GET /sitemap.xml HTTP/1.1" 404 6603 "-" "Mozilla/5.0 AppleWebKit/537.36 (KHTML, like Gecko; compatible; ClaudeBot/1.0; +claudebot@anthropic.com)"
118.127.40.73 - - [01/Mar/2026:11:45:06 +1000] "GET / HTTP/1.1" 500 466888 "-" "Python/3.11 aiohttp/3.9.2"
118.127.40.73 - - [01/Mar/2026:12:15:06 +1000] "GET / HTTP/1.1" 500 147440 "-" "Python/3.11 aiohttp/3.9.2"
216.73.216.5 - - [01/Mar/2026:12:42:26 +1000] "GET /robots.txt HTTP/1.1" 200 24 "-" "Mozilla/5.0 AppleWebKit/537.36 (KHTML, like Gecko; compatible; ClaudeBot/1.0; +claudebot@anthropic.com)"
216.73.216.5 - - [01/Mar/2026:12:42:27 +1000] "GET /sitemap.xml HTTP/1.1" 404 6603 "-" "Mozilla/5.0 AppleWebKit/537.36 (KHTML, like Gecko; compatible; ClaudeBot/1.0; +claudebot@anthropic.com)"
118.127.40.73 - - [01/Mar/2026:12:45:11 +1000] "GET / HTTP/1.1" 500 147440 "-" "Python/3.11 aiohttp/3.9.2"
118.127.40.73 - - [01/Mar/2026:13:15:06 +1000] "GET / HTTP/1.1" 500 155632 "-" "Python/3.11 aiohttp/3.9.2"
118.127.40.73 - - [01/Mar/2026:13:45:07 +1000] "GET / HTTP/1.1" 500 241320 "-" "Python/3.11 aiohttp/3.9.2"
18.236.164.4 - - [01/Mar/2026:14:00:54 +1000] "GET / HTTP/1.1" 500 1076856 "-" "Mozilla/5.0 (Windows; U; Windows NT 5.2; en-US) AppleWebKit/537.36 (KHTML, like Gecko) Chrome/57.0.2987.108 Safari/537.36 UCBrowser/12.13.0.1207"
18.236.164.4 - - [01/Mar/2026:14:01:07 +1000] "GET //github.com/highlightjs/highlight.js HTTP/1.1" 404 6603 "-" "Mozilla/5.0 (Windows NT 6.1; Win64; x64) AppleWebKit/537.36 (KHTML, like Gecko) Chrome/76.0.3786.0 Safari/537.36"
18.236.164.4 - - [01/Mar/2026:14:01:08 +1000] "GET /.ignition.js HTTP/1.1" 404 6603 "-" "DoCoMo/2.0 SH901iC(c100;TB;W24H12)"
3.83.29.2 - - [01/Mar/2026:14:09:31 +1000] "GET /.git/config HTTP/1.1" 404 6603 "-" "Mozilla/5.0 (Macintosh; Intel Mac OS X 10_15_7) AppleWebKit/605.1.15 (KHTML, like Gecko) Version/16.1 Mobile/15E148 Safari/604.1"
118.127.40.73 - - [01/Mar/2026:14:15:07 +1000] "GET / HTTP/1.1" 500 360408 "-" "Python/3.11 aiohttp/3.9.2"
3.83.29.2 - - [01/Mar/2026:14:26:15 +1000] "GET /.git/config HTTP/1.1" 404 6603 "-" "Mozilla/5.0 (Windows NT 10.0; Win64; x64; rv:109.0) Gecko/20100101 Firefox/110.0"
216.73.216.5 - - [01/Mar/2026:14:36:58 +1000] "GET /robots.txt HTTP/1.1" 200 24 "-" "Mozilla/5.0 AppleWebKit/537.36 (KHTML, like Gecko; compatible; ClaudeBot/1.0; +claudebot@anthropic.com)"
216.73.216.5 - - [01/Mar/2026:14:36:59 +1000] "GET /sitemap.xml HTTP/1.1" 404 6603 "-" "Mozilla/5.0 AppleWebKit/537.36 (KHTML, like Gecko; compatible; ClaudeBot/1.0; +claudebot@anthropic.com)"
118.127.40.73 - - [01/Mar/2026:14:45:07 +1000] "GET / HTTP/1.1" 500 442320 "-" "Python/3.11 aiohttp/3.9.2"
93.123.109.214 - - [01/Mar/2026:15:10:02 +1000] "GET / HTTP/1.1" 500 1076300 "-" "Mozilla/5.0 (X11; Linux x86_64) AppleWebKit/537.36 (KHTML, like Gecko) Chrome/131.0.0.0 Safari/537.36"
18.236.164.4 - - [01/Mar/2026:15:11:07 +1000] "GET / HTTP/1.1" 500 1076474 "-" "Mozilla/5.0 (Linux; Android 7.0; XT1585) AppleWebKit/537.36 (KHTML, like Gecko) Chrome/75.0.3770.101 Mobile Safari/537.36"
18.236.164.4 - - [01/Mar/2026:15:11:27 +1000] "GET /.ignition.js HTTP/1.1" 404 6603 "-" "Mozilla/5.0 (OS/2; Warp 4.5; rv:38.0) Gecko/20100101 Firefox/38.0 SeaMonkey/2.35"
18.236.164.4 - - [01/Mar/2026:15:11:29 +1000] "GET //github.com/highlightjs/highlight.js HTTP/1.1" 404 6603 "-" "Mozilla/5.0 (Linux; Android 4.1.2; SHV-E250S Build/JZO54K) AppleWebKit/537.36 (KHTML, like Gecko) Chrome/30.0.1599.82 Mobile Safari/537.36"
118.127.40.73 - - [01/Mar/2026:15:15:07 +1000] "GET / HTTP/1.1" 500 147440 "-" "Python/3.11 aiohttp/3.9.2"
93.123.109.214 - - [01/Mar/2026:15:26:51 +1000] "GET / HTTP/1.1" 500 1076598 "-" "Mozilla/5.0 (X11; Linux x86_64) AppleWebKit/537.36 (KHTML, like Gecko) Chrome/131.0.0.0 Safari/537.36"
216.73.216.5 - - [01/Mar/2026:15:37:59 +1000] "GET /robots.txt HTTP/1.1" 200 24 "-" "Mozilla/5.0 AppleWebKit/537.36 (KHTML, like Gecko; compatible; ClaudeBot/1.0; +claudebot@anthropic.com)"
216.73.216.5 - - [01/Mar/2026:15:37:59 +1000] "GET /sitemap.xml HTTP/1.1" 404 6603 "-" "Mozilla/5.0 AppleWebKit/537.36 (KHTML, like Gecko; compatible; ClaudeBot/1.0; +claudebot@anthropic.com)"
118.127.40.73 - - [01/Mar/2026:15:45:07 +1000] "GET / HTTP/1.1" 500 303072 "-" "Python/3.11 aiohttp/3.9.2"
118.127.40.73 - - [01/Mar/2026:16:15:08 +1000] "GET / HTTP/1.1" 500 278496 "-" "Python/3.11 aiohttp/3.9.2"
118.127.40.73 - - [01/Mar/2026:16:45:08 +1000] "GET / HTTP/1.1" 500 466888 "-" "Python/3.11 aiohttp/3.9.2"
45.148.10.238 - - [01/Mar/2026:17:05:52 +1000] "GET /.git/config HTTP/1.1" 404 6603 "-" "Mozilla/5.0 (X11; Linux x86_64) AppleWebKit/537.36 (KHTML, like Gecko) Chrome/75.0.3770.142 Safari/537.36"
216.73.216.5 - - [01/Mar/2026:17:13:14 +1000] "GET /robots.txt HTTP/1.1" 200 24 "-" "Mozilla/5.0 AppleWebKit/537.36 (KHTML, like Gecko; compatible; ClaudeBot/1.0; +claudebot@anthropic.com)"
216.73.216.5 - - [01/Mar/2026:17:13:14 +1000] "GET /sitemap.xml HTTP/1.1" 404 6603 "-" "Mozilla/5.0 AppleWebKit/537.36 (KHTML, like Gecko; compatible; ClaudeBot/1.0; +claudebot@anthropic.com)"
118.127.40.73 - - [01/Mar/2026:17:15:08 +1000] "GET / HTTP/1.1" 500 278496 "-" "Python/3.11 aiohttp/3.9.2"
45.148.10.238 - - [01/Mar/2026:17:37:33 +1000] "GET /.git/config HTTP/1.1" 404 6603 "-" "Screaming Frog SEO Spider/8.1"
118.127.40.73 - - [01/Mar/2026:17:45:08 +1000] "GET / HTTP/1.1" 500 221160 "-" "Python/3.11 aiohttp/3.9.2"
118.127.40.73 - - [01/Mar/2026:18:15:10 +1000] "GET / HTTP/1.1" 500 401360 "-" "Python/3.11 aiohttp/3.9.2"
164.92.222.166 - - [01/Mar/2026:18:35:02 +1000] "GET / HTTP/1.1" 500 1077666 "-" "Mozilla/5.0 (X11; Linux x86_64) AppleWebKit/537.36 (KHTML, like Gecko) Chrome/142.0.0.0 Safari/537.36"
164.92.222.166 - - [01/Mar/2026:18:35:14 +1000] "GET /favicon.ico HTTP/1.1" 200 - "https://www.newsitenew.posscales.com.au/" "Mozilla/5.0 (X11; Linux x86_64) AppleWebKit/537.36 (KHTML, like Gecko) Chrome/142.0.0.0 Safari/537.36"
216.73.216.5 - - [01/Mar/2026:18:36:13 +1000] "GET /robots.txt HTTP/1.1" 200 24 "-" "Mozilla/5.0 AppleWebKit/537.36 (KHTML, like Gecko; compatible; ClaudeBot/1.0; +claudebot@anthropic.com)"
216.73.216.5 - - [01/Mar/2026:18:36:13 +1000] "GET /sitemap.xml HTTP/1.1" 404 6603 "-" "Mozilla/5.0 AppleWebKit/537.36 (KHTML, like Gecko; compatible; ClaudeBot/1.0; +claudebot@anthropic.com)"
118.127.40.73 - - [01/Mar/2026:18:45:09 +1000] "GET / HTTP/1.1" 500 581568 "-" "Python/3.11 aiohttp/3.9.2"
118.127.40.73 - - [01/Mar/2026:19:15:09 +1000] "GET / HTTP/1.1" 500 257704 "-" "Python/3.11 aiohttp/3.9.2"
118.127.40.73 - - [01/Mar/2026:19:45:09 +1000] "GET / HTTP/1.1" 500 335832 "-" "Python/3.11 aiohttp/3.9.2"
118.127.40.73 - - [01/Mar/2026:20:15:09 +1000] "GET / HTTP/1.1" 500 40960 "-" "Python/3.11 aiohttp/3.9.2"
216.73.216.5 - - [01/Mar/2026:20:38:47 +1000] "GET /robots.txt HTTP/1.1" 200 24 "-" "Mozilla/5.0 AppleWebKit/537.36 (KHTML, like Gecko; compatible; ClaudeBot/1.0; +claudebot@anthropic.com)"
216.73.216.5 - - [01/Mar/2026:20:38:48 +1000] "GET /sitemap.xml HTTP/1.1" 404 6603 "-" "Mozilla/5.0 AppleWebKit/537.36 (KHTML, like Gecko; compatible; ClaudeBot/1.0; +claudebot@anthropic.com)"
118.127.40.73 - - [01/Mar/2026:20:45:10 +1000] "GET / HTTP/1.1" 500 40960 "-" "Python/3.11 aiohttp/3.9.2"
44.203.55.203 - - [01/Mar/2026:20:55:46 +1000] "GET /_ignition/execute-solution HTTP/1.1" 405 1056069 "-" "Mozilla/5.0 (Macintosh; Intel Mac OS X 10_15_6) AppleWebKit/605.1.15 (KHTML, like Gecko) Version/15.1 Safari/605.1.15"
118.127.40.73 - - [01/Mar/2026:21:15:09 +1000] "GET / HTTP/1.1" 500 81912 "-" "Python/3.11 aiohttp/3.9.2"
216.73.216.5 - - [01/Mar/2026:21:44:47 +1000] "GET /robots.txt HTTP/1.1" 200 24 "-" "Mozilla/5.0 AppleWebKit/537.36 (KHTML, like Gecko; compatible; ClaudeBot/1.0; +claudebot@anthropic.com)"
216.73.216.5 - - [01/Mar/2026:21:44:47 +1000] "GET /sitemap.xml HTTP/1.1" 404 6603 "-" "Mozilla/5.0 AppleWebKit/537.36 (KHTML, like Gecko; compatible; ClaudeBot/1.0; +claudebot@anthropic.com)"
118.127.40.73 - - [01/Mar/2026:21:45:11 +1000] "GET / HTTP/1.1" 500 335832 "-" "Python/3.11 aiohttp/3.9.2"
118.127.40.73 - - [01/Mar/2026:22:15:10 +1000] "GET / HTTP/1.1" 500 57344 "-" "Python/3.11 aiohttp/3.9.2"
74.7.175.161 - - [01/Mar/2026:22:37:19 +1000] "GET /robots.txt HTTP/1.1" 200 24 "-" "Mozilla/5.0 (Macintosh; Intel Mac OS X 10_15_7) AppleWebKit/537.36 (KHTML, like Gecko) Chrome/131.0.0.0 Safari/537.36; compatible; OAI-SearchBot/1.3; robots.txt; +https://openai.com/searchbot"
74.7.227.8 - - [01/Mar/2026:22:37:19 +1000] "GET / HTTP/1.1" 500 155632 "-" "Mozilla/5.0 AppleWebKit/537.36 (KHTML, like Gecko; compatible; GPTBot/1.3; +https://openai.com/gptbot)"
118.127.40.73 - - [01/Mar/2026:22:45:10 +1000] "GET / HTTP/1.1" 500 147440 "-" "Python/3.11 aiohttp/3.9.2"
44.203.55.203 - - [01/Mar/2026:23:10:41 +1000] "GET /_ignition/execute-solution HTTP/1.1" 405 1055709 "-" "Mozilla/5.0 (Macintosh; Intel Mac OS X 10.15; rv:140.0) Gecko/20100101 Firefox/140.0"
85.11.167.4 - - [01/Mar/2026:23:13:55 +1000] "POST / HTTP/1.1" 500 1078198 "https://newsitenew.posscales.com.au" "Mozilla/5.0 (Windows NT 10.0; Win64; x64) AppleWebKit/537.36 (KHTML, like Gecko) Chrome/131.0.0.0 Safari/537.36"
85.11.167.4 - - [01/Mar/2026:23:13:57 +1000] "POST / HTTP/1.1" 500 1078184 "https://newsitenew.posscales.com.au" "Mozilla/5.0 (Windows NT 10.0; Win64; x64) AppleWebKit/537.36 (KHTML, like Gecko) Chrome/131.0.0.0 Safari/537.36"
118.127.40.73 - - [01/Mar/2026:23:15:11 +1000] "GET / HTTP/1.1" 500 257704 "-" "Python/3.11 aiohttp/3.9.2"
216.73.216.5 - - [01/Mar/2026:23:17:53 +1000] "GET /robots.txt HTTP/1.1" 200 24 "-" "Mozilla/5.0 AppleWebKit/537.36 (KHTML, like Gecko; compatible; ClaudeBot/1.0; +claudebot@anthropic.com)"
216.73.216.5 - - [01/Mar/2026:23:17:54 +1000] "GET /sitemap.xml HTTP/1.1" 404 6603 "-" "Mozilla/5.0 AppleWebKit/537.36 (KHTML, like Gecko; compatible; ClaudeBot/1.0; +claudebot@anthropic.com)"
118.127.40.73 - - [01/Mar/2026:23:45:10 +1000] "GET / HTTP/1.1" 500 172016 "-" "Python/3.11 aiohttp/3.9.2"
216.73.216.5 - - [02/Mar/2026:00:10:51 +1000] "GET /robots.txt HTTP/1.1" 200 24 "-" "Mozilla/5.0 AppleWebKit/537.36 (KHTML, like Gecko; compatible; ClaudeBot/1.0; +claudebot@anthropic.com)"
216.73.216.5 - - [02/Mar/2026:00:10:51 +1000] "GET /sitemap.xml HTTP/1.1" 404 6603 "-" "Mozilla/5.0 AppleWebKit/537.36 (KHTML, like Gecko; compatible; ClaudeBot/1.0; +claudebot@anthropic.com)"
118.127.40.73 - - [02/Mar/2026:00:15:11 +1000] "GET / HTTP/1.1" 500 344024 "-" "Python/3.11 aiohttp/3.9.2"
118.127.40.73 - - [02/Mar/2026:00:45:11 +1000] "GET / HTTP/1.1" 500 147440 "-" "Python/3.11 aiohttp/3.9.2"
118.127.40.73 - - [02/Mar/2026:01:15:11 +1000] "GET / HTTP/1.1" 500 278496 "-" "Python/3.11 aiohttp/3.9.2"
118.127.40.73 - - [02/Mar/2026:01:45:11 +1000] "GET / HTTP/1.1" 500 409552 "-" "Python/3.11 aiohttp/3.9.2"
118.127.40.73 - - [02/Mar/2026:02:15:11 +1000] "GET / HTTP/1.1" 500 73720 "-" "Python/3.11 aiohttp/3.9.2"
216.73.216.5 - - [02/Mar/2026:02:42:13 +1000] "GET /robots.txt HTTP/1.1" 200 24 "-" "Mozilla/5.0 AppleWebKit/537.36 (KHTML, like Gecko; compatible; ClaudeBot/1.0; +claudebot@anthropic.com)"
216.73.216.5 - - [02/Mar/2026:02:42:14 +1000] "GET /sitemap.xml HTTP/1.1" 404 6603 "-" "Mozilla/5.0 AppleWebKit/537.36 (KHTML, like Gecko; compatible; ClaudeBot/1.0; +claudebot@anthropic.com)"
118.127.40.73 - - [02/Mar/2026:02:45:12 +1000] "GET / HTTP/1.1" 500 212968 "-" "Python/3.11 aiohttp/3.9.2"
74.7.175.146 - - [02/Mar/2026:02:55:45 +1000] "GET /robots.txt HTTP/1.1" 200 24 "-" "Mozilla/5.0 (Macintosh; Intel Mac OS X 10_15_7) AppleWebKit/537.36 (KHTML, like Gecko) Chrome/131.0.0.0 Safari/537.36; compatible; OAI-SearchBot/1.3; robots.txt; +https://openai.com/searchbot"
118.127.40.73 - - [02/Mar/2026:03:15:12 +1000] "GET / HTTP/1.1" 500 229352 "-" "Python/3.11 aiohttp/3.9.2"
118.127.40.73 - - [02/Mar/2026:03:45:12 +1000] "GET / HTTP/1.1" 500 172016 "-" "Python/3.11 aiohttp/3.9.2"
118.127.40.73 - - [02/Mar/2026:04:15:14 +1000] "GET / HTTP/1.1" 500 352216 "-" "Python/3.11 aiohttp/3.9.2"
118.127.40.73 - - [02/Mar/2026:04:45:13 +1000] "GET / HTTP/1.1" 500 147440 "-" "Python/3.11 aiohttp/3.9.2"
118.127.40.73 - - [02/Mar/2026:05:15:13 +1000] "GET / HTTP/1.1" 500 352216 "-" "Python/3.11 aiohttp/3.9.2"
216.73.216.5 - - [02/Mar/2026:05:34:21 +1000] "GET /robots.txt HTTP/1.1" 200 24 "-" "Mozilla/5.0 AppleWebKit/537.36 (KHTML, like Gecko; compatible; ClaudeBot/1.0; +claudebot@anthropic.com)"
216.73.216.5 - - [02/Mar/2026:05:34:21 +1000] "GET /sitemap.xml HTTP/1.1" 404 6603 "-" "Mozilla/5.0 AppleWebKit/537.36 (KHTML, like Gecko; compatible; ClaudeBot/1.0; +claudebot@anthropic.com)"
118.127.40.73 - - [02/Mar/2026:05:45:13 +1000] "GET / HTTP/1.1" 500 344024 "-" "Python/3.11 aiohttp/3.9.2"
118.127.40.73 - - [02/Mar/2026:06:15:16 +1000] "GET / HTTP/1.1" 500 278496 "-" "Python/3.11 aiohttp/3.9.2"
118.127.40.73 - - [02/Mar/2026:06:45:14 +1000] "GET / HTTP/1.1" 500 417744 "-" "Python/3.11 aiohttp/3.9.2"
118.127.40.73 - - [02/Mar/2026:07:15:14 +1000] "GET / HTTP/1.1" 500 73720 "-" "Python/3.11 aiohttp/3.9.2"
216.73.216.5 - - [02/Mar/2026:07:39:42 +1000] "GET /robots.txt HTTP/1.1" 200 24 "-" "Mozilla/5.0 AppleWebKit/537.36 (KHTML, like Gecko; compatible; ClaudeBot/1.0; +claudebot@anthropic.com)"
216.73.216.5 - - [02/Mar/2026:07:39:43 +1000] "GET /sitemap.xml HTTP/1.1" 404 6603 "-" "Mozilla/5.0 AppleWebKit/537.36 (KHTML, like Gecko; compatible; ClaudeBot/1.0; +claudebot@anthropic.com)"
118.127.40.73 - - [02/Mar/2026:07:45:14 +1000] "GET / HTTP/1.1" 500 434128 "-" "Python/3.11 aiohttp/3.9.2"
118.127.40.73 - - [02/Mar/2026:08:15:15 +1000] "GET / HTTP/1.1" 500 442320 "-" "Python/3.11 aiohttp/3.9.2"
216.73.216.5 - - [02/Mar/2026:08:17:53 +1000] "GET /robots.txt HTTP/1.1" 200 24 "-" "Mozilla/5.0 AppleWebKit/537.36 (KHTML, like Gecko; compatible; ClaudeBot/1.0; +claudebot@anthropic.com)"
216.73.216.5 - - [02/Mar/2026:08:17:54 +1000] "GET /sitemap.xml HTTP/1.1" 404 6603 "-" "Mozilla/5.0 AppleWebKit/537.36 (KHTML, like Gecko; compatible; ClaudeBot/1.0; +claudebot@anthropic.com)"
118.127.40.73 - - [02/Mar/2026:08:45:14 +1000] "GET / HTTP/1.1" 500 90104 "-" "Python/3.11 aiohttp/3.9.2"
118.127.40.73 - - [02/Mar/2026:09:15:14 +1000] "GET / HTTP/1.1" 500 172016 "-" "Python/3.11 aiohttp/3.9.2"
118.127.40.73 - - [02/Mar/2026:09:45:14 +1000] "GET / HTTP/1.1" 500 221160 "-" "Python/3.11 aiohttp/3.9.2"
118.127.40.73 - - [02/Mar/2026:10:15:16 +1000] "GET / HTTP/1.1" 500 188400 "-" "Python/3.11 aiohttp/3.9.2"
216.73.216.5 - - [02/Mar/2026:10:32:14 +1000] "GET /robots.txt HTTP/1.1" 200 24 "-" "Mozilla/5.0 AppleWebKit/537.36 (KHTML, like Gecko; compatible; ClaudeBot/1.0; +claudebot@anthropic.com)"
216.73.216.5 - - [02/Mar/2026:10:32:14 +1000] "GET /sitemap.xml HTTP/1.1" 404 6603 "-" "Mozilla/5.0 AppleWebKit/537.36 (KHTML, like Gecko; compatible; ClaudeBot/1.0; +claudebot@anthropic.com)"
118.127.40.73 - - [02/Mar/2026:10:45:15 +1000] "GET / HTTP/1.1" 500 81912 "-" "Python/3.11 aiohttp/3.9.2"
118.127.40.73 - - [02/Mar/2026:11:15:15 +1000] "GET / HTTP/1.1" 500 344024 "-" "Python/3.11 aiohttp/3.9.2"
216.73.216.5 - - [02/Mar/2026:11:21:44 +1000] "GET /robots.txt HTTP/1.1" 200 24 "-" "Mozilla/5.0 AppleWebKit/537.36 (KHTML, like Gecko; compatible; ClaudeBot/1.0; +claudebot@anthropic.com)"
216.73.216.5 - - [02/Mar/2026:11:21:44 +1000] "GET /sitemap.xml HTTP/1.1" 404 6603 "-" "Mozilla/5.0 AppleWebKit/537.36 (KHTML, like Gecko; compatible; ClaudeBot/1.0; +claudebot@anthropic.com)"
118.127.40.73 - - [02/Mar/2026:11:45:16 +1000] "GET / HTTP/1.1" 500 204776 "-" "Python/3.11 aiohttp/3.9.2"
34.31.125.187 - - [02/Mar/2026:12:07:26 +1000] "GET /.env HTTP/1.1" 404 6603 "-" "Mozilla/5.0 (Macintosh; Intel Mac OS X 10_15_7) AppleWebKit/537.36 (KHTML, like Gecko) Chrome/136.0.0.0 Safari/537.36"
118.127.40.73 - - [02/Mar/2026:12:15:16 +1000] "GET / HTTP/1.1" 500 335832 "-" "Python/3.11 aiohttp/3.9.2"
118.127.40.73 - - [02/Mar/2026:12:45:16 +1000] "GET / HTTP/1.1" 500 241320 "-" "Python/3.11 aiohttp/3.9.2"
118.127.40.73 - - [02/Mar/2026:13:15:16 +1000] "GET / HTTP/1.1" 500 147440 "-" "Python/3.11 aiohttp/3.9.2"
74.7.175.174 - - [02/Mar/2026:13:31:08 +1000] "GET /robots.txt HTTP/1.1" 200 24 "-" "Mozilla/5.0 (Macintosh; Intel Mac OS X 10_15_7) AppleWebKit/537.36 (KHTML, like Gecko) Chrome/131.0.0.0 Safari/537.36; compatible; OAI-SearchBot/1.3; robots.txt; +https://openai.com/searchbot"
118.127.40.73 - - [02/Mar/2026:13:45:19 +1000] "GET / HTTP/1.1" 500 229352 "-" "Python/3.11 aiohttp/3.9.2"
118.127.40.73 - - [02/Mar/2026:14:15:17 +1000] "GET / HTTP/1.1" 500 257704 "-" "Python/3.11 aiohttp/3.9.2"
216.73.216.5 - - [02/Mar/2026:14:31:08 +1000] "GET /robots.txt HTTP/1.1" 200 24 "-" "Mozilla/5.0 AppleWebKit/537.36 (KHTML, like Gecko; compatible; ClaudeBot/1.0; +claudebot@anthropic.com)"
216.73.216.5 - - [02/Mar/2026:14:31:09 +1000] "GET /sitemap.xml HTTP/1.1" 404 6603 "-" "Mozilla/5.0 AppleWebKit/537.36 (KHTML, like Gecko; compatible; ClaudeBot/1.0; +claudebot@anthropic.com)"
118.127.40.73 - - [02/Mar/2026:14:45:17 +1000] "GET / HTTP/1.1" 500 40960 "-" "Python/3.11 aiohttp/3.9.2"
118.127.40.73 - - [02/Mar/2026:15:15:17 +1000] "GET / HTTP/1.1" 500 737192 "-" "Python/3.11 aiohttp/3.9.2"
118.127.40.73 - - [02/Mar/2026:15:45:18 +1000] "GET / HTTP/1.1" 500 147440 "-" "Python/3.11 aiohttp/3.9.2"
118.127.40.73 - - [02/Mar/2026:16:15:18 +1000] "GET / HTTP/1.1" 500 212968 "-" "Python/3.11 aiohttp/3.9.2"
118.127.40.73 - - [02/Mar/2026:16:45:18 +1000] "GET / HTTP/1.1" 500 311264 "-" "Python/3.11 aiohttp/3.9.2"
118.127.40.73 - - [02/Mar/2026:17:15:18 +1000] "GET / HTTP/1.1" 500 98296 "-" "Python/3.11 aiohttp/3.9.2"
216.73.216.5 - - [02/Mar/2026:17:36:10 +1000] "GET /robots.txt HTTP/1.1" 200 24 "-" "Mozilla/5.0 AppleWebKit/537.36 (KHTML, like Gecko; compatible; ClaudeBot/1.0; +claudebot@anthropic.com)"
216.73.216.5 - - [02/Mar/2026:17:36:10 +1000] "GET /sitemap.xml HTTP/1.1" 404 6603 "-" "Mozilla/5.0 AppleWebKit/537.36 (KHTML, like Gecko; compatible; ClaudeBot/1.0; +claudebot@anthropic.com)"
118.127.40.73 - - [02/Mar/2026:17:45:18 +1000] "GET / HTTP/1.1" 500 172016 "-" "Python/3.11 aiohttp/3.9.2"
118.127.40.73 - - [02/Mar/2026:18:15:19 +1000] "GET / HTTP/1.1" 500 319456 "-" "Python/3.11 aiohttp/3.9.2"
118.127.40.73 - - [02/Mar/2026:18:45:19 +1000] "GET / HTTP/1.1" 500 384984 "-" "Python/3.11 aiohttp/3.9.2"
85.11.167.4 - - [02/Mar/2026:19:09:40 +1000] "POST / HTTP/1.1" 500 1078200 "https://newsitenew.posscales.com.au" "Mozilla/5.0 (Windows NT 10.0; Win64; x64) AppleWebKit/537.36 (KHTML, like Gecko) Chrome/131.0.0.0 Safari/537.36"
85.11.167.4 - - [02/Mar/2026:19:09:42 +1000] "POST / HTTP/1.1" 500 1078184 "https://newsitenew.posscales.com.au" "Mozilla/5.0 (Windows NT 10.0; Win64; x64) AppleWebKit/537.36 (KHTML, like Gecko) Chrome/131.0.0.0 Safari/537.36"
118.127.40.73 - - [02/Mar/2026:19:15:19 +1000] "GET / HTTP/1.1" 500 212968 "-" "Python/3.11 aiohttp/3.9.2"
118.127.40.73 - - [02/Mar/2026:19:45:19 +1000] "GET / HTTP/1.1" 500 303072 "-" "Python/3.11 aiohttp/3.9.2"
118.127.40.73 - - [02/Mar/2026:20:15:19 +1000] "GET / HTTP/1.1" 500 335832 "-" "Python/3.11 aiohttp/3.9.2"
216.73.216.5 - - [02/Mar/2026:20:29:49 +1000] "GET /robots.txt HTTP/1.1" 200 24 "-" "Mozilla/5.0 AppleWebKit/537.36 (KHTML, like Gecko; compatible; ClaudeBot/1.0; +claudebot@anthropic.com)"
216.73.216.5 - - [02/Mar/2026:20:29:49 +1000] "GET /sitemap.xml HTTP/1.1" 404 6603 "-" "Mozilla/5.0 AppleWebKit/537.36 (KHTML, like Gecko; compatible; ClaudeBot/1.0; +claudebot@anthropic.com)"
118.127.40.73 - - [02/Mar/2026:20:45:19 +1000] "GET / HTTP/1.1" 500 344024 "-" "Python/3.11 aiohttp/3.9.2"
118.127.40.73 - - [02/Mar/2026:21:15:19 +1000] "GET / HTTP/1.1" 500 270304 "-" "Python/3.11 aiohttp/3.9.2"
118.127.40.73 - - [02/Mar/2026:21:45:20 +1000] "GET / HTTP/1.1" 500 241320 "-" "Python/3.11 aiohttp/3.9.2"
118.127.40.73 - - [02/Mar/2026:22:15:20 +1000] "GET / HTTP/1.1" 500 241320 "-" "Python/3.11 aiohttp/3.9.2"
164.92.75.253 - - [02/Mar/2026:22:44:33 +1000] "GET / HTTP/1.1" 500 1077370 "-" "Mozilla/5.0 (X11; Linux x86_64) AppleWebKit/537.36 (KHTML, like Gecko) Chrome/142.0.0.0 Safari/537.36"
164.92.75.253 - - [02/Mar/2026:22:44:38 +1000] "GET /favicon.ico HTTP/1.1" 200 - "https://newsitenew.posscales.com.au/" "Mozilla/5.0 (X11; Linux x86_64) AppleWebKit/537.36 (KHTML, like Gecko) Chrome/142.0.0.0 Safari/537.36"
118.127.40.73 - - [02/Mar/2026:22:45:21 +1000] "GET / HTTP/1.1" 500 172016 "-" "Python/3.11 aiohttp/3.9.2"
118.127.40.73 - - [02/Mar/2026:23:15:20 +1000] "GET / HTTP/1.1" 500 241320 "-" "Python/3.11 aiohttp/3.9.2"
216.73.216.5 - - [02/Mar/2026:23:37:05 +1000] "GET /robots.txt HTTP/1.1" 200 24 "-" "Mozilla/5.0 AppleWebKit/537.36 (KHTML, like Gecko; compatible; ClaudeBot/1.0; +claudebot@anthropic.com)"
216.73.216.5 - - [02/Mar/2026:23:37:05 +1000] "GET /sitemap.xml HTTP/1.1" 404 6603 "-" "Mozilla/5.0 AppleWebKit/537.36 (KHTML, like Gecko; compatible; ClaudeBot/1.0; +claudebot@anthropic.com)"
118.127.40.73 - - [02/Mar/2026:23:45:21 +1000] "GET / HTTP/1.1" 500 249512 "-" "Python/3.11 aiohttp/3.9.2"
118.127.40.73 - - [03/Mar/2026:00:15:21 +1000] "GET / HTTP/1.1" 500 229352 "-" "Python/3.11 aiohttp/3.9.2"
118.127.40.73 - - [03/Mar/2026:00:45:23 +1000] "GET / HTTP/1.1" 500 49152 "-" "Python/3.11 aiohttp/3.9.2"
54.162.53.4 - - [03/Mar/2026:01:04:37 +1000] "GET / HTTP/1.1" 500 241320 "-" "Mozilla/5.0 (X11; Linux i686; rv:124.0) Gecko/20100101 Firefox/124.0"
118.127.40.73 - - [03/Mar/2026:01:15:22 +1000] "GET / HTTP/1.1" 500 221160 "-" "Python/3.11 aiohttp/3.9.2"
118.127.40.73 - - [03/Mar/2026:01:45:22 +1000] "GET / HTTP/1.1" 500 409552 "-" "Python/3.11 aiohttp/3.9.2"
118.127.40.73 - - [03/Mar/2026:02:15:22 +1000] "GET / HTTP/1.1" 500 241320 "-" "Python/3.11 aiohttp/3.9.2"
216.73.216.5 - - [03/Mar/2026:02:22:15 +1000] "GET /robots.txt HTTP/1.1" 200 24 "-" "Mozilla/5.0 AppleWebKit/537.36 (KHTML, like Gecko; compatible; ClaudeBot/1.0; +claudebot@anthropic.com)"
216.73.216.5 - - [03/Mar/2026:02:22:16 +1000] "GET /sitemap.xml HTTP/1.1" 404 6603 "-" "Mozilla/5.0 AppleWebKit/537.36 (KHTML, like Gecko; compatible; ClaudeBot/1.0; +claudebot@anthropic.com)"
204.76.203.25 - - [03/Mar/2026:02:36:23 +1000] "GET / HTTP/1.1" 500 1076416 "-" "Mozilla/5.0 (Windows NT 10.0; Win64; x64) AppleWebKit/537.36 (KHTML, like Gecko) Chrome/134.0.0.0 Safari/537.3"
118.127.40.73 - - [03/Mar/2026:02:45:22 +1000] "GET / HTTP/1.1" 500 90104 "-" "Python/3.11 aiohttp/3.9.2"
118.127.40.73 - - [03/Mar/2026:03:15:23 +1000] "GET / HTTP/1.1" 500 147440 "-" "Python/3.11 aiohttp/3.9.2"
118.127.40.73 - - [03/Mar/2026:03:45:23 +1000] "GET / HTTP/1.1" 500 253928 "-" "Python/3.11 aiohttp/3.9.2"
118.127.40.73 - - [03/Mar/2026:04:15:27 +1000] "GET / HTTP/1.1" 500 335832 "-" "Python/3.11 aiohttp/3.9.2"
