74.7.227.54 - - [13/Mar/2026:05:14:58 +1000] "GET /mklax.php?path=//lib/.build-id/77 HTTP/1.1" 200 35303 "https://smart.posscales.com/mklax.php?path=//lib/.build-id" "Mozilla/5.0 AppleWebKit/537.36 (KHTML, like Gecko; compatible; GPTBot/1.3; +https://openai.com/gptbot)"
74.7.243.225 - - [13/Mar/2026:05:14:58 +1000] "GET /mklax.php?path=//lib64/sw HTTP/1.1" 200 21944 "https://www.smart.posscales.com/mklax.php?path=//lib64" "Mozilla/5.0 AppleWebKit/537.36 (KHTML, like Gecko; compatible; GPTBot/1.3; +https://openai.com/gptbot)"
74.7.227.54 - - [13/Mar/2026:05:14:59 +1000] "GET /mklax.php?path=//lib/.build-id/c9 HTTP/1.1" 200 36877 "https://smart.posscales.com/mklax.php?path=//lib/.build-id" "Mozilla/5.0 AppleWebKit/537.36 (KHTML, like Gecko; compatible; GPTBot/1.3; +https://openai.com/gptbot)"
74.7.243.225 - - [13/Mar/2026:05:14:59 +1000] "GET /grvjn.php?path=//lib64/sa HTTP/1.1" 200 17379 "https://www.smart.posscales.com/grvjn.php?path=//lib64" "Mozilla/5.0 AppleWebKit/537.36 (KHTML, like Gecko; compatible; GPTBot/1.3; +https://openai.com/gptbot)"
74.7.227.54 - - [13/Mar/2026:05:14:59 +1000] "GET /mklax.php?path=//lib/.build-id/b3 HTTP/1.1" 200 33729 "https://smart.posscales.com/mklax.php?path=//lib/.build-id" "Mozilla/5.0 AppleWebKit/537.36 (KHTML, like Gecko; compatible; GPTBot/1.3; +https://openai.com/gptbot)"
74.7.243.225 - - [13/Mar/2026:05:14:59 +1000] "GET /mklax.php?path=//home5 HTTP/1.1" 200 13126 "https://www.smart.posscales.com/mklax.php?path=/" "Mozilla/5.0 AppleWebKit/537.36 (KHTML, like Gecko; compatible; GPTBot/1.3; +https://openai.com/gptbot)"
74.7.227.54 - - [13/Mar/2026:05:15:00 +1000] "GET /mklax.php?path=//lib/.build-id/73 HTTP/1.1" 200 27413 "https://smart.posscales.com/mklax.php?path=//lib/.build-id" "Mozilla/5.0 AppleWebKit/537.36 (KHTML, like Gecko; compatible; GPTBot/1.3; +https://openai.com/gptbot)"
74.7.243.225 - - [13/Mar/2026:05:15:00 +1000] "GET /grvjn.php?path=//home5 HTTP/1.1" 200 13126 "https://www.smart.posscales.com/grvjn.php?path=/" "Mozilla/5.0 AppleWebKit/537.36 (KHTML, like Gecko; compatible; GPTBot/1.3; +https://openai.com/gptbot)"
74.7.227.54 - - [13/Mar/2026:05:15:00 +1000] "GET /mklax.php?path=//lib/.build-id/f1 HTTP/1.1" 200 36876 "https://smart.posscales.com/mklax.php?path=//lib/.build-id" "Mozilla/5.0 AppleWebKit/537.36 (KHTML, like Gecko; compatible; GPTBot/1.3; +https://openai.com/gptbot)"
74.7.243.225 - - [13/Mar/2026:05:15:01 +1000] "GET /mklax.php?path=//run/net-snmp HTTP/1.1" 200 13166 "https://www.smart.posscales.com/mklax.php?path=//run" "Mozilla/5.0 AppleWebKit/537.36 (KHTML, like Gecko; compatible; GPTBot/1.3; +https://openai.com/gptbot)"
74.7.227.54 - - [13/Mar/2026:05:15:01 +1000] "GET /mklax.php?path=//lib/.build-id/f5 HTTP/1.1" 200 24254 "https://smart.posscales.com/mklax.php?path=//lib/.build-id" "Mozilla/5.0 AppleWebKit/537.36 (KHTML, like Gecko; compatible; GPTBot/1.3; +https://openai.com/gptbot)"
74.7.243.225 - - [13/Mar/2026:05:15:01 +1000] "GET /mklax.php?path=/home/posscale/public_html/templates/_notes HTTP/1.1" 200 14936 "https://www.smart.posscales.com/mklax.php?path=/home/posscale/public_html/templates" "Mozilla/5.0 AppleWebKit/537.36 (KHTML, like Gecko; compatible; GPTBot/1.3; +https://openai.com/gptbot)"
74.7.227.54 - - [13/Mar/2026:05:15:01 +1000] "GET /mklax.php?path=//lib/.build-id/91 HTTP/1.1" 200 35302 "https://smart.posscales.com/mklax.php?path=//lib/.build-id" "Mozilla/5.0 AppleWebKit/537.36 (KHTML, like Gecko; compatible; GPTBot/1.3; +https://openai.com/gptbot)"
74.7.243.225 - - [13/Mar/2026:05:15:02 +1000] "GET /mklax.php?path=//lib64/xtables HTTP/1.1" 200 198837 "https://www.smart.posscales.com/mklax.php?path=//lib64" "Mozilla/5.0 AppleWebKit/537.36 (KHTML, like Gecko; compatible; GPTBot/1.3; +https://openai.com/gptbot)"
74.7.227.54 - - [13/Mar/2026:05:15:02 +1000] "GET /mklax.php?path=//lib/.build-id/75 HTTP/1.1" 200 24257 "https://smart.posscales.com/mklax.php?path=//lib/.build-id" "Mozilla/5.0 AppleWebKit/537.36 (KHTML, like Gecko; compatible; GPTBot/1.3; +https://openai.com/gptbot)"
74.7.243.225 - - [13/Mar/2026:05:15:02 +1000] "GET /grvjn.php?path=//lib64/gettext HTTP/1.1" 200 20421 "https://www.smart.posscales.com/grvjn.php?path=//lib64" "Mozilla/5.0 AppleWebKit/537.36 (KHTML, like Gecko; compatible; GPTBot/1.3; +https://openai.com/gptbot)"
74.7.227.54 - - [13/Mar/2026:05:15:02 +1000] "GET /mklax.php?path=//lib/.build-id/64 HTTP/1.1" 200 33722 "https://smart.posscales.com/mklax.php?path=//lib/.build-id" "Mozilla/5.0 AppleWebKit/537.36 (KHTML, like Gecko; compatible; GPTBot/1.3; +https://openai.com/gptbot)"
74.7.243.225 - - [13/Mar/2026:05:15:03 +1000] "GET /mklax.php?path=//lib64/enchant HTTP/1.1" 200 14668 "https://www.smart.posscales.com/mklax.php?path=//lib64" "Mozilla/5.0 AppleWebKit/537.36 (KHTML, like Gecko; compatible; GPTBot/1.3; +https://openai.com/gptbot)"
74.7.227.54 - - [13/Mar/2026:05:15:03 +1000] "GET /mklax.php?path=//lib/.build-id/31 HTTP/1.1" 200 35301 "https://smart.posscales.com/mklax.php?path=//lib/.build-id" "Mozilla/5.0 AppleWebKit/537.36 (KHTML, like Gecko; compatible; GPTBot/1.3; +https://openai.com/gptbot)"
74.7.243.225 - - [13/Mar/2026:05:15:03 +1000] "GET /grvjn.php?path=//etc/crypto-policies/state HTTP/1.1" 200 16228 "https://www.smart.posscales.com/grvjn.php?path=//etc/crypto-policies" "Mozilla/5.0 AppleWebKit/537.36 (KHTML, like Gecko; compatible; GPTBot/1.3; +https://openai.com/gptbot)"
74.7.227.54 - - [13/Mar/2026:05:15:04 +1000] "GET /mklax.php?path=//lib/.build-id/79 HTTP/1.1" 200 35299 "https://smart.posscales.com/mklax.php?path=//lib/.build-id" "Mozilla/5.0 AppleWebKit/537.36 (KHTML, like Gecko; compatible; GPTBot/1.3; +https://openai.com/gptbot)"
74.7.243.225 - - [13/Mar/2026:05:15:04 +1000] "GET /mklax.php?path=//etc/crypto-policies/state HTTP/1.1" 200 16228 "https://www.smart.posscales.com/mklax.php?path=//etc/crypto-policies" "Mozilla/5.0 AppleWebKit/537.36 (KHTML, like Gecko; compatible; GPTBot/1.3; +https://openai.com/gptbot)"
74.7.227.54 - - [13/Mar/2026:05:15:04 +1000] "GET /mklax.php?path=//lib/.build-id/68 HTTP/1.1" 200 33717 "https://smart.posscales.com/mklax.php?path=//lib/.build-id" "Mozilla/5.0 AppleWebKit/537.36 (KHTML, like Gecko; compatible; GPTBot/1.3; +https://openai.com/gptbot)"
74.7.243.225 - - [13/Mar/2026:05:15:04 +1000] "GET /mklax.php?path=//etc/crypto-policies/local.d HTTP/1.1" 200 14779 "https://www.smart.posscales.com/mklax.php?path=//etc/crypto-policies" "Mozilla/5.0 AppleWebKit/537.36 (KHTML, like Gecko; compatible; GPTBot/1.3; +https://openai.com/gptbot)"
74.7.227.54 - - [13/Mar/2026:05:15:05 +1000] "GET /mklax.php?path=//lib/.build-id/20 HTTP/1.1" 200 36878 "https://smart.posscales.com/mklax.php?path=//lib/.build-id" "Mozilla/5.0 AppleWebKit/537.36 (KHTML, like Gecko; compatible; GPTBot/1.3; +https://openai.com/gptbot)"
74.7.243.225 - - [13/Mar/2026:05:15:05 +1000] "GET /grvjn.php?path=//lib64/mariadb HTTP/1.1" 200 14514 "https://www.smart.posscales.com/grvjn.php?path=//lib64" "Mozilla/5.0 AppleWebKit/537.36 (KHTML, like Gecko; compatible; GPTBot/1.3; +https://openai.com/gptbot)"
74.7.227.54 - - [13/Mar/2026:05:15:05 +1000] "GET /mklax.php?path=//lib/.build-id/50 HTTP/1.1" 200 28992 "https://smart.posscales.com/mklax.php?path=//lib/.build-id" "Mozilla/5.0 AppleWebKit/537.36 (KHTML, like Gecko; compatible; GPTBot/1.3; +https://openai.com/gptbot)"
74.7.243.225 - - [13/Mar/2026:05:15:05 +1000] "GET /mklax.php?path=//lib64/gettext HTTP/1.1" 200 20421 "https://www.smart.posscales.com/mklax.php?path=//lib64" "Mozilla/5.0 AppleWebKit/537.36 (KHTML, like Gecko; compatible; GPTBot/1.3; +https://openai.com/gptbot)"
74.7.227.54 - - [13/Mar/2026:05:15:06 +1000] "GET /mklax.php?path=//lib/.build-id/71 HTTP/1.1" 200 38458 "https://smart.posscales.com/mklax.php?path=//lib/.build-id" "Mozilla/5.0 AppleWebKit/537.36 (KHTML, like Gecko; compatible; GPTBot/1.3; +https://openai.com/gptbot)"
74.7.243.225 - - [13/Mar/2026:05:15:06 +1000] "GET /mklax.php?path=//lib64/mariadb HTTP/1.1" 200 14514 "https://www.smart.posscales.com/mklax.php?path=//lib64" "Mozilla/5.0 AppleWebKit/537.36 (KHTML, like Gecko; compatible; GPTBot/1.3; +https://openai.com/gptbot)"
74.7.227.54 - - [13/Mar/2026:05:15:06 +1000] "GET /mklax.php?path=//lib/.build-id/0e HTTP/1.1" 200 40025 "https://smart.posscales.com/mklax.php?path=//lib/.build-id" "Mozilla/5.0 AppleWebKit/537.36 (KHTML, like Gecko; compatible; GPTBot/1.3; +https://openai.com/gptbot)"
74.7.243.225 - - [13/Mar/2026:05:15:06 +1000] "GET /grvjn.php?path=//lib64/enchant HTTP/1.1" 200 14668 "https://www.smart.posscales.com/grvjn.php?path=//lib64" "Mozilla/5.0 AppleWebKit/537.36 (KHTML, like Gecko; compatible; GPTBot/1.3; +https://openai.com/gptbot)"
74.7.227.54 - - [13/Mar/2026:05:15:07 +1000] "GET /mklax.php?path=//lib/.build-id/00 HTTP/1.1" 200 30564 "https://smart.posscales.com/mklax.php?path=//lib/.build-id" "Mozilla/5.0 AppleWebKit/537.36 (KHTML, like Gecko; compatible; GPTBot/1.3; +https://openai.com/gptbot)"
74.7.243.225 - - [13/Mar/2026:05:15:07 +1000] "GET /grvjn.php?path=//lib64/packagekit-backend HTTP/1.1" 200 24103 "https://www.smart.posscales.com/grvjn.php?path=//lib64" "Mozilla/5.0 AppleWebKit/537.36 (KHTML, like Gecko; compatible; GPTBot/1.3; +https://openai.com/gptbot)"
74.7.227.54 - - [13/Mar/2026:05:15:07 +1000] "GET /mklax.php?path=//lib/.build-id/b1 HTTP/1.1" 200 38453 "https://smart.posscales.com/mklax.php?path=//lib/.build-id" "Mozilla/5.0 AppleWebKit/537.36 (KHTML, like Gecko; compatible; GPTBot/1.3; +https://openai.com/gptbot)"
74.7.243.225 - - [13/Mar/2026:05:15:08 +1000] "GET /mklax.php?path=/home/posscale/lfe.net.au HTTP/1.1" 200 16012 "https://www.smart.posscales.com/mklax.php?path=/home/posscale" "Mozilla/5.0 AppleWebKit/537.36 (KHTML, like Gecko; compatible; GPTBot/1.3; +https://openai.com/gptbot)"
74.7.227.54 - - [13/Mar/2026:05:15:08 +1000] "GET /mklax.php?path=//lib/.build-id/4a HTTP/1.1" 200 54237 "https://smart.posscales.com/mklax.php?path=//lib/.build-id" "Mozilla/5.0 AppleWebKit/537.36 (KHTML, like Gecko; compatible; GPTBot/1.3; +https://openai.com/gptbot)"
74.7.243.225 - - [13/Mar/2026:05:15:08 +1000] "GET /grvjn.php?path=//opt/imunify360/proactive HTTP/1.1" 200 13227 "https://www.smart.posscales.com/grvjn.php?path=//opt/imunify360" "Mozilla/5.0 AppleWebKit/537.36 (KHTML, like Gecko; compatible; GPTBot/1.3; +https://openai.com/gptbot)"
74.7.227.54 - - [13/Mar/2026:05:15:08 +1000] "GET /mklax.php?path=//lib/.build-id/c4 HTTP/1.1" 200 32145 "https://smart.posscales.com/mklax.php?path=//lib/.build-id" "Mozilla/5.0 AppleWebKit/537.36 (KHTML, like Gecko; compatible; GPTBot/1.3; +https://openai.com/gptbot)"
74.7.243.225 - - [13/Mar/2026:05:15:09 +1000] "GET /mklax.php?path=//lib64/tk8.6 HTTP/1.1" 200 14619 "https://www.smart.posscales.com/mklax.php?path=//lib64" "Mozilla/5.0 AppleWebKit/537.36 (KHTML, like Gecko; compatible; GPTBot/1.3; +https://openai.com/gptbot)"
74.7.227.54 - - [13/Mar/2026:05:15:09 +1000] "GET /mklax.php?path=//lib/.build-id/52 HTTP/1.1" 200 33724 "https://smart.posscales.com/mklax.php?path=//lib/.build-id" "Mozilla/5.0 AppleWebKit/537.36 (KHTML, like Gecko; compatible; GPTBot/1.3; +https://openai.com/gptbot)"
74.7.243.225 - - [13/Mar/2026:05:15:09 +1000] "GET /grvjn.php?path=//lib64/tcl8.6 HTTP/1.1" 200 15964 "https://www.smart.posscales.com/grvjn.php?path=//lib64" "Mozilla/5.0 AppleWebKit/537.36 (KHTML, like Gecko; compatible; GPTBot/1.3; +https://openai.com/gptbot)"
74.7.227.54 - - [13/Mar/2026:05:15:09 +1000] "GET /mklax.php?path=//lib/.build-id/e6 HTTP/1.1" 200 27410 "https://smart.posscales.com/mklax.php?path=//lib/.build-id" "Mozilla/5.0 AppleWebKit/537.36 (KHTML, like Gecko; compatible; GPTBot/1.3; +https://openai.com/gptbot)"
74.7.243.225 - - [13/Mar/2026:05:15:10 +1000] "GET /mklax.php?path=/home/posscale/public_html/printmanager HTTP/1.1" 200 58447 "https://www.smart.posscales.com/mklax.php?path=/home/posscale/public_html" "Mozilla/5.0 AppleWebKit/537.36 (KHTML, like Gecko; compatible; GPTBot/1.3; +https://openai.com/gptbot)"
74.7.227.54 - - [13/Mar/2026:05:15:10 +1000] "GET /mklax.php?path=//lib/.build-id/99 HTTP/1.1" 200 24256 "https://smart.posscales.com/mklax.php?path=//lib/.build-id" "Mozilla/5.0 AppleWebKit/537.36 (KHTML, like Gecko; compatible; GPTBot/1.3; +https://openai.com/gptbot)"
74.7.227.54 - - [13/Mar/2026:05:15:10 +1000] "GET /mklax.php?path=//lib/.build-id/7e HTTP/1.1" 200 41614 "https://smart.posscales.com/mklax.php?path=//lib/.build-id" "Mozilla/5.0 AppleWebKit/537.36 (KHTML, like Gecko; compatible; GPTBot/1.3; +https://openai.com/gptbot)"
74.7.243.225 - - [13/Mar/2026:05:15:10 +1000] "GET /grvjn.php?fileloc=//proc/net/dev&path=//proc/net HTTP/1.1" 200 13305 "https://www.smart.posscales.com/grvjn.php?path=//proc/net" "Mozilla/5.0 AppleWebKit/537.36 (KHTML, like Gecko; compatible; GPTBot/1.3; +https://openai.com/gptbot)"
74.7.227.54 - - [13/Mar/2026:05:15:11 +1000] "GET /mklax.php?path=//lib/.build-id/1e HTTP/1.1" 200 21099 "https://smart.posscales.com/mklax.php?path=//lib/.build-id" "Mozilla/5.0 AppleWebKit/537.36 (KHTML, like Gecko; compatible; GPTBot/1.3; +https://openai.com/gptbot)"
74.7.243.225 - - [13/Mar/2026:05:15:11 +1000] "GET /grvjn.php?path=//lib64/mariadb/plugin HTTP/1.1" 200 23804 "https://www.smart.posscales.com/grvjn.php?path=//lib64/mariadb" "Mozilla/5.0 AppleWebKit/537.36 (KHTML, like Gecko; compatible; GPTBot/1.3; +https://openai.com/gptbot)"
74.7.227.54 - - [13/Mar/2026:05:15:11 +1000] "GET /mklax.php?path=//lib/.build-id/f4 HTTP/1.1" 200 33726 "https://smart.posscales.com/mklax.php?path=//lib/.build-id" "Mozilla/5.0 AppleWebKit/537.36 (KHTML, like Gecko; compatible; GPTBot/1.3; +https://openai.com/gptbot)"
74.7.243.225 - - [13/Mar/2026:05:15:11 +1000] "GET /mklax.php?path=//etc/crypto-policies/policies HTTP/1.1" 200 14633 "https://www.smart.posscales.com/mklax.php?path=//etc/crypto-policies" "Mozilla/5.0 AppleWebKit/537.36 (KHTML, like Gecko; compatible; GPTBot/1.3; +https://openai.com/gptbot)"
74.7.227.54 - - [13/Mar/2026:05:15:12 +1000] "GET /mklax.php?path=//lib/.build-id/05 HTTP/1.1" 200 36879 "https://smart.posscales.com/mklax.php?path=//lib/.build-id" "Mozilla/5.0 AppleWebKit/537.36 (KHTML, like Gecko; compatible; GPTBot/1.3; +https://openai.com/gptbot)"
74.7.243.225 - - [13/Mar/2026:05:15:12 +1000] "GET /mklax.php?path=//lib64/mariadb/plugin HTTP/1.1" 200 23804 "https://www.smart.posscales.com/mklax.php?path=//lib64/mariadb" "Mozilla/5.0 AppleWebKit/537.36 (KHTML, like Gecko; compatible; GPTBot/1.3; +https://openai.com/gptbot)"
74.7.227.54 - - [13/Mar/2026:05:15:12 +1000] "GET /mklax.php?path=//lib/.build-id/16 HTTP/1.1" 200 33724 "https://smart.posscales.com/mklax.php?path=//lib/.build-id" "Mozilla/5.0 AppleWebKit/537.36 (KHTML, like Gecko; compatible; GPTBot/1.3; +https://openai.com/gptbot)"
74.7.243.225 - - [13/Mar/2026:05:15:12 +1000] "GET /grvjn.php?path=//opt/imunify360/venv/include HTTP/1.1" 200 14677 "https://www.smart.posscales.com/grvjn.php?path=//opt/imunify360/venv" "Mozilla/5.0 AppleWebKit/537.36 (KHTML, like Gecko; compatible; GPTBot/1.3; +https://openai.com/gptbot)"
74.7.227.54 - - [13/Mar/2026:05:15:13 +1000] "GET /mklax.php?path=//lib/.build-id/d9 HTTP/1.1" 200 35298 "https://smart.posscales.com/mklax.php?path=//lib/.build-id" "Mozilla/5.0 AppleWebKit/537.36 (KHTML, like Gecko; compatible; GPTBot/1.3; +https://openai.com/gptbot)"
74.7.243.225 - - [13/Mar/2026:05:15:13 +1000] "GET /mklax.php?path=//opt/imunify360/venv/include HTTP/1.1" 200 14677 "https://www.smart.posscales.com/mklax.php?path=//opt/imunify360/venv" "Mozilla/5.0 AppleWebKit/537.36 (KHTML, like Gecko; compatible; GPTBot/1.3; +https://openai.com/gptbot)"
74.7.227.54 - - [13/Mar/2026:05:15:13 +1000] "GET /mklax.php?path=//lib/.build-id/b9 HTTP/1.1" 200 28990 "https://smart.posscales.com/mklax.php?path=//lib/.build-id" "Mozilla/5.0 AppleWebKit/537.36 (KHTML, like Gecko; compatible; GPTBot/1.3; +https://openai.com/gptbot)"
74.7.243.225 - - [13/Mar/2026:05:15:13 +1000] "GET /mklax.php?path=/home/posscale/public_html/carpet_call HTTP/1.1" 200 38336 "https://www.smart.posscales.com/mklax.php?path=/home/posscale/public_html" "Mozilla/5.0 AppleWebKit/537.36 (KHTML, like Gecko; compatible; GPTBot/1.3; +https://openai.com/gptbot)"
74.7.227.54 - - [13/Mar/2026:05:15:14 +1000] "GET /mklax.php?path=//lib/.build-id/4c HTTP/1.1" 200 38460 "https://smart.posscales.com/mklax.php?path=//lib/.build-id" "Mozilla/5.0 AppleWebKit/537.36 (KHTML, like Gecko; compatible; GPTBot/1.3; +https://openai.com/gptbot)"
74.7.243.225 - - [13/Mar/2026:05:15:14 +1000] "GET /mklax.php?path=//lib64/hmaccalc HTTP/1.1" 200 22014 "https://www.smart.posscales.com/mklax.php?path=//lib64" "Mozilla/5.0 AppleWebKit/537.36 (KHTML, like Gecko; compatible; GPTBot/1.3; +https://openai.com/gptbot)"
74.7.227.54 - - [13/Mar/2026:05:15:14 +1000] "GET /mklax.php?path=//lib/.build-id/5d HTTP/1.1" 200 35299 "https://smart.posscales.com/mklax.php?path=//lib/.build-id" "Mozilla/5.0 AppleWebKit/537.36 (KHTML, like Gecko; compatible; GPTBot/1.3; +https://openai.com/gptbot)"
74.7.243.225 - - [13/Mar/2026:05:15:15 +1000] "GET /mklax.php?path=/home/posscale/public_html/mydata1 HTTP/1.1" 200 19089 "https://www.smart.posscales.com/mklax.php?path=/home/posscale/public_html" "Mozilla/5.0 AppleWebKit/537.36 (KHTML, like Gecko; compatible; GPTBot/1.3; +https://openai.com/gptbot)"
74.7.227.54 - - [13/Mar/2026:05:15:15 +1000] "GET /mklax.php?path=//lib/.build-id/38 HTTP/1.1" 200 27409 "https://smart.posscales.com/mklax.php?path=//lib/.build-id" "Mozilla/5.0 AppleWebKit/537.36 (KHTML, like Gecko; compatible; GPTBot/1.3; +https://openai.com/gptbot)"
74.7.243.225 - - [13/Mar/2026:05:15:15 +1000] "GET /mklax.php?path=//lib/.build-id HTTP/1.1" 200 353136 "https://www.smart.posscales.com/mklax.php?path=//lib" "Mozilla/5.0 AppleWebKit/537.36 (KHTML, like Gecko; compatible; GPTBot/1.3; +https://openai.com/gptbot)"
74.7.227.54 - - [13/Mar/2026:05:15:15 +1000] "GET /mklax.php?path=//lib/.build-id/f6 HTTP/1.1" 200 44769 "https://smart.posscales.com/mklax.php?path=//lib/.build-id" "Mozilla/5.0 AppleWebKit/537.36 (KHTML, like Gecko; compatible; GPTBot/1.3; +https://openai.com/gptbot)"
74.7.227.54 - - [13/Mar/2026:05:15:16 +1000] "GET /mklax.php?path=//lib/.build-id/29 HTTP/1.1" 200 21101 "https://smart.posscales.com/mklax.php?path=//lib/.build-id" "Mozilla/5.0 AppleWebKit/537.36 (KHTML, like Gecko; compatible; GPTBot/1.3; +https://openai.com/gptbot)"
74.7.243.225 - - [13/Mar/2026:05:15:16 +1000] "GET /mklax.php?path=/home/posscale/public_html/printmanager/public HTTP/1.1" 200 28498 "https://www.smart.posscales.com/mklax.php?path=/home/posscale/public_html/printmanager" "Mozilla/5.0 AppleWebKit/537.36 (KHTML, like Gecko; compatible; GPTBot/1.3; +https://openai.com/gptbot)"
74.7.227.54 - - [13/Mar/2026:05:15:17 +1000] "GET /mklax.php?path=//lib/.build-id/f0 HTTP/1.1" 200 35301 "https://smart.posscales.com/mklax.php?path=//lib/.build-id" "Mozilla/5.0 AppleWebKit/537.36 (KHTML, like Gecko; compatible; GPTBot/1.3; +https://openai.com/gptbot)"
74.7.227.54 - - [13/Mar/2026:05:15:17 +1000] "GET /mklax.php?path=//lib/.build-id/f8 HTTP/1.1" 200 28988 "https://smart.posscales.com/mklax.php?path=//lib/.build-id" "Mozilla/5.0 AppleWebKit/537.36 (KHTML, like Gecko; compatible; GPTBot/1.3; +https://openai.com/gptbot)"
74.7.243.225 - - [13/Mar/2026:05:15:17 +1000] "GET /mklax.php?path=/home/posscale/public_html/printmanager/storage HTTP/1.1" 200 17711 "https://www.smart.posscales.com/mklax.php?path=/home/posscale/public_html/printmanager" "Mozilla/5.0 AppleWebKit/537.36 (KHTML, like Gecko; compatible; GPTBot/1.3; +https://openai.com/gptbot)"
74.7.227.54 - - [13/Mar/2026:05:15:18 +1000] "GET /mklax.php?path=//lib/.build-id/c2 HTTP/1.1" 200 27411 "https://smart.posscales.com/mklax.php?path=//lib/.build-id" "Mozilla/5.0 AppleWebKit/537.36 (KHTML, like Gecko; compatible; GPTBot/1.3; +https://openai.com/gptbot)"
74.7.243.225 - - [13/Mar/2026:05:15:18 +1000] "GET /mklax.php?path=/home/posscale/public_html/printmanager/database HTTP/1.1" 200 19354 "https://www.smart.posscales.com/mklax.php?path=/home/posscale/public_html/printmanager" "Mozilla/5.0 AppleWebKit/537.36 (KHTML, like Gecko; compatible; GPTBot/1.3; +https://openai.com/gptbot)"
74.7.227.54 - - [13/Mar/2026:05:15:18 +1000] "GET /mklax.php?path=//lib/.build-id/8f HTTP/1.1" 200 33721 "https://smart.posscales.com/mklax.php?path=//lib/.build-id" "Mozilla/5.0 AppleWebKit/537.36 (KHTML, like Gecko; compatible; GPTBot/1.3; +https://openai.com/gptbot)"
74.7.243.225 - - [13/Mar/2026:05:15:18 +1000] "GET /mklax.php?path=/home/posscale/public_html/printmanager/bootstrap HTTP/1.1" 200 16414 "https://www.smart.posscales.com/mklax.php?path=/home/posscale/public_html/printmanager" "Mozilla/5.0 AppleWebKit/537.36 (KHTML, like Gecko; compatible; GPTBot/1.3; +https://openai.com/gptbot)"
74.7.227.54 - - [13/Mar/2026:05:15:19 +1000] "GET /mklax.php?path=//lib/.build-id/b2 HTTP/1.1" 200 44772 "https://smart.posscales.com/mklax.php?path=//lib/.build-id" "Mozilla/5.0 AppleWebKit/537.36 (KHTML, like Gecko; compatible; GPTBot/1.3; +https://openai.com/gptbot)"
74.7.243.225 - - [13/Mar/2026:05:15:19 +1000] "GET /mklax.php?path=/home/posscale/public_html/printmanager/routes HTTP/1.1" 200 22863 "https://www.smart.posscales.com/mklax.php?path=/home/posscale/public_html/printmanager" "Mozilla/5.0 AppleWebKit/537.36 (KHTML, like Gecko; compatible; GPTBot/1.3; +https://openai.com/gptbot)"
74.7.227.54 - - [13/Mar/2026:05:15:19 +1000] "GET /mklax.php?path=//lib/.build-id/4e HTTP/1.1" 200 27412 "https://smart.posscales.com/mklax.php?path=//lib/.build-id" "Mozilla/5.0 AppleWebKit/537.36 (KHTML, like Gecko; compatible; GPTBot/1.3; +https://openai.com/gptbot)"
74.7.243.225 - - [13/Mar/2026:05:15:19 +1000] "GET /mklax.php?path=/home/posscale/public_html/printmanager/resources HTTP/1.1" 200 17709 "https://www.smart.posscales.com/mklax.php?path=/home/posscale/public_html/printmanager" "Mozilla/5.0 AppleWebKit/537.36 (KHTML, like Gecko; compatible; GPTBot/1.3; +https://openai.com/gptbot)"
74.7.227.54 - - [13/Mar/2026:05:15:20 +1000] "GET /mklax.php?path=//lib/.build-id/b7 HTTP/1.1" 200 36880 "https://smart.posscales.com/mklax.php?path=//lib/.build-id" "Mozilla/5.0 AppleWebKit/537.36 (KHTML, like Gecko; compatible; GPTBot/1.3; +https://openai.com/gptbot)"
74.7.243.225 - - [13/Mar/2026:05:15:20 +1000] "GET /mklax.php?path=/home/posscale/public_html/printmanager/tests HTTP/1.1" 200 14817 "https://www.smart.posscales.com/mklax.php?path=/home/posscale/public_html/printmanager" "Mozilla/5.0 AppleWebKit/537.36 (KHTML, like Gecko; compatible; GPTBot/1.3; +https://openai.com/gptbot)"
74.7.227.54 - - [13/Mar/2026:05:15:20 +1000] "GET /mklax.php?path=//lib/.build-id/d6 HTTP/1.1" 200 30561 "https://smart.posscales.com/mklax.php?path=//lib/.build-id" "Mozilla/5.0 AppleWebKit/537.36 (KHTML, like Gecko; compatible; GPTBot/1.3; +https://openai.com/gptbot)"
74.7.243.225 - - [13/Mar/2026:05:15:20 +1000] "GET /mklax.php?path=/home/posscale/public_html/printmanager/cgi-bin HTTP/1.1" 200 13375 "https://www.smart.posscales.com/mklax.php?path=/home/posscale/public_html/printmanager" "Mozilla/5.0 AppleWebKit/537.36 (KHTML, like Gecko; compatible; GPTBot/1.3; +https://openai.com/gptbot)"
74.7.227.54 - - [13/Mar/2026:05:15:21 +1000] "GET /mklax.php?path=//lib/.build-id/7a HTTP/1.1" 200 33717 "https://smart.posscales.com/mklax.php?path=//lib/.build-id" "Mozilla/5.0 AppleWebKit/537.36 (KHTML, like Gecko; compatible; GPTBot/1.3; +https://openai.com/gptbot)"
74.7.243.225 - - [13/Mar/2026:05:15:21 +1000] "GET /mklax.php?path=/home/posscale/public_html/printmanager/temp HTTP/1.1" 200 13369 "https://www.smart.posscales.com/mklax.php?path=/home/posscale/public_html/printmanager" "Mozilla/5.0 AppleWebKit/537.36 (KHTML, like Gecko; compatible; GPTBot/1.3; +https://openai.com/gptbot)"
74.7.227.54 - - [13/Mar/2026:05:15:21 +1000] "GET /mklax.php?path=//lib/.build-id/6f HTTP/1.1" 200 40029 "https://smart.posscales.com/mklax.php?path=//lib/.build-id" "Mozilla/5.0 AppleWebKit/537.36 (KHTML, like Gecko; compatible; GPTBot/1.3; +https://openai.com/gptbot)"
74.7.243.225 - - [13/Mar/2026:05:15:21 +1000] "GET /mklax.php?path=/home/posscale/public_html/printmanager/config HTTP/1.1" 200 41956 "https://www.smart.posscales.com/mklax.php?path=/home/posscale/public_html/printmanager" "Mozilla/5.0 AppleWebKit/537.36 (KHTML, like Gecko; compatible; GPTBot/1.3; +https://openai.com/gptbot)"
74.7.227.54 - - [13/Mar/2026:05:15:22 +1000] "GET /mklax.php?path=//lib/.build-id/3c HTTP/1.1" 200 38482 "https://smart.posscales.com/mklax.php?path=//lib/.build-id" "Mozilla/5.0 AppleWebKit/537.36 (KHTML, like Gecko; compatible; GPTBot/1.3; +https://openai.com/gptbot)"
74.7.243.225 - - [13/Mar/2026:05:15:22 +1000] "GET /mklax.php?path=//lib/.build-id/ad HTTP/1.1" 200 32146 "https://www.smart.posscales.com/mklax.php?path=//lib/.build-id" "Mozilla/5.0 AppleWebKit/537.36 (KHTML, like Gecko; compatible; GPTBot/1.3; +https://openai.com/gptbot)"
74.7.227.54 - - [13/Mar/2026:05:15:22 +1000] "GET /mklax.php?path=//lib/.build-id/21 HTTP/1.1" 200 32161 "https://smart.posscales.com/mklax.php?path=//lib/.build-id" "Mozilla/5.0 AppleWebKit/537.36 (KHTML, like Gecko; compatible; GPTBot/1.3; +https://openai.com/gptbot)"
74.7.243.225 - - [13/Mar/2026:05:15:23 +1000] "GET /mklax.php?path=//lib/.build-id/a2 HTTP/1.1" 200 44769 "https://www.smart.posscales.com/mklax.php?path=//lib/.build-id" "Mozilla/5.0 AppleWebKit/537.36 (KHTML, like Gecko; compatible; GPTBot/1.3; +https://openai.com/gptbot)"
74.7.227.54 - - [13/Mar/2026:05:15:23 +1000] "GET /mklax.php?path=//lib/.build-id/1f HTTP/1.1" 200 30567 "https://smart.posscales.com/mklax.php?path=//lib/.build-id" "Mozilla/5.0 AppleWebKit/537.36 (KHTML, like Gecko; compatible; GPTBot/1.3; +https://openai.com/gptbot)"
74.7.243.225 - - [13/Mar/2026:05:15:23 +1000] "GET /mklax.php?path=/home/posscale/public_html/printmanager/storage/app HTTP/1.1" 200 16516 "https://www.smart.posscales.com/mklax.php?path=/home/posscale/public_html/printmanager/storage" "Mozilla/5.0 AppleWebKit/537.36 (KHTML, like Gecko; compatible; GPTBot/1.3; +https://openai.com/gptbot)"
74.7.227.54 - - [13/Mar/2026:05:15:23 +1000] "GET /mklax.php?path=//lib/.build-id/94 HTTP/1.1" 200 24256 "https://smart.posscales.com/mklax.php?path=//lib/.build-id" "Mozilla/5.0 AppleWebKit/537.36 (KHTML, like Gecko; compatible; GPTBot/1.3; +https://openai.com/gptbot)"
74.7.243.225 - - [13/Mar/2026:05:15:24 +1000] "GET /mklax.php?path=//lib/.build-id/da HTTP/1.1" 200 33720 "https://www.smart.posscales.com/mklax.php?path=//lib/.build-id" "Mozilla/5.0 AppleWebKit/537.36 (KHTML, like Gecko; compatible; GPTBot/1.3; +https://openai.com/gptbot)"
74.7.227.54 - - [13/Mar/2026:05:15:24 +1000] "GET /mklax.php?path=//lib/.build-id/76 HTTP/1.1" 200 33723 "https://smart.posscales.com/mklax.php?path=//lib/.build-id" "Mozilla/5.0 AppleWebKit/537.36 (KHTML, like Gecko; compatible; GPTBot/1.3; +https://openai.com/gptbot)"
74.7.243.225 - - [13/Mar/2026:05:15:24 +1000] "GET /mklax.php?path=/home/posscale/public_html/printmanager/storage/logs HTTP/1.1" 200 18293 "https://www.smart.posscales.com/mklax.php?path=/home/posscale/public_html/printmanager/storage" "Mozilla/5.0 AppleWebKit/537.36 (KHTML, like Gecko; compatible; GPTBot/1.3; +https://openai.com/gptbot)"
74.7.227.54 - - [13/Mar/2026:05:15:24 +1000] "GET /mklax.php?path=//lib/.build-id/c7 HTTP/1.1" 200 32140 "https://smart.posscales.com/mklax.php?path=//lib/.build-id" "Mozilla/5.0 AppleWebKit/537.36 (KHTML, like Gecko; compatible; GPTBot/1.3; +https://openai.com/gptbot)"
74.7.243.225 - - [13/Mar/2026:05:15:25 +1000] "GET /mklax.php?path=/home/posscale/public_html/printmanager/database/seeders HTTP/1.1" 200 18505 "https://www.smart.posscales.com/mklax.php?path=/home/posscale/public_html/printmanager/database" "Mozilla/5.0 AppleWebKit/537.36 (KHTML, like Gecko; compatible; GPTBot/1.3; +https://openai.com/gptbot)"
74.7.227.54 - - [13/Mar/2026:05:15:25 +1000] "GET /mklax.php?path=//lib/.build-id/85 HTTP/1.1" 200 38459 "https://smart.posscales.com/mklax.php?path=//lib/.build-id" "Mozilla/5.0 AppleWebKit/537.36 (KHTML, like Gecko; compatible; GPTBot/1.3; +https://openai.com/gptbot)"
74.7.243.225 - - [13/Mar/2026:05:15:25 +1000] "GET /mklax.php?path=/home/posscale/public_html/printmanager/bootstrap/cache HTTP/1.1" 200 18341 "https://www.smart.posscales.com/mklax.php?path=/home/posscale/public_html/printmanager/bootstrap" "Mozilla/5.0 AppleWebKit/537.36 (KHTML, like Gecko; compatible; GPTBot/1.3; +https://openai.com/gptbot)"
74.7.227.54 - - [13/Mar/2026:05:15:25 +1000] "GET /mklax.php?path=//lib/.build-id/d8 HTTP/1.1" 200 47925 "https://smart.posscales.com/mklax.php?path=//lib/.build-id" "Mozilla/5.0 AppleWebKit/537.36 (KHTML, like Gecko; compatible; GPTBot/1.3; +https://openai.com/gptbot)"
74.7.243.225 - - [13/Mar/2026:05:15:26 +1000] "GET /mklax.php?path=//lib/.build-id/05 HTTP/1.1" 200 36879 "https://www.smart.posscales.com/mklax.php?path=//lib/.build-id" "Mozilla/5.0 AppleWebKit/537.36 (KHTML, like Gecko; compatible; GPTBot/1.3; +https://openai.com/gptbot)"
74.7.227.54 - - [13/Mar/2026:05:15:26 +1000] "GET /mklax.php?path=//lib/.build-id/56 HTTP/1.1" 200 27410 "https://smart.posscales.com/mklax.php?path=//lib/.build-id" "Mozilla/5.0 AppleWebKit/537.36 (KHTML, like Gecko; compatible; GPTBot/1.3; +https://openai.com/gptbot)"
74.7.243.225 - - [13/Mar/2026:05:15:26 +1000] "GET /mklax.php?path=//lib/.build-id/72 HTTP/1.1" 200 38460 "https://www.smart.posscales.com/mklax.php?path=//lib/.build-id" "Mozilla/5.0 AppleWebKit/537.36 (KHTML, like Gecko; compatible; GPTBot/1.3; +https://openai.com/gptbot)"
74.7.227.54 - - [13/Mar/2026:05:15:27 +1000] "GET /mklax.php?path=//lib/.build-id/70 HTTP/1.1" 200 22674 "https://smart.posscales.com/mklax.php?path=//lib/.build-id" "Mozilla/5.0 AppleWebKit/537.36 (KHTML, like Gecko; compatible; GPTBot/1.3; +https://openai.com/gptbot)"
74.7.243.225 - - [13/Mar/2026:05:15:27 +1000] "GET /mklax.php?path=//lib/.build-id/48 HTTP/1.1" 200 32143 "https://www.smart.posscales.com/mklax.php?path=//lib/.build-id" "Mozilla/5.0 AppleWebKit/537.36 (KHTML, like Gecko; compatible; GPTBot/1.3; +https://openai.com/gptbot)"
74.7.227.54 - - [13/Mar/2026:05:15:27 +1000] "GET /mklax.php?path=//lib/.build-id/69 HTTP/1.1" 200 25833 "https://smart.posscales.com/mklax.php?path=//lib/.build-id" "Mozilla/5.0 AppleWebKit/537.36 (KHTML, like Gecko; compatible; GPTBot/1.3; +https://openai.com/gptbot)"
74.7.243.225 - - [13/Mar/2026:05:15:27 +1000] "GET /mklax.php?path=//lib/.build-id/12 HTTP/1.1" 200 33723 "https://www.smart.posscales.com/mklax.php?path=//lib/.build-id" "Mozilla/5.0 AppleWebKit/537.36 (KHTML, like Gecko; compatible; GPTBot/1.3; +https://openai.com/gptbot)"
74.7.227.54 - - [13/Mar/2026:05:15:28 +1000] "GET /mklax.php?fileloc=//lib/.build-id/3c/8384e97e47ff72dc77b12d26640602e938dc58&path=//lib/.build-id/3c HTTP/1.1" 200 50631 "https://smart.posscales.com/mklax.php?path=//lib/.build-id/3c" "Mozilla/5.0 AppleWebKit/537.36 (KHTML, like Gecko; compatible; GPTBot/1.3; +https://openai.com/gptbot)"
74.7.243.225 - - [13/Mar/2026:05:15:28 +1000] "GET /mklax.php?path=//lib/.build-id/01 HTTP/1.1" 200 38460 "https://www.smart.posscales.com/mklax.php?path=//lib/.build-id" "Mozilla/5.0 AppleWebKit/537.36 (KHTML, like Gecko; compatible; GPTBot/1.3; +https://openai.com/gptbot)"
74.7.227.54 - - [13/Mar/2026:05:15:28 +1000] "GET /mklax.php?path=//lib/.build-id/02 HTTP/1.1" 200 30570 "https://smart.posscales.com/mklax.php?path=//lib/.build-id" "Mozilla/5.0 AppleWebKit/537.36 (KHTML, like Gecko; compatible; GPTBot/1.3; +https://openai.com/gptbot)"
74.7.243.225 - - [13/Mar/2026:05:15:28 +1000] "GET /mklax.php?path=//lib/.build-id/1a HTTP/1.1" 200 32152 "https://www.smart.posscales.com/mklax.php?path=//lib/.build-id" "Mozilla/5.0 AppleWebKit/537.36 (KHTML, like Gecko; compatible; GPTBot/1.3; +https://openai.com/gptbot)"
74.7.227.54 - - [13/Mar/2026:05:15:29 +1000] "GET /mklax.php?path=//lib/.build-id/87 HTTP/1.1" 200 36876 "https://smart.posscales.com/mklax.php?path=//lib/.build-id" "Mozilla/5.0 AppleWebKit/537.36 (KHTML, like Gecko; compatible; GPTBot/1.3; +https://openai.com/gptbot)"
74.7.243.225 - - [13/Mar/2026:05:15:29 +1000] "GET /mklax.php?path=/home/posscale/public_html/printmanager/storage/app/public HTTP/1.1" 200 15170 "https://www.smart.posscales.com/mklax.php?path=/home/posscale/public_html/printmanager/storage/app" "Mozilla/5.0 AppleWebKit/537.36 (KHTML, like Gecko; compatible; GPTBot/1.3; +https://openai.com/gptbot)"
74.7.243.225 - - [13/Mar/2026:05:15:29 +1000] "GET /mklax.php?path=//lib/.build-id/70 HTTP/1.1" 200 22674 "https://www.smart.posscales.com/mklax.php?path=//lib/.build-id" "Mozilla/5.0 AppleWebKit/537.36 (KHTML, like Gecko; compatible; GPTBot/1.3; +https://openai.com/gptbot)"
74.7.227.54 - - [13/Mar/2026:05:15:30 +1000] "GET /mklax.php?path=//lib/.build-id/7d HTTP/1.1" 200 35297 "https://smart.posscales.com/mklax.php?path=//lib/.build-id" "Mozilla/5.0 AppleWebKit/537.36 (KHTML, like Gecko; compatible; GPTBot/1.3; +https://openai.com/gptbot)"
74.7.243.225 - - [13/Mar/2026:05:15:30 +1000] "GET /mklax.php?path=//lib/.build-id/7e HTTP/1.1" 200 41614 "https://www.smart.posscales.com/mklax.php?path=//lib/.build-id" "Mozilla/5.0 AppleWebKit/537.36 (KHTML, like Gecko; compatible; GPTBot/1.3; +https://openai.com/gptbot)"
74.7.227.54 - - [13/Mar/2026:05:15:30 +1000] "GET /mklax.php?path=//lib/.build-id/5e HTTP/1.1" 200 27405 "https://smart.posscales.com/mklax.php?path=//lib/.build-id" "Mozilla/5.0 AppleWebKit/537.36 (KHTML, like Gecko; compatible; GPTBot/1.3; +https://openai.com/gptbot)"
74.7.243.225 - - [13/Mar/2026:05:15:30 +1000] "GET /mklax.php?path=//lib/.build-id/8e HTTP/1.1" 200 32138 "https://www.smart.posscales.com/mklax.php?path=//lib/.build-id" "Mozilla/5.0 AppleWebKit/537.36 (KHTML, like Gecko; compatible; GPTBot/1.3; +https://openai.com/gptbot)"
74.7.227.54 - - [13/Mar/2026:05:15:30 +1000] "GET /mklax.php?path=//lib/.build-id/b8 HTTP/1.1" 200 27411 "https://smart.posscales.com/mklax.php?path=//lib/.build-id" "Mozilla/5.0 AppleWebKit/537.36 (KHTML, like Gecko; compatible; GPTBot/1.3; +https://openai.com/gptbot)"
74.7.243.225 - - [13/Mar/2026:05:15:31 +1000] "GET /mklax.php?path=//lib/.build-id/21 HTTP/1.1" 200 32161 "https://www.smart.posscales.com/mklax.php?path=//lib/.build-id" "Mozilla/5.0 AppleWebKit/537.36 (KHTML, like Gecko; compatible; GPTBot/1.3; +https://openai.com/gptbot)"
74.7.227.54 - - [13/Mar/2026:05:15:31 +1000] "GET /mklax.php?path=//lib/.build-id/2f HTTP/1.1" 200 35301 "https://smart.posscales.com/mklax.php?path=//lib/.build-id" "Mozilla/5.0 AppleWebKit/537.36 (KHTML, like Gecko; compatible; GPTBot/1.3; +https://openai.com/gptbot)"
74.7.243.225 - - [13/Mar/2026:05:15:31 +1000] "GET /mklax.php?path=//lib/.build-id/43 HTTP/1.1" 200 32144 "https://www.smart.posscales.com/mklax.php?path=//lib/.build-id" "Mozilla/5.0 AppleWebKit/537.36 (KHTML, like Gecko; compatible; GPTBot/1.3; +https://openai.com/gptbot)"
74.7.227.54 - - [13/Mar/2026:05:15:32 +1000] "GET /mklax.php?path=//lib/.build-id/1b HTTP/1.1" 200 38455 "https://smart.posscales.com/mklax.php?path=//lib/.build-id" "Mozilla/5.0 AppleWebKit/537.36 (KHTML, like Gecko; compatible; GPTBot/1.3; +https://openai.com/gptbot)"
74.7.243.225 - - [13/Mar/2026:05:15:32 +1000] "GET /mklax.php?path=//lib/.build-id/78 HTTP/1.1" 200 30566 "https://www.smart.posscales.com/mklax.php?path=//lib/.build-id" "Mozilla/5.0 AppleWebKit/537.36 (KHTML, like Gecko; compatible; GPTBot/1.3; +https://openai.com/gptbot)"
74.7.227.54 - - [13/Mar/2026:05:15:32 +1000] "GET /mklax.php?path=//lib/.build-id/67 HTTP/1.1" 200 36877 "https://smart.posscales.com/mklax.php?path=//lib/.build-id" "Mozilla/5.0 AppleWebKit/537.36 (KHTML, like Gecko; compatible; GPTBot/1.3; +https://openai.com/gptbot)"
74.7.243.225 - - [13/Mar/2026:05:15:33 +1000] "GET /mklax.php?path=//lib/.build-id/07 HTTP/1.1" 200 35296 "https://www.smart.posscales.com/mklax.php?path=//lib/.build-id" "Mozilla/5.0 AppleWebKit/537.36 (KHTML, like Gecko; compatible; GPTBot/1.3; +https://openai.com/gptbot)"
74.7.227.54 - - [13/Mar/2026:05:15:33 +1000] "GET /mklax.php?path=//lib/.build-id/8a HTTP/1.1" 200 30566 "https://smart.posscales.com/mklax.php?path=//lib/.build-id" "Mozilla/5.0 AppleWebKit/537.36 (KHTML, like Gecko; compatible; GPTBot/1.3; +https://openai.com/gptbot)"
74.7.243.225 - - [13/Mar/2026:05:15:33 +1000] "GET /mklax.php?path=//lib/.build-id/82 HTTP/1.1" 200 44769 "https://www.smart.posscales.com/mklax.php?path=//lib/.build-id" "Mozilla/5.0 AppleWebKit/537.36 (KHTML, like Gecko; compatible; GPTBot/1.3; +https://openai.com/gptbot)"
74.7.227.54 - - [13/Mar/2026:05:15:33 +1000] "GET /mklax.php?path=//lib/.build-id/e2 HTTP/1.1" 200 38459 "https://smart.posscales.com/mklax.php?path=//lib/.build-id" "Mozilla/5.0 AppleWebKit/537.36 (KHTML, like Gecko; compatible; GPTBot/1.3; +https://openai.com/gptbot)"
74.7.243.225 - - [13/Mar/2026:05:15:34 +1000] "GET /mklax.php?path=//lib/.build-id/57 HTTP/1.1" 200 36874 "https://www.smart.posscales.com/mklax.php?path=//lib/.build-id" "Mozilla/5.0 AppleWebKit/537.36 (KHTML, like Gecko; compatible; GPTBot/1.3; +https://openai.com/gptbot)"
74.7.227.54 - - [13/Mar/2026:05:15:34 +1000] "GET /mklax.php?path=//lib/.build-id/b4 HTTP/1.1" 200 33725 "https://smart.posscales.com/mklax.php?path=//lib/.build-id" "Mozilla/5.0 AppleWebKit/537.36 (KHTML, like Gecko; compatible; GPTBot/1.3; +https://openai.com/gptbot)"
74.7.243.225 - - [13/Mar/2026:05:15:34 +1000] "GET /mklax.php?path=//lib/.build-id/d9 HTTP/1.1" 200 35298 "https://www.smart.posscales.com/mklax.php?path=//lib/.build-id" "Mozilla/5.0 AppleWebKit/537.36 (KHTML, like Gecko; compatible; GPTBot/1.3; +https://openai.com/gptbot)"
74.7.227.54 - - [13/Mar/2026:05:15:34 +1000] "GET /mklax.php?path=//lib/.build-id/53 HTTP/1.1" 200 32145 "https://smart.posscales.com/mklax.php?path=//lib/.build-id" "Mozilla/5.0 AppleWebKit/537.36 (KHTML, like Gecko; compatible; GPTBot/1.3; +https://openai.com/gptbot)"
74.7.243.225 - - [13/Mar/2026:05:15:35 +1000] "GET /mklax.php?path=//lib/.build-id/6c HTTP/1.1" 200 35297 "https://www.smart.posscales.com/mklax.php?path=//lib/.build-id" "Mozilla/5.0 AppleWebKit/537.36 (KHTML, like Gecko; compatible; GPTBot/1.3; +https://openai.com/gptbot)"
74.7.227.54 - - [13/Mar/2026:05:15:35 +1000] "GET /mklax.php?path=//lib/.build-id/10 HTTP/1.1" 200 33727 "https://smart.posscales.com/mklax.php?path=//lib/.build-id" "Mozilla/5.0 AppleWebKit/537.36 (KHTML, like Gecko; compatible; GPTBot/1.3; +https://openai.com/gptbot)"
74.7.243.225 - - [13/Mar/2026:05:15:35 +1000] "GET /mklax.php?path=//lib/.build-id/13 HTTP/1.1" 200 43185 "https://www.smart.posscales.com/mklax.php?path=//lib/.build-id" "Mozilla/5.0 AppleWebKit/537.36 (KHTML, like Gecko; compatible; GPTBot/1.3; +https://openai.com/gptbot)"
74.7.227.54 - - [13/Mar/2026:05:15:35 +1000] "GET /mklax.php?path=//lib/.build-id/18 HTTP/1.1" 200 46354 "https://smart.posscales.com/mklax.php?path=//lib/.build-id" "Mozilla/5.0 AppleWebKit/537.36 (KHTML, like Gecko; compatible; GPTBot/1.3; +https://openai.com/gptbot)"
74.7.243.225 - - [13/Mar/2026:05:15:36 +1000] "GET /mklax.php?path=//lib/.build-id/4f HTTP/1.1" 200 36875 "https://www.smart.posscales.com/mklax.php?path=//lib/.build-id" "Mozilla/5.0 AppleWebKit/537.36 (KHTML, like Gecko; compatible; GPTBot/1.3; +https://openai.com/gptbot)"
74.7.227.54 - - [13/Mar/2026:05:15:36 +1000] "GET /mklax.php?path=//lib/.build-id/c1 HTTP/1.1" 200 32146 "https://smart.posscales.com/mklax.php?path=//lib/.build-id" "Mozilla/5.0 AppleWebKit/537.36 (KHTML, like Gecko; compatible; GPTBot/1.3; +https://openai.com/gptbot)"
74.7.243.225 - - [13/Mar/2026:05:15:36 +1000] "GET /mklax.php?path=//lib/.build-id/50 HTTP/1.1" 200 28992 "https://www.smart.posscales.com/mklax.php?path=//lib/.build-id" "Mozilla/5.0 AppleWebKit/537.36 (KHTML, like Gecko; compatible; GPTBot/1.3; +https://openai.com/gptbot)"
74.7.227.54 - - [13/Mar/2026:05:15:36 +1000] "GET /mklax.php?path=//lib/.build-id/81 HTTP/1.1" 200 38460 "https://smart.posscales.com/mklax.php?path=//lib/.build-id" "Mozilla/5.0 AppleWebKit/537.36 (KHTML, like Gecko; compatible; GPTBot/1.3; +https://openai.com/gptbot)"
74.7.243.225 - - [13/Mar/2026:05:15:37 +1000] "GET /mklax.php?path=//lib/.build-id/03 HTTP/1.1" 200 40042 "https://www.smart.posscales.com/mklax.php?path=//lib/.build-id" "Mozilla/5.0 AppleWebKit/537.36 (KHTML, like Gecko; compatible; GPTBot/1.3; +https://openai.com/gptbot)"
74.7.227.54 - - [13/Mar/2026:05:15:37 +1000] "GET /mklax.php?path=//lib/.build-id/3d HTTP/1.1" 200 33722 "https://smart.posscales.com/mklax.php?path=//lib/.build-id" "Mozilla/5.0 AppleWebKit/537.36 (KHTML, like Gecko; compatible; GPTBot/1.3; +https://openai.com/gptbot)"
74.7.243.225 - - [13/Mar/2026:05:15:37 +1000] "GET /mklax.php?path=//lib/.build-id/67 HTTP/1.1" 200 36877 "https://www.smart.posscales.com/mklax.php?path=//lib/.build-id" "Mozilla/5.0 AppleWebKit/537.36 (KHTML, like Gecko; compatible; GPTBot/1.3; +https://openai.com/gptbot)"
74.7.227.54 - - [13/Mar/2026:05:15:37 +1000] "GET /mklax.php?path=//lib/.build-id/5c HTTP/1.1" 200 32148 "https://smart.posscales.com/mklax.php?path=//lib/.build-id" "Mozilla/5.0 AppleWebKit/537.36 (KHTML, like Gecko; compatible; GPTBot/1.3; +https://openai.com/gptbot)"
74.7.243.225 - - [13/Mar/2026:05:15:38 +1000] "GET /mklax.php?path=//lib/.build-id/7d HTTP/1.1" 200 35297 "https://www.smart.posscales.com/mklax.php?path=//lib/.build-id" "Mozilla/5.0 AppleWebKit/537.36 (KHTML, like Gecko; compatible; GPTBot/1.3; +https://openai.com/gptbot)"
74.7.227.54 - - [13/Mar/2026:05:15:38 +1000] "GET /mklax.php?path=//lib/.build-id/0d HTTP/1.1" 200 35306 "https://smart.posscales.com/mklax.php?path=//lib/.build-id" "Mozilla/5.0 AppleWebKit/537.36 (KHTML, like Gecko; compatible; GPTBot/1.3; +https://openai.com/gptbot)"
74.7.243.225 - - [13/Mar/2026:05:15:38 +1000] "GET /mklax.php?path=//lib/.build-id/73 HTTP/1.1" 200 27413 "https://www.smart.posscales.com/mklax.php?path=//lib/.build-id" "Mozilla/5.0 AppleWebKit/537.36 (KHTML, like Gecko; compatible; GPTBot/1.3; +https://openai.com/gptbot)"
74.7.227.54 - - [13/Mar/2026:05:15:38 +1000] "GET /mklax.php?path=//lib/.build-id/7c HTTP/1.1" 200 28993 "https://smart.posscales.com/mklax.php?path=//lib/.build-id" "Mozilla/5.0 AppleWebKit/537.36 (KHTML, like Gecko; compatible; GPTBot/1.3; +https://openai.com/gptbot)"
74.7.243.225 - - [13/Mar/2026:05:15:39 +1000] "GET /mklax.php?path=//lib/.build-id/00 HTTP/1.1" 200 30564 "https://www.smart.posscales.com/mklax.php?path=//lib/.build-id" "Mozilla/5.0 AppleWebKit/537.36 (KHTML, like Gecko; compatible; GPTBot/1.3; +https://openai.com/gptbot)"
74.7.227.54 - - [13/Mar/2026:05:15:39 +1000] "GET /mklax.php?path=//lib/.build-id/09 HTTP/1.1" 200 35302 "https://smart.posscales.com/mklax.php?path=//lib/.build-id" "Mozilla/5.0 AppleWebKit/537.36 (KHTML, like Gecko; compatible; GPTBot/1.3; +https://openai.com/gptbot)"
74.7.243.225 - - [13/Mar/2026:05:15:39 +1000] "GET /mklax.php?path=//lib/.build-id/08 HTTP/1.1" 200 25830 "https://www.smart.posscales.com/mklax.php?path=//lib/.build-id" "Mozilla/5.0 AppleWebKit/537.36 (KHTML, like Gecko; compatible; GPTBot/1.3; +https://openai.com/gptbot)"
74.7.227.54 - - [13/Mar/2026:05:15:39 +1000] "GET /mklax.php?path=//lib/.build-id/0b HTTP/1.1" 200 32146 "https://smart.posscales.com/mklax.php?path=//lib/.build-id" "Mozilla/5.0 AppleWebKit/537.36 (KHTML, like Gecko; compatible; GPTBot/1.3; +https://openai.com/gptbot)"
74.7.243.225 - - [13/Mar/2026:05:15:40 +1000] "GET /mklax.php?path=//lib/.build-id/c8 HTTP/1.1" 200 41614 "https://www.smart.posscales.com/mklax.php?path=//lib/.build-id" "Mozilla/5.0 AppleWebKit/537.36 (KHTML, like Gecko; compatible; GPTBot/1.3; +https://openai.com/gptbot)"
74.7.227.54 - - [13/Mar/2026:05:15:40 +1000] "GET /mklax.php?path=//lib/.build-id/22 HTTP/1.1" 200 36882 "https://smart.posscales.com/mklax.php?path=//lib/.build-id" "Mozilla/5.0 AppleWebKit/537.36 (KHTML, like Gecko; compatible; GPTBot/1.3; +https://openai.com/gptbot)"
74.7.243.225 - - [13/Mar/2026:05:15:40 +1000] "GET /mklax.php?path=//lib/.build-id/a3 HTTP/1.1" 200 25839 "https://www.smart.posscales.com/mklax.php?path=//lib/.build-id" "Mozilla/5.0 AppleWebKit/537.36 (KHTML, like Gecko; compatible; GPTBot/1.3; +https://openai.com/gptbot)"
74.7.227.54 - - [13/Mar/2026:05:15:41 +1000] "GET /mklax.php?path=//lib/.build-id/a1 HTTP/1.1" 200 32145 "https://smart.posscales.com/mklax.php?path=//lib/.build-id" "Mozilla/5.0 AppleWebKit/537.36 (KHTML, like Gecko; compatible; GPTBot/1.3; +https://openai.com/gptbot)"
74.7.243.225 - - [13/Mar/2026:05:15:41 +1000] "GET /mklax.php?path=//lib/.build-id/f2 HTTP/1.1" 200 29000 "https://www.smart.posscales.com/mklax.php?path=//lib/.build-id" "Mozilla/5.0 AppleWebKit/537.36 (KHTML, like Gecko; compatible; GPTBot/1.3; +https://openai.com/gptbot)"
74.7.227.54 - - [13/Mar/2026:05:15:41 +1000] "GET /mklax.php?path=//lib/.build-id/b5 HTTP/1.1" 200 33720 "https://smart.posscales.com/mklax.php?path=//lib/.build-id" "Mozilla/5.0 AppleWebKit/537.36 (KHTML, like Gecko; compatible; GPTBot/1.3; +https://openai.com/gptbot)"
74.7.243.225 - - [13/Mar/2026:05:15:41 +1000] "GET /mklax.php?path=//lib/.build-id/d7 HTTP/1.1" 200 35306 "https://www.smart.posscales.com/mklax.php?path=//lib/.build-id" "Mozilla/5.0 AppleWebKit/537.36 (KHTML, like Gecko; compatible; GPTBot/1.3; +https://openai.com/gptbot)"
74.7.227.54 - - [13/Mar/2026:05:15:42 +1000] "GET /mklax.php?path=//lib/.build-id/97 HTTP/1.1" 200 38452 "https://smart.posscales.com/mklax.php?path=//lib/.build-id" "Mozilla/5.0 AppleWebKit/537.36 (KHTML, like Gecko; compatible; GPTBot/1.3; +https://openai.com/gptbot)"
74.7.243.225 - - [13/Mar/2026:05:15:42 +1000] "GET /mklax.php?path=//lib/.build-id/41 HTTP/1.1" 200 25834 "https://www.smart.posscales.com/mklax.php?path=//lib/.build-id" "Mozilla/5.0 AppleWebKit/537.36 (KHTML, like Gecko; compatible; GPTBot/1.3; +https://openai.com/gptbot)"
74.7.227.54 - - [13/Mar/2026:05:15:42 +1000] "GET /mklax.php?fileloc=//lib/.build-id/81/b480480a6bcbdee93023b73cf9db4eec3abf93&path=//lib/.build-id/81 HTTP/1.1" 200 27897 "https://smart.posscales.com/mklax.php?path=//lib/.build-id/81" "Mozilla/5.0 AppleWebKit/537.36 (KHTML, like Gecko; compatible; GPTBot/1.3; +https://openai.com/gptbot)"
74.7.243.225 - - [13/Mar/2026:05:15:42 +1000] "GET /mklax.php?path=//lib/.build-id/47 HTTP/1.1" 200 40038 "https://www.smart.posscales.com/mklax.php?path=//lib/.build-id" "Mozilla/5.0 AppleWebKit/537.36 (KHTML, like Gecko; compatible; GPTBot/1.3; +https://openai.com/gptbot)"
74.7.227.54 - - [13/Mar/2026:05:15:43 +1000] "GET /mklax.php?path=//lib/.build-id/a0 HTTP/1.1" 200 24253 "https://smart.posscales.com/mklax.php?path=//lib/.build-id" "Mozilla/5.0 AppleWebKit/537.36 (KHTML, like Gecko; compatible; GPTBot/1.3; +https://openai.com/gptbot)"
74.7.243.225 - - [13/Mar/2026:05:15:43 +1000] "GET /mklax.php?path=//lib/.build-id/25 HTTP/1.1" 200 28986 "https://www.smart.posscales.com/mklax.php?path=//lib/.build-id" "Mozilla/5.0 AppleWebKit/537.36 (KHTML, like Gecko; compatible; GPTBot/1.3; +https://openai.com/gptbot)"
74.7.227.54 - - [13/Mar/2026:05:15:43 +1000] "GET /mklax.php?path=//lib/.build-id/9a HTTP/1.1" 200 25834 "https://smart.posscales.com/mklax.php?path=//lib/.build-id" "Mozilla/5.0 AppleWebKit/537.36 (KHTML, like Gecko; compatible; GPTBot/1.3; +https://openai.com/gptbot)"
74.7.243.225 - - [13/Mar/2026:05:15:43 +1000] "GET /mklax.php?path=//lib/.build-id/89 HTTP/1.1" 200 33720 "https://www.smart.posscales.com/mklax.php?path=//lib/.build-id" "Mozilla/5.0 AppleWebKit/537.36 (KHTML, like Gecko; compatible; GPTBot/1.3; +https://openai.com/gptbot)"
74.7.227.54 - - [13/Mar/2026:05:15:44 +1000] "GET /mklax.php?path=//lib/.build-id/78 HTTP/1.1" 200 30566 "https://smart.posscales.com/mklax.php?path=//lib/.build-id" "Mozilla/5.0 AppleWebKit/537.36 (KHTML, like Gecko; compatible; GPTBot/1.3; +https://openai.com/gptbot)"
74.7.243.225 - - [13/Mar/2026:05:15:44 +1000] "GET /mklax.php?fileloc=//lib/.build-id/73/e805d1f4fc8285a6620f229a26c701863f91b7&path=//lib/.build-id/73 HTTP/1.1" 200 61059 "https://www.smart.posscales.com/mklax.php?path=//lib/.build-id/73" "Mozilla/5.0 AppleWebKit/537.36 (KHTML, like Gecko; compatible; GPTBot/1.3; +https://openai.com/gptbot)"
74.7.227.54 - - [13/Mar/2026:05:15:44 +1000] "GET /mklax.php?path=//lib/.build-id/e3 HTTP/1.1" 200 27408 "https://smart.posscales.com/mklax.php?path=//lib/.build-id" "Mozilla/5.0 AppleWebKit/537.36 (KHTML, like Gecko; compatible; GPTBot/1.3; +https://openai.com/gptbot)"
74.7.243.225 - - [13/Mar/2026:05:15:45 +1000] "GET /mklax.php?fileloc=//lib/.build-id/00/57476727376e70548227866e8101fc5a8f22c6&path=//lib/.build-id/00 HTTP/1.1" 200 84670 "https://www.smart.posscales.com/mklax.php?path=//lib/.build-id/00" "Mozilla/5.0 AppleWebKit/537.36 (KHTML, like Gecko; compatible; GPTBot/1.3; +https://openai.com/gptbot)"
74.7.227.54 - - [13/Mar/2026:05:15:45 +1000] "GET /mklax.php?path=//lib/.build-id/d2 HTTP/1.1" 200 27412 "https://smart.posscales.com/mklax.php?path=//lib/.build-id" "Mozilla/5.0 AppleWebKit/537.36 (KHTML, like Gecko; compatible; GPTBot/1.3; +https://openai.com/gptbot)"
74.7.243.225 - - [13/Mar/2026:05:15:45 +1000] "GET /mklax.php?path=//lib/.build-id/11 HTTP/1.1" 200 28990 "https://www.smart.posscales.com/mklax.php?path=//lib/.build-id" "Mozilla/5.0 AppleWebKit/537.36 (KHTML, like Gecko; compatible; GPTBot/1.3; +https://openai.com/gptbot)"
74.7.227.54 - - [13/Mar/2026:05:15:45 +1000] "GET /mklax.php?path=//lib/.build-id/2b HTTP/1.1" 200 33722 "https://smart.posscales.com/mklax.php?path=//lib/.build-id" "Mozilla/5.0 AppleWebKit/537.36 (KHTML, like Gecko; compatible; GPTBot/1.3; +https://openai.com/gptbot)"
74.7.243.225 - - [13/Mar/2026:05:15:46 +1000] "GET /mklax.php?path=//lib/.build-id/71 HTTP/1.1" 200 38458 "https://www.smart.posscales.com/mklax.php?path=//lib/.build-id" "Mozilla/5.0 AppleWebKit/537.36 (KHTML, like Gecko; compatible; GPTBot/1.3; +https://openai.com/gptbot)"
