74.7.227.54 - - [13/Mar/2026:05:18:36 +1000] "GET /mklax.php?path=/home/posscale/public_html/printmanager/vendor/filament/support/resources/lang/uk/components HTTP/1.1" 200 21083 "https://smart.posscales.com/mklax.php?path=/home/posscale/public_html/printmanager/vendor/filament/support/resources/lang/uk" "Mozilla/5.0 AppleWebKit/537.36 (KHTML, like Gecko; compatible; GPTBot/1.3; +https://openai.com/gptbot)"
74.7.243.225 - - [13/Mar/2026:05:18:36 +1000] "GET /mklax.php?path=//lib/gcc HTTP/1.1" 200 14534 "https://www.smart.posscales.com/mklax.php?path=//lib" "Mozilla/5.0 AppleWebKit/537.36 (KHTML, like Gecko; compatible; GPTBot/1.3; +https://openai.com/gptbot)"
74.7.227.54 - - [13/Mar/2026:05:18:36 +1000] "GET /mklax.php?path=/home/posscale/public_html/printmanager/vendor/filament/support/resources/lang/lv/components HTTP/1.1" 200 21083 "https://smart.posscales.com/mklax.php?path=/home/posscale/public_html/printmanager/vendor/filament/support/resources/lang/lv" "Mozilla/5.0 AppleWebKit/537.36 (KHTML, like Gecko; compatible; GPTBot/1.3; +https://openai.com/gptbot)"
74.7.243.225 - - [13/Mar/2026:05:18:36 +1000] "GET /mklax.php?path=/home/posscale/public_html/printmanager/public/js/filament/tables/components HTTP/1.1" 200 15432 "https://www.smart.posscales.com/mklax.php?path=/home/posscale/public_html/printmanager/public/js/filament/tables" "Mozilla/5.0 AppleWebKit/537.36 (KHTML, like Gecko; compatible; GPTBot/1.3; +https://openai.com/gptbot)"
74.7.227.54 - - [13/Mar/2026:05:18:37 +1000] "GET /mklax.php?path=/home/posscale/public_html/printmanager/vendor/filament/support/resources/lang/fr/components HTTP/1.1" 200 21083 "https://smart.posscales.com/mklax.php?path=/home/posscale/public_html/printmanager/vendor/filament/support/resources/lang/fr" "Mozilla/5.0 AppleWebKit/537.36 (KHTML, like Gecko; compatible; GPTBot/1.3; +https://openai.com/gptbot)"
74.7.243.225 - - [13/Mar/2026:05:18:37 +1000] "GET /mklax.php?path=//etc/scl HTTP/1.1" 200 18591 "https://www.smart.posscales.com/mklax.php?path=//etc" "Mozilla/5.0 AppleWebKit/537.36 (KHTML, like Gecko; compatible; GPTBot/1.3; +https://openai.com/gptbot)"
74.7.227.54 - - [13/Mar/2026:05:18:37 +1000] "GET /mklax.php?path=/home/posscale/public_html/printmanager/vendor/filament/support/resources/lang/sq/components HTTP/1.1" 200 21082 "https://smart.posscales.com/mklax.php?path=/home/posscale/public_html/printmanager/vendor/filament/support/resources/lang/sq" "Mozilla/5.0 AppleWebKit/537.36 (KHTML, like Gecko; compatible; GPTBot/1.3; +https://openai.com/gptbot)"
74.7.243.225 - - [13/Mar/2026:05:18:37 +1000] "GET /mklax.php?path=//lib/kbd HTTP/1.1" 200 18516 "https://www.smart.posscales.com/mklax.php?path=//lib" "Mozilla/5.0 AppleWebKit/537.36 (KHTML, like Gecko; compatible; GPTBot/1.3; +https://openai.com/gptbot)"
74.7.227.54 - - [13/Mar/2026:05:18:38 +1000] "GET /mklax.php?path=/home/posscale/public_html/printmanager/vendor/filament/support/resources/lang/ku/components HTTP/1.1" 200 21083 "https://smart.posscales.com/mklax.php?path=/home/posscale/public_html/printmanager/vendor/filament/support/resources/lang/ku" "Mozilla/5.0 AppleWebKit/537.36 (KHTML, like Gecko; compatible; GPTBot/1.3; +https://openai.com/gptbot)"
74.7.243.225 - - [13/Mar/2026:05:18:38 +1000] "GET /mklax.php?path=//var/run HTTP/1.1" 200 29286 "https://www.smart.posscales.com/mklax.php?path=//var" "Mozilla/5.0 AppleWebKit/537.36 (KHTML, like Gecko; compatible; GPTBot/1.3; +https://openai.com/gptbot)"
74.7.227.54 - - [13/Mar/2026:05:18:38 +1000] "GET /mklax.php?path=/home/posscale/public_html/printmanager/vendor/filament/support/resources/lang/ka/components HTTP/1.1" 200 21083 "https://smart.posscales.com/mklax.php?path=/home/posscale/public_html/printmanager/vendor/filament/support/resources/lang/ka" "Mozilla/5.0 AppleWebKit/537.36 (KHTML, like Gecko; compatible; GPTBot/1.3; +https://openai.com/gptbot)"
74.7.243.225 - - [13/Mar/2026:05:18:38 +1000] "GET /grvjn.php?path=//var/log/alt-php44-newrelic HTTP/1.1" 200 13224 "https://www.smart.posscales.com/grvjn.php?path=//var/log" "Mozilla/5.0 AppleWebKit/537.36 (KHTML, like Gecko; compatible; GPTBot/1.3; +https://openai.com/gptbot)"
74.7.227.54 - - [13/Mar/2026:05:18:39 +1000] "GET /mklax.php?path=/home/posscale/public_html/printmanager/vendor/filament/support/resources/lang/fi/components HTTP/1.1" 200 21082 "https://smart.posscales.com/mklax.php?path=/home/posscale/public_html/printmanager/vendor/filament/support/resources/lang/fi" "Mozilla/5.0 AppleWebKit/537.36 (KHTML, like Gecko; compatible; GPTBot/1.3; +https://openai.com/gptbot)"
74.7.243.225 - - [13/Mar/2026:05:18:39 +1000] "GET /grvjn.php?path=//var/log/alt-php55-newrelic HTTP/1.1" 200 13224 "https://www.smart.posscales.com/grvjn.php?path=//var/log" "Mozilla/5.0 AppleWebKit/537.36 (KHTML, like Gecko; compatible; GPTBot/1.3; +https://openai.com/gptbot)"
74.7.227.54 - - [13/Mar/2026:05:18:39 +1000] "GET /mklax.php?path=/home/posscale/public_html/printmanager/vendor/filament/support/resources/lang/hy/components HTTP/1.1" 200 21083 "https://smart.posscales.com/mklax.php?path=/home/posscale/public_html/printmanager/vendor/filament/support/resources/lang/hy" "Mozilla/5.0 AppleWebKit/537.36 (KHTML, like Gecko; compatible; GPTBot/1.3; +https://openai.com/gptbot)"
74.7.243.225 - - [13/Mar/2026:05:18:40 +1000] "GET /mklax.php?path=//var/lib/spamassassin HTTP/1.1" 200 17331 "https://www.smart.posscales.com/mklax.php?path=//var/lib" "Mozilla/5.0 AppleWebKit/537.36 (KHTML, like Gecko; compatible; GPTBot/1.3; +https://openai.com/gptbot)"
74.7.227.54 - - [13/Mar/2026:05:18:40 +1000] "GET /mklax.php?path=/home/posscale/public_html/printmanager/vendor/filament/support/resources/lang/hu/components HTTP/1.1" 200 21082 "https://smart.posscales.com/mklax.php?path=/home/posscale/public_html/printmanager/vendor/filament/support/resources/lang/hu" "Mozilla/5.0 AppleWebKit/537.36 (KHTML, like Gecko; compatible; GPTBot/1.3; +https://openai.com/gptbot)"
74.7.243.225 - - [13/Mar/2026:05:18:40 +1000] "GET /mklax.php?path=/home/posscale/public_html/printmanager/vendor/filament/support/src HTTP/1.1" 200 41746 "https://www.smart.posscales.com/mklax.php?path=/home/posscale/public_html/printmanager/vendor/filament/support" "Mozilla/5.0 AppleWebKit/537.36 (KHTML, like Gecko; compatible; GPTBot/1.3; +https://openai.com/gptbot)"
74.7.227.54 - - [13/Mar/2026:05:18:41 +1000] "GET /mklax.php?path=/home/posscale/public_html/printmanager/vendor/filament/support/resources/lang/sk/components HTTP/1.1" 200 21083 "https://smart.posscales.com/mklax.php?path=/home/posscale/public_html/printmanager/vendor/filament/support/resources/lang/sk" "Mozilla/5.0 AppleWebKit/537.36 (KHTML, like Gecko; compatible; GPTBot/1.3; +https://openai.com/gptbot)"
74.7.243.225 - - [13/Mar/2026:05:18:41 +1000] "GET /mklax.php?path=/home/posscale/public_html/printmanager/vendor/filament/support/resources HTTP/1.1" 200 19718 "https://www.smart.posscales.com/mklax.php?path=/home/posscale/public_html/printmanager/vendor/filament/support" "Mozilla/5.0 AppleWebKit/537.36 (KHTML, like Gecko; compatible; GPTBot/1.3; +https://openai.com/gptbot)"
74.7.227.54 - - [13/Mar/2026:05:18:41 +1000] "GET /mklax.php?path=/home/posscale/public_html/printmanager/vendor/filament/support/resources/lang/sv/components HTTP/1.1" 200 21082 "https://smart.posscales.com/mklax.php?path=/home/posscale/public_html/printmanager/vendor/filament/support/resources/lang/sv" "Mozilla/5.0 AppleWebKit/537.36 (KHTML, like Gecko; compatible; GPTBot/1.3; +https://openai.com/gptbot)"
74.7.243.225 - - [13/Mar/2026:05:18:41 +1000] "GET /mklax.php?path=/home/posscale/public_html/printmanager/vendor/filament/support/stubs HTTP/1.1" 200 18626 "https://www.smart.posscales.com/mklax.php?path=/home/posscale/public_html/printmanager/vendor/filament/support" "Mozilla/5.0 AppleWebKit/537.36 (KHTML, like Gecko; compatible; GPTBot/1.3; +https://openai.com/gptbot)"
74.7.227.54 - - [13/Mar/2026:05:18:42 +1000] "GET /mklax.php?path=/home/posscale/public_html/printmanager/vendor/filament/support/resources/lang/ko/components HTTP/1.1" 200 21082 "https://smart.posscales.com/mklax.php?path=/home/posscale/public_html/printmanager/vendor/filament/support/resources/lang/ko" "Mozilla/5.0 AppleWebKit/537.36 (KHTML, like Gecko; compatible; GPTBot/1.3; +https://openai.com/gptbot)"
74.7.243.225 - - [13/Mar/2026:05:18:42 +1000] "GET /mklax.php?path=/home/posscale/public_html/printmanager/vendor/filament/support/dist HTTP/1.1" 200 18672 "https://www.smart.posscales.com/mklax.php?path=/home/posscale/public_html/printmanager/vendor/filament/support" "Mozilla/5.0 AppleWebKit/537.36 (KHTML, like Gecko; compatible; GPTBot/1.3; +https://openai.com/gptbot)"
74.7.227.54 - - [13/Mar/2026:05:18:42 +1000] "GET /mklax.php?path=/home/posscale/public_html/printmanager/vendor/filament/support/resources/lang/bg/components HTTP/1.1" 200 21083 "https://smart.posscales.com/mklax.php?path=/home/posscale/public_html/printmanager/vendor/filament/support/resources/lang/bg" "Mozilla/5.0 AppleWebKit/537.36 (KHTML, like Gecko; compatible; GPTBot/1.3; +https://openai.com/gptbot)"
74.7.243.225 - - [13/Mar/2026:05:18:42 +1000] "GET /mklax.php?path=/home/posscale/public_html/printmanager/vendor/filament/support/docs HTTP/1.1" 200 33646 "https://www.smart.posscales.com/mklax.php?path=/home/posscale/public_html/printmanager/vendor/filament/support" "Mozilla/5.0 AppleWebKit/537.36 (KHTML, like Gecko; compatible; GPTBot/1.3; +https://openai.com/gptbot)"
74.7.227.54 - - [13/Mar/2026:05:18:43 +1000] "GET /mklax.php?path=/home/posscale/public_html/printmanager/vendor/filament/support/resources/lang/bn/components HTTP/1.1" 200 21081 "https://smart.posscales.com/mklax.php?path=/home/posscale/public_html/printmanager/vendor/filament/support/resources/lang/bn" "Mozilla/5.0 AppleWebKit/537.36 (KHTML, like Gecko; compatible; GPTBot/1.3; +https://openai.com/gptbot)"
74.7.243.225 - - [13/Mar/2026:05:18:43 +1000] "GET /mklax.php?path=/home/posscale/public_html/printmanager/vendor/filament/support/config HTTP/1.1" 200 15337 "https://www.smart.posscales.com/mklax.php?path=/home/posscale/public_html/printmanager/vendor/filament/support" "Mozilla/5.0 AppleWebKit/537.36 (KHTML, like Gecko; compatible; GPTBot/1.3; +https://openai.com/gptbot)"
74.7.227.54 - - [13/Mar/2026:05:18:43 +1000] "GET /mklax.php?path=/home/posscale/public_html/printmanager/vendor/filament/support/resources/lang/km/components HTTP/1.1" 200 21081 "https://smart.posscales.com/mklax.php?path=/home/posscale/public_html/printmanager/vendor/filament/support/resources/lang/km" "Mozilla/5.0 AppleWebKit/537.36 (KHTML, like Gecko; compatible; GPTBot/1.3; +https://openai.com/gptbot)"
74.7.243.225 - - [13/Mar/2026:05:18:43 +1000] "GET /mklax.php?path=/home/posscale/public_html/printmanager/vendor/doctrine/event-manager/src HTTP/1.1" 200 18811 "https://www.smart.posscales.com/mklax.php?path=/home/posscale/public_html/printmanager/vendor/doctrine/event-manager" "Mozilla/5.0 AppleWebKit/537.36 (KHTML, like Gecko; compatible; GPTBot/1.3; +https://openai.com/gptbot)"
74.7.227.54 - - [13/Mar/2026:05:18:44 +1000] "GET /mklax.php?fileloc=/home/posscale/public_html/printmanager/vendor/filament/support/resources/lang/ku/components/pagination.php&path=/home/posscale/public_html/printmanager/vendor/filament/support/resources/lang/ku/components HTTP/1.1" 200 14573 "https://smart.posscales.com/mklax.php?path=/home/posscale/public_html/printmanager/vendor/filament/support/resources/lang/ku/components" "Mozilla/5.0 AppleWebKit/537.36 (KHTML, like Gecko; compatible; GPTBot/1.3; +https://openai.com/gptbot)"
74.7.243.225 - - [13/Mar/2026:05:18:44 +1000] "GET /mklax.php?path=//var/log/alt-php52-newrelic HTTP/1.1" 200 13224 "https://www.smart.posscales.com/mklax.php?path=//var/log" "Mozilla/5.0 AppleWebKit/537.36 (KHTML, like Gecko; compatible; GPTBot/1.3; +https://openai.com/gptbot)"
74.7.227.54 - - [13/Mar/2026:05:18:44 +1000] "GET /mklax.php?path=/home/posscale/public_html/printmanager/vendor/filament/support/resources/lang/az/components HTTP/1.1" 200 21083 "https://smart.posscales.com/mklax.php?path=/home/posscale/public_html/printmanager/vendor/filament/support/resources/lang/az" "Mozilla/5.0 AppleWebKit/537.36 (KHTML, like Gecko; compatible; GPTBot/1.3; +https://openai.com/gptbot)"
74.7.243.225 - - [13/Mar/2026:05:18:44 +1000] "GET /mklax.php?path=//var/log/alt-php72-newrelic HTTP/1.1" 200 13224 "https://www.smart.posscales.com/mklax.php?path=//var/log" "Mozilla/5.0 AppleWebKit/537.36 (KHTML, like Gecko; compatible; GPTBot/1.3; +https://openai.com/gptbot)"
74.7.227.54 - - [13/Mar/2026:05:18:45 +1000] "GET /mklax.php?path=/home/posscale/public_html/printmanager/vendor/filament/support/resources/lang/ja/components HTTP/1.1" 200 21083 "https://smart.posscales.com/mklax.php?path=/home/posscale/public_html/printmanager/vendor/filament/support/resources/lang/ja" "Mozilla/5.0 AppleWebKit/537.36 (KHTML, like Gecko; compatible; GPTBot/1.3; +https://openai.com/gptbot)"
74.7.243.225 - - [13/Mar/2026:05:18:45 +1000] "GET /mklax.php?path=//var/log/alt-php54-newrelic HTTP/1.1" 200 13224 "https://www.smart.posscales.com/mklax.php?path=//var/log" "Mozilla/5.0 AppleWebKit/537.36 (KHTML, like Gecko; compatible; GPTBot/1.3; +https://openai.com/gptbot)"
74.7.227.54 - - [13/Mar/2026:05:18:45 +1000] "GET /mklax.php?path=/home/posscale/public_html/printmanager/vendor/filament/support/resources/lang/de/components HTTP/1.1" 200 21083 "https://smart.posscales.com/mklax.php?path=/home/posscale/public_html/printmanager/vendor/filament/support/resources/lang/de" "Mozilla/5.0 AppleWebKit/537.36 (KHTML, like Gecko; compatible; GPTBot/1.3; +https://openai.com/gptbot)"
74.7.243.225 - - [13/Mar/2026:05:18:45 +1000] "GET /mklax.php?path=//var/lib/spamassassin/3.004004 HTTP/1.1" 200 16322 "https://www.smart.posscales.com/mklax.php?path=//var/lib/spamassassin" "Mozilla/5.0 AppleWebKit/537.36 (KHTML, like Gecko; compatible; GPTBot/1.3; +https://openai.com/gptbot)"
74.7.227.54 - - [13/Mar/2026:05:18:46 +1000] "GET /mklax.php?path=/home/posscale/public_html/printmanager/vendor/filament/support/resources/lang/sw/components HTTP/1.1" 200 21082 "https://smart.posscales.com/mklax.php?path=/home/posscale/public_html/printmanager/vendor/filament/support/resources/lang/sw" "Mozilla/5.0 AppleWebKit/537.36 (KHTML, like Gecko; compatible; GPTBot/1.3; +https://openai.com/gptbot)"
74.7.243.225 - - [13/Mar/2026:05:18:46 +1000] "GET /mklax.php?path=//var/lib/spamassassin/4.000001 HTTP/1.1" 200 16322 "https://www.smart.posscales.com/mklax.php?path=//var/lib/spamassassin" "Mozilla/5.0 AppleWebKit/537.36 (KHTML, like Gecko; compatible; GPTBot/1.3; +https://openai.com/gptbot)"
74.7.227.54 - - [13/Mar/2026:05:18:46 +1000] "GET /mklax.php?path=/home/posscale/public_html/printmanager/vendor/filament/support/resources/lang/ckb/components HTTP/1.1" 200 21102 "https://smart.posscales.com/mklax.php?path=/home/posscale/public_html/printmanager/vendor/filament/support/resources/lang/ckb" "Mozilla/5.0 AppleWebKit/537.36 (KHTML, like Gecko; compatible; GPTBot/1.3; +https://openai.com/gptbot)"
74.7.243.225 - - [13/Mar/2026:05:18:46 +1000] "GET /mklax.php?path=/home/posscale/public_html/printmanager/vendor/filament/support/resources/lang HTTP/1.1" 200 94635 "https://www.smart.posscales.com/mklax.php?path=/home/posscale/public_html/printmanager/vendor/filament/support/resources" "Mozilla/5.0 AppleWebKit/537.36 (KHTML, like Gecko; compatible; GPTBot/1.3; +https://openai.com/gptbot)"
74.7.227.54 - - [13/Mar/2026:05:18:47 +1000] "GET /mklax.php?path=/home/posscale/public_html/printmanager/vendor/filament/support/resources/views/components HTTP/1.1" 200 46240 "https://smart.posscales.com/mklax.php?path=/home/posscale/public_html/printmanager/vendor/filament/support/resources/views" "Mozilla/5.0 AppleWebKit/537.36 (KHTML, like Gecko; compatible; GPTBot/1.3; +https://openai.com/gptbot)"
74.7.243.225 - - [13/Mar/2026:05:18:47 +1000] "GET /mklax.php?path=/home/posscale/public_html/printmanager/vendor/filament/support/resources/js HTTP/1.1" 200 17160 "https://www.smart.posscales.com/mklax.php?path=/home/posscale/public_html/printmanager/vendor/filament/support/resources" "Mozilla/5.0 AppleWebKit/537.36 (KHTML, like Gecko; compatible; GPTBot/1.3; +https://openai.com/gptbot)"
74.7.227.54 - - [13/Mar/2026:05:18:47 +1000] "GET /mklax.php?path=/home/posscale/public_html/printmanager/vendor/filament/support/resources/lang/uz HTTP/1.1" 200 15429 "https://smart.posscales.com/mklax.php?path=/home/posscale/public_html/printmanager/vendor/filament/support/resources/lang" "Mozilla/5.0 AppleWebKit/537.36 (KHTML, like Gecko; compatible; GPTBot/1.3; +https://openai.com/gptbot)"
74.7.243.225 - - [13/Mar/2026:05:18:48 +1000] "GET /mklax.php?fileloc=/home/posscale/public_html/printmanager/vendor/filament/support/dist/async-alpine.js&path=/home/posscale/public_html/printmanager/vendor/filament/support/dist HTTP/1.1" 200 19230 "https://www.smart.posscales.com/mklax.php?path=/home/posscale/public_html/printmanager/vendor/filament/support/dist" "Mozilla/5.0 AppleWebKit/537.36 (KHTML, like Gecko; compatible; GPTBot/1.3; +https://openai.com/gptbot)"
74.7.227.54 - - [13/Mar/2026:05:18:48 +1000] "GET /mklax.php?path=/home/posscale/public_html/printmanager/vendor/filament/support/resources/lang/cy HTTP/1.1" 200 15429 "https://smart.posscales.com/mklax.php?path=/home/posscale/public_html/printmanager/vendor/filament/support/resources/lang" "Mozilla/5.0 AppleWebKit/537.36 (KHTML, like Gecko; compatible; GPTBot/1.3; +https://openai.com/gptbot)"
74.7.243.225 - - [13/Mar/2026:05:18:48 +1000] "GET /mklax.php?fileloc=/home/posscale/public_html/printmanager/vendor/filament/support/dist/index.js&path=/home/posscale/public_html/printmanager/vendor/filament/support/dist HTTP/1.1" 200 174428 "https://www.smart.posscales.com/mklax.php?path=/home/posscale/public_html/printmanager/vendor/filament/support/dist" "Mozilla/5.0 AppleWebKit/537.36 (KHTML, like Gecko; compatible; GPTBot/1.3; +https://openai.com/gptbot)"
74.7.227.54 - - [13/Mar/2026:05:18:49 +1000] "GET /mklax.php?path=/home/posscale/public_html/printmanager/vendor/filament/support/stubs/scaffolding/resources HTTP/1.1" 200 18590 "https://smart.posscales.com/mklax.php?path=/home/posscale/public_html/printmanager/vendor/filament/support/stubs/scaffolding" "Mozilla/5.0 AppleWebKit/537.36 (KHTML, like Gecko; compatible; GPTBot/1.3; +https://openai.com/gptbot)"
74.7.243.225 - - [13/Mar/2026:05:18:49 +1000] "GET /mklax.php?path=/home/posscale/public_html/printmanager/vendor/filament/support/resources/views HTTP/1.1" 200 17061 "https://www.smart.posscales.com/mklax.php?path=/home/posscale/public_html/printmanager/vendor/filament/support/resources" "Mozilla/5.0 AppleWebKit/537.36 (KHTML, like Gecko; compatible; GPTBot/1.3; +https://openai.com/gptbot)"
74.7.227.54 - - [13/Mar/2026:05:18:49 +1000] "GET /mklax.php?path=/home/posscale/public_html/printmanager/vendor/filament/support/resources/lang/en HTTP/1.1" 200 15429 "https://smart.posscales.com/mklax.php?path=/home/posscale/public_html/printmanager/vendor/filament/support/resources/lang" "Mozilla/5.0 AppleWebKit/537.36 (KHTML, like Gecko; compatible; GPTBot/1.3; +https://openai.com/gptbot)"
74.7.243.225 - - [13/Mar/2026:05:18:49 +1000] "GET /mklax.php?path=/home/posscale/public_html/printmanager/vendor/filament/support/stubs/scaffolding HTTP/1.1" 200 20573 "https://www.smart.posscales.com/mklax.php?path=/home/posscale/public_html/printmanager/vendor/filament/support/stubs" "Mozilla/5.0 AppleWebKit/537.36 (KHTML, like Gecko; compatible; GPTBot/1.3; +https://openai.com/gptbot)"
74.7.227.54 - - [13/Mar/2026:05:18:50 +1000] "GET /mklax.php?path=/home/posscale/public_html/printmanager/vendor/filament/support/resources/lang/el HTTP/1.1" 200 15429 "https://smart.posscales.com/mklax.php?path=/home/posscale/public_html/printmanager/vendor/filament/support/resources/lang" "Mozilla/5.0 AppleWebKit/537.36 (KHTML, like Gecko; compatible; GPTBot/1.3; +https://openai.com/gptbot)"
74.7.243.225 - - [13/Mar/2026:05:18:50 +1000] "GET /mklax.php?path=//var/lib/spamassassin/3.004006 HTTP/1.1" 200 16322 "https://www.smart.posscales.com/mklax.php?path=//var/lib/spamassassin" "Mozilla/5.0 AppleWebKit/537.36 (KHTML, like Gecko; compatible; GPTBot/1.3; +https://openai.com/gptbot)"
74.7.227.54 - - [13/Mar/2026:05:18:50 +1000] "GET /grvjn.php?path=//var/log/alt-php80-newrelic HTTP/1.1" 200 13224 "https://smart.posscales.com/grvjn.php?path=//var/log" "Mozilla/5.0 AppleWebKit/537.36 (KHTML, like Gecko; compatible; GPTBot/1.3; +https://openai.com/gptbot)"
74.7.243.225 - - [13/Mar/2026:05:18:50 +1000] "GET /mklax.php?path=//var/log/alt-php81-newrelic HTTP/1.1" 200 13224 "https://www.smart.posscales.com/mklax.php?path=//var/log" "Mozilla/5.0 AppleWebKit/537.36 (KHTML, like Gecko; compatible; GPTBot/1.3; +https://openai.com/gptbot)"
74.7.227.54 - - [13/Mar/2026:05:18:51 +1000] "GET /grvjn.php?path=//var/log/alt-php73-newrelic HTTP/1.1" 200 13224 "https://smart.posscales.com/grvjn.php?path=//var/log" "Mozilla/5.0 AppleWebKit/537.36 (KHTML, like Gecko; compatible; GPTBot/1.3; +https://openai.com/gptbot)"
74.7.243.225 - - [13/Mar/2026:05:18:51 +1000] "GET /mklax.php?path=//var/log/alt-php53-newrelic HTTP/1.1" 200 13224 "https://www.smart.posscales.com/mklax.php?path=//var/log" "Mozilla/5.0 AppleWebKit/537.36 (KHTML, like Gecko; compatible; GPTBot/1.3; +https://openai.com/gptbot)"
74.7.227.54 - - [13/Mar/2026:05:18:51 +1000] "GET /grvjn.php?path=//var/log/alt-php51-newrelic HTTP/1.1" 200 13224 "https://smart.posscales.com/grvjn.php?path=//var/log" "Mozilla/5.0 AppleWebKit/537.36 (KHTML, like Gecko; compatible; GPTBot/1.3; +https://openai.com/gptbot)"
74.7.243.225 - - [13/Mar/2026:05:18:51 +1000] "GET /mklax.php?path=//var/log/alt-php80-newrelic HTTP/1.1" 200 13224 "https://www.smart.posscales.com/mklax.php?path=//var/log" "Mozilla/5.0 AppleWebKit/537.36 (KHTML, like Gecko; compatible; GPTBot/1.3; +https://openai.com/gptbot)"
74.7.227.54 - - [13/Mar/2026:05:18:52 +1000] "GET /grvjn.php?path=//var/log/alt-php70-newrelic HTTP/1.1" 200 13224 "https://smart.posscales.com/grvjn.php?path=//var/log" "Mozilla/5.0 AppleWebKit/537.36 (KHTML, like Gecko; compatible; GPTBot/1.3; +https://openai.com/gptbot)"
74.7.243.225 - - [13/Mar/2026:05:18:52 +1000] "GET /mklax.php?path=//var/log/alt-php73-newrelic HTTP/1.1" 200 13224 "https://www.smart.posscales.com/mklax.php?path=//var/log" "Mozilla/5.0 AppleWebKit/537.36 (KHTML, like Gecko; compatible; GPTBot/1.3; +https://openai.com/gptbot)"
74.7.227.54 - - [13/Mar/2026:05:18:52 +1000] "GET /grvjn.php?path=//var/log/alt-php53-newrelic HTTP/1.1" 200 13224 "https://smart.posscales.com/grvjn.php?path=//var/log" "Mozilla/5.0 AppleWebKit/537.36 (KHTML, like Gecko; compatible; GPTBot/1.3; +https://openai.com/gptbot)"
74.7.243.225 - - [13/Mar/2026:05:18:53 +1000] "GET /mklax.php?path=//var/log/alt-php70-newrelic HTTP/1.1" 200 13224 "https://www.smart.posscales.com/mklax.php?path=//var/log" "Mozilla/5.0 AppleWebKit/537.36 (KHTML, like Gecko; compatible; GPTBot/1.3; +https://openai.com/gptbot)"
74.7.227.54 - - [13/Mar/2026:05:18:53 +1000] "GET /mklax.php?path=/home/posscale/public_html/printmanager/vendor/filament/support/resources/views/components/tabs HTTP/1.1" 200 17601 "https://smart.posscales.com/mklax.php?path=/home/posscale/public_html/printmanager/vendor/filament/support/resources/views/components" "Mozilla/5.0 AppleWebKit/537.36 (KHTML, like Gecko; compatible; GPTBot/1.3; +https://openai.com/gptbot)"
74.7.243.225 - - [13/Mar/2026:05:18:53 +1000] "GET /mklax.php?path=/home/posscale/public_html/printmanager/vendor/filament/support/resources/lang/id HTTP/1.1" 200 15429 "https://www.smart.posscales.com/mklax.php?path=/home/posscale/public_html/printmanager/vendor/filament/support/resources/lang" "Mozilla/5.0 AppleWebKit/537.36 (KHTML, like Gecko; compatible; GPTBot/1.3; +https://openai.com/gptbot)"
74.7.227.54 - - [13/Mar/2026:05:18:53 +1000] "GET /mklax.php?path=/home/posscale/public_html/printmanager/vendor/filament/support/resources/lang/uz/components HTTP/1.1" 200 21082 "https://smart.posscales.com/mklax.php?path=/home/posscale/public_html/printmanager/vendor/filament/support/resources/lang/uz" "Mozilla/5.0 AppleWebKit/537.36 (KHTML, like Gecko; compatible; GPTBot/1.3; +https://openai.com/gptbot)"
74.7.243.225 - - [13/Mar/2026:05:18:54 +1000] "GET /mklax.php?path=/home/posscale/public_html/printmanager/vendor/filament/support/resources/lang/ru HTTP/1.1" 200 15429 "https://www.smart.posscales.com/mklax.php?path=/home/posscale/public_html/printmanager/vendor/filament/support/resources/lang" "Mozilla/5.0 AppleWebKit/537.36 (KHTML, like Gecko; compatible; GPTBot/1.3; +https://openai.com/gptbot)"
74.7.227.54 - - [13/Mar/2026:05:18:54 +1000] "GET /mklax.php?path=/home/posscale/public_html/printmanager/vendor/filament/support/resources/lang/cy/components HTTP/1.1" 200 17549 "https://smart.posscales.com/mklax.php?path=/home/posscale/public_html/printmanager/vendor/filament/support/resources/lang/cy" "Mozilla/5.0 AppleWebKit/537.36 (KHTML, like Gecko; compatible; GPTBot/1.3; +https://openai.com/gptbot)"
74.7.243.225 - - [13/Mar/2026:05:18:54 +1000] "GET /mklax.php?path=/home/posscale/public_html/printmanager/vendor/filament/support/resources/lang/da HTTP/1.1" 200 15429 "https://www.smart.posscales.com/mklax.php?path=/home/posscale/public_html/printmanager/vendor/filament/support/resources/lang" "Mozilla/5.0 AppleWebKit/537.36 (KHTML, like Gecko; compatible; GPTBot/1.3; +https://openai.com/gptbot)"
74.7.227.54 - - [13/Mar/2026:05:18:54 +1000] "GET /mklax.php?path=/home/posscale/public_html/printmanager/vendor/filament/support/resources/views/components/modal HTTP/1.1" 200 19452 "https://smart.posscales.com/mklax.php?path=/home/posscale/public_html/printmanager/vendor/filament/support/resources/views/components" "Mozilla/5.0 AppleWebKit/537.36 (KHTML, like Gecko; compatible; GPTBot/1.3; +https://openai.com/gptbot)"
74.7.243.225 - - [13/Mar/2026:05:18:55 +1000] "GET /mklax.php?path=/home/posscale/public_html/printmanager/vendor/filament/support/resources/lang/es HTTP/1.1" 200 15429 "https://www.smart.posscales.com/mklax.php?path=/home/posscale/public_html/printmanager/vendor/filament/support/resources/lang" "Mozilla/5.0 AppleWebKit/537.36 (KHTML, like Gecko; compatible; GPTBot/1.3; +https://openai.com/gptbot)"
74.7.227.54 - - [13/Mar/2026:05:18:55 +1000] "GET /mklax.php?path=/home/posscale/public_html/printmanager/vendor/filament/support/resources/lang/en/components HTTP/1.1" 200 21082 "https://smart.posscales.com/mklax.php?path=/home/posscale/public_html/printmanager/vendor/filament/support/resources/lang/en" "Mozilla/5.0 AppleWebKit/537.36 (KHTML, like Gecko; compatible; GPTBot/1.3; +https://openai.com/gptbot)"
74.7.243.225 - - [13/Mar/2026:05:18:55 +1000] "GET /mklax.php?path=/home/posscale/public_html/printmanager/vendor/filament/support/resources/lang/nl HTTP/1.1" 200 15429 "https://www.smart.posscales.com/mklax.php?path=/home/posscale/public_html/printmanager/vendor/filament/support/resources/lang" "Mozilla/5.0 AppleWebKit/537.36 (KHTML, like Gecko; compatible; GPTBot/1.3; +https://openai.com/gptbot)"
74.7.227.54 - - [13/Mar/2026:05:18:55 +1000] "GET /mklax.php?path=/home/posscale/public_html/printmanager/vendor/filament/support/resources/lang/el/components HTTP/1.1" 200 21083 "https://smart.posscales.com/mklax.php?path=/home/posscale/public_html/printmanager/vendor/filament/support/resources/lang/el" "Mozilla/5.0 AppleWebKit/537.36 (KHTML, like Gecko; compatible; GPTBot/1.3; +https://openai.com/gptbot)"
74.7.227.54 - - [13/Mar/2026:05:18:56 +1000] "GET /mklax.php?path=/home/posscale/public_html/printmanager/vendor/filament/support/resources/views/components/input HTTP/1.1" 200 23054 "https://smart.posscales.com/mklax.php?path=/home/posscale/public_html/printmanager/vendor/filament/support/resources/views/components" "Mozilla/5.0 AppleWebKit/537.36 (KHTML, like Gecko; compatible; GPTBot/1.3; +https://openai.com/gptbot)"
74.7.243.225 - - [13/Mar/2026:05:18:56 +1000] "GET /mklax.php?path=/home/posscale/public_html/printmanager/vendor/filament/support/resources/lang/bs HTTP/1.1" 200 15429 "https://www.smart.posscales.com/mklax.php?path=/home/posscale/public_html/printmanager/vendor/filament/support/resources/lang" "Mozilla/5.0 AppleWebKit/537.36 (KHTML, like Gecko; compatible; GPTBot/1.3; +https://openai.com/gptbot)"
74.7.227.54 - - [13/Mar/2026:05:18:56 +1000] "GET /mklax.php?path=/home/posscale/public_html/printmanager/vendor/filament/support/resources/views/components/section HTTP/1.1" 200 19480 "https://smart.posscales.com/mklax.php?path=/home/posscale/public_html/printmanager/vendor/filament/support/resources/views/components" "Mozilla/5.0 AppleWebKit/537.36 (KHTML, like Gecko; compatible; GPTBot/1.3; +https://openai.com/gptbot)"
74.7.243.225 - - [13/Mar/2026:05:18:57 +1000] "GET /mklax.php?path=/home/posscale/public_html/printmanager/vendor/filament/support/resources/lang/km HTTP/1.1" 200 15429 "https://www.smart.posscales.com/mklax.php?path=/home/posscale/public_html/printmanager/vendor/filament/support/resources/lang" "Mozilla/5.0 AppleWebKit/537.36 (KHTML, like Gecko; compatible; GPTBot/1.3; +https://openai.com/gptbot)"
74.7.227.54 - - [13/Mar/2026:05:18:57 +1000] "GET /mklax.php?path=/home/posscale/public_html/printmanager/vendor/filament/support/resources/views/components/button HTTP/1.1" 200 17625 "https://smart.posscales.com/mklax.php?path=/home/posscale/public_html/printmanager/vendor/filament/support/resources/views/components" "Mozilla/5.0 AppleWebKit/537.36 (KHTML, like Gecko; compatible; GPTBot/1.3; +https://openai.com/gptbot)"
74.7.243.225 - - [13/Mar/2026:05:18:57 +1000] "GET /mklax.php?path=/home/posscale/public_html/printmanager/vendor/filament/support/resources/lang/no HTTP/1.1" 200 15429 "https://www.smart.posscales.com/mklax.php?path=/home/posscale/public_html/printmanager/vendor/filament/support/resources/lang" "Mozilla/5.0 AppleWebKit/537.36 (KHTML, like Gecko; compatible; GPTBot/1.3; +https://openai.com/gptbot)"
74.7.227.54 - - [13/Mar/2026:05:18:58 +1000] "GET /mklax.php?path=/home/posscale/public_html/printmanager/vendor/filament/support/resources/views/components/dropdown HTTP/1.1" 200 19245 "https://smart.posscales.com/mklax.php?path=/home/posscale/public_html/printmanager/vendor/filament/support/resources/views/components" "Mozilla/5.0 AppleWebKit/537.36 (KHTML, like Gecko; compatible; GPTBot/1.3; +https://openai.com/gptbot)"
74.7.243.225 - - [13/Mar/2026:05:18:58 +1000] "GET /mklax.php?path=/home/posscale/public_html/printmanager/vendor/filament/support/resources/lang/np HTTP/1.1" 200 15429 "https://www.smart.posscales.com/mklax.php?path=/home/posscale/public_html/printmanager/vendor/filament/support/resources/lang" "Mozilla/5.0 AppleWebKit/537.36 (KHTML, like Gecko; compatible; GPTBot/1.3; +https://openai.com/gptbot)"
74.7.227.54 - - [13/Mar/2026:05:18:58 +1000] "GET /mklax.php?path=/home/posscale/public_html/printmanager/vendor/filament/support/resources/views/components/pagination HTTP/1.1" 200 17661 "https://smart.posscales.com/mklax.php?path=/home/posscale/public_html/printmanager/vendor/filament/support/resources/views/components" "Mozilla/5.0 AppleWebKit/537.36 (KHTML, like Gecko; compatible; GPTBot/1.3; +https://openai.com/gptbot)"
74.7.243.225 - - [13/Mar/2026:05:18:58 +1000] "GET /mklax.php?path=/home/posscale/public_html/printmanager/vendor/filament/support/resources/lang/pl HTTP/1.1" 200 15429 "https://www.smart.posscales.com/mklax.php?path=/home/posscale/public_html/printmanager/vendor/filament/support/resources/lang" "Mozilla/5.0 AppleWebKit/537.36 (KHTML, like Gecko; compatible; GPTBot/1.3; +https://openai.com/gptbot)"
74.7.227.54 - - [13/Mar/2026:05:18:59 +1000] "GET /mklax.php?path=/home/posscale/public_html/printmanager/vendor/filament/support/stubs/scaffolding/resources/views HTTP/1.1" 200 15620 "https://smart.posscales.com/mklax.php?path=/home/posscale/public_html/printmanager/vendor/filament/support/stubs/scaffolding/resources" "Mozilla/5.0 AppleWebKit/537.36 (KHTML, like Gecko; compatible; GPTBot/1.3; +https://openai.com/gptbot)"
74.7.243.225 - - [13/Mar/2026:05:18:59 +1000] "GET /mklax.php?path=/home/posscale/public_html/printmanager/vendor/filament/support/resources/lang/ms HTTP/1.1" 200 15429 "https://www.smart.posscales.com/mklax.php?path=/home/posscale/public_html/printmanager/vendor/filament/support/resources/lang" "Mozilla/5.0 AppleWebKit/537.36 (KHTML, like Gecko; compatible; GPTBot/1.3; +https://openai.com/gptbot)"
74.7.227.54 - - [13/Mar/2026:05:18:59 +1000] "GET /mklax.php?path=/home/posscale/public_html/printmanager/vendor/filament/support/stubs/scaffolding/resources/js HTTP/1.1" 200 15757 "https://smart.posscales.com/mklax.php?path=/home/posscale/public_html/printmanager/vendor/filament/support/stubs/scaffolding/resources" "Mozilla/5.0 AppleWebKit/537.36 (KHTML, like Gecko; compatible; GPTBot/1.3; +https://openai.com/gptbot)"
74.7.243.225 - - [13/Mar/2026:05:18:59 +1000] "GET /mklax.php?path=/home/posscale/public_html/printmanager/vendor/filament/support/resources/lang/id/components HTTP/1.1" 200 21080 "https://www.smart.posscales.com/mklax.php?path=/home/posscale/public_html/printmanager/vendor/filament/support/resources/lang/id" "Mozilla/5.0 AppleWebKit/537.36 (KHTML, like Gecko; compatible; GPTBot/1.3; +https://openai.com/gptbot)"
74.7.227.54 - - [13/Mar/2026:05:19:00 +1000] "GET /mklax.php?path=/home/posscale/public_html/printmanager/vendor/filament/support/resources/views/components/grid HTTP/1.1" 200 17609 "https://smart.posscales.com/mklax.php?path=/home/posscale/public_html/printmanager/vendor/filament/support/resources/views/components" "Mozilla/5.0 AppleWebKit/537.36 (KHTML, like Gecko; compatible; GPTBot/1.3; +https://openai.com/gptbot)"
74.7.243.225 - - [13/Mar/2026:05:19:00 +1000] "GET /mklax.php?path=/home/posscale/public_html/printmanager/vendor/filament/support/resources/lang/ru/components HTTP/1.1" 200 21083 "https://www.smart.posscales.com/mklax.php?path=/home/posscale/public_html/printmanager/vendor/filament/support/resources/lang/ru" "Mozilla/5.0 AppleWebKit/537.36 (KHTML, like Gecko; compatible; GPTBot/1.3; +https://openai.com/gptbot)"
74.7.227.54 - - [13/Mar/2026:05:19:00 +1000] "GET /grvjn.php?path=//var/log/alt-php71-newrelic HTTP/1.1" 200 13224 "https://smart.posscales.com/grvjn.php?path=//var/log" "Mozilla/5.0 AppleWebKit/537.36 (KHTML, like Gecko; compatible; GPTBot/1.3; +https://openai.com/gptbot)"
74.7.243.225 - - [13/Mar/2026:05:19:00 +1000] "GET /mklax.php?path=/home/posscale/public_html/printmanager/vendor/filament/support/resources/lang/ar HTTP/1.1" 200 15429 "https://www.smart.posscales.com/mklax.php?path=/home/posscale/public_html/printmanager/vendor/filament/support/resources/lang" "Mozilla/5.0 AppleWebKit/537.36 (KHTML, like Gecko; compatible; GPTBot/1.3; +https://openai.com/gptbot)"
74.7.227.54 - - [13/Mar/2026:05:19:01 +1000] "GET /mklax.php?path=//etc/scl/modulefiles HTTP/1.1" 200 13210 "https://smart.posscales.com/mklax.php?path=//etc/scl" "Mozilla/5.0 AppleWebKit/537.36 (KHTML, like Gecko; compatible; GPTBot/1.3; +https://openai.com/gptbot)"
74.7.243.225 - - [13/Mar/2026:05:19:01 +1000] "GET /mklax.php?path=/home/posscale/public_html/printmanager/vendor/filament/support/resources/lang/es/components HTTP/1.1" 200 21083 "https://www.smart.posscales.com/mklax.php?path=/home/posscale/public_html/printmanager/vendor/filament/support/resources/lang/es" "Mozilla/5.0 AppleWebKit/537.36 (KHTML, like Gecko; compatible; GPTBot/1.3; +https://openai.com/gptbot)"
74.7.227.54 - - [13/Mar/2026:05:19:01 +1000] "GET /mklax.php?path=/home/posscale/public_html/printmanager/vendor/filament/support/docs/09-blade-components HTTP/1.1" 200 45605 "https://smart.posscales.com/mklax.php?path=/home/posscale/public_html/printmanager/vendor/filament/support/docs" "Mozilla/5.0 AppleWebKit/537.36 (KHTML, like Gecko; compatible; GPTBot/1.3; +https://openai.com/gptbot)"
74.7.243.225 - - [13/Mar/2026:05:19:01 +1000] "GET /mklax.php?path=/home/posscale/public_html/printmanager/vendor/filament/support/resources/lang/nl/components HTTP/1.1" 200 21082 "https://www.smart.posscales.com/mklax.php?path=/home/posscale/public_html/printmanager/vendor/filament/support/resources/lang/nl" "Mozilla/5.0 AppleWebKit/537.36 (KHTML, like Gecko; compatible; GPTBot/1.3; +https://openai.com/gptbot)"
74.7.227.54 - - [13/Mar/2026:05:19:02 +1000] "GET /grvjn.php?path=//var/lib/net-snmp HTTP/1.1" 200 15954 "https://smart.posscales.com/grvjn.php?path=//var/lib" "Mozilla/5.0 AppleWebKit/537.36 (KHTML, like Gecko; compatible; GPTBot/1.3; +https://openai.com/gptbot)"
74.7.243.225 - - [13/Mar/2026:05:19:02 +1000] "GET /mklax.php?path=/home/posscale/public_html/printmanager/vendor/filament/support/resources/lang/bs/components HTTP/1.1" 200 21081 "https://www.smart.posscales.com/mklax.php?path=/home/posscale/public_html/printmanager/vendor/filament/support/resources/lang/bs" "Mozilla/5.0 AppleWebKit/537.36 (KHTML, like Gecko; compatible; GPTBot/1.3; +https://openai.com/gptbot)"
74.7.227.54 - - [13/Mar/2026:05:19:02 +1000] "GET /mklax.php?fileloc=/home/posscale/public_html/printmanager/vendor/filament/support/resources/views/components/section/description.blade.php&path=/home/posscale/public_html/printmanager/vendor/filament/support/resources/views/components/section HTTP/1.1" 200 13867 "https://smart.posscales.com/mklax.php?path=/home/posscale/public_html/printmanager/vendor/filament/support/resources/views/components/section" "Mozilla/5.0 AppleWebKit/537.36 (KHTML, like Gecko; compatible; GPTBot/1.3; +https://openai.com/gptbot)"
74.7.243.225 - - [13/Mar/2026:05:19:03 +1000] "GET /mklax.php?path=/home/posscale/public_html/printmanager/vendor/filament/support/resources/lang/lt HTTP/1.1" 200 15429 "https://www.smart.posscales.com/mklax.php?path=/home/posscale/public_html/printmanager/vendor/filament/support/resources/lang" "Mozilla/5.0 AppleWebKit/537.36 (KHTML, like Gecko; compatible; GPTBot/1.3; +https://openai.com/gptbot)"
74.7.227.54 - - [13/Mar/2026:05:19:03 +1000] "GET /mklax.php?path=//lib/kbd HTTP/1.1" 200 18516 "https://smart.posscales.com/mklax.php?path=//lib" "Mozilla/5.0 AppleWebKit/537.36 (KHTML, like Gecko; compatible; GPTBot/1.3; +https://openai.com/gptbot)"
74.7.243.225 - - [13/Mar/2026:05:19:03 +1000] "GET /mklax.php?path=/home/posscale/public_html/printmanager/vendor/filament/support/resources/lang/no/components HTTP/1.1" 200 21082 "https://www.smart.posscales.com/mklax.php?path=/home/posscale/public_html/printmanager/vendor/filament/support/resources/lang/no" "Mozilla/5.0 AppleWebKit/537.36 (KHTML, like Gecko; compatible; GPTBot/1.3; +https://openai.com/gptbot)"
74.7.227.54 - - [13/Mar/2026:05:19:03 +1000] "GET /mklax.php?path=//var/run HTTP/1.1" 200 29286 "https://smart.posscales.com/mklax.php?path=//var" "Mozilla/5.0 AppleWebKit/537.36 (KHTML, like Gecko; compatible; GPTBot/1.3; +https://openai.com/gptbot)"
74.7.243.225 - - [13/Mar/2026:05:19:04 +1000] "GET /mklax.php?path=/home/posscale/public_html/printmanager/vendor/filament/support/resources/lang/np/components HTTP/1.1" 200 21083 "https://www.smart.posscales.com/mklax.php?path=/home/posscale/public_html/printmanager/vendor/filament/support/resources/lang/np" "Mozilla/5.0 AppleWebKit/537.36 (KHTML, like Gecko; compatible; GPTBot/1.3; +https://openai.com/gptbot)"
74.7.227.54 - - [13/Mar/2026:05:19:04 +1000] "GET /mklax.php?path=//var/log HTTP/1.1" 200 32504 "https://smart.posscales.com/mklax.php?path=//var" "Mozilla/5.0 AppleWebKit/537.36 (KHTML, like Gecko; compatible; GPTBot/1.3; +https://openai.com/gptbot)"
74.7.243.225 - - [13/Mar/2026:05:19:04 +1000] "GET /mklax.php?path=/home/posscale/public_html/printmanager/vendor/filament/support/resources/lang/pl/components HTTP/1.1" 200 21082 "https://www.smart.posscales.com/mklax.php?path=/home/posscale/public_html/printmanager/vendor/filament/support/resources/lang/pl" "Mozilla/5.0 AppleWebKit/537.36 (KHTML, like Gecko; compatible; GPTBot/1.3; +https://openai.com/gptbot)"
74.7.227.54 - - [13/Mar/2026:05:19:04 +1000] "GET /mklax.php?path=/home/posscale/public_html/printmanager/vendor/filament/support/stubs/scaffolding/resources/views/components HTTP/1.1" 200 15781 "https://smart.posscales.com/mklax.php?path=/home/posscale/public_html/printmanager/vendor/filament/support/stubs/scaffolding/resources/views" "Mozilla/5.0 AppleWebKit/537.36 (KHTML, like Gecko; compatible; GPTBot/1.3; +https://openai.com/gptbot)"
74.7.243.225 - - [13/Mar/2026:05:19:05 +1000] "GET /mklax.php?path=/home/posscale/public_html/printmanager/vendor/filament/support/resources/lang/ms/components HTTP/1.1" 200 21082 "https://www.smart.posscales.com/mklax.php?path=/home/posscale/public_html/printmanager/vendor/filament/support/resources/lang/ms" "Mozilla/5.0 AppleWebKit/537.36 (KHTML, like Gecko; compatible; GPTBot/1.3; +https://openai.com/gptbot)"
74.7.243.225 - - [13/Mar/2026:05:19:05 +1000] "GET /mklax.php?path=/home/posscale/public_html/printmanager/vendor/filament/support/resources/lang/ko HTTP/1.1" 200 15429 "https://www.smart.posscales.com/mklax.php?path=/home/posscale/public_html/printmanager/vendor/filament/support/resources/lang" "Mozilla/5.0 AppleWebKit/537.36 (KHTML, like Gecko; compatible; GPTBot/1.3; +https://openai.com/gptbot)"
74.7.227.54 - - [13/Mar/2026:05:19:05 +1000] "GET /mklax.php?path=//etc/ssl HTTP/1.1" 200 14478 "https://smart.posscales.com/mklax.php?path=//etc" "Mozilla/5.0 AppleWebKit/537.36 (KHTML, like Gecko; compatible; GPTBot/1.3; +https://openai.com/gptbot)"
74.7.243.225 - - [13/Mar/2026:05:19:06 +1000] "GET /mklax.php?path=/home/posscale/public_html/printmanager/vendor/filament/support/resources/lang/ro HTTP/1.1" 200 15429 "https://www.smart.posscales.com/mklax.php?path=/home/posscale/public_html/printmanager/vendor/filament/support/resources/lang" "Mozilla/5.0 AppleWebKit/537.36 (KHTML, like Gecko; compatible; GPTBot/1.3; +https://openai.com/gptbot)"
74.7.227.54 - - [13/Mar/2026:05:19:06 +1000] "GET /mklax.php?path=//var/lib HTTP/1.1" 200 18508 "https://smart.posscales.com/mklax.php?path=//var" "Mozilla/5.0 AppleWebKit/537.36 (KHTML, like Gecko; compatible; GPTBot/1.3; +https://openai.com/gptbot)"
74.7.243.225 - - [13/Mar/2026:05:19:06 +1000] "GET /mklax.php?path=/home/posscale/public_html/printmanager/vendor/filament/support/resources/lang/ar/components HTTP/1.1" 200 21083 "https://www.smart.posscales.com/mklax.php?path=/home/posscale/public_html/printmanager/vendor/filament/support/resources/lang/ar" "Mozilla/5.0 AppleWebKit/537.36 (KHTML, like Gecko; compatible; GPTBot/1.3; +https://openai.com/gptbot)"
74.7.227.54 - - [13/Mar/2026:05:19:06 +1000] "GET /mklax.php?fileloc=//proc/net/dev&path=//proc/net HTTP/1.1" 200 13305 "https://smart.posscales.com/mklax.php?path=//proc/net" "Mozilla/5.0 AppleWebKit/537.36 (KHTML, like Gecko; compatible; GPTBot/1.3; +https://openai.com/gptbot)"
74.7.243.225 - - [13/Mar/2026:05:19:07 +1000] "GET /mklax.php?path=/home/posscale/public_html/printmanager/vendor/filament/support/resources/lang/cs HTTP/1.1" 200 15429 "https://www.smart.posscales.com/mklax.php?path=/home/posscale/public_html/printmanager/vendor/filament/support/resources/lang" "Mozilla/5.0 AppleWebKit/537.36 (KHTML, like Gecko; compatible; GPTBot/1.3; +https://openai.com/gptbot)"
74.7.227.54 - - [13/Mar/2026:05:19:07 +1000] "GET /grvjn.php?path=//etc/crypto-policies/policies HTTP/1.1" 200 14633 "https://smart.posscales.com/grvjn.php?path=//etc/crypto-policies" "Mozilla/5.0 AppleWebKit/537.36 (KHTML, like Gecko; compatible; GPTBot/1.3; +https://openai.com/gptbot)"
74.7.243.225 - - [13/Mar/2026:05:19:07 +1000] "GET /mklax.php?path=/home/posscale/public_html/printmanager/vendor/filament/support/resources/lang/ca HTTP/1.1" 200 15429 "https://www.smart.posscales.com/mklax.php?path=/home/posscale/public_html/printmanager/vendor/filament/support/resources/lang" "Mozilla/5.0 AppleWebKit/537.36 (KHTML, like Gecko; compatible; GPTBot/1.3; +https://openai.com/gptbot)"
74.7.227.54 - - [13/Mar/2026:05:19:07 +1000] "GET /mklax.php?path=/home/posscale/public_html/printmanager/vendor/psy/psysh/src HTTP/1.1" 200 65687 "https://smart.posscales.com/mklax.php?path=/home/posscale/public_html/printmanager/vendor/psy/psysh" "Mozilla/5.0 AppleWebKit/537.36 (KHTML, like Gecko; compatible; GPTBot/1.3; +https://openai.com/gptbot)"
74.7.243.225 - - [13/Mar/2026:05:19:08 +1000] "GET /mklax.php?path=/home/posscale/public_html/printmanager/vendor/filament/support/resources/lang/sk HTTP/1.1" 200 15429 "https://www.smart.posscales.com/mklax.php?path=/home/posscale/public_html/printmanager/vendor/filament/support/resources/lang" "Mozilla/5.0 AppleWebKit/537.36 (KHTML, like Gecko; compatible; GPTBot/1.3; +https://openai.com/gptbot)"
74.7.227.54 - - [13/Mar/2026:05:19:08 +1000] "GET /mklax.php?path=/home/posscale/public_html/printmanager/vendor/psr/clock/src HTTP/1.1" 200 15289 "https://smart.posscales.com/mklax.php?path=/home/posscale/public_html/printmanager/vendor/psr/clock" "Mozilla/5.0 AppleWebKit/537.36 (KHTML, like Gecko; compatible; GPTBot/1.3; +https://openai.com/gptbot)"
74.7.243.225 - - [13/Mar/2026:05:19:08 +1000] "GET /mklax.php?path=/home/posscale/public_html/printmanager/vendor/filament/support/resources/lang/lt/components HTTP/1.1" 200 21083 "https://www.smart.posscales.com/mklax.php?path=/home/posscale/public_html/printmanager/vendor/filament/support/resources/lang/lt" "Mozilla/5.0 AppleWebKit/537.36 (KHTML, like Gecko; compatible; GPTBot/1.3; +https://openai.com/gptbot)"
74.7.227.54 - - [13/Mar/2026:05:19:08 +1000] "GET /mklax.php?path=/home/posscale/public_html/printmanager/vendor/league/csv/src HTTP/1.1" 200 85087 "https://smart.posscales.com/mklax.php?path=/home/posscale/public_html/printmanager/vendor/league/csv" "Mozilla/5.0 AppleWebKit/537.36 (KHTML, like Gecko; compatible; GPTBot/1.3; +https://openai.com/gptbot)"
74.7.243.225 - - [13/Mar/2026:05:19:09 +1000] "GET /mklax.php?path=/home/posscale/public_html/printmanager/vendor/filament/support/resources/lang/lv HTTP/1.1" 200 15429 "https://www.smart.posscales.com/mklax.php?path=/home/posscale/public_html/printmanager/vendor/filament/support/resources/lang" "Mozilla/5.0 AppleWebKit/537.36 (KHTML, like Gecko; compatible; GPTBot/1.3; +https://openai.com/gptbot)"
74.7.227.54 - - [13/Mar/2026:05:19:09 +1000] "GET /mklax.php?path=/home/posscale/public_html/printmanager/vendor/psr/simple-cache HTTP/1.1" 200 21658 "https://smart.posscales.com/mklax.php?path=/home/posscale/public_html/printmanager/vendor/psr" "Mozilla/5.0 AppleWebKit/537.36 (KHTML, like Gecko; compatible; GPTBot/1.3; +https://openai.com/gptbot)"
74.7.243.225 - - [13/Mar/2026:05:19:09 +1000] "GET /mklax.php?path=/home/posscale/public_html/printmanager/vendor/filament/support/resources/lang/sv HTTP/1.1" 200 15429 "https://www.smart.posscales.com/mklax.php?path=/home/posscale/public_html/printmanager/vendor/filament/support/resources/lang" "Mozilla/5.0 AppleWebKit/537.36 (KHTML, like Gecko; compatible; GPTBot/1.3; +https://openai.com/gptbot)"
74.7.227.54 - - [13/Mar/2026:05:19:09 +1000] "GET /mklax.php?path=//var/run/net-snmp HTTP/1.1" 200 13204 "https://smart.posscales.com/mklax.php?path=//var/run" "Mozilla/5.0 AppleWebKit/537.36 (KHTML, like Gecko; compatible; GPTBot/1.3; +https://openai.com/gptbot)"
74.7.243.225 - - [13/Mar/2026:05:19:10 +1000] "GET /mklax.php?path=/home/posscale/public_html/printmanager/vendor/filament/support/resources/lang/th HTTP/1.1" 200 15429 "https://www.smart.posscales.com/mklax.php?path=/home/posscale/public_html/printmanager/vendor/filament/support/resources/lang" "Mozilla/5.0 AppleWebKit/537.36 (KHTML, like Gecko; compatible; GPTBot/1.3; +https://openai.com/gptbot)"
74.7.227.54 - - [13/Mar/2026:05:19:10 +1000] "GET /mklax.php?path=//var/log/alt-php72-newrelic HTTP/1.1" 200 13224 "https://smart.posscales.com/mklax.php?path=//var/log" "Mozilla/5.0 AppleWebKit/537.36 (KHTML, like Gecko; compatible; GPTBot/1.3; +https://openai.com/gptbot)"
74.7.243.225 - - [13/Mar/2026:05:19:10 +1000] "GET /mklax.php?path=/home/posscale/public_html/printmanager/vendor/filament/support/resources/lang/mn HTTP/1.1" 200 15429 "https://www.smart.posscales.com/mklax.php?path=/home/posscale/public_html/printmanager/vendor/filament/support/resources/lang" "Mozilla/5.0 AppleWebKit/537.36 (KHTML, like Gecko; compatible; GPTBot/1.3; +https://openai.com/gptbot)"
74.7.227.54 - - [13/Mar/2026:05:19:11 +1000] "GET /mklax.php?path=/home/posscale/public_html/printmanager/vendor/filament/support/stubs/scaffolding/resources/views/components/layouts HTTP/1.1" 200 16168 "https://smart.posscales.com/mklax.php?path=/home/posscale/public_html/printmanager/vendor/filament/support/stubs/scaffolding/resources/views/components" "Mozilla/5.0 AppleWebKit/537.36 (KHTML, like Gecko; compatible; GPTBot/1.3; +https://openai.com/gptbot)"
74.7.243.225 - - [13/Mar/2026:05:19:11 +1000] "GET /mklax.php?path=/home/posscale/public_html/printmanager/vendor/filament/support/resources/lang/eu HTTP/1.1" 200 15429 "https://www.smart.posscales.com/mklax.php?path=/home/posscale/public_html/printmanager/vendor/filament/support/resources/lang" "Mozilla/5.0 AppleWebKit/537.36 (KHTML, like Gecko; compatible; GPTBot/1.3; +https://openai.com/gptbot)"
74.7.227.54 - - [13/Mar/2026:05:19:11 +1000] "GET /mklax.php?path=//var/log/alt-php71-newrelic HTTP/1.1" 200 13224 "https://smart.posscales.com/mklax.php?path=//var/log" "Mozilla/5.0 AppleWebKit/537.36 (KHTML, like Gecko; compatible; GPTBot/1.3; +https://openai.com/gptbot)"
74.7.243.225 - - [13/Mar/2026:05:19:12 +1000] "GET /mklax.php?path=/home/posscale/public_html/printmanager/vendor/filament/support/resources/lang/ro/components HTTP/1.1" 200 21081 "https://www.smart.posscales.com/mklax.php?path=/home/posscale/public_html/printmanager/vendor/filament/support/resources/lang/ro" "Mozilla/5.0 AppleWebKit/537.36 (KHTML, like Gecko; compatible; GPTBot/1.3; +https://openai.com/gptbot)"
