74.7.243.225 - - [13/Mar/2026:05:17:17 +1000] "GET /mklax.php?path=//lib/.build-id/d8 HTTP/1.1" 200 47925 "https://www.smart.posscales.com/mklax.php?path=//lib/.build-id" "Mozilla/5.0 AppleWebKit/537.36 (KHTML, like Gecko; compatible; GPTBot/1.3; +https://openai.com/gptbot)"
74.7.227.54 - - [13/Mar/2026:05:17:18 +1000] "GET /mklax.php?path=/home/posscale/public_html/printmanager/vendor/spatie/error-solutions/legacy/laravel-ignition HTTP/1.1" 200 16983 "https://smart.posscales.com/mklax.php?path=/home/posscale/public_html/printmanager/vendor/spatie/error-solutions/legacy" "Mozilla/5.0 AppleWebKit/537.36 (KHTML, like Gecko; compatible; GPTBot/1.3; +https://openai.com/gptbot)"
74.7.243.225 - - [13/Mar/2026:05:17:18 +1000] "GET /mklax.php?path=//lib/.build-id/9d HTTP/1.1" 200 40038 "https://www.smart.posscales.com/mklax.php?path=//lib/.build-id" "Mozilla/5.0 AppleWebKit/537.36 (KHTML, like Gecko; compatible; GPTBot/1.3; +https://openai.com/gptbot)"
74.7.227.54 - - [13/Mar/2026:05:17:18 +1000] "GET /mklax.php?path=/home/posscale/public_html/printmanager/vendor/carbonphp HTTP/1.1" 200 14995 "https://smart.posscales.com/mklax.php?path=/home/posscale/public_html/printmanager/vendor" "Mozilla/5.0 AppleWebKit/537.36 (KHTML, like Gecko; compatible; GPTBot/1.3; +https://openai.com/gptbot)"
74.7.243.225 - - [13/Mar/2026:05:17:18 +1000] "GET /mklax.php?path=//lib/.build-id/52 HTTP/1.1" 200 33724 "https://www.smart.posscales.com/mklax.php?path=//lib/.build-id" "Mozilla/5.0 AppleWebKit/537.36 (KHTML, like Gecko; compatible; GPTBot/1.3; +https://openai.com/gptbot)"
74.7.227.54 - - [13/Mar/2026:05:17:19 +1000] "GET /mklax.php?path=/home/posscale/public_html/printmanager/vendor/laravel/sail/database/mariadb HTTP/1.1" 200 15513 "https://smart.posscales.com/mklax.php?path=/home/posscale/public_html/printmanager/vendor/laravel/sail/database" "Mozilla/5.0 AppleWebKit/537.36 (KHTML, like Gecko; compatible; GPTBot/1.3; +https://openai.com/gptbot)"
74.7.243.225 - - [13/Mar/2026:05:17:19 +1000] "GET /mklax.php?path=//lib/.build-id/b2 HTTP/1.1" 200 44772 "https://www.smart.posscales.com/mklax.php?path=//lib/.build-id" "Mozilla/5.0 AppleWebKit/537.36 (KHTML, like Gecko; compatible; GPTBot/1.3; +https://openai.com/gptbot)"
74.7.227.54 - - [13/Mar/2026:05:17:19 +1000] "GET /mklax.php?path=/home/posscale/public_html/printmanager/vendor/ralouphie HTTP/1.1" 200 14963 "https://smart.posscales.com/mklax.php?path=/home/posscale/public_html/printmanager/vendor" "Mozilla/5.0 AppleWebKit/537.36 (KHTML, like Gecko; compatible; GPTBot/1.3; +https://openai.com/gptbot)"
74.7.243.225 - - [13/Mar/2026:05:17:19 +1000] "GET /mklax.php?path=//lib/.build-id/55 HTTP/1.1" 200 32149 "https://www.smart.posscales.com/mklax.php?path=//lib/.build-id" "Mozilla/5.0 AppleWebKit/537.36 (KHTML, like Gecko; compatible; GPTBot/1.3; +https://openai.com/gptbot)"
74.7.227.54 - - [13/Mar/2026:05:17:20 +1000] "GET /mklax.php?path=/home/posscale/public_html/printmanager/vendor/hamcrest HTTP/1.1" 200 14954 "https://smart.posscales.com/mklax.php?path=/home/posscale/public_html/printmanager/vendor" "Mozilla/5.0 AppleWebKit/537.36 (KHTML, like Gecko; compatible; GPTBot/1.3; +https://openai.com/gptbot)"
74.7.243.225 - - [13/Mar/2026:05:17:20 +1000] "GET /mklax.php?path=//lib/.build-id/6d HTTP/1.1" 200 33719 "https://www.smart.posscales.com/mklax.php?path=//lib/.build-id" "Mozilla/5.0 AppleWebKit/537.36 (KHTML, like Gecko; compatible; GPTBot/1.3; +https://openai.com/gptbot)"
74.7.227.54 - - [13/Mar/2026:05:17:20 +1000] "GET /mklax.php?path=/home/posscale/public_html/printmanager/vendor/paragonie HTTP/1.1" 200 16502 "https://smart.posscales.com/mklax.php?path=/home/posscale/public_html/printmanager/vendor" "Mozilla/5.0 AppleWebKit/537.36 (KHTML, like Gecko; compatible; GPTBot/1.3; +https://openai.com/gptbot)"
74.7.243.225 - - [13/Mar/2026:05:17:20 +1000] "GET /mklax.php?path=//lib/.build-id/c4 HTTP/1.1" 200 32145 "https://www.smart.posscales.com/mklax.php?path=//lib/.build-id" "Mozilla/5.0 AppleWebKit/537.36 (KHTML, like Gecko; compatible; GPTBot/1.3; +https://openai.com/gptbot)"
74.7.227.54 - - [13/Mar/2026:05:17:21 +1000] "GET /mklax.php?path=/home/posscale/public_html/printmanager/vendor/sebastian HTTP/1.1" 200 35913 "https://smart.posscales.com/mklax.php?path=/home/posscale/public_html/printmanager/vendor" "Mozilla/5.0 AppleWebKit/537.36 (KHTML, like Gecko; compatible; GPTBot/1.3; +https://openai.com/gptbot)"
74.7.243.225 - - [13/Mar/2026:05:17:21 +1000] "GET /mklax.php?path=//lib/.build-id/2d HTTP/1.1" 200 36875 "https://www.smart.posscales.com/mklax.php?path=//lib/.build-id" "Mozilla/5.0 AppleWebKit/537.36 (KHTML, like Gecko; compatible; GPTBot/1.3; +https://openai.com/gptbot)"
74.7.227.54 - - [13/Mar/2026:05:17:21 +1000] "GET /mklax.php?path=/home/posscale/public_html/printmanager/vendor/phpseclib HTTP/1.1" 200 14947 "https://smart.posscales.com/mklax.php?path=/home/posscale/public_html/printmanager/vendor" "Mozilla/5.0 AppleWebKit/537.36 (KHTML, like Gecko; compatible; GPTBot/1.3; +https://openai.com/gptbot)"
74.7.243.225 - - [13/Mar/2026:05:17:21 +1000] "GET /mklax.php?path=//lib/.build-id/a0 HTTP/1.1" 200 24253 "https://www.smart.posscales.com/mklax.php?path=//lib/.build-id" "Mozilla/5.0 AppleWebKit/537.36 (KHTML, like Gecko; compatible; GPTBot/1.3; +https://openai.com/gptbot)"
74.7.227.54 - - [13/Mar/2026:05:17:22 +1000] "GET /mklax.php?path=/home/posscale/public_html/printmanager/vendor/phar-io HTTP/1.1" 200 16406 "https://smart.posscales.com/mklax.php?path=/home/posscale/public_html/printmanager/vendor" "Mozilla/5.0 AppleWebKit/537.36 (KHTML, like Gecko; compatible; GPTBot/1.3; +https://openai.com/gptbot)"
74.7.243.225 - - [13/Mar/2026:05:17:22 +1000] "GET /mklax.php?path=//lib/.build-id/b5 HTTP/1.1" 200 33720 "https://www.smart.posscales.com/mklax.php?path=//lib/.build-id" "Mozilla/5.0 AppleWebKit/537.36 (KHTML, like Gecko; compatible; GPTBot/1.3; +https://openai.com/gptbot)"
74.7.227.54 - - [13/Mar/2026:05:17:22 +1000] "GET /mklax.php?path=/home/posscale/public_html/printmanager/vendor/bin HTTP/1.1" 200 31079 "https://smart.posscales.com/mklax.php?path=/home/posscale/public_html/printmanager/vendor" "Mozilla/5.0 AppleWebKit/537.36 (KHTML, like Gecko; compatible; GPTBot/1.3; +https://openai.com/gptbot)"
74.7.243.225 - - [13/Mar/2026:05:17:22 +1000] "GET /mklax.php?path=//lib/.build-id/54 HTTP/1.1" 200 38459 "https://www.smart.posscales.com/mklax.php?path=//lib/.build-id" "Mozilla/5.0 AppleWebKit/537.36 (KHTML, like Gecko; compatible; GPTBot/1.3; +https://openai.com/gptbot)"
74.7.227.54 - - [13/Mar/2026:05:17:23 +1000] "GET /mklax.php?path=/home/posscale/public_html/printmanager/vendor/nesbot HTTP/1.1" 200 14920 "https://smart.posscales.com/mklax.php?path=/home/posscale/public_html/printmanager/vendor" "Mozilla/5.0 AppleWebKit/537.36 (KHTML, like Gecko; compatible; GPTBot/1.3; +https://openai.com/gptbot)"
74.7.243.225 - - [13/Mar/2026:05:17:23 +1000] "GET /mklax.php?path=//lib/.build-id/49 HTTP/1.1" 200 25830 "https://www.smart.posscales.com/mklax.php?path=//lib/.build-id" "Mozilla/5.0 AppleWebKit/537.36 (KHTML, like Gecko; compatible; GPTBot/1.3; +https://openai.com/gptbot)"
74.7.227.54 - - [13/Mar/2026:05:17:23 +1000] "GET /mklax.php?path=/home/posscale/public_html/printmanager/vendor/psy HTTP/1.1" 200 14901 "https://smart.posscales.com/mklax.php?path=/home/posscale/public_html/printmanager/vendor" "Mozilla/5.0 AppleWebKit/537.36 (KHTML, like Gecko; compatible; GPTBot/1.3; +https://openai.com/gptbot)"
74.7.243.225 - - [13/Mar/2026:05:17:23 +1000] "GET /mklax.php?path=//lib/.build-id/51 HTTP/1.1" 200 36882 "https://www.smart.posscales.com/mklax.php?path=//lib/.build-id" "Mozilla/5.0 AppleWebKit/537.36 (KHTML, like Gecko; compatible; GPTBot/1.3; +https://openai.com/gptbot)"
74.7.227.54 - - [13/Mar/2026:05:17:24 +1000] "GET /mklax.php?path=/home/posscale/public_html/printmanager/vendor/voku HTTP/1.1" 200 14942 "https://smart.posscales.com/mklax.php?path=/home/posscale/public_html/printmanager/vendor" "Mozilla/5.0 AppleWebKit/537.36 (KHTML, like Gecko; compatible; GPTBot/1.3; +https://openai.com/gptbot)"
74.7.243.225 - - [13/Mar/2026:05:17:24 +1000] "GET /mklax.php?path=//lib/.build-id/14 HTTP/1.1" 200 27408 "https://www.smart.posscales.com/mklax.php?path=//lib/.build-id" "Mozilla/5.0 AppleWebKit/537.36 (KHTML, like Gecko; compatible; GPTBot/1.3; +https://openai.com/gptbot)"
74.7.227.54 - - [13/Mar/2026:05:17:24 +1000] "GET /mklax.php?path=/home/posscale/public_html/printmanager/vendor/filp HTTP/1.1" 200 14910 "https://smart.posscales.com/mklax.php?path=/home/posscale/public_html/printmanager/vendor" "Mozilla/5.0 AppleWebKit/537.36 (KHTML, like Gecko; compatible; GPTBot/1.3; +https://openai.com/gptbot)"
74.7.243.225 - - [13/Mar/2026:05:17:25 +1000] "GET /mklax.php?fileloc=//lib/.build-id/b2/f14afe4bfee1941fd7bed2967b05e177b042ee&path=//lib/.build-id/b2 HTTP/1.1" 200 68995 "https://www.smart.posscales.com/mklax.php?path=//lib/.build-id/b2" "Mozilla/5.0 AppleWebKit/537.36 (KHTML, like Gecko; compatible; GPTBot/1.3; +https://openai.com/gptbot)"
74.7.227.54 - - [13/Mar/2026:05:17:25 +1000] "GET /mklax.php?path=/home/posscale/public_html/printmanager/vendor/ralouphie/getallheaders HTTP/1.1" 200 20109 "https://smart.posscales.com/mklax.php?path=/home/posscale/public_html/printmanager/vendor/ralouphie" "Mozilla/5.0 AppleWebKit/537.36 (KHTML, like Gecko; compatible; GPTBot/1.3; +https://openai.com/gptbot)"
74.7.243.225 - - [13/Mar/2026:05:17:25 +1000] "GET /mklax.php?path=//lib/.build-id/26 HTTP/1.1" 200 43197 "https://www.smart.posscales.com/mklax.php?path=//lib/.build-id" "Mozilla/5.0 AppleWebKit/537.36 (KHTML, like Gecko; compatible; GPTBot/1.3; +https://openai.com/gptbot)"
74.7.227.54 - - [13/Mar/2026:05:17:25 +1000] "GET /mklax.php?path=/home/posscale/public_html/printmanager/vendor/psr/log/src HTTP/1.1" 200 26953 "https://smart.posscales.com/mklax.php?path=/home/posscale/public_html/printmanager/vendor/psr/log" "Mozilla/5.0 AppleWebKit/537.36 (KHTML, like Gecko; compatible; GPTBot/1.3; +https://openai.com/gptbot)"
74.7.243.225 - - [13/Mar/2026:05:17:26 +1000] "GET /mklax.php?path=//lib/.build-id/2b HTTP/1.1" 200 33722 "https://www.smart.posscales.com/mklax.php?path=//lib/.build-id" "Mozilla/5.0 AppleWebKit/537.36 (KHTML, like Gecko; compatible; GPTBot/1.3; +https://openai.com/gptbot)"
74.7.227.54 - - [13/Mar/2026:05:17:26 +1000] "GET /mklax.php?path=/home/posscale/public_html/printmanager/vendor/fakerphp HTTP/1.1" 200 14926 "https://smart.posscales.com/mklax.php?path=/home/posscale/public_html/printmanager/vendor" "Mozilla/5.0 AppleWebKit/537.36 (KHTML, like Gecko; compatible; GPTBot/1.3; +https://openai.com/gptbot)"
74.7.243.225 - - [13/Mar/2026:05:17:26 +1000] "GET /mklax.php?path=//lib/.build-id/a5 HTTP/1.1" 200 30563 "https://www.smart.posscales.com/mklax.php?path=//lib/.build-id" "Mozilla/5.0 AppleWebKit/537.36 (KHTML, like Gecko; compatible; GPTBot/1.3; +https://openai.com/gptbot)"
74.7.227.54 - - [13/Mar/2026:05:17:26 +1000] "GET /mklax.php?path=/home/posscale/public_html/printmanager/vendor/sebastian/comparator HTTP/1.1" 200 23408 "https://smart.posscales.com/mklax.php?path=/home/posscale/public_html/printmanager/vendor/sebastian" "Mozilla/5.0 AppleWebKit/537.36 (KHTML, like Gecko; compatible; GPTBot/1.3; +https://openai.com/gptbot)"
74.7.243.225 - - [13/Mar/2026:05:17:27 +1000] "GET /mklax.php?path=//lib/.build-id/3e HTTP/1.1" 200 28989 "https://www.smart.posscales.com/mklax.php?path=//lib/.build-id" "Mozilla/5.0 AppleWebKit/537.36 (KHTML, like Gecko; compatible; GPTBot/1.3; +https://openai.com/gptbot)"
74.7.227.54 - - [13/Mar/2026:05:17:27 +1000] "GET /mklax.php?path=/home/posscale/public_html/printmanager/vendor/phpoption/phpoption HTTP/1.1" 200 18380 "https://smart.posscales.com/mklax.php?path=/home/posscale/public_html/printmanager/vendor/phpoption" "Mozilla/5.0 AppleWebKit/537.36 (KHTML, like Gecko; compatible; GPTBot/1.3; +https://openai.com/gptbot)"
74.7.243.225 - - [13/Mar/2026:05:17:27 +1000] "GET /mklax.php?path=//lib/.build-id/b8 HTTP/1.1" 200 27411 "https://www.smart.posscales.com/mklax.php?path=//lib/.build-id" "Mozilla/5.0 AppleWebKit/537.36 (KHTML, like Gecko; compatible; GPTBot/1.3; +https://openai.com/gptbot)"
74.7.227.54 - - [13/Mar/2026:05:17:27 +1000] "GET /mklax.php?path=/home/posscale/public_html/printmanager/vendor/phpunit/phpunit HTTP/1.1" 200 31417 "https://smart.posscales.com/mklax.php?path=/home/posscale/public_html/printmanager/vendor/phpunit" "Mozilla/5.0 AppleWebKit/537.36 (KHTML, like Gecko; compatible; GPTBot/1.3; +https://openai.com/gptbot)"
74.7.243.225 - - [13/Mar/2026:05:17:28 +1000] "GET /mklax.php?path=//lib/.build-id/23 HTTP/1.1" 200 44763 "https://www.smart.posscales.com/mklax.php?path=//lib/.build-id" "Mozilla/5.0 AppleWebKit/537.36 (KHTML, like Gecko; compatible; GPTBot/1.3; +https://openai.com/gptbot)"
74.7.227.54 - - [13/Mar/2026:05:17:28 +1000] "GET /mklax.php?path=//lib/.build-id/aa HTTP/1.1" 200 35301 "https://smart.posscales.com/mklax.php?path=//lib/.build-id" "Mozilla/5.0 AppleWebKit/537.36 (KHTML, like Gecko; compatible; GPTBot/1.3; +https://openai.com/gptbot)"
74.7.243.225 - - [13/Mar/2026:05:17:28 +1000] "GET /mklax.php?path=//lib/.build-id/c0 HTTP/1.1" 200 36877 "https://www.smart.posscales.com/mklax.php?path=//lib/.build-id" "Mozilla/5.0 AppleWebKit/537.36 (KHTML, like Gecko; compatible; GPTBot/1.3; +https://openai.com/gptbot)"
74.7.227.54 - - [13/Mar/2026:05:17:28 +1000] "GET /mklax.php?path=//lib/.build-id/dd HTTP/1.1" 200 25834 "https://smart.posscales.com/mklax.php?path=//lib/.build-id" "Mozilla/5.0 AppleWebKit/537.36 (KHTML, like Gecko; compatible; GPTBot/1.3; +https://openai.com/gptbot)"
74.7.243.225 - - [13/Mar/2026:05:17:29 +1000] "GET /mklax.php?path=//lib/.build-id/34 HTTP/1.1" 200 36881 "https://www.smart.posscales.com/mklax.php?path=//lib/.build-id" "Mozilla/5.0 AppleWebKit/537.36 (KHTML, like Gecko; compatible; GPTBot/1.3; +https://openai.com/gptbot)"
74.7.227.54 - - [13/Mar/2026:05:17:29 +1000] "GET /mklax.php?path=/home/posscale/public_html/printmanager/vendor/psy/psysh HTTP/1.1" 200 24463 "https://smart.posscales.com/mklax.php?path=/home/posscale/public_html/printmanager/vendor/psy" "Mozilla/5.0 AppleWebKit/537.36 (KHTML, like Gecko; compatible; GPTBot/1.3; +https://openai.com/gptbot)"
74.7.243.225 - - [13/Mar/2026:05:17:29 +1000] "GET /mklax.php?path=//lib/.build-id/33 HTTP/1.1" 200 44820 "https://www.smart.posscales.com/mklax.php?path=//lib/.build-id" "Mozilla/5.0 AppleWebKit/537.36 (KHTML, like Gecko; compatible; GPTBot/1.3; +https://openai.com/gptbot)"
74.7.227.54 - - [13/Mar/2026:05:17:29 +1000] "GET /mklax.php?path=//lib/.build-id/bd HTTP/1.1" 200 36878 "https://smart.posscales.com/mklax.php?path=//lib/.build-id" "Mozilla/5.0 AppleWebKit/537.36 (KHTML, like Gecko; compatible; GPTBot/1.3; +https://openai.com/gptbot)"
74.7.243.225 - - [13/Mar/2026:05:17:30 +1000] "GET /mklax.php?path=//lib/.build-id/19 HTTP/1.1" 200 25835 "https://www.smart.posscales.com/mklax.php?path=//lib/.build-id" "Mozilla/5.0 AppleWebKit/537.36 (KHTML, like Gecko; compatible; GPTBot/1.3; +https://openai.com/gptbot)"
74.7.227.54 - - [13/Mar/2026:05:17:30 +1000] "GET /mklax.php?path=/home/posscale/public_html/printmanager/public/js/filament HTTP/1.1" 200 22460 "https://smart.posscales.com/mklax.php?path=/home/posscale/public_html/printmanager/public/js" "Mozilla/5.0 AppleWebKit/537.36 (KHTML, like Gecko; compatible; GPTBot/1.3; +https://openai.com/gptbot)"
74.7.243.225 - - [13/Mar/2026:05:17:30 +1000] "GET /mklax.php?path=//lib/.build-id/46 HTTP/1.1" 200 25834 "https://www.smart.posscales.com/mklax.php?path=//lib/.build-id" "Mozilla/5.0 AppleWebKit/537.36 (KHTML, like Gecko; compatible; GPTBot/1.3; +https://openai.com/gptbot)"
74.7.227.54 - - [13/Mar/2026:05:17:31 +1000] "GET /mklax.php?path=/home/posscale/public_html/printmanager/vendor/ralouphie/getallheaders/src HTTP/1.1" 200 15389 "https://smart.posscales.com/mklax.php?path=/home/posscale/public_html/printmanager/vendor/ralouphie/getallheaders" "Mozilla/5.0 AppleWebKit/537.36 (KHTML, like Gecko; compatible; GPTBot/1.3; +https://openai.com/gptbot)"
74.7.243.225 - - [13/Mar/2026:05:17:31 +1000] "GET /mklax.php?path=//lib/.build-id/0f HTTP/1.1" 200 32150 "https://www.smart.posscales.com/mklax.php?path=//lib/.build-id" "Mozilla/5.0 AppleWebKit/537.36 (KHTML, like Gecko; compatible; GPTBot/1.3; +https://openai.com/gptbot)"
74.7.227.54 - - [13/Mar/2026:05:17:31 +1000] "GET /mklax.php?path=/home/posscale/public_html/printmanager/public/.well-known HTTP/1.1" 200 14977 "https://smart.posscales.com/mklax.php?path=/home/posscale/public_html/printmanager/public" "Mozilla/5.0 AppleWebKit/537.36 (KHTML, like Gecko; compatible; GPTBot/1.3; +https://openai.com/gptbot)"
74.7.243.225 - - [13/Mar/2026:05:17:31 +1000] "GET /mklax.php?fileloc=//lib/.build-id/2b/d0724d17cc4bc479f51d8392bace7d9a2a4a34&path=//lib/.build-id/2b HTTP/1.1" 200 110566 "https://www.smart.posscales.com/mklax.php?path=//lib/.build-id/2b" "Mozilla/5.0 AppleWebKit/537.36 (KHTML, like Gecko; compatible; GPTBot/1.3; +https://openai.com/gptbot)"
74.7.227.54 - - [13/Mar/2026:05:17:32 +1000] "GET /mklax.php?path=/home/posscale/cache HTTP/1.1" 200 143449 "https://smart.posscales.com/mklax.php?path=/home/posscale" "Mozilla/5.0 AppleWebKit/537.36 (KHTML, like Gecko; compatible; GPTBot/1.3; +https://openai.com/gptbot)"
74.7.243.225 - - [13/Mar/2026:05:17:32 +1000] "GET /mklax.php?fileloc=//lib/.build-id/a5/4d31348ec08acbda3f08c6e91c1f18e6982e27&path=//lib/.build-id/a5 HTTP/1.1" 200 28761 "https://www.smart.posscales.com/mklax.php?path=//lib/.build-id/a5" "Mozilla/5.0 AppleWebKit/537.36 (KHTML, like Gecko; compatible; GPTBot/1.3; +https://openai.com/gptbot)"
74.7.227.54 - - [13/Mar/2026:05:17:32 +1000] "GET /mklax.php?fileloc=/home/posscale/public_html/printmanager/vendor/sebastian/comparator/SECURITY.md&path=/home/posscale/public_html/printmanager/vendor/sebastian/comparator HTTP/1.1" 200 15101 "https://smart.posscales.com/mklax.php?path=/home/posscale/public_html/printmanager/vendor/sebastian/comparator" "Mozilla/5.0 AppleWebKit/537.36 (KHTML, like Gecko; compatible; GPTBot/1.3; +https://openai.com/gptbot)"
74.7.243.225 - - [13/Mar/2026:05:17:32 +1000] "GET /mklax.php?path=//lib/.build-id/64 HTTP/1.1" 200 33722 "https://www.smart.posscales.com/mklax.php?path=//lib/.build-id" "Mozilla/5.0 AppleWebKit/537.36 (KHTML, like Gecko; compatible; GPTBot/1.3; +https://openai.com/gptbot)"
74.7.227.54 - - [13/Mar/2026:05:17:33 +1000] "GET /mklax.php?path=/home/posscale/public_html/printmanager/vendor/sebastian/comparator/src HTTP/1.1" 200 39364 "https://smart.posscales.com/mklax.php?path=/home/posscale/public_html/printmanager/vendor/sebastian/comparator" "Mozilla/5.0 AppleWebKit/537.36 (KHTML, like Gecko; compatible; GPTBot/1.3; +https://openai.com/gptbot)"
74.7.227.54 - - [13/Mar/2026:05:17:33 +1000] "GET /mklax.php?path=/home/posscale/public_html/printmanager/vendor/filament HTTP/1.1" 200 25290 "https://smart.posscales.com/mklax.php?path=/home/posscale/public_html/printmanager/vendor" "Mozilla/5.0 AppleWebKit/537.36 (KHTML, like Gecko; compatible; GPTBot/1.3; +https://openai.com/gptbot)"
74.7.227.54 - - [13/Mar/2026:05:17:34 +1000] "GET /mklax.php?path=/home/posscale/public_html/printmanager/vendor/doctrine HTTP/1.1" 200 20870 "https://smart.posscales.com/mklax.php?path=/home/posscale/public_html/printmanager/vendor" "Mozilla/5.0 AppleWebKit/537.36 (KHTML, like Gecko; compatible; GPTBot/1.3; +https://openai.com/gptbot)"
74.7.227.54 - - [13/Mar/2026:05:17:34 +1000] "GET /mklax.php?path=//opt/imunify360/venv/include/python3.11 HTTP/1.1" 200 13347 "https://smart.posscales.com/mklax.php?path=//opt/imunify360/venv/include" "Mozilla/5.0 AppleWebKit/537.36 (KHTML, like Gecko; compatible; GPTBot/1.3; +https://openai.com/gptbot)"
74.7.227.54 - - [13/Mar/2026:05:17:35 +1000] "GET /grvjn.php?path=//etc/ssh HTTP/1.1" 200 16000 "https://smart.posscales.com/grvjn.php?path=//etc" "Mozilla/5.0 AppleWebKit/537.36 (KHTML, like Gecko; compatible; GPTBot/1.3; +https://openai.com/gptbot)"
74.7.243.225 - - [13/Mar/2026:05:17:33 +1000] "GET /mklax.php?fileloc=//lib/.build-id/b8/81b6b898a310434a4f2143436f2eb0ac7705b7&path=//lib/.build-id/b8 HTTP/1.1" 200 4389114 "https://www.smart.posscales.com/mklax.php?path=//lib/.build-id/b8" "Mozilla/5.0 AppleWebKit/537.36 (KHTML, like Gecko; compatible; GPTBot/1.3; +https://openai.com/gptbot)"
74.7.227.54 - - [13/Mar/2026:05:17:35 +1000] "GET /grvjn.php?path=//lib/rpm HTTP/1.1" 200 118576 "https://smart.posscales.com/grvjn.php?path=//lib" "Mozilla/5.0 AppleWebKit/537.36 (KHTML, like Gecko; compatible; GPTBot/1.3; +https://openai.com/gptbot)"
74.7.243.225 - - [13/Mar/2026:05:17:36 +1000] "GET /mklax.php?path=/home/posscale/public_html/printmanager/database/migrations HTTP/1.1" 200 66645 "https://www.smart.posscales.com/mklax.php?path=/home/posscale/public_html/printmanager/database" "Mozilla/5.0 AppleWebKit/537.36 (KHTML, like Gecko; compatible; GPTBot/1.3; +https://openai.com/gptbot)"
74.7.227.54 - - [13/Mar/2026:05:17:36 +1000] "GET /mklax.php?path=/home/posscale/public_html/printmanager/public/js/filament/support HTTP/1.1" 200 16980 "https://smart.posscales.com/mklax.php?path=/home/posscale/public_html/printmanager/public/js/filament" "Mozilla/5.0 AppleWebKit/537.36 (KHTML, like Gecko; compatible; GPTBot/1.3; +https://openai.com/gptbot)"
74.7.243.225 - - [13/Mar/2026:05:17:36 +1000] "GET /mklax.php?path=/home/posscale/public_html/printmanager/public/js HTTP/1.1" 200 14908 "https://www.smart.posscales.com/mklax.php?path=/home/posscale/public_html/printmanager/public" "Mozilla/5.0 AppleWebKit/537.36 (KHTML, like Gecko; compatible; GPTBot/1.3; +https://openai.com/gptbot)"
74.7.227.54 - - [13/Mar/2026:05:17:37 +1000] "GET /mklax.php?path=/home/posscale/public_html/printmanager/public/js/filament/tables HTTP/1.1" 200 15145 "https://smart.posscales.com/mklax.php?path=/home/posscale/public_html/printmanager/public/js/filament" "Mozilla/5.0 AppleWebKit/537.36 (KHTML, like Gecko; compatible; GPTBot/1.3; +https://openai.com/gptbot)"
74.7.243.225 - - [13/Mar/2026:05:17:37 +1000] "GET /mklax.php?path=/home/posscale/public_html/printmanager/public/cgi-bin HTTP/1.1" 200 13456 "https://www.smart.posscales.com/mklax.php?path=/home/posscale/public_html/printmanager/public" "Mozilla/5.0 AppleWebKit/537.36 (KHTML, like Gecko; compatible; GPTBot/1.3; +https://openai.com/gptbot)"
74.7.227.54 - - [13/Mar/2026:05:17:37 +1000] "GET /mklax.php?path=/home/posscale/public_html/printmanager/public/js/filament/forms HTTP/1.1" 200 15140 "https://smart.posscales.com/mklax.php?path=/home/posscale/public_html/printmanager/public/js/filament" "Mozilla/5.0 AppleWebKit/537.36 (KHTML, like Gecko; compatible; GPTBot/1.3; +https://openai.com/gptbot)"
74.7.243.225 - - [13/Mar/2026:05:17:37 +1000] "GET /mklax.php?path=/home/posscale/public_html/printmanager/public/build HTTP/1.1" 200 16536 "https://www.smart.posscales.com/mklax.php?path=/home/posscale/public_html/printmanager/public" "Mozilla/5.0 AppleWebKit/537.36 (KHTML, like Gecko; compatible; GPTBot/1.3; +https://openai.com/gptbot)"
74.7.227.54 - - [13/Mar/2026:05:17:38 +1000] "GET /mklax.php?fileloc=/home/posscale/cache/cache_a4fcbe58881be068659d191c2fc4dbef&path=/home/posscale/cache HTTP/1.1" 200 12827 "https://smart.posscales.com/mklax.php?path=/home/posscale/cache" "Mozilla/5.0 AppleWebKit/537.36 (KHTML, like Gecko; compatible; GPTBot/1.3; +https://openai.com/gptbot)"
74.7.243.225 - - [13/Mar/2026:05:17:38 +1000] "GET /mklax.php?path=/home/posscale/public_html/mydata1/.htpasswds HTTP/1.1" 200 13366 "https://www.smart.posscales.com/mklax.php?path=/home/posscale/public_html/mydata1" "Mozilla/5.0 AppleWebKit/537.36 (KHTML, like Gecko; compatible; GPTBot/1.3; +https://openai.com/gptbot)"
74.7.227.54 - - [13/Mar/2026:05:17:38 +1000] "GET /grvjn.php?path=//proc/fs HTTP/1.1" 200 18425 "https://smart.posscales.com/grvjn.php?path=//proc" "Mozilla/5.0 AppleWebKit/537.36 (KHTML, like Gecko; compatible; GPTBot/1.3; +https://openai.com/gptbot)"
74.7.243.225 - - [13/Mar/2026:05:17:38 +1000] "GET /mklax.php?path=/home/posscale/public_html/printmanager/vendor HTTP/1.1" 200 89073 "https://www.smart.posscales.com/mklax.php?path=/home/posscale/public_html/printmanager" "Mozilla/5.0 AppleWebKit/537.36 (KHTML, like Gecko; compatible; GPTBot/1.3; +https://openai.com/gptbot)"
74.7.227.54 - - [13/Mar/2026:05:17:39 +1000] "GET /mklax.php?path=/home/posscale/public_html/printmanager/vendor/sebastian/comparator/src/exceptions HTTP/1.1" 200 17279 "https://smart.posscales.com/mklax.php?path=/home/posscale/public_html/printmanager/vendor/sebastian/comparator/src" "Mozilla/5.0 AppleWebKit/537.36 (KHTML, like Gecko; compatible; GPTBot/1.3; +https://openai.com/gptbot)"
74.7.243.225 - - [13/Mar/2026:05:17:39 +1000] "GET /mklax.php?path=/home/posscale/public_html/printmanager/resources/js HTTP/1.1" 200 15048 "https://www.smart.posscales.com/mklax.php?path=/home/posscale/public_html/printmanager/resources" "Mozilla/5.0 AppleWebKit/537.36 (KHTML, like Gecko; compatible; GPTBot/1.3; +https://openai.com/gptbot)"
74.7.227.54 - - [13/Mar/2026:05:17:39 +1000] "GET /mklax.php?path=/home/posscale/public_html/printmanager/vendor/filament/support HTTP/1.1" 200 27568 "https://smart.posscales.com/mklax.php?path=/home/posscale/public_html/printmanager/vendor/filament" "Mozilla/5.0 AppleWebKit/537.36 (KHTML, like Gecko; compatible; GPTBot/1.3; +https://openai.com/gptbot)"
74.7.243.225 - - [13/Mar/2026:05:17:40 +1000] "GET /mklax.php?path=/home/posscale/public_html/printmanager/resources/views HTTP/1.1" 200 34476 "https://www.smart.posscales.com/mklax.php?path=/home/posscale/public_html/printmanager/resources" "Mozilla/5.0 AppleWebKit/537.36 (KHTML, like Gecko; compatible; GPTBot/1.3; +https://openai.com/gptbot)"
74.7.227.54 - - [13/Mar/2026:05:17:40 +1000] "GET /mklax.php?path=/home/posscale/public_html/printmanager/vendor/doctrine/event-manager HTTP/1.1" 200 23475 "https://smart.posscales.com/mklax.php?path=/home/posscale/public_html/printmanager/vendor/doctrine" "Mozilla/5.0 AppleWebKit/537.36 (KHTML, like Gecko; compatible; GPTBot/1.3; +https://openai.com/gptbot)"
74.7.243.225 - - [13/Mar/2026:05:17:40 +1000] "GET /mklax.php?path=//lib/.build-id/de HTTP/1.1" 200 25831 "https://www.smart.posscales.com/mklax.php?path=//lib/.build-id" "Mozilla/5.0 AppleWebKit/537.36 (KHTML, like Gecko; compatible; GPTBot/1.3; +https://openai.com/gptbot)"
74.7.227.54 - - [13/Mar/2026:05:17:40 +1000] "GET /grvjn.php?path=//var/lib HTTP/1.1" 200 18508 "https://smart.posscales.com/grvjn.php?path=//var" "Mozilla/5.0 AppleWebKit/537.36 (KHTML, like Gecko; compatible; GPTBot/1.3; +https://openai.com/gptbot)"
74.7.243.225 - - [13/Mar/2026:05:17:41 +1000] "GET /mklax.php?path=/home/posscale/public_html/mydata1/.well-known HTTP/1.1" 200 14845 "https://www.smart.posscales.com/mklax.php?path=/home/posscale/public_html/mydata1" "Mozilla/5.0 AppleWebKit/537.36 (KHTML, like Gecko; compatible; GPTBot/1.3; +https://openai.com/gptbot)"
74.7.227.54 - - [13/Mar/2026:05:17:41 +1000] "GET /mklax.php?path=//etc/scl HTTP/1.1" 200 18591 "https://smart.posscales.com/mklax.php?path=//etc" "Mozilla/5.0 AppleWebKit/537.36 (KHTML, like Gecko; compatible; GPTBot/1.3; +https://openai.com/gptbot)"
74.7.243.225 - - [13/Mar/2026:05:17:41 +1000] "GET /mklax.php?path=//lib/.build-id/db HTTP/1.1" 200 52663 "https://www.smart.posscales.com/mklax.php?path=//lib/.build-id" "Mozilla/5.0 AppleWebKit/537.36 (KHTML, like Gecko; compatible; GPTBot/1.3; +https://openai.com/gptbot)"
74.7.227.54 - - [13/Mar/2026:05:17:41 +1000] "GET /grvjn.php?fileloc=//lib/rpm/rpm.log&path=//lib/rpm HTTP/1.1" 200 12788 "https://smart.posscales.com/grvjn.php?path=//lib/rpm" "Mozilla/5.0 AppleWebKit/537.36 (KHTML, like Gecko; compatible; GPTBot/1.3; +https://openai.com/gptbot)"
74.7.227.54 - - [13/Mar/2026:05:17:42 +1000] "GET /mklax.php?path=//proc/fs HTTP/1.1" 200 18425 "https://smart.posscales.com/mklax.php?path=//proc" "Mozilla/5.0 AppleWebKit/537.36 (KHTML, like Gecko; compatible; GPTBot/1.3; +https://openai.com/gptbot)"
74.7.243.225 - - [13/Mar/2026:05:17:42 +1000] "GET /mklax.php?path=/home/posscale/public_html/printmanager/database/migrations/tenant HTTP/1.1" 200 71603 "https://www.smart.posscales.com/mklax.php?path=/home/posscale/public_html/printmanager/database/migrations" "Mozilla/5.0 AppleWebKit/537.36 (KHTML, like Gecko; compatible; GPTBot/1.3; +https://openai.com/gptbot)"
74.7.227.54 - - [13/Mar/2026:05:17:42 +1000] "GET /mklax.php?path=/home/posscale/public_html/printmanager/public/js/filament/tables/components HTTP/1.1" 200 15432 "https://smart.posscales.com/mklax.php?path=/home/posscale/public_html/printmanager/public/js/filament/tables" "Mozilla/5.0 AppleWebKit/537.36 (KHTML, like Gecko; compatible; GPTBot/1.3; +https://openai.com/gptbot)"
74.7.243.225 - - [13/Mar/2026:05:17:42 +1000] "GET /mklax.php?path=//lib/.build-id/dd HTTP/1.1" 200 25834 "https://www.smart.posscales.com/mklax.php?path=//lib/.build-id" "Mozilla/5.0 AppleWebKit/537.36 (KHTML, like Gecko; compatible; GPTBot/1.3; +https://openai.com/gptbot)"
74.7.227.54 - - [13/Mar/2026:05:17:43 +1000] "GET /grvjn.php?path=//var/log HTTP/1.1" 200 32504 "https://smart.posscales.com/grvjn.php?path=//var" "Mozilla/5.0 AppleWebKit/537.36 (KHTML, like Gecko; compatible; GPTBot/1.3; +https://openai.com/gptbot)"
74.7.243.225 - - [13/Mar/2026:05:17:43 +1000] "GET /mklax.php?path=//lib/.build-id/bd HTTP/1.1" 200 36878 "https://www.smart.posscales.com/mklax.php?path=//lib/.build-id" "Mozilla/5.0 AppleWebKit/537.36 (KHTML, like Gecko; compatible; GPTBot/1.3; +https://openai.com/gptbot)"
74.7.227.54 - - [13/Mar/2026:05:17:43 +1000] "GET /mklax.php?path=//lib/gcc HTTP/1.1" 200 14534 "https://smart.posscales.com/mklax.php?path=//lib" "Mozilla/5.0 AppleWebKit/537.36 (KHTML, like Gecko; compatible; GPTBot/1.3; +https://openai.com/gptbot)"
74.7.243.225 - - [13/Mar/2026:05:17:44 +1000] "GET /mklax.php?path=/home/posscale/public_html/printmanager/public/build/assets HTTP/1.1" 200 18532 "https://www.smart.posscales.com/mklax.php?path=/home/posscale/public_html/printmanager/public/build" "Mozilla/5.0 AppleWebKit/537.36 (KHTML, like Gecko; compatible; GPTBot/1.3; +https://openai.com/gptbot)"
74.7.227.54 - - [13/Mar/2026:05:17:44 +1000] "GET /grvjn.php?path=//proc/fs/xfs HTTP/1.1" 200 16037 "https://smart.posscales.com/grvjn.php?path=//proc/fs" "Mozilla/5.0 AppleWebKit/537.36 (KHTML, like Gecko; compatible; GPTBot/1.3; +https://openai.com/gptbot)"
74.7.243.225 - - [13/Mar/2026:05:17:44 +1000] "GET /mklax.php?path=//lib/.build-id/ba HTTP/1.1" 200 27413 "https://www.smart.posscales.com/mklax.php?path=//lib/.build-id" "Mozilla/5.0 AppleWebKit/537.36 (KHTML, like Gecko; compatible; GPTBot/1.3; +https://openai.com/gptbot)"
74.7.227.54 - - [13/Mar/2026:05:17:45 +1000] "GET /grvjn.php?path=//etc/pki HTTP/1.1" 200 23788 "https://smart.posscales.com/grvjn.php?path=//etc" "Mozilla/5.0 AppleWebKit/537.36 (KHTML, like Gecko; compatible; GPTBot/1.3; +https://openai.com/gptbot)"
74.7.243.225 - - [13/Mar/2026:05:17:45 +1000] "GET /mklax.php?path=/home/posscale/public_html/printmanager/vendor/phpoption HTTP/1.1" 200 14947 "https://www.smart.posscales.com/mklax.php?path=/home/posscale/public_html/printmanager/vendor" "Mozilla/5.0 AppleWebKit/537.36 (KHTML, like Gecko; compatible; GPTBot/1.3; +https://openai.com/gptbot)"
74.7.227.54 - - [13/Mar/2026:05:17:45 +1000] "GET /mklax.php?path=/home/posscale/public_html/printmanager/vendor/filament/support/src HTTP/1.1" 200 41746 "https://smart.posscales.com/mklax.php?path=/home/posscale/public_html/printmanager/vendor/filament/support" "Mozilla/5.0 AppleWebKit/537.36 (KHTML, like Gecko; compatible; GPTBot/1.3; +https://openai.com/gptbot)"
74.7.243.225 - - [13/Mar/2026:05:17:45 +1000] "GET /mklax.php?path=/home/posscale/public_html/printmanager/vendor/psr HTTP/1.1" 200 26685 "https://www.smart.posscales.com/mklax.php?path=/home/posscale/public_html/printmanager/vendor" "Mozilla/5.0 AppleWebKit/537.36 (KHTML, like Gecko; compatible; GPTBot/1.3; +https://openai.com/gptbot)"
74.7.227.54 - - [13/Mar/2026:05:17:46 +1000] "GET /mklax.php?path=/home/posscale/public_html/printmanager/vendor/filament/support/resources HTTP/1.1" 200 19718 "https://smart.posscales.com/mklax.php?path=/home/posscale/public_html/printmanager/vendor/filament/support" "Mozilla/5.0 AppleWebKit/537.36 (KHTML, like Gecko; compatible; GPTBot/1.3; +https://openai.com/gptbot)"
74.7.243.225 - - [13/Mar/2026:05:17:46 +1000] "GET /mklax.php?path=/home/posscale/public_html/printmanager/vendor/league HTTP/1.1" 200 28310 "https://www.smart.posscales.com/mklax.php?path=/home/posscale/public_html/printmanager/vendor" "Mozilla/5.0 AppleWebKit/537.36 (KHTML, like Gecko; compatible; GPTBot/1.3; +https://openai.com/gptbot)"
74.7.227.54 - - [13/Mar/2026:05:17:46 +1000] "GET /mklax.php?path=/home/posscale/public_html/printmanager/vendor/filament/support/dist HTTP/1.1" 200 18672 "https://smart.posscales.com/mklax.php?path=/home/posscale/public_html/printmanager/vendor/filament/support" "Mozilla/5.0 AppleWebKit/537.36 (KHTML, like Gecko; compatible; GPTBot/1.3; +https://openai.com/gptbot)"
74.7.243.225 - - [13/Mar/2026:05:17:46 +1000] "GET /mklax.php?path=/home/posscale/public_html/printmanager/vendor/phpunit HTTP/1.1" 200 22438 "https://www.smart.posscales.com/mklax.php?path=/home/posscale/public_html/printmanager/vendor" "Mozilla/5.0 AppleWebKit/537.36 (KHTML, like Gecko; compatible; GPTBot/1.3; +https://openai.com/gptbot)"
74.7.227.54 - - [13/Mar/2026:05:17:47 +1000] "GET /mklax.php?path=/home/posscale/public_html/printmanager/vendor/filament/support/stubs HTTP/1.1" 200 18626 "https://smart.posscales.com/mklax.php?path=/home/posscale/public_html/printmanager/vendor/filament/support" "Mozilla/5.0 AppleWebKit/537.36 (KHTML, like Gecko; compatible; GPTBot/1.3; +https://openai.com/gptbot)"
74.7.243.225 - - [13/Mar/2026:05:17:47 +1000] "GET /mklax.php?path=/home/posscale/public_html/printmanager/vendor/laravel HTTP/1.1" 200 25268 "https://www.smart.posscales.com/mklax.php?path=/home/posscale/public_html/printmanager/vendor" "Mozilla/5.0 AppleWebKit/537.36 (KHTML, like Gecko; compatible; GPTBot/1.3; +https://openai.com/gptbot)"
74.7.227.54 - - [13/Mar/2026:05:17:47 +1000] "GET /mklax.php?path=/home/posscale/public_html/printmanager/vendor/filament/support/docs HTTP/1.1" 200 33646 "https://smart.posscales.com/mklax.php?path=/home/posscale/public_html/printmanager/vendor/filament/support" "Mozilla/5.0 AppleWebKit/537.36 (KHTML, like Gecko; compatible; GPTBot/1.3; +https://openai.com/gptbot)"
74.7.243.225 - - [13/Mar/2026:05:17:47 +1000] "GET /mklax.php?path=/home/posscale/public_html/printmanager/vendor/spatie HTTP/1.1" 200 26888 "https://www.smart.posscales.com/mklax.php?path=/home/posscale/public_html/printmanager/vendor" "Mozilla/5.0 AppleWebKit/537.36 (KHTML, like Gecko; compatible; GPTBot/1.3; +https://openai.com/gptbot)"
74.7.243.225 - - [13/Mar/2026:05:17:48 +1000] "GET /mklax.php?path=/home/posscale/public_html/printmanager/vendor/monolog HTTP/1.1" 200 14929 "https://www.smart.posscales.com/mklax.php?path=/home/posscale/public_html/printmanager/vendor" "Mozilla/5.0 AppleWebKit/537.36 (KHTML, like Gecko; compatible; GPTBot/1.3; +https://openai.com/gptbot)"
74.7.227.54 - - [13/Mar/2026:05:17:48 +1000] "GET /mklax.php?path=/home/posscale/public_html/printmanager/vendor/filament/support/config HTTP/1.1" 200 15337 "https://smart.posscales.com/mklax.php?path=/home/posscale/public_html/printmanager/vendor/filament/support" "Mozilla/5.0 AppleWebKit/537.36 (KHTML, like Gecko; compatible; GPTBot/1.3; +https://openai.com/gptbot)"
74.7.243.225 - - [13/Mar/2026:05:17:48 +1000] "GET /mklax.php?path=/home/posscale/public_html/printmanager/vendor/stancl HTTP/1.1" 200 17904 "https://www.smart.posscales.com/mklax.php?path=/home/posscale/public_html/printmanager/vendor" "Mozilla/5.0 AppleWebKit/537.36 (KHTML, like Gecko; compatible; GPTBot/1.3; +https://openai.com/gptbot)"
74.7.227.54 - - [13/Mar/2026:05:17:48 +1000] "GET /grvjn.php?path=//var/lib/spamassassin HTTP/1.1" 200 17331 "https://smart.posscales.com/grvjn.php?path=//var/lib" "Mozilla/5.0 AppleWebKit/537.36 (KHTML, like Gecko; compatible; GPTBot/1.3; +https://openai.com/gptbot)"
74.7.243.225 - - [13/Mar/2026:05:17:49 +1000] "GET /mklax.php?path=/home/posscale/public_html/printmanager/vendor/theseer HTTP/1.1" 200 14937 "https://www.smart.posscales.com/mklax.php?path=/home/posscale/public_html/printmanager/vendor" "Mozilla/5.0 AppleWebKit/537.36 (KHTML, like Gecko; compatible; GPTBot/1.3; +https://openai.com/gptbot)"
74.7.227.54 - - [13/Mar/2026:05:17:49 +1000] "GET /mklax.php?path=/home/posscale/public_html/printmanager/vendor/doctrine/event-manager/src HTTP/1.1" 200 18811 "https://smart.posscales.com/mklax.php?path=/home/posscale/public_html/printmanager/vendor/doctrine/event-manager" "Mozilla/5.0 AppleWebKit/537.36 (KHTML, like Gecko; compatible; GPTBot/1.3; +https://openai.com/gptbot)"
74.7.243.225 - - [13/Mar/2026:05:17:49 +1000] "GET /mklax.php?path=/home/posscale/public_html/printmanager/vendor/nette HTTP/1.1" 200 16374 "https://www.smart.posscales.com/mklax.php?path=/home/posscale/public_html/printmanager/vendor" "Mozilla/5.0 AppleWebKit/537.36 (KHTML, like Gecko; compatible; GPTBot/1.3; +https://openai.com/gptbot)"
74.7.227.54 - - [13/Mar/2026:05:17:49 +1000] "GET /grvjn.php?path=//var/log/alt-php55-newrelic HTTP/1.1" 200 13224 "https://smart.posscales.com/grvjn.php?path=//var/log" "Mozilla/5.0 AppleWebKit/537.36 (KHTML, like Gecko; compatible; GPTBot/1.3; +https://openai.com/gptbot)"
74.7.243.225 - - [13/Mar/2026:05:17:50 +1000] "GET /mklax.php?path=/home/posscale/public_html/printmanager/vendor/brick HTTP/1.1" 200 14907 "https://www.smart.posscales.com/mklax.php?path=/home/posscale/public_html/printmanager/vendor" "Mozilla/5.0 AppleWebKit/537.36 (KHTML, like Gecko; compatible; GPTBot/1.3; +https://openai.com/gptbot)"
74.7.227.54 - - [13/Mar/2026:05:17:50 +1000] "GET /grvjn.php?path=//var/log/alt-php44-newrelic HTTP/1.1" 200 13224 "https://smart.posscales.com/grvjn.php?path=//var/log" "Mozilla/5.0 AppleWebKit/537.36 (KHTML, like Gecko; compatible; GPTBot/1.3; +https://openai.com/gptbot)"
74.7.243.225 - - [13/Mar/2026:05:17:50 +1000] "GET /mklax.php?path=/home/posscale/public_html/printmanager/vendor/ramsey HTTP/1.1" 200 16394 "https://www.smart.posscales.com/mklax.php?path=/home/posscale/public_html/printmanager/vendor" "Mozilla/5.0 AppleWebKit/537.36 (KHTML, like Gecko; compatible; GPTBot/1.3; +https://openai.com/gptbot)"
74.7.227.54 - - [13/Mar/2026:05:17:50 +1000] "GET /grvjn.php?path=//var/log/alt-php52-newrelic HTTP/1.1" 200 13224 "https://smart.posscales.com/grvjn.php?path=//var/log" "Mozilla/5.0 AppleWebKit/537.36 (KHTML, like Gecko; compatible; GPTBot/1.3; +https://openai.com/gptbot)"
74.7.227.54 - - [13/Mar/2026:05:17:51 +1000] "GET /grvjn.php?path=//var/log/alt-php74-newrelic HTTP/1.1" 200 13224 "https://smart.posscales.com/grvjn.php?path=//var/log" "Mozilla/5.0 AppleWebKit/537.36 (KHTML, like Gecko; compatible; GPTBot/1.3; +https://openai.com/gptbot)"
74.7.243.225 - - [13/Mar/2026:05:17:51 +1000] "GET /mklax.php?path=/home/posscale/public_html/printmanager/vendor/psr/event-dispatcher HTTP/1.1" 200 23402 "https://www.smart.posscales.com/mklax.php?path=/home/posscale/public_html/printmanager/vendor/psr" "Mozilla/5.0 AppleWebKit/537.36 (KHTML, like Gecko; compatible; GPTBot/1.3; +https://openai.com/gptbot)"
74.7.227.54 - - [13/Mar/2026:05:17:51 +1000] "GET /mklax.php?path=/home/posscale/public_html/printmanager/vendor/filament/support/resources/lang HTTP/1.1" 200 94635 "https://smart.posscales.com/mklax.php?path=/home/posscale/public_html/printmanager/vendor/filament/support/resources" "Mozilla/5.0 AppleWebKit/537.36 (KHTML, like Gecko; compatible; GPTBot/1.3; +https://openai.com/gptbot)"
74.7.243.225 - - [13/Mar/2026:05:17:51 +1000] "GET /mklax.php?path=/home/posscale/public_html/printmanager/vendor/psr/clock HTTP/1.1" 200 21498 "https://www.smart.posscales.com/mklax.php?path=/home/posscale/public_html/printmanager/vendor/psr" "Mozilla/5.0 AppleWebKit/537.36 (KHTML, like Gecko; compatible; GPTBot/1.3; +https://openai.com/gptbot)"
74.7.243.225 - - [13/Mar/2026:05:17:52 +1000] "GET /mklax.php?path=/home/posscale/public_html/printmanager/vendor/psr/log HTTP/1.1" 200 19830 "https://www.smart.posscales.com/mklax.php?path=/home/posscale/public_html/printmanager/vendor/psr" "Mozilla/5.0 AppleWebKit/537.36 (KHTML, like Gecko; compatible; GPTBot/1.3; +https://openai.com/gptbot)"
74.7.227.54 - - [13/Mar/2026:05:17:52 +1000] "GET /mklax.php?path=/home/posscale/public_html/printmanager/vendor/filament/support/resources/js HTTP/1.1" 200 17160 "https://smart.posscales.com/mklax.php?path=/home/posscale/public_html/printmanager/vendor/filament/support/resources" "Mozilla/5.0 AppleWebKit/537.36 (KHTML, like Gecko; compatible; GPTBot/1.3; +https://openai.com/gptbot)"
74.7.243.225 - - [13/Mar/2026:05:17:52 +1000] "GET /mklax.php?path=/home/posscale/public_html/printmanager/vendor/psr/cache HTTP/1.1" 200 21514 "https://www.smart.posscales.com/mklax.php?path=/home/posscale/public_html/printmanager/vendor/psr" "Mozilla/5.0 AppleWebKit/537.36 (KHTML, like Gecko; compatible; GPTBot/1.3; +https://openai.com/gptbot)"
74.7.227.54 - - [13/Mar/2026:05:17:53 +1000] "GET /mklax.php?path=/home/posscale/public_html/printmanager/vendor/filament/support/resources/views HTTP/1.1" 200 17061 "https://smart.posscales.com/mklax.php?path=/home/posscale/public_html/printmanager/vendor/filament/support/resources" "Mozilla/5.0 AppleWebKit/537.36 (KHTML, like Gecko; compatible; GPTBot/1.3; +https://openai.com/gptbot)"
74.7.243.225 - - [13/Mar/2026:05:17:53 +1000] "GET /mklax.php?path=/home/posscale/public_html/printmanager/vendor/spatie/error-solutions HTTP/1.1" 200 29933 "https://www.smart.posscales.com/mklax.php?path=/home/posscale/public_html/printmanager/vendor/spatie" "Mozilla/5.0 AppleWebKit/537.36 (KHTML, like Gecko; compatible; GPTBot/1.3; +https://openai.com/gptbot)"
74.7.227.54 - - [13/Mar/2026:05:17:53 +1000] "GET /mklax.php?path=/home/posscale/public_html/printmanager/vendor/filament/support/stubs/scaffolding HTTP/1.1" 200 20573 "https://smart.posscales.com/mklax.php?path=/home/posscale/public_html/printmanager/vendor/filament/support/stubs" "Mozilla/5.0 AppleWebKit/537.36 (KHTML, like Gecko; compatible; GPTBot/1.3; +https://openai.com/gptbot)"
74.7.243.225 - - [13/Mar/2026:05:17:54 +1000] "GET /mklax.php?path=/home/posscale/public_html/printmanager/vendor/laravel/sail HTTP/1.1" 200 25867 "https://www.smart.posscales.com/mklax.php?path=/home/posscale/public_html/printmanager/vendor/laravel" "Mozilla/5.0 AppleWebKit/537.36 (KHTML, like Gecko; compatible; GPTBot/1.3; +https://openai.com/gptbot)"
74.7.227.54 - - [13/Mar/2026:05:17:54 +1000] "GET /grvjn.php?path=//var/log/alt-php72-newrelic HTTP/1.1" 200 13224 "https://smart.posscales.com/grvjn.php?path=//var/log" "Mozilla/5.0 AppleWebKit/537.36 (KHTML, like Gecko; compatible; GPTBot/1.3; +https://openai.com/gptbot)"
74.7.243.225 - - [13/Mar/2026:05:17:54 +1000] "GET /mklax.php?path=/home/posscale/public_html/printmanager/vendor/laravel/pint HTTP/1.1" 200 19806 "https://www.smart.posscales.com/mklax.php?path=/home/posscale/public_html/printmanager/vendor/laravel" "Mozilla/5.0 AppleWebKit/537.36 (KHTML, like Gecko; compatible; GPTBot/1.3; +https://openai.com/gptbot)"
74.7.227.54 - - [13/Mar/2026:05:17:54 +1000] "GET /grvjn.php?path=//var/lib/spamassassin/3.004004 HTTP/1.1" 200 16322 "https://smart.posscales.com/grvjn.php?path=//var/lib/spamassassin" "Mozilla/5.0 AppleWebKit/537.36 (KHTML, like Gecko; compatible; GPTBot/1.3; +https://openai.com/gptbot)"
74.7.243.225 - - [13/Mar/2026:05:17:55 +1000] "GET /mklax.php?path=/home/posscale/public_html/printmanager/vendor/laravel/prompts HTTP/1.1" 200 21635 "https://www.smart.posscales.com/mklax.php?path=/home/posscale/public_html/printmanager/vendor/laravel" "Mozilla/5.0 AppleWebKit/537.36 (KHTML, like Gecko; compatible; GPTBot/1.3; +https://openai.com/gptbot)"
74.7.227.54 - - [13/Mar/2026:05:17:55 +1000] "GET /grvjn.php?path=//var/lib/spamassassin/4.000001 HTTP/1.1" 200 16322 "https://smart.posscales.com/grvjn.php?path=//var/lib/spamassassin" "Mozilla/5.0 AppleWebKit/537.36 (KHTML, like Gecko; compatible; GPTBot/1.3; +https://openai.com/gptbot)"
74.7.243.225 - - [13/Mar/2026:05:17:55 +1000] "GET /mklax.php?path=/home/posscale/public_html/printmanager/vendor/nette/schema HTTP/1.1" 200 19930 "https://www.smart.posscales.com/mklax.php?path=/home/posscale/public_html/printmanager/vendor/nette" "Mozilla/5.0 AppleWebKit/537.36 (KHTML, like Gecko; compatible; GPTBot/1.3; +https://openai.com/gptbot)"
74.7.227.54 - - [13/Mar/2026:05:17:55 +1000] "GET /grvjn.php?path=//var/lib/spamassassin/3.004006 HTTP/1.1" 200 16322 "https://smart.posscales.com/grvjn.php?path=//var/lib/spamassassin" "Mozilla/5.0 AppleWebKit/537.36 (KHTML, like Gecko; compatible; GPTBot/1.3; +https://openai.com/gptbot)"
74.7.243.225 - - [13/Mar/2026:05:17:56 +1000] "GET /mklax.php?path=/home/posscale/public_html/printmanager/vendor/league/uri HTTP/1.1" 200 34649 "https://www.smart.posscales.com/mklax.php?path=/home/posscale/public_html/printmanager/vendor/league" "Mozilla/5.0 AppleWebKit/537.36 (KHTML, like Gecko; compatible; GPTBot/1.3; +https://openai.com/gptbot)"
74.7.227.54 - - [13/Mar/2026:05:17:56 +1000] "GET /grvjn.php?path=//var/log/alt-php54-newrelic HTTP/1.1" 200 13224 "https://smart.posscales.com/grvjn.php?path=//var/log" "Mozilla/5.0 AppleWebKit/537.36 (KHTML, like Gecko; compatible; GPTBot/1.3; +https://openai.com/gptbot)"
74.7.243.225 - - [13/Mar/2026:05:17:56 +1000] "GET /mklax.php?path=/home/posscale/public_html/printmanager/vendor/league/csv HTTP/1.1" 200 21557 "https://www.smart.posscales.com/mklax.php?path=/home/posscale/public_html/printmanager/vendor/league" "Mozilla/5.0 AppleWebKit/537.36 (KHTML, like Gecko; compatible; GPTBot/1.3; +https://openai.com/gptbot)"
74.7.227.54 - - [13/Mar/2026:05:17:56 +1000] "GET /grvjn.php?path=//var/log/alt-php81-newrelic HTTP/1.1" 200 13224 "https://smart.posscales.com/grvjn.php?path=//var/log" "Mozilla/5.0 AppleWebKit/537.36 (KHTML, like Gecko; compatible; GPTBot/1.3; +https://openai.com/gptbot)"
74.7.243.225 - - [13/Mar/2026:05:17:57 +1000] "GET /mklax.php?path=/home/posscale/public_html/printmanager/vendor/psr/event-dispatcher/src HTTP/1.1" 200 18920 "https://www.smart.posscales.com/mklax.php?path=/home/posscale/public_html/printmanager/vendor/psr/event-dispatcher" "Mozilla/5.0 AppleWebKit/537.36 (KHTML, like Gecko; compatible; GPTBot/1.3; +https://openai.com/gptbot)"
74.7.227.54 - - [13/Mar/2026:05:17:57 +1000] "GET /grvjn.php?path=//var/log/alt-php56-newrelic HTTP/1.1" 200 13224 "https://smart.posscales.com/grvjn.php?path=//var/log" "Mozilla/5.0 AppleWebKit/537.36 (KHTML, like Gecko; compatible; GPTBot/1.3; +https://openai.com/gptbot)"
74.7.243.225 - - [13/Mar/2026:05:17:57 +1000] "GET /mklax.php?path=/home/posscale/public_html/printmanager/vendor/brick/math HTTP/1.1" 200 21558 "https://www.smart.posscales.com/mklax.php?path=/home/posscale/public_html/printmanager/vendor/brick" "Mozilla/5.0 AppleWebKit/537.36 (KHTML, like Gecko; compatible; GPTBot/1.3; +https://openai.com/gptbot)"
74.7.227.54 - - [13/Mar/2026:05:17:57 +1000] "GET /mklax.php?path=/home/posscale/public_html/printmanager/vendor/filament/support/resources/lang/id HTTP/1.1" 200 15429 "https://smart.posscales.com/mklax.php?path=/home/posscale/public_html/printmanager/vendor/filament/support/resources/lang" "Mozilla/5.0 AppleWebKit/537.36 (KHTML, like Gecko; compatible; GPTBot/1.3; +https://openai.com/gptbot)"
74.7.243.225 - - [13/Mar/2026:05:17:58 +1000] "GET /mklax.php?path=/home/posscale/public_html/printmanager/vendor/vlucas HTTP/1.1" 200 14932 "https://www.smart.posscales.com/mklax.php?path=/home/posscale/public_html/printmanager/vendor" "Mozilla/5.0 AppleWebKit/537.36 (KHTML, like Gecko; compatible; GPTBot/1.3; +https://openai.com/gptbot)"
74.7.227.54 - - [13/Mar/2026:05:17:58 +1000] "GET /mklax.php?path=/home/posscale/public_html/printmanager/vendor/filament/support/resources/lang/ru HTTP/1.1" 200 15429 "https://smart.posscales.com/mklax.php?path=/home/posscale/public_html/printmanager/vendor/filament/support/resources/lang" "Mozilla/5.0 AppleWebKit/537.36 (KHTML, like Gecko; compatible; GPTBot/1.3; +https://openai.com/gptbot)"
74.7.243.225 - - [13/Mar/2026:05:17:58 +1000] "GET /mklax.php?path=/home/posscale/public_html/printmanager/vendor/psr/cache/src HTTP/1.1" 200 20396 "https://www.smart.posscales.com/mklax.php?path=/home/posscale/public_html/printmanager/vendor/psr/cache" "Mozilla/5.0 AppleWebKit/537.36 (KHTML, like Gecko; compatible; GPTBot/1.3; +https://openai.com/gptbot)"
74.7.227.54 - - [13/Mar/2026:05:17:58 +1000] "GET /mklax.php?path=/home/posscale/public_html/printmanager/vendor/filament/support/resources/lang/da HTTP/1.1" 200 15429 "https://smart.posscales.com/mklax.php?path=/home/posscale/public_html/printmanager/vendor/filament/support/resources/lang" "Mozilla/5.0 AppleWebKit/537.36 (KHTML, like Gecko; compatible; GPTBot/1.3; +https://openai.com/gptbot)"
74.7.243.225 - - [13/Mar/2026:05:17:59 +1000] "GET /mklax.php?path=/home/posscale/public_html/printmanager/vendor/spatie/error-solutions/legacy HTTP/1.1" 200 16782 "https://www.smart.posscales.com/mklax.php?path=/home/posscale/public_html/printmanager/vendor/spatie/error-solutions" "Mozilla/5.0 AppleWebKit/537.36 (KHTML, like Gecko; compatible; GPTBot/1.3; +https://openai.com/gptbot)"
74.7.227.54 - - [13/Mar/2026:05:17:59 +1000] "GET /mklax.php?path=/home/posscale/public_html/printmanager/vendor/filament/support/resources/lang/es HTTP/1.1" 200 15429 "https://smart.posscales.com/mklax.php?path=/home/posscale/public_html/printmanager/vendor/filament/support/resources/lang" "Mozilla/5.0 AppleWebKit/537.36 (KHTML, like Gecko; compatible; GPTBot/1.3; +https://openai.com/gptbot)"
