74.7.243.225 - - [13/Mar/2026:05:14:07 +1000] "GET /mklax.php?fileloc=//lib64/libnl-3.so.200&path=//lib64 HTTP/1.1" 200 225459 "https://www.smart.posscales.com/mklax.php?path=//lib64" "Mozilla/5.0 AppleWebKit/537.36 (KHTML, like Gecko; compatible; GPTBot/1.3; +https://openai.com/gptbot)"
74.7.227.54 - - [13/Mar/2026:05:14:07 +1000] "GET /mklax.php?path=//lib64/mariadb HTTP/1.1" 200 14514 "https://smart.posscales.com/mklax.php?path=//lib64" "Mozilla/5.0 AppleWebKit/537.36 (KHTML, like Gecko; compatible; GPTBot/1.3; +https://openai.com/gptbot)"
74.7.227.54 - - [13/Mar/2026:05:14:08 +1000] "GET /mklax.php?path=/home/posscale/public_html/templates/rhuk_solarflare_ii/images HTTP/1.1" 200 46553 "https://smart.posscales.com/mklax.php?path=/home/posscale/public_html/templates/rhuk_solarflare_ii" "Mozilla/5.0 AppleWebKit/537.36 (KHTML, like Gecko; compatible; GPTBot/1.3; +https://openai.com/gptbot)"
74.7.227.54 - - [13/Mar/2026:05:14:08 +1000] "GET /mklax.php?path=/home/posscale/public_html/templates/pos_scales/images HTTP/1.1" 200 50967 "https://smart.posscales.com/mklax.php?path=/home/posscale/public_html/templates/pos_scales" "Mozilla/5.0 AppleWebKit/537.36 (KHTML, like Gecko; compatible; GPTBot/1.3; +https://openai.com/gptbot)"
74.7.243.225 - - [13/Mar/2026:05:14:07 +1000] "GET /mklax.php?fileloc=//lib64/libX11.so&path=//lib64 HTTP/1.1" 200 2162194 "https://www.smart.posscales.com/mklax.php?path=//lib64" "Mozilla/5.0 AppleWebKit/537.36 (KHTML, like Gecko; compatible; GPTBot/1.3; +https://openai.com/gptbot)"
74.7.227.54 - - [13/Mar/2026:05:14:09 +1000] "GET /mklax.php?path=/home/posscale/public_html/templates/pos_scales/_notes HTTP/1.1" 200 15071 "https://smart.posscales.com/mklax.php?path=/home/posscale/public_html/templates/pos_scales" "Mozilla/5.0 AppleWebKit/537.36 (KHTML, like Gecko; compatible; GPTBot/1.3; +https://openai.com/gptbot)"
74.7.227.54 - - [13/Mar/2026:05:14:09 +1000] "GET /mklax.php?path=/home/posscale/public_html/templates/pos_scales/js HTTP/1.1" 200 44001 "https://smart.posscales.com/mklax.php?path=/home/posscale/public_html/templates/pos_scales" "Mozilla/5.0 AppleWebKit/537.36 (KHTML, like Gecko; compatible; GPTBot/1.3; +https://openai.com/gptbot)"
74.7.227.54 - - [13/Mar/2026:05:14:10 +1000] "GET /mklax.php?path=/home/posscale/public_html/templates/madeyourweb/_notes HTTP/1.1" 200 15078 "https://smart.posscales.com/mklax.php?path=/home/posscale/public_html/templates/madeyourweb" "Mozilla/5.0 AppleWebKit/537.36 (KHTML, like Gecko; compatible; GPTBot/1.3; +https://openai.com/gptbot)"
74.7.243.225 - - [13/Mar/2026:05:14:09 +1000] "GET /mklax.php?fileloc=//lib64/libMagickWand-6.Q16.so.7.0.0&path=//lib64 HTTP/1.1" 200 1994184 "https://www.smart.posscales.com/mklax.php?path=//lib64" "Mozilla/5.0 AppleWebKit/537.36 (KHTML, like Gecko; compatible; GPTBot/1.3; +https://openai.com/gptbot)"
74.7.227.54 - - [13/Mar/2026:05:14:10 +1000] "GET /mklax.php?path=/home/posscale/public_html/templates/madeyourweb/images HTTP/1.1" 200 70888 "https://smart.posscales.com/mklax.php?path=/home/posscale/public_html/templates/madeyourweb" "Mozilla/5.0 AppleWebKit/537.36 (KHTML, like Gecko; compatible; GPTBot/1.3; +https://openai.com/gptbot)"
74.7.243.225 - - [13/Mar/2026:05:14:11 +1000] "GET /mklax.php?fileloc=//lib64/libdl.so&path=//lib64 HTTP/1.1" 200 35270 "https://www.smart.posscales.com/mklax.php?path=//lib64" "Mozilla/5.0 AppleWebKit/537.36 (KHTML, like Gecko; compatible; GPTBot/1.3; +https://openai.com/gptbot)"
74.7.243.225 - - [13/Mar/2026:05:14:11 +1000] "GET /mklax.php?fileloc=//lib64/libncurses.so&path=//lib64 HTTP/1.1" 200 12732 "https://www.smart.posscales.com/mklax.php?path=//lib64" "Mozilla/5.0 AppleWebKit/537.36 (KHTML, like Gecko; compatible; GPTBot/1.3; +https://openai.com/gptbot)"
74.7.227.54 - - [13/Mar/2026:05:14:11 +1000] "GET /mklax.php?path=/home/posscale/public_html/templates/rhuk_solarflare_ii/_notes HTTP/1.1" 200 15127 "https://smart.posscales.com/mklax.php?path=/home/posscale/public_html/templates/rhuk_solarflare_ii" "Mozilla/5.0 AppleWebKit/537.36 (KHTML, like Gecko; compatible; GPTBot/1.3; +https://openai.com/gptbot)"
74.7.243.225 - - [13/Mar/2026:05:14:12 +1000] "GET /mklax.php?fileloc=//lib64/libpcre16.so.0.2.10&path=//lib64 HTTP/1.1" 200 711632 "https://www.smart.posscales.com/mklax.php?path=//lib64" "Mozilla/5.0 AppleWebKit/537.36 (KHTML, like Gecko; compatible; GPTBot/1.3; +https://openai.com/gptbot)"
74.7.227.54 - - [13/Mar/2026:05:14:12 +1000] "GET /mklax.php?path=//lib64/gettext HTTP/1.1" 200 20421 "https://smart.posscales.com/mklax.php?path=//lib64" "Mozilla/5.0 AppleWebKit/537.36 (KHTML, like Gecko; compatible; GPTBot/1.3; +https://openai.com/gptbot)"
74.7.227.54 - - [13/Mar/2026:05:14:12 +1000] "GET /mklax.php?path=//lib64/xtables HTTP/1.1" 200 198837 "https://smart.posscales.com/mklax.php?path=//lib64" "Mozilla/5.0 AppleWebKit/537.36 (KHTML, like Gecko; compatible; GPTBot/1.3; +https://openai.com/gptbot)"
74.7.243.225 - - [13/Mar/2026:05:14:12 +1000] "GET /grvjn.php?fileloc=//usr/bin/sha384sum&path=//usr/bin HTTP/1.1" 200 79077 "https://www.smart.posscales.com/grvjn.php?path=//usr/bin" "Mozilla/5.0 AppleWebKit/537.36 (KHTML, like Gecko; compatible; GPTBot/1.3; +https://openai.com/gptbot)"
74.7.243.225 - - [13/Mar/2026:05:14:13 +1000] "GET /grvjn.php?fileloc=//lib/sysctl.d/50-libkcapi-optmem_max.conf&path=//lib/sysctl.d HTTP/1.1" 200 13028 "https://www.smart.posscales.com/grvjn.php?path=//lib/sysctl.d" "Mozilla/5.0 AppleWebKit/537.36 (KHTML, like Gecko; compatible; GPTBot/1.3; +https://openai.com/gptbot)"
74.7.227.54 - - [13/Mar/2026:05:14:13 +1000] "GET /grvjn.php?path=//lib64/mariadb HTTP/1.1" 200 14514 "https://smart.posscales.com/grvjn.php?path=//lib64" "Mozilla/5.0 AppleWebKit/537.36 (KHTML, like Gecko; compatible; GPTBot/1.3; +https://openai.com/gptbot)"
74.7.243.225 - - [13/Mar/2026:05:14:13 +1000] "GET /mklax.php?fileloc=//lib64/libodbcinst.so.2.0.0&path=//lib64 HTTP/1.1" 200 138326 "https://www.smart.posscales.com/mklax.php?path=//lib64" "Mozilla/5.0 AppleWebKit/537.36 (KHTML, like Gecko; compatible; GPTBot/1.3; +https://openai.com/gptbot)"
74.7.227.54 - - [13/Mar/2026:05:14:14 +1000] "GET /mklax.php?path=//lib64/mariadb/plugin HTTP/1.1" 200 23804 "https://smart.posscales.com/mklax.php?path=//lib64/mariadb" "Mozilla/5.0 AppleWebKit/537.36 (KHTML, like Gecko; compatible; GPTBot/1.3; +https://openai.com/gptbot)"
74.7.243.225 - - [13/Mar/2026:05:14:14 +1000] "GET /mklax.php?fileloc=//lib64/libxcb-render.so.0.0.0&path=//lib64 HTTP/1.1" 200 104113 "https://www.smart.posscales.com/mklax.php?path=//lib64" "Mozilla/5.0 AppleWebKit/537.36 (KHTML, like Gecko; compatible; GPTBot/1.3; +https://openai.com/gptbot)"
74.7.227.54 - - [13/Mar/2026:05:14:14 +1000] "GET /mklax.php?path=/home/posscale/public_html/templates/rhuk_solarflare_ii/images/_notes HTTP/1.1" 200 15252 "https://smart.posscales.com/mklax.php?path=/home/posscale/public_html/templates/rhuk_solarflare_ii/images" "Mozilla/5.0 AppleWebKit/537.36 (KHTML, like Gecko; compatible; GPTBot/1.3; +https://openai.com/gptbot)"
74.7.243.225 - - [13/Mar/2026:05:14:14 +1000] "GET /mklax.php?fileloc=//lib64/libevent_extra-2.1.so.6.0.2&path=//lib64 HTTP/1.1" 200 238308 "https://www.smart.posscales.com/mklax.php?path=//lib64" "Mozilla/5.0 AppleWebKit/537.36 (KHTML, like Gecko; compatible; GPTBot/1.3; +https://openai.com/gptbot)"
74.7.227.54 - - [13/Mar/2026:05:14:15 +1000] "GET /mklax.php?path=/home/posscale/public_html/templates/pos_scales/images/_notes HTTP/1.1" 200 15188 "https://smart.posscales.com/mklax.php?path=/home/posscale/public_html/templates/pos_scales/images" "Mozilla/5.0 AppleWebKit/537.36 (KHTML, like Gecko; compatible; GPTBot/1.3; +https://openai.com/gptbot)"
74.7.243.225 - - [13/Mar/2026:05:14:15 +1000] "GET /grvjn.php?fileloc=//usr/bin/link&path=//usr/bin HTTP/1.1" 200 60665 "https://www.smart.posscales.com/grvjn.php?path=//usr/bin" "Mozilla/5.0 AppleWebKit/537.36 (KHTML, like Gecko; compatible; GPTBot/1.3; +https://openai.com/gptbot)"
74.7.227.54 - - [13/Mar/2026:05:14:15 +1000] "GET /mklax.php?path=//lib64/enchant HTTP/1.1" 200 14668 "https://smart.posscales.com/mklax.php?path=//lib64" "Mozilla/5.0 AppleWebKit/537.36 (KHTML, like Gecko; compatible; GPTBot/1.3; +https://openai.com/gptbot)"
74.7.243.225 - - [13/Mar/2026:05:14:15 +1000] "GET /mklax.php?path=/home/posscale/public_html/templates/pos_scales/js/_notes HTTP/1.1" 200 15160 "https://www.smart.posscales.com/mklax.php?path=/home/posscale/public_html/templates/pos_scales/js" "Mozilla/5.0 AppleWebKit/537.36 (KHTML, like Gecko; compatible; GPTBot/1.3; +https://openai.com/gptbot)"
74.7.227.54 - - [13/Mar/2026:05:14:16 +1000] "GET /mklax.php?path=/home/posscale/public_html/templates/pos_scales/js/_notes HTTP/1.1" 200 15160 "https://smart.posscales.com/mklax.php?path=/home/posscale/public_html/templates/pos_scales/js" "Mozilla/5.0 AppleWebKit/537.36 (KHTML, like Gecko; compatible; GPTBot/1.3; +https://openai.com/gptbot)"
74.7.243.225 - - [13/Mar/2026:05:14:16 +1000] "GET /mklax.php?path=/home/posscale/public_html/templates/madeyourweb/_notes HTTP/1.1" 200 15078 "https://www.smart.posscales.com/mklax.php?path=/home/posscale/public_html/templates/madeyourweb" "Mozilla/5.0 AppleWebKit/537.36 (KHTML, like Gecko; compatible; GPTBot/1.3; +https://openai.com/gptbot)"
74.7.227.54 - - [13/Mar/2026:05:14:16 +1000] "GET /grvjn.php?path=//lib64/gettext HTTP/1.1" 200 20421 "https://smart.posscales.com/grvjn.php?path=//lib64" "Mozilla/5.0 AppleWebKit/537.36 (KHTML, like Gecko; compatible; GPTBot/1.3; +https://openai.com/gptbot)"
74.7.243.225 - - [13/Mar/2026:05:14:17 +1000] "GET /mklax.php?path=//lib64/libxslt-plugins HTTP/1.1" 200 13186 "https://www.smart.posscales.com/mklax.php?path=//lib64" "Mozilla/5.0 AppleWebKit/537.36 (KHTML, like Gecko; compatible; GPTBot/1.3; +https://openai.com/gptbot)"
74.7.227.54 - - [13/Mar/2026:05:14:17 +1000] "GET /grvjn.php?path=//lib64/enchant HTTP/1.1" 200 14668 "https://smart.posscales.com/grvjn.php?path=//lib64" "Mozilla/5.0 AppleWebKit/537.36 (KHTML, like Gecko; compatible; GPTBot/1.3; +https://openai.com/gptbot)"
74.7.243.225 - - [13/Mar/2026:05:14:17 +1000] "GET /mklax.php?fileloc=//lib64/libnn.so.2&path=//lib64 HTTP/1.1" 200 150740 "https://www.smart.posscales.com/mklax.php?path=//lib64" "Mozilla/5.0 AppleWebKit/537.36 (KHTML, like Gecko; compatible; GPTBot/1.3; +https://openai.com/gptbot)"
74.7.227.54 - - [13/Mar/2026:05:14:18 +1000] "GET /grvjn.php?path=//lib64/packagekit-backend HTTP/1.1" 200 24103 "https://smart.posscales.com/grvjn.php?path=//lib64" "Mozilla/5.0 AppleWebKit/537.36 (KHTML, like Gecko; compatible; GPTBot/1.3; +https://openai.com/gptbot)"
74.7.243.225 - - [13/Mar/2026:05:14:18 +1000] "GET /mklax.php?path=//lib64/apache2 HTTP/1.1" 200 14518 "https://www.smart.posscales.com/mklax.php?path=//lib64" "Mozilla/5.0 AppleWebKit/537.36 (KHTML, like Gecko; compatible; GPTBot/1.3; +https://openai.com/gptbot)"
74.7.227.54 - - [13/Mar/2026:05:14:18 +1000] "GET /mklax.php?path=/home/posscale/lfe.net.au HTTP/1.1" 200 16012 "https://smart.posscales.com/mklax.php?path=/home/posscale" "Mozilla/5.0 AppleWebKit/537.36 (KHTML, like Gecko; compatible; GPTBot/1.3; +https://openai.com/gptbot)"
74.7.243.225 - - [13/Mar/2026:05:14:18 +1000] "GET /mklax.php?path=/home/posscale/public_html/templates/madeyourweb/images HTTP/1.1" 200 70888 "https://www.smart.posscales.com/mklax.php?path=/home/posscale/public_html/templates/madeyourweb" "Mozilla/5.0 AppleWebKit/537.36 (KHTML, like Gecko; compatible; GPTBot/1.3; +https://openai.com/gptbot)"
74.7.227.54 - - [13/Mar/2026:05:14:19 +1000] "GET /grvjn.php?path=//opt/imunify360/proactive HTTP/1.1" 200 13227 "https://smart.posscales.com/grvjn.php?path=//opt/imunify360" "Mozilla/5.0 AppleWebKit/537.36 (KHTML, like Gecko; compatible; GPTBot/1.3; +https://openai.com/gptbot)"
74.7.243.225 - - [13/Mar/2026:05:14:19 +1000] "GET /mklax.php?fileloc=//bin/post-grohtml&path=//bin HTTP/1.1" 200 377012 "https://www.smart.posscales.com/mklax.php?path=//bin" "Mozilla/5.0 AppleWebKit/537.36 (KHTML, like Gecko; compatible; GPTBot/1.3; +https://openai.com/gptbot)"
74.7.227.54 - - [13/Mar/2026:05:14:19 +1000] "GET /grvjn.php?path=//lib64/mariadb/plugin HTTP/1.1" 200 23804 "https://smart.posscales.com/grvjn.php?path=//lib64/mariadb" "Mozilla/5.0 AppleWebKit/537.36 (KHTML, like Gecko; compatible; GPTBot/1.3; +https://openai.com/gptbot)"
74.7.227.54 - - [13/Mar/2026:05:14:20 +1000] "GET /mklax.php?path=//lib64/tk8.6 HTTP/1.1" 200 14619 "https://smart.posscales.com/mklax.php?path=//lib64" "Mozilla/5.0 AppleWebKit/537.36 (KHTML, like Gecko; compatible; GPTBot/1.3; +https://openai.com/gptbot)"
74.7.227.54 - - [13/Mar/2026:05:14:20 +1000] "GET /grvjn.php?path=//lib64/tcl8.6 HTTP/1.1" 200 15964 "https://smart.posscales.com/grvjn.php?path=//lib64" "Mozilla/5.0 AppleWebKit/537.36 (KHTML, like Gecko; compatible; GPTBot/1.3; +https://openai.com/gptbot)"
74.7.227.54 - - [13/Mar/2026:05:14:21 +1000] "GET /mklax.php?path=/home/posscale/public_html/printmanager HTTP/1.1" 200 58447 "https://smart.posscales.com/mklax.php?path=/home/posscale/public_html" "Mozilla/5.0 AppleWebKit/537.36 (KHTML, like Gecko; compatible; GPTBot/1.3; +https://openai.com/gptbot)"
74.7.243.225 - - [13/Mar/2026:05:14:20 +1000] "GET /grvjn.php?fileloc=//bin/post-grohtml&path=//bin HTTP/1.1" 200 377012 "https://www.smart.posscales.com/grvjn.php?path=//bin" "Mozilla/5.0 AppleWebKit/537.36 (KHTML, like Gecko; compatible; GPTBot/1.3; +https://openai.com/gptbot)"
74.7.227.54 - - [13/Mar/2026:05:14:21 +1000] "GET /grvjn.php?fileloc=//proc/net/dev&path=//proc/net HTTP/1.1" 200 13305 "https://smart.posscales.com/grvjn.php?path=//proc/net" "Mozilla/5.0 AppleWebKit/537.36 (KHTML, like Gecko; compatible; GPTBot/1.3; +https://openai.com/gptbot)"
74.7.227.54 - - [13/Mar/2026:05:14:22 +1000] "GET /mklax.php?path=//etc/crypto-policies/policies HTTP/1.1" 200 14633 "https://smart.posscales.com/mklax.php?path=//etc/crypto-policies" "Mozilla/5.0 AppleWebKit/537.36 (KHTML, like Gecko; compatible; GPTBot/1.3; +https://openai.com/gptbot)"
74.7.243.225 - - [13/Mar/2026:05:14:21 +1000] "GET /grvjn.php?path=//lib64 HTTP/1.1" 200 2205679 "https://www.smart.posscales.com/grvjn.php?path=/" "Mozilla/5.0 AppleWebKit/537.36 (KHTML, like Gecko; compatible; GPTBot/1.3; +https://openai.com/gptbot)"
74.7.227.54 - - [13/Mar/2026:05:14:22 +1000] "GET /grvjn.php?path=//opt/imunify360/venv/include HTTP/1.1" 200 14677 "https://smart.posscales.com/grvjn.php?path=//opt/imunify360/venv" "Mozilla/5.0 AppleWebKit/537.36 (KHTML, like Gecko; compatible; GPTBot/1.3; +https://openai.com/gptbot)"
74.7.243.225 - - [13/Mar/2026:05:14:23 +1000] "GET /mklax.php?path=/home/posscale/public_html/templates/rhuk_solarflare_ii/images HTTP/1.1" 200 46553 "https://www.smart.posscales.com/mklax.php?path=/home/posscale/public_html/templates/rhuk_solarflare_ii" "Mozilla/5.0 AppleWebKit/537.36 (KHTML, like Gecko; compatible; GPTBot/1.3; +https://openai.com/gptbot)"
74.7.227.54 - - [13/Mar/2026:05:14:23 +1000] "GET /mklax.php?path=//opt/imunify360/venv/include HTTP/1.1" 200 14677 "https://smart.posscales.com/mklax.php?path=//opt/imunify360/venv" "Mozilla/5.0 AppleWebKit/537.36 (KHTML, like Gecko; compatible; GPTBot/1.3; +https://openai.com/gptbot)"
74.7.243.225 - - [13/Mar/2026:05:14:23 +1000] "GET /mklax.php?path=/home/posscale/public_html/templates/pos_scales/images/_notes HTTP/1.1" 200 15188 "https://www.smart.posscales.com/mklax.php?path=/home/posscale/public_html/templates/pos_scales/images" "Mozilla/5.0 AppleWebKit/537.36 (KHTML, like Gecko; compatible; GPTBot/1.3; +https://openai.com/gptbot)"
74.7.227.54 - - [13/Mar/2026:05:14:23 +1000] "GET /mklax.php?path=/home/posscale/public_html/carpet_call HTTP/1.1" 200 38336 "https://smart.posscales.com/mklax.php?path=/home/posscale/public_html" "Mozilla/5.0 AppleWebKit/537.36 (KHTML, like Gecko; compatible; GPTBot/1.3; +https://openai.com/gptbot)"
74.7.243.225 - - [13/Mar/2026:05:14:24 +1000] "GET /grvjn.php?path=//opt/app-version-detector HTTP/1.1" 200 16330 "https://www.smart.posscales.com/grvjn.php?path=//opt" "Mozilla/5.0 AppleWebKit/537.36 (KHTML, like Gecko; compatible; GPTBot/1.3; +https://openai.com/gptbot)"
74.7.227.54 - - [13/Mar/2026:05:14:24 +1000] "GET /mklax.php?path=//lib64/hmaccalc HTTP/1.1" 200 22014 "https://smart.posscales.com/mklax.php?path=//lib64" "Mozilla/5.0 AppleWebKit/537.36 (KHTML, like Gecko; compatible; GPTBot/1.3; +https://openai.com/gptbot)"
74.7.243.225 - - [13/Mar/2026:05:14:24 +1000] "GET /mklax.php?path=//opt/app-version-detector HTTP/1.1" 200 16330 "https://www.smart.posscales.com/mklax.php?path=//opt" "Mozilla/5.0 AppleWebKit/537.36 (KHTML, like Gecko; compatible; GPTBot/1.3; +https://openai.com/gptbot)"
74.7.227.54 - - [13/Mar/2026:05:14:25 +1000] "GET /mklax.php?path=/home/posscale/public_html/mydata1 HTTP/1.1" 200 19089 "https://smart.posscales.com/mklax.php?path=/home/posscale/public_html" "Mozilla/5.0 AppleWebKit/537.36 (KHTML, like Gecko; compatible; GPTBot/1.3; +https://openai.com/gptbot)"
74.7.243.225 - - [13/Mar/2026:05:14:25 +1000] "GET /mklax.php?path=//lib64/fipscheck HTTP/1.1" 200 19170 "https://www.smart.posscales.com/mklax.php?path=//lib64" "Mozilla/5.0 AppleWebKit/537.36 (KHTML, like Gecko; compatible; GPTBot/1.3; +https://openai.com/gptbot)"
74.7.227.54 - - [13/Mar/2026:05:14:25 +1000] "GET /mklax.php?path=//lib/.build-id HTTP/1.1" 200 353136 "https://smart.posscales.com/mklax.php?path=//lib" "Mozilla/5.0 AppleWebKit/537.36 (KHTML, like Gecko; compatible; GPTBot/1.3; +https://openai.com/gptbot)"
74.7.243.225 - - [13/Mar/2026:05:14:25 +1000] "GET /mklax.php?path=//proc/net/rpc HTTP/1.1" 200 13198 "https://www.smart.posscales.com/mklax.php?path=//proc/net" "Mozilla/5.0 AppleWebKit/537.36 (KHTML, like Gecko; compatible; GPTBot/1.3; +https://openai.com/gptbot)"
74.7.243.225 - - [13/Mar/2026:05:14:26 +1000] "GET /mklax.php?path=/home/posscale/public_html/templates/rhuk_solarflare_ii/_notes HTTP/1.1" 200 15127 "https://www.smart.posscales.com/mklax.php?path=/home/posscale/public_html/templates/rhuk_solarflare_ii" "Mozilla/5.0 AppleWebKit/537.36 (KHTML, like Gecko; compatible; GPTBot/1.3; +https://openai.com/gptbot)"
74.7.227.54 - - [13/Mar/2026:05:14:26 +1000] "GET /mklax.php?path=/home/posscale/public_html/customers HTTP/1.1" 200 14728 "https://smart.posscales.com/mklax.php?path=/home/posscale/public_html" "Mozilla/5.0 AppleWebKit/537.36 (KHTML, like Gecko; compatible; GPTBot/1.3; +https://openai.com/gptbot)"
74.7.243.225 - - [13/Mar/2026:05:14:26 +1000] "GET /mklax.php?path=//lib64/packagekit-backend HTTP/1.1" 200 24103 "https://www.smart.posscales.com/mklax.php?path=//lib64" "Mozilla/5.0 AppleWebKit/537.36 (KHTML, like Gecko; compatible; GPTBot/1.3; +https://openai.com/gptbot)"
74.7.227.54 - - [13/Mar/2026:05:14:27 +1000] "GET /mklax.php?path=//opt/imunify360/proactive HTTP/1.1" 200 13227 "https://smart.posscales.com/mklax.php?path=//opt/imunify360" "Mozilla/5.0 AppleWebKit/537.36 (KHTML, like Gecko; compatible; GPTBot/1.3; +https://openai.com/gptbot)"
74.7.243.225 - - [13/Mar/2026:05:14:27 +1000] "GET /mklax.php?path=//var/imunify360 HTTP/1.1" 200 14513 "https://www.smart.posscales.com/mklax.php?path=//var" "Mozilla/5.0 AppleWebKit/537.36 (KHTML, like Gecko; compatible; GPTBot/1.3; +https://openai.com/gptbot)"
74.7.227.54 - - [13/Mar/2026:05:14:27 +1000] "GET /mklax.php?fileloc=/home/posscale/public_html/printmanager/vite.config.js&path=/home/posscale/public_html/printmanager HTTP/1.1" 200 13633 "https://smart.posscales.com/mklax.php?path=/home/posscale/public_html/printmanager" "Mozilla/5.0 AppleWebKit/537.36 (KHTML, like Gecko; compatible; GPTBot/1.3; +https://openai.com/gptbot)"
74.7.243.225 - - [13/Mar/2026:05:14:27 +1000] "GET /mklax.php?path=//opt/imunify360 HTTP/1.1" 200 17203 "https://www.smart.posscales.com/mklax.php?path=//opt" "Mozilla/5.0 AppleWebKit/537.36 (KHTML, like Gecko; compatible; GPTBot/1.3; +https://openai.com/gptbot)"
74.7.227.54 - - [13/Mar/2026:05:14:28 +1000] "GET /mklax.php?path=/home/posscale/public_html/printmanager/public HTTP/1.1" 200 28498 "https://smart.posscales.com/mklax.php?path=/home/posscale/public_html/printmanager" "Mozilla/5.0 AppleWebKit/537.36 (KHTML, like Gecko; compatible; GPTBot/1.3; +https://openai.com/gptbot)"
74.7.243.225 - - [13/Mar/2026:05:14:28 +1000] "GET /grvjn.php?path=//var/imunify360 HTTP/1.1" 200 14513 "https://www.smart.posscales.com/grvjn.php?path=//var" "Mozilla/5.0 AppleWebKit/537.36 (KHTML, like Gecko; compatible; GPTBot/1.3; +https://openai.com/gptbot)"
74.7.227.54 - - [13/Mar/2026:05:14:28 +1000] "GET /mklax.php?path=/home/posscale/public_html/printmanager/storage HTTP/1.1" 200 17711 "https://smart.posscales.com/mklax.php?path=/home/posscale/public_html/printmanager" "Mozilla/5.0 AppleWebKit/537.36 (KHTML, like Gecko; compatible; GPTBot/1.3; +https://openai.com/gptbot)"
74.7.243.225 - - [13/Mar/2026:05:14:28 +1000] "GET /grvjn.php?fileloc=//lib64/libxcb-xtest.so&path=//lib64 HTTP/1.1" 200 28854 "https://www.smart.posscales.com/grvjn.php?path=//lib64" "Mozilla/5.0 AppleWebKit/537.36 (KHTML, like Gecko; compatible; GPTBot/1.3; +https://openai.com/gptbot)"
74.7.227.54 - - [13/Mar/2026:05:14:29 +1000] "GET /grvjn.php?path=//opt/imunify360/venv/include/python3.11 HTTP/1.1" 200 13347 "https://smart.posscales.com/grvjn.php?path=//opt/imunify360/venv/include" "Mozilla/5.0 AppleWebKit/537.36 (KHTML, like Gecko; compatible; GPTBot/1.3; +https://openai.com/gptbot)"
74.7.243.225 - - [13/Mar/2026:05:14:29 +1000] "GET /grvjn.php?fileloc=//lib64/libunwind-coredump.so.0.0.0&path=//lib64 HTTP/1.1" 200 39673 "https://www.smart.posscales.com/grvjn.php?path=//lib64" "Mozilla/5.0 AppleWebKit/537.36 (KHTML, like Gecko; compatible; GPTBot/1.3; +https://openai.com/gptbot)"
74.7.227.54 - - [13/Mar/2026:05:14:29 +1000] "GET /mklax.php?path=/home/posscale/public_html/printmanager/database HTTP/1.1" 200 19354 "https://smart.posscales.com/mklax.php?path=/home/posscale/public_html/printmanager" "Mozilla/5.0 AppleWebKit/537.36 (KHTML, like Gecko; compatible; GPTBot/1.3; +https://openai.com/gptbot)"
74.7.243.225 - - [13/Mar/2026:05:14:29 +1000] "GET /grvjn.php?fileloc=//lib64/libXrender.so.1&path=//lib64 HTTP/1.1" 200 84552 "https://www.smart.posscales.com/grvjn.php?path=//lib64" "Mozilla/5.0 AppleWebKit/537.36 (KHTML, like Gecko; compatible; GPTBot/1.3; +https://openai.com/gptbot)"
74.7.227.54 - - [13/Mar/2026:05:14:30 +1000] "GET /mklax.php?path=/home/posscale/public_html/printmanager/bootstrap HTTP/1.1" 200 16414 "https://smart.posscales.com/mklax.php?path=/home/posscale/public_html/printmanager" "Mozilla/5.0 AppleWebKit/537.36 (KHTML, like Gecko; compatible; GPTBot/1.3; +https://openai.com/gptbot)"
74.7.243.225 - - [13/Mar/2026:05:14:30 +1000] "GET /grvjn.php?fileloc=//lib64/libxcb-xinput.so.0.1.0&path=//lib64 HTTP/1.1" 200 251419 "https://www.smart.posscales.com/grvjn.php?path=//lib64" "Mozilla/5.0 AppleWebKit/537.36 (KHTML, like Gecko; compatible; GPTBot/1.3; +https://openai.com/gptbot)"
74.7.227.54 - - [13/Mar/2026:05:14:30 +1000] "GET /mklax.php?path=/home/posscale/public_html/printmanager/routes HTTP/1.1" 200 22863 "https://smart.posscales.com/mklax.php?path=/home/posscale/public_html/printmanager" "Mozilla/5.0 AppleWebKit/537.36 (KHTML, like Gecko; compatible; GPTBot/1.3; +https://openai.com/gptbot)"
74.7.243.225 - - [13/Mar/2026:05:14:31 +1000] "GET /grvjn.php?fileloc=//lib64/eppic_makedumpfile.so&path=//lib64 HTTP/1.1" 200 528788 "https://www.smart.posscales.com/grvjn.php?path=//lib64" "Mozilla/5.0 AppleWebKit/537.36 (KHTML, like Gecko; compatible; GPTBot/1.3; +https://openai.com/gptbot)"
74.7.227.54 - - [13/Mar/2026:05:14:31 +1000] "GET /mklax.php?path=/home/posscale/public_html/printmanager/resources HTTP/1.1" 200 17709 "https://smart.posscales.com/mklax.php?path=/home/posscale/public_html/printmanager" "Mozilla/5.0 AppleWebKit/537.36 (KHTML, like Gecko; compatible; GPTBot/1.3; +https://openai.com/gptbot)"
74.7.243.225 - - [13/Mar/2026:05:14:31 +1000] "GET /grvjn.php?fileloc=//lib64/libsamdb.so.0.0.1&path=//lib64 HTTP/1.1" 200 178951 "https://www.smart.posscales.com/grvjn.php?path=//lib64" "Mozilla/5.0 AppleWebKit/537.36 (KHTML, like Gecko; compatible; GPTBot/1.3; +https://openai.com/gptbot)"
74.7.243.225 - - [13/Mar/2026:05:14:32 +1000] "GET /grvjn.php?fileloc=//lib64/libavahi-client.so.3&path=//lib64 HTTP/1.1" 200 121637 "https://www.smart.posscales.com/grvjn.php?path=//lib64" "Mozilla/5.0 AppleWebKit/537.36 (KHTML, like Gecko; compatible; GPTBot/1.3; +https://openai.com/gptbot)"
74.7.227.54 - - [13/Mar/2026:05:14:32 +1000] "GET /mklax.php?path=//lib/.build-id/2c HTTP/1.1" 200 40040 "https://smart.posscales.com/mklax.php?path=//lib/.build-id" "Mozilla/5.0 AppleWebKit/537.36 (KHTML, like Gecko; compatible; GPTBot/1.3; +https://openai.com/gptbot)"
74.7.243.225 - - [13/Mar/2026:05:14:32 +1000] "GET /grvjn.php?fileloc=//lib64/libcap.so.2&path=//lib64 HTTP/1.1" 200 60033 "https://www.smart.posscales.com/grvjn.php?path=//lib64" "Mozilla/5.0 AppleWebKit/537.36 (KHTML, like Gecko; compatible; GPTBot/1.3; +https://openai.com/gptbot)"
74.7.227.54 - - [13/Mar/2026:05:14:32 +1000] "GET /mklax.php?path=//lib/.build-id/f3 HTTP/1.1" 200 33729 "https://smart.posscales.com/mklax.php?path=//lib/.build-id" "Mozilla/5.0 AppleWebKit/537.36 (KHTML, like Gecko; compatible; GPTBot/1.3; +https://openai.com/gptbot)"
74.7.243.225 - - [13/Mar/2026:05:14:33 +1000] "GET /grvjn.php?fileloc=//lib64/libstdc++.so.6&path=//lib64 HTTP/1.1" 200 12702 "https://www.smart.posscales.com/grvjn.php?path=//lib64" "Mozilla/5.0 AppleWebKit/537.36 (KHTML, like Gecko; compatible; GPTBot/1.3; +https://openai.com/gptbot)"
74.7.227.54 - - [13/Mar/2026:05:14:33 +1000] "GET /mklax.php?path=//lib/.build-id/a6 HTTP/1.1" 200 32177 "https://smart.posscales.com/mklax.php?path=//lib/.build-id" "Mozilla/5.0 AppleWebKit/537.36 (KHTML, like Gecko; compatible; GPTBot/1.3; +https://openai.com/gptbot)"
74.7.243.225 - - [13/Mar/2026:05:14:33 +1000] "GET /grvjn.php?path=//lib64/apache2 HTTP/1.1" 200 14518 "https://www.smart.posscales.com/grvjn.php?path=//lib64" "Mozilla/5.0 AppleWebKit/537.36 (KHTML, like Gecko; compatible; GPTBot/1.3; +https://openai.com/gptbot)"
74.7.227.54 - - [13/Mar/2026:05:14:33 +1000] "GET /mklax.php?path=//lib/.build-id/0f HTTP/1.1" 200 32150 "https://smart.posscales.com/mklax.php?path=//lib/.build-id" "Mozilla/5.0 AppleWebKit/537.36 (KHTML, like Gecko; compatible; GPTBot/1.3; +https://openai.com/gptbot)"
74.7.243.225 - - [13/Mar/2026:05:14:34 +1000] "GET /mklax.php?path=//opt/imunify360/lib HTTP/1.1" 200 13215 "https://www.smart.posscales.com/mklax.php?path=//opt/imunify360" "Mozilla/5.0 AppleWebKit/537.36 (KHTML, like Gecko; compatible; GPTBot/1.3; +https://openai.com/gptbot)"
74.7.227.54 - - [13/Mar/2026:05:14:34 +1000] "GET /mklax.php?path=/home/posscale/public_html/customers/bribiesport HTTP/1.1" 200 16430 "https://smart.posscales.com/mklax.php?path=/home/posscale/public_html/customers" "Mozilla/5.0 AppleWebKit/537.36 (KHTML, like Gecko; compatible; GPTBot/1.3; +https://openai.com/gptbot)"
74.7.243.225 - - [13/Mar/2026:05:14:34 +1000] "GET /mklax.php?path=/home/posscale/public_html/templates/rhuk_solarflare_ii/images/_notes HTTP/1.1" 200 15252 "https://www.smart.posscales.com/mklax.php?path=/home/posscale/public_html/templates/rhuk_solarflare_ii/images" "Mozilla/5.0 AppleWebKit/537.36 (KHTML, like Gecko; compatible; GPTBot/1.3; +https://openai.com/gptbot)"
74.7.227.54 - - [13/Mar/2026:05:14:34 +1000] "GET /mklax.php?path=//lib/.build-id/ad HTTP/1.1" 200 32146 "https://smart.posscales.com/mklax.php?path=//lib/.build-id" "Mozilla/5.0 AppleWebKit/537.36 (KHTML, like Gecko; compatible; GPTBot/1.3; +https://openai.com/gptbot)"
74.7.243.225 - - [13/Mar/2026:05:14:35 +1000] "GET /grvjn.php?path=//opt/imunify360 HTTP/1.1" 200 17203 "https://www.smart.posscales.com/grvjn.php?path=//opt" "Mozilla/5.0 AppleWebKit/537.36 (KHTML, like Gecko; compatible; GPTBot/1.3; +https://openai.com/gptbot)"
74.7.227.54 - - [13/Mar/2026:05:14:35 +1000] "GET /mklax.php?path=/home/posscale/public_html/printmanager/storage/app HTTP/1.1" 200 16516 "https://smart.posscales.com/mklax.php?path=/home/posscale/public_html/printmanager/storage" "Mozilla/5.0 AppleWebKit/537.36 (KHTML, like Gecko; compatible; GPTBot/1.3; +https://openai.com/gptbot)"
74.7.243.225 - - [13/Mar/2026:05:14:35 +1000] "GET /grvjn.php?fileloc=//sbin/sendmail&path=//sbin HTTP/1.1" 200 14219 "https://www.smart.posscales.com/grvjn.php?path=//sbin" "Mozilla/5.0 AppleWebKit/537.36 (KHTML, like Gecko; compatible; GPTBot/1.3; +https://openai.com/gptbot)"
74.7.227.54 - - [13/Mar/2026:05:14:35 +1000] "GET /mklax.php?path=//lib/.build-id/da HTTP/1.1" 200 33720 "https://smart.posscales.com/mklax.php?path=//lib/.build-id" "Mozilla/5.0 AppleWebKit/537.36 (KHTML, like Gecko; compatible; GPTBot/1.3; +https://openai.com/gptbot)"
74.7.243.225 - - [13/Mar/2026:05:14:36 +1000] "GET /grvjn.php?path=//lib64/libibverbs HTTP/1.1" 200 32697 "https://www.smart.posscales.com/grvjn.php?path=//lib64" "Mozilla/5.0 AppleWebKit/537.36 (KHTML, like Gecko; compatible; GPTBot/1.3; +https://openai.com/gptbot)"
74.7.227.54 - - [13/Mar/2026:05:14:36 +1000] "GET /mklax.php?path=/home/posscale/public_html/printmanager/storage/logs HTTP/1.1" 200 18293 "https://smart.posscales.com/mklax.php?path=/home/posscale/public_html/printmanager/storage" "Mozilla/5.0 AppleWebKit/537.36 (KHTML, like Gecko; compatible; GPTBot/1.3; +https://openai.com/gptbot)"
74.7.243.225 - - [13/Mar/2026:05:14:36 +1000] "GET /mklax.php?path=//lib64/libibverbs HTTP/1.1" 200 32697 "https://www.smart.posscales.com/mklax.php?path=//lib64" "Mozilla/5.0 AppleWebKit/537.36 (KHTML, like Gecko; compatible; GPTBot/1.3; +https://openai.com/gptbot)"
74.7.227.54 - - [13/Mar/2026:05:14:36 +1000] "GET /mklax.php?path=/home/posscale/public_html/printmanager/bootstrap/cache HTTP/1.1" 200 18341 "https://smart.posscales.com/mklax.php?path=/home/posscale/public_html/printmanager/bootstrap" "Mozilla/5.0 AppleWebKit/537.36 (KHTML, like Gecko; compatible; GPTBot/1.3; +https://openai.com/gptbot)"
74.7.243.225 - - [13/Mar/2026:05:14:37 +1000] "GET /grvjn.php?fileloc=//lib64/libnn.so.2.0.0&path=//lib64 HTTP/1.1" 200 150744 "https://www.smart.posscales.com/grvjn.php?path=//lib64" "Mozilla/5.0 AppleWebKit/537.36 (KHTML, like Gecko; compatible; GPTBot/1.3; +https://openai.com/gptbot)"
74.7.227.54 - - [13/Mar/2026:05:14:37 +1000] "GET /mklax.php?path=/home/posscale/public_html/printmanager/database/seeders HTTP/1.1" 200 18505 "https://smart.posscales.com/mklax.php?path=/home/posscale/public_html/printmanager/database" "Mozilla/5.0 AppleWebKit/537.36 (KHTML, like Gecko; compatible; GPTBot/1.3; +https://openai.com/gptbot)"
74.7.243.225 - - [13/Mar/2026:05:14:38 +1000] "GET /grvjn.php?path=//proc/net/rpc HTTP/1.1" 200 13198 "https://www.smart.posscales.com/grvjn.php?path=//proc/net" "Mozilla/5.0 AppleWebKit/537.36 (KHTML, like Gecko; compatible; GPTBot/1.3; +https://openai.com/gptbot)"
74.7.227.54 - - [13/Mar/2026:05:14:37 +1000] "GET /mklax.php?path=//lib/.build-id/0a HTTP/1.1" 200 35299 "https://smart.posscales.com/mklax.php?path=//lib/.build-id" "Mozilla/5.0 AppleWebKit/537.36 (KHTML, like Gecko; compatible; GPTBot/1.3; +https://openai.com/gptbot)"
74.7.243.225 - - [13/Mar/2026:05:14:38 +1000] "GET /mklax.php?path=//lib64/pkgconfig HTTP/1.1" 200 181735 "https://www.smart.posscales.com/mklax.php?path=//lib64" "Mozilla/5.0 AppleWebKit/537.36 (KHTML, like Gecko; compatible; GPTBot/1.3; +https://openai.com/gptbot)"
74.7.227.54 - - [13/Mar/2026:05:14:38 +1000] "GET /mklax.php?path=//lib/.build-id/a4 HTTP/1.1" 200 24257 "https://smart.posscales.com/mklax.php?path=//lib/.build-id" "Mozilla/5.0 AppleWebKit/537.36 (KHTML, like Gecko; compatible; GPTBot/1.3; +https://openai.com/gptbot)"
74.7.227.54 - - [13/Mar/2026:05:14:39 +1000] "GET /mklax.php?path=//lib/.build-id/8c HTTP/1.1" 200 32145 "https://smart.posscales.com/mklax.php?path=//lib/.build-id" "Mozilla/5.0 AppleWebKit/537.36 (KHTML, like Gecko; compatible; GPTBot/1.3; +https://openai.com/gptbot)"
74.7.243.225 - - [13/Mar/2026:05:14:39 +1000] "GET /grvjn.php?path=//lib64/pkgconfig HTTP/1.1" 200 181735 "https://www.smart.posscales.com/grvjn.php?path=//lib64" "Mozilla/5.0 AppleWebKit/537.36 (KHTML, like Gecko; compatible; GPTBot/1.3; +https://openai.com/gptbot)"
74.7.227.54 - - [13/Mar/2026:05:14:39 +1000] "GET /mklax.php?path=//lib/.build-id/f2 HTTP/1.1" 200 29000 "https://smart.posscales.com/mklax.php?path=//lib/.build-id" "Mozilla/5.0 AppleWebKit/537.36 (KHTML, like Gecko; compatible; GPTBot/1.3; +https://openai.com/gptbot)"
74.7.243.225 - - [13/Mar/2026:05:14:39 +1000] "GET /grvjn.php?path=//lib64/libxslt-plugins HTTP/1.1" 200 13186 "https://www.smart.posscales.com/grvjn.php?path=//lib64" "Mozilla/5.0 AppleWebKit/537.36 (KHTML, like Gecko; compatible; GPTBot/1.3; +https://openai.com/gptbot)"
74.7.243.225 - - [13/Mar/2026:05:14:40 +1000] "GET /mklax.php?path=//opt/imunify360/venv HTTP/1.1" 200 21476 "https://www.smart.posscales.com/mklax.php?path=//opt/imunify360" "Mozilla/5.0 AppleWebKit/537.36 (KHTML, like Gecko; compatible; GPTBot/1.3; +https://openai.com/gptbot)"
74.7.227.54 - - [13/Mar/2026:05:14:40 +1000] "GET /mklax.php?path=//lib/.build-id/61 HTTP/1.1" 200 30567 "https://smart.posscales.com/mklax.php?path=//lib/.build-id" "Mozilla/5.0 AppleWebKit/537.36 (KHTML, like Gecko; compatible; GPTBot/1.3; +https://openai.com/gptbot)"
74.7.243.225 - - [13/Mar/2026:05:14:41 +1000] "GET /mklax.php?path=//lib64/apache2/modules HTTP/1.1" 200 82574 "https://www.smart.posscales.com/mklax.php?path=//lib64/apache2" "Mozilla/5.0 AppleWebKit/537.36 (KHTML, like Gecko; compatible; GPTBot/1.3; +https://openai.com/gptbot)"
74.7.243.225 - - [13/Mar/2026:05:14:41 +1000] "GET /grvjn.php?path=//opt/imunify360/venv HTTP/1.1" 200 21476 "https://www.smart.posscales.com/grvjn.php?path=//opt/imunify360" "Mozilla/5.0 AppleWebKit/537.36 (KHTML, like Gecko; compatible; GPTBot/1.3; +https://openai.com/gptbot)"
74.7.243.225 - - [13/Mar/2026:05:14:42 +1000] "GET /grvjn.php?path=//lib64/sw HTTP/1.1" 200 21944 "https://www.smart.posscales.com/grvjn.php?path=//lib64" "Mozilla/5.0 AppleWebKit/537.36 (KHTML, like Gecko; compatible; GPTBot/1.3; +https://openai.com/gptbot)"
74.7.243.225 - - [13/Mar/2026:05:14:42 +1000] "GET /mklax.php?path=//lib64/gtk-2.0 HTTP/1.1" 200 17218 "https://www.smart.posscales.com/mklax.php?path=//lib64" "Mozilla/5.0 AppleWebKit/537.36 (KHTML, like Gecko; compatible; GPTBot/1.3; +https://openai.com/gptbot)"
74.7.243.225 - - [13/Mar/2026:05:14:43 +1000] "GET /grvjn.php?path=//opt/smartstorageadmin HTTP/1.1" 200 14552 "https://www.smart.posscales.com/grvjn.php?path=//opt" "Mozilla/5.0 AppleWebKit/537.36 (KHTML, like Gecko; compatible; GPTBot/1.3; +https://openai.com/gptbot)"
74.7.243.225 - - [13/Mar/2026:05:14:43 +1000] "GET /mklax.php?path=//opt/smartstorageadmin HTTP/1.1" 200 14552 "https://www.smart.posscales.com/mklax.php?path=//opt" "Mozilla/5.0 AppleWebKit/537.36 (KHTML, like Gecko; compatible; GPTBot/1.3; +https://openai.com/gptbot)"
74.7.243.225 - - [13/Mar/2026:05:14:44 +1000] "GET /mklax.php?path=//lib64/libnfsidmap HTTP/1.1" 200 19052 "https://www.smart.posscales.com/mklax.php?path=//lib64" "Mozilla/5.0 AppleWebKit/537.36 (KHTML, like Gecko; compatible; GPTBot/1.3; +https://openai.com/gptbot)"
74.7.227.54 - - [13/Mar/2026:05:14:40 +1000] "GET /mklax.php?fileloc=//lib/.build-id/ad/b20bd4e96be6e04544dea70253a93fa06b25ea&path=//lib/.build-id/ad HTTP/1.1" 200 2559194 "https://smart.posscales.com/mklax.php?path=//lib/.build-id/ad" "Mozilla/5.0 AppleWebKit/537.36 (KHTML, like Gecko; compatible; GPTBot/1.3; +https://openai.com/gptbot)"
74.7.243.225 - - [13/Mar/2026:05:14:44 +1000] "GET /mklax.php?fileloc=//lib64/pkgconfig/x11-xcb.pc&path=//lib64/pkgconfig HTTP/1.1" 200 12964 "https://www.smart.posscales.com/mklax.php?path=//lib64/pkgconfig" "Mozilla/5.0 AppleWebKit/537.36 (KHTML, like Gecko; compatible; GPTBot/1.3; +https://openai.com/gptbot)"
74.7.227.54 - - [13/Mar/2026:05:14:44 +1000] "GET /mklax.php?path=/home/posscale/public_html/printmanager/storage/app/public HTTP/1.1" 200 15170 "https://smart.posscales.com/mklax.php?path=/home/posscale/public_html/printmanager/storage/app" "Mozilla/5.0 AppleWebKit/537.36 (KHTML, like Gecko; compatible; GPTBot/1.3; +https://openai.com/gptbot)"
74.7.243.225 - - [13/Mar/2026:05:14:45 +1000] "GET /mklax.php?fileloc=//lib64/pkgconfig/libjpeg.pc&path=//lib64/pkgconfig HTTP/1.1" 200 12979 "https://www.smart.posscales.com/mklax.php?path=//lib64/pkgconfig" "Mozilla/5.0 AppleWebKit/537.36 (KHTML, like Gecko; compatible; GPTBot/1.3; +https://openai.com/gptbot)"
74.7.227.54 - - [13/Mar/2026:05:14:45 +1000] "GET /mklax.php?path=//lib/.build-id/80 HTTP/1.1" 200 38452 "https://smart.posscales.com/mklax.php?path=//lib/.build-id" "Mozilla/5.0 AppleWebKit/537.36 (KHTML, like Gecko; compatible; GPTBot/1.3; +https://openai.com/gptbot)"
74.7.243.225 - - [13/Mar/2026:05:14:45 +1000] "GET /mklax.php?fileloc=//lib64/libbabeltrace-ctf-metadata.so.1&path=//lib64 HTTP/1.1" 200 26703 "https://www.smart.posscales.com/mklax.php?path=//lib64" "Mozilla/5.0 AppleWebKit/537.36 (KHTML, like Gecko; compatible; GPTBot/1.3; +https://openai.com/gptbot)"
74.7.227.54 - - [13/Mar/2026:05:14:46 +1000] "GET /mklax.php?path=//lib/.build-id/65 HTTP/1.1" 200 30574 "https://smart.posscales.com/mklax.php?path=//lib/.build-id" "Mozilla/5.0 AppleWebKit/537.36 (KHTML, like Gecko; compatible; GPTBot/1.3; +https://openai.com/gptbot)"
74.7.243.225 - - [13/Mar/2026:05:14:46 +1000] "GET /grvjn.php?path=//opt/cloudlinux-site-optimization-module HTTP/1.1" 200 21021 "https://www.smart.posscales.com/grvjn.php?path=//opt" "Mozilla/5.0 AppleWebKit/537.36 (KHTML, like Gecko; compatible; GPTBot/1.3; +https://openai.com/gptbot)"
74.7.227.54 - - [13/Mar/2026:05:14:46 +1000] "GET /mklax.php?path=//lib/.build-id/9b HTTP/1.1" 200 32146 "https://smart.posscales.com/mklax.php?path=//lib/.build-id" "Mozilla/5.0 AppleWebKit/537.36 (KHTML, like Gecko; compatible; GPTBot/1.3; +https://openai.com/gptbot)"
74.7.243.225 - - [13/Mar/2026:05:14:46 +1000] "GET /grvjn.php?path=//lib64/tk8.6 HTTP/1.1" 200 14619 "https://www.smart.posscales.com/grvjn.php?path=//lib64" "Mozilla/5.0 AppleWebKit/537.36 (KHTML, like Gecko; compatible; GPTBot/1.3; +https://openai.com/gptbot)"
74.7.227.54 - - [13/Mar/2026:05:14:47 +1000] "GET /mklax.php?path=//lib/.build-id/54 HTTP/1.1" 200 38459 "https://smart.posscales.com/mklax.php?path=//lib/.build-id" "Mozilla/5.0 AppleWebKit/537.36 (KHTML, like Gecko; compatible; GPTBot/1.3; +https://openai.com/gptbot)"
74.7.243.225 - - [13/Mar/2026:05:14:47 +1000] "GET /grvjn.php?path=//opt/imunify360/venv/bin HTTP/1.1" 200 61004 "https://www.smart.posscales.com/grvjn.php?path=//opt/imunify360/venv" "Mozilla/5.0 AppleWebKit/537.36 (KHTML, like Gecko; compatible; GPTBot/1.3; +https://openai.com/gptbot)"
74.7.227.54 - - [13/Mar/2026:05:14:47 +1000] "GET /mklax.php?path=//lib/.build-id/15 HTTP/1.1" 200 38457 "https://smart.posscales.com/mklax.php?path=//lib/.build-id" "Mozilla/5.0 AppleWebKit/537.36 (KHTML, like Gecko; compatible; GPTBot/1.3; +https://openai.com/gptbot)"
74.7.243.225 - - [13/Mar/2026:05:14:47 +1000] "GET /mklax.php?path=//var/www HTTP/1.1" 200 15804 "https://www.smart.posscales.com/mklax.php?path=//var" "Mozilla/5.0 AppleWebKit/537.36 (KHTML, like Gecko; compatible; GPTBot/1.3; +https://openai.com/gptbot)"
74.7.227.54 - - [13/Mar/2026:05:14:48 +1000] "GET /mklax.php?path=//lib/.build-id/28 HTTP/1.1" 200 27411 "https://smart.posscales.com/mklax.php?path=//lib/.build-id" "Mozilla/5.0 AppleWebKit/537.36 (KHTML, like Gecko; compatible; GPTBot/1.3; +https://openai.com/gptbot)"
74.7.243.225 - - [13/Mar/2026:05:14:48 +1000] "GET /grvjn.php?path=//var/www HTTP/1.1" 200 15804 "https://www.smart.posscales.com/grvjn.php?path=//var" "Mozilla/5.0 AppleWebKit/537.36 (KHTML, like Gecko; compatible; GPTBot/1.3; +https://openai.com/gptbot)"
74.7.227.54 - - [13/Mar/2026:05:14:48 +1000] "GET /mklax.php?path=//lib/.build-id/55 HTTP/1.1" 200 32149 "https://smart.posscales.com/mklax.php?path=//lib/.build-id" "Mozilla/5.0 AppleWebKit/537.36 (KHTML, like Gecko; compatible; GPTBot/1.3; +https://openai.com/gptbot)"
74.7.243.225 - - [13/Mar/2026:05:14:49 +1000] "GET /grvjn.php?path=//opt/smartstorageadmin/ssacli HTTP/1.1" 200 14619 "https://www.smart.posscales.com/grvjn.php?path=//opt/smartstorageadmin" "Mozilla/5.0 AppleWebKit/537.36 (KHTML, like Gecko; compatible; GPTBot/1.3; +https://openai.com/gptbot)"
74.7.227.54 - - [13/Mar/2026:05:14:49 +1000] "GET /mklax.php?path=//lib/.build-id/74 HTTP/1.1" 200 33725 "https://smart.posscales.com/mklax.php?path=//lib/.build-id" "Mozilla/5.0 AppleWebKit/537.36 (KHTML, like Gecko; compatible; GPTBot/1.3; +https://openai.com/gptbot)"
74.7.243.225 - - [13/Mar/2026:05:14:49 +1000] "GET /mklax.php?path=//opt/smartstorageadmin/ssacli HTTP/1.1" 200 14619 "https://www.smart.posscales.com/mklax.php?path=//opt/smartstorageadmin" "Mozilla/5.0 AppleWebKit/537.36 (KHTML, like Gecko; compatible; GPTBot/1.3; +https://openai.com/gptbot)"
74.7.227.54 - - [13/Mar/2026:05:14:49 +1000] "GET /mklax.php?path=//lib/.build-id/d1 HTTP/1.1" 200 22683 "https://smart.posscales.com/mklax.php?path=//lib/.build-id" "Mozilla/5.0 AppleWebKit/537.36 (KHTML, like Gecko; compatible; GPTBot/1.3; +https://openai.com/gptbot)"
74.7.243.225 - - [13/Mar/2026:05:14:50 +1000] "GET /mklax.php?path=/home/posscale/public_html/call_control_update HTTP/1.1" 200 33939 "https://www.smart.posscales.com/mklax.php?path=/home/posscale/public_html" "Mozilla/5.0 AppleWebKit/537.36 (KHTML, like Gecko; compatible; GPTBot/1.3; +https://openai.com/gptbot)"
74.7.227.54 - - [13/Mar/2026:05:14:50 +1000] "GET /mklax.php?path=//lib/.build-id/1d HTTP/1.1" 200 27411 "https://smart.posscales.com/mklax.php?path=//lib/.build-id" "Mozilla/5.0 AppleWebKit/537.36 (KHTML, like Gecko; compatible; GPTBot/1.3; +https://openai.com/gptbot)"
74.7.243.225 - - [13/Mar/2026:05:14:50 +1000] "GET /mklax.php?path=//opt/cloudlinux-linksafe HTTP/1.1" 200 14665 "https://www.smart.posscales.com/mklax.php?path=//opt" "Mozilla/5.0 AppleWebKit/537.36 (KHTML, like Gecko; compatible; GPTBot/1.3; +https://openai.com/gptbot)"
74.7.227.54 - - [13/Mar/2026:05:14:50 +1000] "GET /mklax.php?path=//lib/.build-id/42 HTTP/1.1" 200 38447 "https://smart.posscales.com/mklax.php?path=//lib/.build-id" "Mozilla/5.0 AppleWebKit/537.36 (KHTML, like Gecko; compatible; GPTBot/1.3; +https://openai.com/gptbot)"
74.7.243.225 - - [13/Mar/2026:05:14:51 +1000] "GET /grvjn.php?path=//lib64/device-mapper HTTP/1.1" 200 20991 "https://www.smart.posscales.com/grvjn.php?path=//lib64" "Mozilla/5.0 AppleWebKit/537.36 (KHTML, like Gecko; compatible; GPTBot/1.3; +https://openai.com/gptbot)"
74.7.227.54 - - [13/Mar/2026:05:14:51 +1000] "GET /mklax.php?path=//lib/.build-id/43 HTTP/1.1" 200 32144 "https://smart.posscales.com/mklax.php?path=//lib/.build-id" "Mozilla/5.0 AppleWebKit/537.36 (KHTML, like Gecko; compatible; GPTBot/1.3; +https://openai.com/gptbot)"
74.7.243.225 - - [13/Mar/2026:05:14:51 +1000] "GET /mklax.php?path=//lib64/device-mapper HTTP/1.1" 200 20991 "https://www.smart.posscales.com/mklax.php?path=//lib64" "Mozilla/5.0 AppleWebKit/537.36 (KHTML, like Gecko; compatible; GPTBot/1.3; +https://openai.com/gptbot)"
74.7.227.54 - - [13/Mar/2026:05:14:51 +1000] "GET /mklax.php?path=//lib/.build-id/93 HTTP/1.1" 200 30579 "https://smart.posscales.com/mklax.php?path=//lib/.build-id" "Mozilla/5.0 AppleWebKit/537.36 (KHTML, like Gecko; compatible; GPTBot/1.3; +https://openai.com/gptbot)"
74.7.243.225 - - [13/Mar/2026:05:14:52 +1000] "GET /grvjn.php?path=//run/net-snmp HTTP/1.1" 200 13166 "https://www.smart.posscales.com/grvjn.php?path=//run" "Mozilla/5.0 AppleWebKit/537.36 (KHTML, like Gecko; compatible; GPTBot/1.3; +https://openai.com/gptbot)"
74.7.227.54 - - [13/Mar/2026:05:14:52 +1000] "GET /mklax.php?path=//lib/.build-id/45 HTTP/1.1" 200 46354 "https://smart.posscales.com/mklax.php?path=//lib/.build-id" "Mozilla/5.0 AppleWebKit/537.36 (KHTML, like Gecko; compatible; GPTBot/1.3; +https://openai.com/gptbot)"
74.7.243.225 - - [13/Mar/2026:05:14:52 +1000] "GET /grvjn.php?path=//lib64/libnfsidmap HTTP/1.1" 200 19052 "https://www.smart.posscales.com/grvjn.php?path=//lib64" "Mozilla/5.0 AppleWebKit/537.36 (KHTML, like Gecko; compatible; GPTBot/1.3; +https://openai.com/gptbot)"
74.7.227.54 - - [13/Mar/2026:05:14:52 +1000] "GET /mklax.php?path=//lib/.build-id/d3 HTTP/1.1" 200 33725 "https://smart.posscales.com/mklax.php?path=//lib/.build-id" "Mozilla/5.0 AppleWebKit/537.36 (KHTML, like Gecko; compatible; GPTBot/1.3; +https://openai.com/gptbot)"
74.7.243.225 - - [13/Mar/2026:05:14:53 +1000] "GET /grvjn.php?fileloc=//opt/imunify360/venv/bin/python&path=//opt/imunify360/venv/bin HTTP/1.1" 200 30127 "https://www.smart.posscales.com/grvjn.php?path=//opt/imunify360/venv/bin" "Mozilla/5.0 AppleWebKit/537.36 (KHTML, like Gecko; compatible; GPTBot/1.3; +https://openai.com/gptbot)"
74.7.227.54 - - [13/Mar/2026:05:14:53 +1000] "GET /mklax.php?path=//lib/.build-id/5a HTTP/1.1" 200 33729 "https://smart.posscales.com/mklax.php?path=//lib/.build-id" "Mozilla/5.0 AppleWebKit/537.36 (KHTML, like Gecko; compatible; GPTBot/1.3; +https://openai.com/gptbot)"
74.7.243.225 - - [13/Mar/2026:05:14:53 +1000] "GET /grvjn.php?path=//lib64/gtk-2.0 HTTP/1.1" 200 17218 "https://www.smart.posscales.com/grvjn.php?path=//lib64" "Mozilla/5.0 AppleWebKit/537.36 (KHTML, like Gecko; compatible; GPTBot/1.3; +https://openai.com/gptbot)"
74.7.227.54 - - [13/Mar/2026:05:14:54 +1000] "GET /mklax.php?path=//lib/.build-id/e0 HTTP/1.1" 200 43193 "https://smart.posscales.com/mklax.php?path=//lib/.build-id" "Mozilla/5.0 AppleWebKit/537.36 (KHTML, like Gecko; compatible; GPTBot/1.3; +https://openai.com/gptbot)"
74.7.243.225 - - [13/Mar/2026:05:14:54 +1000] "GET /grvjn.php?fileloc=//lib64/pkgconfig/libfstrm.pc&path=//lib64/pkgconfig HTTP/1.1" 200 12958 "https://www.smart.posscales.com/grvjn.php?path=//lib64/pkgconfig" "Mozilla/5.0 AppleWebKit/537.36 (KHTML, like Gecko; compatible; GPTBot/1.3; +https://openai.com/gptbot)"
74.7.227.54 - - [13/Mar/2026:05:14:54 +1000] "GET /mklax.php?path=//lib/.build-id/f9 HTTP/1.1" 200 33723 "https://smart.posscales.com/mklax.php?path=//lib/.build-id" "Mozilla/5.0 AppleWebKit/537.36 (KHTML, like Gecko; compatible; GPTBot/1.3; +https://openai.com/gptbot)"
74.7.243.225 - - [13/Mar/2026:05:14:54 +1000] "GET /grvjn.php?path=//opt/smartstorageadmin/ssacli/bin HTTP/1.1" 200 22561 "https://www.smart.posscales.com/grvjn.php?path=//opt/smartstorageadmin/ssacli" "Mozilla/5.0 AppleWebKit/537.36 (KHTML, like Gecko; compatible; GPTBot/1.3; +https://openai.com/gptbot)"
74.7.227.54 - - [13/Mar/2026:05:14:55 +1000] "GET /mklax.php?path=//lib/.build-id/23 HTTP/1.1" 200 44763 "https://smart.posscales.com/mklax.php?path=//lib/.build-id" "Mozilla/5.0 AppleWebKit/537.36 (KHTML, like Gecko; compatible; GPTBot/1.3; +https://openai.com/gptbot)"
74.7.243.225 - - [13/Mar/2026:05:14:55 +1000] "GET /mklax.php?path=//opt/smartstorageadmin/ssacli/bin HTTP/1.1" 200 22561 "https://www.smart.posscales.com/mklax.php?path=//opt/smartstorageadmin/ssacli" "Mozilla/5.0 AppleWebKit/537.36 (KHTML, like Gecko; compatible; GPTBot/1.3; +https://openai.com/gptbot)"
74.7.227.54 - - [13/Mar/2026:05:14:55 +1000] "GET /mklax.php?fileloc=//lib/.build-id/d1/83be37f2b8b78018260e57b41839697ce73c63&path=//lib/.build-id/d1 HTTP/1.1" 200 478931 "https://smart.posscales.com/mklax.php?path=//lib/.build-id/d1" "Mozilla/5.0 AppleWebKit/537.36 (KHTML, like Gecko; compatible; GPTBot/1.3; +https://openai.com/gptbot)"
74.7.243.225 - - [13/Mar/2026:05:14:55 +1000] "GET /grvjn.php?fileloc=//usr/bin/date&path=//usr/bin HTTP/1.1" 200 179600 "https://www.smart.posscales.com/grvjn.php?path=//usr/bin" "Mozilla/5.0 AppleWebKit/537.36 (KHTML, like Gecko; compatible; GPTBot/1.3; +https://openai.com/gptbot)"
74.7.227.54 - - [13/Mar/2026:05:14:56 +1000] "GET /mklax.php?path=//lib/.build-id/27 HTTP/1.1" 200 28989 "https://smart.posscales.com/mklax.php?path=//lib/.build-id" "Mozilla/5.0 AppleWebKit/537.36 (KHTML, like Gecko; compatible; GPTBot/1.3; +https://openai.com/gptbot)"
74.7.243.225 - - [13/Mar/2026:05:14:56 +1000] "GET /mklax.php?path=//lib64/sa HTTP/1.1" 200 17379 "https://www.smart.posscales.com/mklax.php?path=//lib64" "Mozilla/5.0 AppleWebKit/537.36 (KHTML, like Gecko; compatible; GPTBot/1.3; +https://openai.com/gptbot)"
74.7.227.54 - - [13/Mar/2026:05:14:57 +1000] "GET /mklax.php?path=//lib/.build-id/5b HTTP/1.1" 200 38450 "https://smart.posscales.com/mklax.php?path=//lib/.build-id" "Mozilla/5.0 AppleWebKit/537.36 (KHTML, like Gecko; compatible; GPTBot/1.3; +https://openai.com/gptbot)"
74.7.243.225 - - [13/Mar/2026:05:14:57 +1000] "GET /mklax.php?path=/home/posscale/perl5 HTTP/1.1" 200 13214 "https://www.smart.posscales.com/mklax.php?path=/home/posscale" "Mozilla/5.0 AppleWebKit/537.36 (KHTML, like Gecko; compatible; GPTBot/1.3; +https://openai.com/gptbot)"
74.7.227.54 - - [13/Mar/2026:05:14:57 +1000] "GET /mklax.php?path=//lib/.build-id/5f HTTP/1.1" 200 25833 "https://smart.posscales.com/mklax.php?path=//lib/.build-id" "Mozilla/5.0 AppleWebKit/537.36 (KHTML, like Gecko; compatible; GPTBot/1.3; +https://openai.com/gptbot)"
74.7.243.225 - - [13/Mar/2026:05:14:57 +1000] "GET /grvjn.php?path=//etc/crypto-policies HTTP/1.1" 200 20109 "https://www.smart.posscales.com/grvjn.php?path=//etc" "Mozilla/5.0 AppleWebKit/537.36 (KHTML, like Gecko; compatible; GPTBot/1.3; +https://openai.com/gptbot)"
74.7.227.54 - - [13/Mar/2026:05:14:58 +1000] "GET /mklax.php?path=//lib/.build-id/46 HTTP/1.1" 200 25834 "https://smart.posscales.com/mklax.php?path=//lib/.build-id" "Mozilla/5.0 AppleWebKit/537.36 (KHTML, like Gecko; compatible; GPTBot/1.3; +https://openai.com/gptbot)"
74.7.243.225 - - [13/Mar/2026:05:14:58 +1000] "GET /mklax.php?path=//etc/crypto-policies HTTP/1.1" 200 20109 "https://www.smart.posscales.com/mklax.php?path=//etc" "Mozilla/5.0 AppleWebKit/537.36 (KHTML, like Gecko; compatible; GPTBot/1.3; +https://openai.com/gptbot)"
