HEX
Server: Apache
System: Linux server2.voipitup.com.au 4.18.0-553.104.1.lve.el8.x86_64 #1 SMP Tue Feb 10 20:07:30 UTC 2026 x86_64
User: posscale (1027)
PHP: 8.2.29
Disabled: exec,passthru,shell_exec,system
Upload Files
File: //home/posscale/access-logs/smart.posscales.com-ssl_log
83.142.209.33 - - [28/Feb/2026:22:30:59 +1000] "GET /wp-content/plugins/wpvivid-backuprestore/readme.txt HTTP/1.1" 404 - "www.google.com" "Mozlila/5.0 (Linux; Android 7.0; SM-G892A Bulid/NRD90M; wv) AppleWebKit/537.36 (KHTML, like Gecko) Version/4.0 Chrome/60.0.3112.107 Moblie Safari/537.36"
118.127.40.73 - - [28/Feb/2026:22:44:58 +1000] "GET / HTTP/1.1" 200 1193 "-" "Python/3.11 aiohttp/3.9.2"
118.127.40.73 - - [28/Feb/2026:23:15:00 +1000] "GET / HTTP/1.1" 200 1193 "-" "Python/3.11 aiohttp/3.9.2"
118.127.40.73 - - [28/Feb/2026:23:44:58 +1000] "GET / HTTP/1.1" 200 1193 "-" "Python/3.11 aiohttp/3.9.2"
118.127.40.73 - - [01/Mar/2026:00:14:58 +1000] "GET / HTTP/1.1" 200 1193 "-" "Python/3.11 aiohttp/3.9.2"
118.127.40.73 - - [01/Mar/2026:00:45:01 +1000] "GET / HTTP/1.1" 200 1193 "-" "Python/3.11 aiohttp/3.9.2"
195.178.110.54 - - [01/Mar/2026:00:55:59 +1000] "GET / HTTP/1.1" 200 1193 "-" "Mozilla/5.0 (Macintosh; Intel Mac OS X 10_6_8) AppleWebKit/537.13+ (KHTML, like Gecko) Version/5.1.7 Safari/534.57.2"
118.127.40.73 - - [01/Mar/2026:01:14:59 +1000] "GET / HTTP/1.1" 200 1193 "-" "Python/3.11 aiohttp/3.9.2"
118.127.40.73 - - [01/Mar/2026:01:44:59 +1000] "GET / HTTP/1.1" 200 1193 "-" "Python/3.11 aiohttp/3.9.2"
198.235.24.156 - - [01/Mar/2026:01:45:22 +1000] "GET / HTTP/1.1" 200 1193 "-" "Hello from Palo Alto Networks, find out more about our scans in https://docs-cortex.paloaltonetworks.com/r/1/Cortex-Xpanse/Scanning-activity"
118.127.40.73 - - [01/Mar/2026:02:14:59 +1000] "GET / HTTP/1.1" 200 1193 "-" "Python/3.11 aiohttp/3.9.2"
74.7.241.151 - - [01/Mar/2026:02:17:52 +1000] "GET /robots.txt HTTP/1.1" 404 - "-" "Mozilla/5.0 (Macintosh; Intel Mac OS X 10_15_7) AppleWebKit/537.36 (KHTML, like Gecko) Chrome/131.0.0.0 Safari/537.36; compatible; OAI-SearchBot/1.3; robots.txt; +https://openai.com/searchbot"
118.127.40.73 - - [01/Mar/2026:02:45:01 +1000] "GET / HTTP/1.1" 200 1193 "-" "Python/3.11 aiohttp/3.9.2"
118.127.40.73 - - [01/Mar/2026:03:15:00 +1000] "GET / HTTP/1.1" 200 1193 "-" "Python/3.11 aiohttp/3.9.2"
118.127.40.73 - - [01/Mar/2026:03:45:00 +1000] "GET / HTTP/1.1" 200 1193 "-" "Python/3.11 aiohttp/3.9.2"
118.127.40.73 - - [01/Mar/2026:04:15:13 +1000] "GET / HTTP/1.1" 200 1193 "-" "Python/3.11 aiohttp/3.9.2"
118.127.40.73 - - [01/Mar/2026:04:45:03 +1000] "GET / HTTP/1.1" 200 1193 "-" "Python/3.11 aiohttp/3.9.2"
104.210.140.137 - - [01/Mar/2026:04:46:36 +1000] "GET /robots.txt HTTP/1.1" 404 - "-" "Mozilla/5.0 (Macintosh; Intel Mac OS X 10_15_7) AppleWebKit/537.36 (KHTML, like Gecko) Chrome/131.0.0.0 Safari/537.36; compatible; OAI-SearchBot/1.0; +https://openai.com/searchbot"
118.127.40.73 - - [01/Mar/2026:05:15:02 +1000] "GET / HTTP/1.1" 200 1193 "-" "Python/3.11 aiohttp/3.9.2"
118.127.40.73 - - [01/Mar/2026:05:45:03 +1000] "GET / HTTP/1.1" 200 1193 "-" "Python/3.11 aiohttp/3.9.2"
118.127.40.73 - - [01/Mar/2026:06:15:03 +1000] "GET / HTTP/1.1" 200 1193 "-" "Python/3.11 aiohttp/3.9.2"
118.127.40.73 - - [01/Mar/2026:06:45:03 +1000] "GET / HTTP/1.1" 200 1193 "-" "Python/3.11 aiohttp/3.9.2"
118.127.40.73 - - [01/Mar/2026:07:15:03 +1000] "GET / HTTP/1.1" 200 1193 "-" "Python/3.11 aiohttp/3.9.2"
198.235.24.208 - - [01/Mar/2026:07:32:14 +1000] "GET / HTTP/1.1" 200 1193 "-" "Hello from Palo Alto Networks, find out more about our scans in https://docs-cortex.paloaltonetworks.com/r/1/Cortex-Xpanse/Scanning-activity"
118.127.40.73 - - [01/Mar/2026:07:45:08 +1000] "GET / HTTP/1.1" 200 1193 "-" "Python/3.11 aiohttp/3.9.2"
118.127.40.73 - - [01/Mar/2026:08:15:05 +1000] "GET / HTTP/1.1" 200 1193 "-" "Python/3.11 aiohttp/3.9.2"
118.127.40.73 - - [01/Mar/2026:08:45:06 +1000] "GET / HTTP/1.1" 200 1193 "-" "Python/3.11 aiohttp/3.9.2"
118.127.40.73 - - [01/Mar/2026:09:15:04 +1000] "GET / HTTP/1.1" 200 1193 "-" "Python/3.11 aiohttp/3.9.2"
118.127.40.73 - - [01/Mar/2026:09:45:05 +1000] "GET / HTTP/1.1" 200 1193 "-" "Python/3.11 aiohttp/3.9.2"
118.127.40.73 - - [01/Mar/2026:10:15:05 +1000] "GET / HTTP/1.1" 200 1193 "-" "Python/3.11 aiohttp/3.9.2"
118.127.40.73 - - [01/Mar/2026:10:45:05 +1000] "GET / HTTP/1.1" 200 1193 "-" "Python/3.11 aiohttp/3.9.2"
118.127.40.73 - - [01/Mar/2026:11:15:06 +1000] "GET / HTTP/1.1" 200 1193 "-" "Python/3.11 aiohttp/3.9.2"
147.185.132.67 - - [01/Mar/2026:11:31:57 +1000] "GET /.well-known/security.txt HTTP/1.1" 404 - "-" "Hello from Palo Alto Networks, find out more about our scans in https://docs-cortex.paloaltonetworks.com/r/1/Cortex-Xpanse/Scanning-activity"
118.127.40.73 - - [01/Mar/2026:11:45:06 +1000] "GET / HTTP/1.1" 200 1193 "-" "Python/3.11 aiohttp/3.9.2"
118.127.40.73 - - [01/Mar/2026:12:15:06 +1000] "GET / HTTP/1.1" 200 1193 "-" "Python/3.11 aiohttp/3.9.2"
1.192.195.5 - - [01/Mar/2026:12:21:10 +1000] "GET / HTTP/1.1" 200 1193 "-" "Mozilla/5.0 (Macintosh; Intel Mac OS X 10_15_7) AppleWebKit/537.36 (KHTML, like Gecko) Chrome/120.0.0.0 Safari/537.36 Edg/120.0.0.0"
1.192.192.6 - - [01/Mar/2026:12:21:34 +1000] "GET /robots.txt HTTP/1.1" 404 - "-" "Mozilla/5.0 (Macintosh; Intel Mac OS X 10_15_7) AppleWebKit/537.36 (KHTML, like Gecko) Chrome/120.0.0.0 Safari/537.36 Edg/120.0.0.0"
1.192.192.4 - - [01/Mar/2026:12:22:18 +1000] "GET / HTTP/1.1" 200 1193 "-" "Mozilla/5.0 (Macintosh; Intel Mac OS X 10_7_0) AppleWebKit/535.11 (KHTML, like Gecko) Chrome/17.0.963.56 Safari/535.11"
118.127.40.73 - - [01/Mar/2026:12:45:10 +1000] "GET / HTTP/1.1" 200 1193 "-" "Python/3.11 aiohttp/3.9.2"
118.127.40.73 - - [01/Mar/2026:13:15:06 +1000] "GET / HTTP/1.1" 200 1193 "-" "Python/3.11 aiohttp/3.9.2"
118.127.40.73 - - [01/Mar/2026:13:45:06 +1000] "GET / HTTP/1.1" 200 1193 "-" "Python/3.11 aiohttp/3.9.2"
118.127.40.73 - - [01/Mar/2026:14:15:07 +1000] "GET / HTTP/1.1" 200 1193 "-" "Python/3.11 aiohttp/3.9.2"
118.127.40.73 - - [01/Mar/2026:14:45:07 +1000] "GET / HTTP/1.1" 200 1193 "-" "Python/3.11 aiohttp/3.9.2"
118.127.40.73 - - [01/Mar/2026:15:15:07 +1000] "GET / HTTP/1.1" 200 1193 "-" "Python/3.11 aiohttp/3.9.2"
118.127.40.73 - - [01/Mar/2026:15:45:07 +1000] "GET / HTTP/1.1" 200 1193 "-" "Python/3.11 aiohttp/3.9.2"
118.127.40.73 - - [01/Mar/2026:16:15:07 +1000] "GET / HTTP/1.1" 200 1193 "-" "Python/3.11 aiohttp/3.9.2"
118.127.40.73 - - [01/Mar/2026:16:45:08 +1000] "GET / HTTP/1.1" 200 1193 "-" "Python/3.11 aiohttp/3.9.2"
118.127.40.73 - - [01/Mar/2026:17:15:08 +1000] "GET / HTTP/1.1" 200 1193 "-" "Python/3.11 aiohttp/3.9.2"
118.127.40.73 - - [01/Mar/2026:17:45:08 +1000] "GET / HTTP/1.1" 200 1193 "-" "Python/3.11 aiohttp/3.9.2"
118.127.40.73 - - [01/Mar/2026:18:15:10 +1000] "GET / HTTP/1.1" 200 1193 "-" "Python/3.11 aiohttp/3.9.2"
118.127.40.73 - - [01/Mar/2026:18:45:09 +1000] "GET / HTTP/1.1" 200 1193 "-" "Python/3.11 aiohttp/3.9.2"
118.127.40.73 - - [01/Mar/2026:19:15:09 +1000] "GET / HTTP/1.1" 200 1193 "-" "Python/3.11 aiohttp/3.9.2"
118.127.40.73 - - [01/Mar/2026:19:45:08 +1000] "GET / HTTP/1.1" 200 1193 "-" "Python/3.11 aiohttp/3.9.2"
118.127.40.73 - - [01/Mar/2026:20:15:09 +1000] "GET / HTTP/1.1" 200 1193 "-" "Python/3.11 aiohttp/3.9.2"
147.185.132.45 - - [01/Mar/2026:20:17:47 +1000] "GET /.well-known/security.txt HTTP/1.1" 404 - "-" "Hello from Palo Alto Networks, find out more about our scans in https://docs-cortex.paloaltonetworks.com/r/1/Cortex-Xpanse/Scanning-activity"
118.127.40.73 - - [01/Mar/2026:20:45:09 +1000] "GET / HTTP/1.1" 200 1193 "-" "Python/3.11 aiohttp/3.9.2"
74.7.244.28 - - [01/Mar/2026:20:46:14 +1000] "GET /robots.txt HTTP/1.1" 404 - "-" "Mozilla/5.0 (Macintosh; Intel Mac OS X 10_15_7) AppleWebKit/537.36 (KHTML, like Gecko) Chrome/131.0.0.0 Safari/537.36; compatible; OAI-SearchBot/1.3; robots.txt; +https://openai.com/searchbot"
74.7.242.21 - - [01/Mar/2026:20:46:17 +1000] "GET / HTTP/1.1" 200 1193 "-" "Mozilla/5.0 AppleWebKit/537.36 (KHTML, like Gecko; compatible; GPTBot/1.3; +https://openai.com/gptbot)"
74.7.242.21 - - [01/Mar/2026:20:46:23 +1000] "GET /?C=M;O=A HTTP/1.1" 200 1193 "https://www.smart.posscales.com/" "Mozilla/5.0 AppleWebKit/537.36 (KHTML, like Gecko; compatible; GPTBot/1.3; +https://openai.com/gptbot)"
74.7.242.21 - - [01/Mar/2026:20:46:35 +1000] "GET /?C=D;O=A HTTP/1.1" 200 1193 "https://www.smart.posscales.com/" "Mozilla/5.0 AppleWebKit/537.36 (KHTML, like Gecko; compatible; GPTBot/1.3; +https://openai.com/gptbot)"
74.7.242.21 - - [01/Mar/2026:20:46:38 +1000] "GET /?C=N;O=D HTTP/1.1" 200 1193 "https://www.smart.posscales.com/" "Mozilla/5.0 AppleWebKit/537.36 (KHTML, like Gecko; compatible; GPTBot/1.3; +https://openai.com/gptbot)"
74.7.242.21 - - [01/Mar/2026:20:46:41 +1000] "GET /?C=N;O=A HTTP/1.1" 200 1193 "https://www.smart.posscales.com/?C=M;O=A" "Mozilla/5.0 AppleWebKit/537.36 (KHTML, like Gecko; compatible; GPTBot/1.3; +https://openai.com/gptbot)"
74.7.242.21 - - [01/Mar/2026:20:46:44 +1000] "GET /?C=M;O=D HTTP/1.1" 200 1193 "https://www.smart.posscales.com/?C=M;O=A" "Mozilla/5.0 AppleWebKit/537.36 (KHTML, like Gecko; compatible; GPTBot/1.3; +https://openai.com/gptbot)"
74.7.242.21 - - [01/Mar/2026:20:46:46 +1000] "GET /?C=D;O=D HTTP/1.1" 200 1193 "https://www.smart.posscales.com/?C=D;O=A" "Mozilla/5.0 AppleWebKit/537.36 (KHTML, like Gecko; compatible; GPTBot/1.3; +https://openai.com/gptbot)"
118.127.40.73 - - [01/Mar/2026:21:15:09 +1000] "GET / HTTP/1.1" 200 1193 "-" "Python/3.11 aiohttp/3.9.2"
118.127.40.73 - - [01/Mar/2026:21:45:10 +1000] "GET / HTTP/1.1" 200 1193 "-" "Python/3.11 aiohttp/3.9.2"
118.127.40.73 - - [01/Mar/2026:22:15:10 +1000] "GET / HTTP/1.1" 200 1193 "-" "Python/3.11 aiohttp/3.9.2"
118.127.40.73 - - [01/Mar/2026:22:45:10 +1000] "GET / HTTP/1.1" 200 1193 "-" "Python/3.11 aiohttp/3.9.2"
118.127.40.73 - - [01/Mar/2026:23:15:10 +1000] "GET / HTTP/1.1" 200 1193 "-" "Python/3.11 aiohttp/3.9.2"
118.127.40.73 - - [01/Mar/2026:23:45:10 +1000] "GET / HTTP/1.1" 200 1193 "-" "Python/3.11 aiohttp/3.9.2"
118.127.40.73 - - [02/Mar/2026:00:15:11 +1000] "GET / HTTP/1.1" 200 1193 "-" "Python/3.11 aiohttp/3.9.2"
118.127.40.73 - - [02/Mar/2026:00:45:11 +1000] "GET / HTTP/1.1" 200 1193 "-" "Python/3.11 aiohttp/3.9.2"
118.127.40.73 - - [02/Mar/2026:01:15:10 +1000] "GET / HTTP/1.1" 200 1193 "-" "Python/3.11 aiohttp/3.9.2"
66.249.73.11 - - [02/Mar/2026:01:41:26 +1000] "GET /robots.txt HTTP/1.1" 404 - "-" "Mozilla/5.0 (compatible; Googlebot/2.1; +http://www.google.com/bot.html)"
118.127.40.73 - - [02/Mar/2026:01:45:11 +1000] "GET / HTTP/1.1" 200 1193 "-" "Python/3.11 aiohttp/3.9.2"
118.127.40.73 - - [02/Mar/2026:02:15:11 +1000] "GET / HTTP/1.1" 200 1193 "-" "Python/3.11 aiohttp/3.9.2"
118.127.40.73 - - [02/Mar/2026:02:45:11 +1000] "GET / HTTP/1.1" 200 1193 "-" "Python/3.11 aiohttp/3.9.2"
118.127.40.73 - - [02/Mar/2026:03:15:11 +1000] "GET / HTTP/1.1" 200 1193 "-" "Python/3.11 aiohttp/3.9.2"
118.127.40.73 - - [02/Mar/2026:03:45:12 +1000] "GET / HTTP/1.1" 200 1193 "-" "Python/3.11 aiohttp/3.9.2"
74.7.175.148 - - [02/Mar/2026:03:57:53 +1000] "GET /robots.txt HTTP/1.1" 404 - "-" "Mozilla/5.0 (Macintosh; Intel Mac OS X 10_15_7) AppleWebKit/537.36 (KHTML, like Gecko) Chrome/131.0.0.0 Safari/537.36; compatible; OAI-SearchBot/1.3; robots.txt; +https://openai.com/searchbot"
118.127.40.73 - - [02/Mar/2026:04:15:14 +1000] "GET / HTTP/1.1" 200 1193 "-" "Python/3.11 aiohttp/3.9.2"
118.127.40.73 - - [02/Mar/2026:04:45:12 +1000] "GET / HTTP/1.1" 200 1193 "-" "Python/3.11 aiohttp/3.9.2"
118.127.40.73 - - [02/Mar/2026:05:15:13 +1000] "GET / HTTP/1.1" 200 1193 "-" "Python/3.11 aiohttp/3.9.2"
118.127.40.73 - - [02/Mar/2026:05:45:13 +1000] "GET / HTTP/1.1" 200 1193 "-" "Python/3.11 aiohttp/3.9.2"
118.127.40.73 - - [02/Mar/2026:06:15:16 +1000] "GET / HTTP/1.1" 200 1193 "-" "Python/3.11 aiohttp/3.9.2"
118.127.40.73 - - [02/Mar/2026:06:45:13 +1000] "GET / HTTP/1.1" 200 1193 "-" "Python/3.11 aiohttp/3.9.2"
118.127.40.73 - - [02/Mar/2026:07:15:13 +1000] "GET / HTTP/1.1" 200 1193 "-" "Python/3.11 aiohttp/3.9.2"
118.127.40.73 - - [02/Mar/2026:07:45:14 +1000] "GET / HTTP/1.1" 200 1193 "-" "Python/3.11 aiohttp/3.9.2"
118.127.40.73 - - [02/Mar/2026:08:15:15 +1000] "GET / HTTP/1.1" 200 1193 "-" "Python/3.11 aiohttp/3.9.2"
118.127.40.73 - - [02/Mar/2026:08:45:14 +1000] "GET / HTTP/1.1" 200 1193 "-" "Python/3.11 aiohttp/3.9.2"
118.127.40.73 - - [02/Mar/2026:09:15:14 +1000] "GET / HTTP/1.1" 200 1193 "-" "Python/3.11 aiohttp/3.9.2"
118.127.40.73 - - [02/Mar/2026:09:45:14 +1000] "GET / HTTP/1.1" 200 1193 "-" "Python/3.11 aiohttp/3.9.2"
118.127.40.73 - - [02/Mar/2026:10:15:16 +1000] "GET / HTTP/1.1" 200 1193 "-" "Python/3.11 aiohttp/3.9.2"
118.127.40.73 - - [02/Mar/2026:10:45:15 +1000] "GET / HTTP/1.1" 200 1193 "-" "Python/3.11 aiohttp/3.9.2"
118.127.40.73 - - [02/Mar/2026:11:15:15 +1000] "GET / HTTP/1.1" 200 1193 "-" "Python/3.11 aiohttp/3.9.2"
118.127.40.73 - - [02/Mar/2026:11:45:15 +1000] "GET / HTTP/1.1" 200 1193 "-" "Python/3.11 aiohttp/3.9.2"
3.139.242.79 - - [02/Mar/2026:12:12:51 +1000] "GET / HTTP/1.1" 200 1193 "-" "visionheight.com/scan Mozilla/5.0 (Macintosh; Intel Mac OS X 10_15_7) Chrome/126.0.0.0 Safari/537.36"
118.127.40.73 - - [02/Mar/2026:12:15:16 +1000] "GET / HTTP/1.1" 200 1193 "-" "Python/3.11 aiohttp/3.9.2"
199.45.155.80 - - [02/Mar/2026:12:36:51 +1000] "GET / HTTP/1.1" 200 1193 "-" "Mozilla/5.0 (compatible; CensysInspect/1.1; +https://about.censys.io/)"
199.45.155.80 - - [02/Mar/2026:12:36:52 +1000] "GET /config HTTP/1.1" 301 283 "-" "Mozilla/5.0 (compatible; CensysInspect/1.1; +https://about.censys.io/)"
199.45.155.80 - - [02/Mar/2026:12:36:52 +1000] "GET /config/ HTTP/1.1" 200 1683 "https://smart.posscales.com:443/config" "Mozilla/5.0 (compatible; CensysInspect/1.1; +https://about.censys.io/)"
167.94.138.184 - - [02/Mar/2026:12:42:36 +1000] "GET / HTTP/1.1" 200 1193 "-" "Mozilla/5.0 (compatible; CensysInspect/1.1; +https://about.censys.io/)"
167.94.138.184 - - [02/Mar/2026:12:42:39 +1000] "GET /favicon.ico HTTP/1.1" 404 - "-" "Mozilla/5.0 (compatible; CensysInspect/1.1; +https://about.censys.io/)"
167.94.138.184 - - [02/Mar/2026:12:42:51 +1000] "GET / HTTP/1.1" 200 1193 "-" "Mozilla/5.0 (compatible; CensysInspect/1.1; +https://about.censys.io/)"
167.94.138.184 - - [02/Mar/2026:12:42:52 +1000] "GET /config HTTP/1.1" 301 283 "-" "Mozilla/5.0 (compatible; CensysInspect/1.1; +https://about.censys.io/)"
167.94.138.184 - - [02/Mar/2026:12:42:52 +1000] "GET /config/ HTTP/1.1" 200 1683 "https://smart.posscales.com:443/config" "Mozilla/5.0 (compatible; CensysInspect/1.1; +https://about.censys.io/)"
118.127.40.73 - - [02/Mar/2026:12:45:16 +1000] "GET / HTTP/1.1" 200 1193 "-" "Python/3.11 aiohttp/3.9.2"
118.127.40.73 - - [02/Mar/2026:13:15:16 +1000] "GET / HTTP/1.1" 200 1193 "-" "Python/3.11 aiohttp/3.9.2"
74.7.227.4 - - [02/Mar/2026:13:35:48 +1000] "GET / HTTP/1.1" 200 1193 "-" "Mozilla/5.0 AppleWebKit/537.36 (KHTML, like Gecko; compatible; GPTBot/1.3; +https://openai.com/gptbot)"
74.7.228.14 - - [02/Mar/2026:13:36:52 +1000] "GET /robots.txt HTTP/1.1" 404 - "-" "Mozilla/5.0 (Macintosh; Intel Mac OS X 10_15_7) AppleWebKit/537.36 (KHTML, like Gecko) Chrome/131.0.0.0 Safari/537.36; compatible; OAI-SearchBot/1.3; robots.txt; +https://openai.com/searchbot"
74.7.227.4 - - [02/Mar/2026:13:37:58 +1000] "GET /?C=D;O=A HTTP/1.1" 200 1193 "https://smart.posscales.com/" "Mozilla/5.0 AppleWebKit/537.36 (KHTML, like Gecko; compatible; GPTBot/1.3; +https://openai.com/gptbot)"
74.7.227.4 - - [02/Mar/2026:13:38:37 +1000] "GET /?C=N;O=D HTTP/1.1" 200 1193 "https://smart.posscales.com/" "Mozilla/5.0 AppleWebKit/537.36 (KHTML, like Gecko; compatible; GPTBot/1.3; +https://openai.com/gptbot)"
74.7.227.4 - - [02/Mar/2026:13:38:42 +1000] "GET /?C=M;O=A HTTP/1.1" 200 1193 "https://smart.posscales.com/" "Mozilla/5.0 AppleWebKit/537.36 (KHTML, like Gecko; compatible; GPTBot/1.3; +https://openai.com/gptbot)"
74.7.227.4 - - [02/Mar/2026:13:38:49 +1000] "GET /?C=S;O=A HTTP/1.1" 200 1193 "https://smart.posscales.com/" "Mozilla/5.0 AppleWebKit/537.36 (KHTML, like Gecko; compatible; GPTBot/1.3; +https://openai.com/gptbot)"
74.7.227.4 - - [02/Mar/2026:13:39:04 +1000] "GET /?C=D;O=D HTTP/1.1" 200 1193 "https://smart.posscales.com/?C=D;O=A" "Mozilla/5.0 AppleWebKit/537.36 (KHTML, like Gecko; compatible; GPTBot/1.3; +https://openai.com/gptbot)"
74.7.227.4 - - [02/Mar/2026:13:39:12 +1000] "GET /?C=N;O=A HTTP/1.1" 200 1193 "https://smart.posscales.com/?C=D;O=A" "Mozilla/5.0 AppleWebKit/537.36 (KHTML, like Gecko; compatible; GPTBot/1.3; +https://openai.com/gptbot)"
74.7.227.4 - - [02/Mar/2026:13:39:24 +1000] "GET /?C=S;O=D HTTP/1.1" 200 1193 "https://smart.posscales.com/?C=S;O=A" "Mozilla/5.0 AppleWebKit/537.36 (KHTML, like Gecko; compatible; GPTBot/1.3; +https://openai.com/gptbot)"
74.7.227.4 - - [02/Mar/2026:13:39:33 +1000] "GET /?C=M;O=D HTTP/1.1" 200 1193 "https://smart.posscales.com/?C=M;O=A" "Mozilla/5.0 AppleWebKit/537.36 (KHTML, like Gecko; compatible; GPTBot/1.3; +https://openai.com/gptbot)"
118.127.40.73 - - [02/Mar/2026:13:45:18 +1000] "GET / HTTP/1.1" 200 1193 "-" "Python/3.11 aiohttp/3.9.2"
118.127.40.73 - - [02/Mar/2026:14:15:17 +1000] "GET / HTTP/1.1" 200 1193 "-" "Python/3.11 aiohttp/3.9.2"
118.127.40.73 - - [02/Mar/2026:14:45:17 +1000] "GET / HTTP/1.1" 200 1193 "-" "Python/3.11 aiohttp/3.9.2"
118.127.40.73 - - [02/Mar/2026:15:15:17 +1000] "GET / HTTP/1.1" 200 1193 "-" "Python/3.11 aiohttp/3.9.2"
118.127.40.73 - - [02/Mar/2026:15:45:17 +1000] "GET / HTTP/1.1" 200 1193 "-" "Python/3.11 aiohttp/3.9.2"
118.127.40.73 - - [02/Mar/2026:16:15:18 +1000] "GET / HTTP/1.1" 200 1193 "-" "Python/3.11 aiohttp/3.9.2"
118.127.40.73 - - [02/Mar/2026:16:45:18 +1000] "GET / HTTP/1.1" 200 1193 "-" "Python/3.11 aiohttp/3.9.2"
118.127.40.73 - - [02/Mar/2026:17:15:18 +1000] "GET / HTTP/1.1" 200 1193 "-" "Python/3.11 aiohttp/3.9.2"
118.127.40.73 - - [02/Mar/2026:17:45:18 +1000] "GET / HTTP/1.1" 200 1193 "-" "Python/3.11 aiohttp/3.9.2"
118.127.40.73 - - [02/Mar/2026:18:15:18 +1000] "GET / HTTP/1.1" 200 1193 "-" "Python/3.11 aiohttp/3.9.2"
118.127.40.73 - - [02/Mar/2026:18:45:19 +1000] "GET / HTTP/1.1" 200 1193 "-" "Python/3.11 aiohttp/3.9.2"
118.127.40.73 - - [02/Mar/2026:19:15:19 +1000] "GET / HTTP/1.1" 200 1193 "-" "Python/3.11 aiohttp/3.9.2"
118.127.40.73 - - [02/Mar/2026:19:45:19 +1000] "GET / HTTP/1.1" 200 1193 "-" "Python/3.11 aiohttp/3.9.2"
118.127.40.73 - - [02/Mar/2026:20:15:19 +1000] "GET / HTTP/1.1" 200 1193 "-" "Python/3.11 aiohttp/3.9.2"
118.127.40.73 - - [02/Mar/2026:20:45:19 +1000] "GET / HTTP/1.1" 200 1193 "-" "Python/3.11 aiohttp/3.9.2"
118.127.40.73 - - [02/Mar/2026:21:15:19 +1000] "GET / HTTP/1.1" 200 1193 "-" "Python/3.11 aiohttp/3.9.2"
74.7.228.14 - - [02/Mar/2026:21:29:26 +1000] "GET /robots.txt HTTP/1.1" 404 - "-" "Mozilla/5.0 (Macintosh; Intel Mac OS X 10_15_7) AppleWebKit/537.36 (KHTML, like Gecko) Chrome/131.0.0.0 Safari/537.36; compatible; OAI-SearchBot/1.3; robots.txt; +https://openai.com/searchbot"
66.249.73.11 - - [02/Mar/2026:21:41:53 +1000] "GET /robots.txt HTTP/1.1" 404 - "-" "Mozilla/5.0 (compatible; Googlebot/2.1; +http://www.google.com/bot.html)"
118.127.40.73 - - [02/Mar/2026:21:45:20 +1000] "GET / HTTP/1.1" 200 1193 "-" "Python/3.11 aiohttp/3.9.2"
118.127.40.73 - - [02/Mar/2026:22:15:20 +1000] "GET / HTTP/1.1" 200 1193 "-" "Python/3.11 aiohttp/3.9.2"
118.127.40.73 - - [02/Mar/2026:22:45:20 +1000] "GET / HTTP/1.1" 200 1193 "-" "Python/3.11 aiohttp/3.9.2"
118.127.40.73 - - [02/Mar/2026:23:15:20 +1000] "GET / HTTP/1.1" 200 1193 "-" "Python/3.11 aiohttp/3.9.2"
118.127.40.73 - - [02/Mar/2026:23:45:21 +1000] "GET / HTTP/1.1" 200 1193 "-" "Python/3.11 aiohttp/3.9.2"
118.127.40.73 - - [03/Mar/2026:00:15:21 +1000] "GET / HTTP/1.1" 200 1193 "-" "Python/3.11 aiohttp/3.9.2"
118.127.40.73 - - [03/Mar/2026:00:45:22 +1000] "GET / HTTP/1.1" 200 1193 "-" "Python/3.11 aiohttp/3.9.2"
118.127.40.73 - - [03/Mar/2026:01:15:21 +1000] "GET / HTTP/1.1" 200 1193 "-" "Python/3.11 aiohttp/3.9.2"
118.127.40.73 - - [03/Mar/2026:01:45:22 +1000] "GET / HTTP/1.1" 200 1193 "-" "Python/3.11 aiohttp/3.9.2"
118.127.40.73 - - [03/Mar/2026:02:15:22 +1000] "GET / HTTP/1.1" 200 1193 "-" "Python/3.11 aiohttp/3.9.2"
118.127.40.73 - - [03/Mar/2026:02:45:22 +1000] "GET / HTTP/1.1" 200 1193 "-" "Python/3.11 aiohttp/3.9.2"
118.127.40.73 - - [03/Mar/2026:03:15:22 +1000] "GET / HTTP/1.1" 200 1193 "-" "Python/3.11 aiohttp/3.9.2"
118.127.40.73 - - [03/Mar/2026:03:45:23 +1000] "GET / HTTP/1.1" 200 1193 "-" "Python/3.11 aiohttp/3.9.2"
198.235.24.59 - - [03/Mar/2026:04:13:10 +1000] "GET / HTTP/1.1" 200 1193 "-" "Hello from Palo Alto Networks, find out more about our scans in https://docs-cortex.paloaltonetworks.com/r/1/Cortex-Xpanse/Scanning-activity"
118.127.40.73 - - [03/Mar/2026:04:15:26 +1000] "GET / HTTP/1.1" 200 1193 "-" "Python/3.11 aiohttp/3.9.2"
204.76.203.25 - - [03/Mar/2026:04:25:27 +1000] "GET / HTTP/1.1" 200 1193 "-" "Mozilla/5.0 (Windows NT 10.0; Win64; x64) AppleWebKit/537.36 (KHTML, like Gecko) Chrome/134.0.0.0 Safari/537.3"
74.7.241.178 - - [03/Mar/2026:04:28:27 +1000] "GET /robots.txt HTTP/1.1" 404 - "-" "Mozilla/5.0 (Macintosh; Intel Mac OS X 10_15_7) AppleWebKit/537.36 (KHTML, like Gecko) Chrome/131.0.0.0 Safari/537.36; compatible; OAI-SearchBot/1.3; robots.txt; +https://openai.com/searchbot"
118.127.40.73 - - [03/Mar/2026:04:45:23 +1000] "GET / HTTP/1.1" 200 1193 "-" "Python/3.11 aiohttp/3.9.2"
118.127.40.73 - - [03/Mar/2026:05:15:23 +1000] "GET / HTTP/1.1" 200 1193 "-" "Python/3.11 aiohttp/3.9.2"
66.132.153.137 - - [03/Mar/2026:05:37:11 +1000] "GET / HTTP/1.1" 200 1193 "-" "Mozilla/5.0 (compatible; CensysInspect/1.1; +https://about.censys.io/)"
66.132.153.137 - - [03/Mar/2026:05:37:15 +1000] "GET /favicon.ico HTTP/1.1" 404 - "-" "Mozilla/5.0 (compatible; CensysInspect/1.1; +https://about.censys.io/)"
66.132.153.137 - - [03/Mar/2026:05:37:29 +1000] "GET / HTTP/1.1" 200 1193 "-" "Mozilla/5.0 (compatible; CensysInspect/1.1; +https://about.censys.io/)"
66.132.153.137 - - [03/Mar/2026:05:37:30 +1000] "GET /config HTTP/1.1" 301 287 "-" "Mozilla/5.0 (compatible; CensysInspect/1.1; +https://about.censys.io/)"
66.132.153.137 - - [03/Mar/2026:05:37:30 +1000] "GET /config/ HTTP/1.1" 200 1683 "https://www.smart.posscales.com:443/config" "Mozilla/5.0 (compatible; CensysInspect/1.1; +https://about.censys.io/)"
118.127.40.73 - - [03/Mar/2026:05:45:23 +1000] "GET / HTTP/1.1" 200 1193 "-" "Python/3.11 aiohttp/3.9.2"
118.127.40.73 - - [03/Mar/2026:06:15:23 +1000] "GET / HTTP/1.1" 200 1193 "-" "Python/3.11 aiohttp/3.9.2"
118.127.40.73 - - [03/Mar/2026:06:45:24 +1000] "GET / HTTP/1.1" 200 1193 "-" "Python/3.11 aiohttp/3.9.2"
66.132.153.133 - - [03/Mar/2026:06:46:13 +1000] "GET / HTTP/1.1" 200 1193 "-" "Mozilla/5.0 (compatible; CensysInspect/1.1; +https://about.censys.io/)"
66.132.153.133 - - [03/Mar/2026:06:46:16 +1000] "GET /config HTTP/1.1" 301 287 "-" "Mozilla/5.0 (compatible; CensysInspect/1.1; +https://about.censys.io/)"
66.132.153.133 - - [03/Mar/2026:06:46:16 +1000] "GET /config/ HTTP/1.1" 200 1683 "https://www.smart.posscales.com:443/config" "Mozilla/5.0 (compatible; CensysInspect/1.1; +https://about.censys.io/)"
118.127.40.73 - - [03/Mar/2026:07:15:24 +1000] "GET / HTTP/1.1" 200 1193 "-" "Python/3.11 aiohttp/3.9.2"
118.127.40.73 - - [03/Mar/2026:07:45:24 +1000] "GET / HTTP/1.1" 200 1193 "-" "Python/3.11 aiohttp/3.9.2"
104.210.140.129 - - [03/Mar/2026:07:50:58 +1000] "GET /robots.txt HTTP/1.1" 404 - "-" "Mozilla/5.0 (Macintosh; Intel Mac OS X 10_15_7) AppleWebKit/537.36 (KHTML, like Gecko) Chrome/131.0.0.0 Safari/537.36; compatible; OAI-SearchBot/1.0; +https://openai.com/searchbot"
118.127.40.73 - - [03/Mar/2026:08:15:25 +1000] "GET / HTTP/1.1" 200 1193 "-" "Python/3.11 aiohttp/3.9.2"
118.127.40.73 - - [03/Mar/2026:08:45:24 +1000] "GET / HTTP/1.1" 200 1193 "-" "Python/3.11 aiohttp/3.9.2"
118.127.40.73 - - [03/Mar/2026:09:15:25 +1000] "GET / HTTP/1.1" 200 1193 "-" "Python/3.11 aiohttp/3.9.2"
118.127.40.73 - - [03/Mar/2026:09:45:25 +1000] "GET / HTTP/1.1" 200 1193 "-" "Python/3.11 aiohttp/3.9.2"
118.127.40.73 - - [03/Mar/2026:10:15:25 +1000] "GET / HTTP/1.1" 200 1193 "-" "Python/3.11 aiohttp/3.9.2"
118.127.40.73 - - [03/Mar/2026:10:45:25 +1000] "GET / HTTP/1.1" 200 1193 "-" "Python/3.11 aiohttp/3.9.2"
118.127.40.73 - - [03/Mar/2026:11:15:25 +1000] "GET / HTTP/1.1" 200 1193 "-" "Python/3.11 aiohttp/3.9.2"
118.127.40.73 - - [03/Mar/2026:11:45:26 +1000] "GET / HTTP/1.1" 200 1193 "-" "Python/3.11 aiohttp/3.9.2"
118.127.40.73 - - [03/Mar/2026:12:15:26 +1000] "GET / HTTP/1.1" 200 1193 "-" "Python/3.11 aiohttp/3.9.2"
118.127.40.73 - - [03/Mar/2026:12:45:26 +1000] "GET / HTTP/1.1" 200 1193 "-" "Python/3.11 aiohttp/3.9.2"
118.127.40.73 - - [03/Mar/2026:13:15:27 +1000] "GET / HTTP/1.1" 200 1193 "-" "Python/3.11 aiohttp/3.9.2"
118.127.40.73 - - [03/Mar/2026:13:45:40 +1000] "GET / HTTP/1.1" 200 1193 "-" "Python/3.11 aiohttp/3.9.2"
118.127.40.73 - - [03/Mar/2026:14:15:29 +1000] "GET / HTTP/1.1" 200 1193 "-" "Python/3.11 aiohttp/3.9.2"
118.127.40.73 - - [03/Mar/2026:14:45:30 +1000] "GET / HTTP/1.1" 200 1193 "-" "Python/3.11 aiohttp/3.9.2"
118.127.40.73 - - [03/Mar/2026:15:15:29 +1000] "GET / HTTP/1.1" 200 1193 "-" "Python/3.11 aiohttp/3.9.2"
118.127.40.73 - - [03/Mar/2026:15:45:30 +1000] "GET / HTTP/1.1" 200 1193 "-" "Python/3.11 aiohttp/3.9.2"
74.7.228.37 - - [03/Mar/2026:15:59:21 +1000] "GET /robots.txt HTTP/1.1" 404 - "-" "Mozilla/5.0 (Macintosh; Intel Mac OS X 10_15_7) AppleWebKit/537.36 (KHTML, like Gecko) Chrome/131.0.0.0 Safari/537.36; compatible; OAI-SearchBot/1.3; robots.txt; +https://openai.com/searchbot"
118.127.40.73 - - [03/Mar/2026:16:15:30 +1000] "GET / HTTP/1.1" 200 1193 "-" "Python/3.11 aiohttp/3.9.2"
118.127.40.73 - - [03/Mar/2026:16:45:30 +1000] "GET / HTTP/1.1" 200 1193 "-" "Python/3.11 aiohttp/3.9.2"
118.127.40.73 - - [03/Mar/2026:17:15:30 +1000] "GET / HTTP/1.1" 200 1193 "-" "Python/3.11 aiohttp/3.9.2"
74.7.230.8 - - [03/Mar/2026:17:30:52 +1000] "GET /robots.txt HTTP/1.1" 404 - "-" "Mozilla/5.0 (Macintosh; Intel Mac OS X 10_15_7) AppleWebKit/537.36 (KHTML, like Gecko) Chrome/131.0.0.0 Safari/537.36; compatible; OAI-SearchBot/1.3; robots.txt; +https://openai.com/searchbot"
118.127.40.73 - - [03/Mar/2026:17:45:30 +1000] "GET / HTTP/1.1" 200 1193 "-" "Python/3.11 aiohttp/3.9.2"
118.127.40.73 - - [03/Mar/2026:18:15:31 +1000] "GET / HTTP/1.1" 200 1193 "-" "Python/3.11 aiohttp/3.9.2"
118.127.40.73 - - [03/Mar/2026:18:45:31 +1000] "GET / HTTP/1.1" 200 1193 "-" "Python/3.11 aiohttp/3.9.2"
118.127.40.73 - - [03/Mar/2026:19:15:31 +1000] "GET / HTTP/1.1" 200 1193 "-" "Python/3.11 aiohttp/3.9.2"
118.127.40.73 - - [03/Mar/2026:19:45:31 +1000] "GET / HTTP/1.1" 200 1193 "-" "Python/3.11 aiohttp/3.9.2"
118.127.40.73 - - [03/Mar/2026:20:15:32 +1000] "GET / HTTP/1.1" 200 1193 "-" "Python/3.11 aiohttp/3.9.2"
118.127.40.73 - - [03/Mar/2026:20:45:32 +1000] "GET / HTTP/1.1" 200 1193 "-" "Python/3.11 aiohttp/3.9.2"
205.210.31.64 - - [03/Mar/2026:21:12:07 +1000] "GET / HTTP/1.1" 200 1193 "-" "Hello from Palo Alto Networks, find out more about our scans in https://docs-cortex.paloaltonetworks.com/r/1/Cortex-Xpanse/Scanning-activity"
118.127.40.73 - - [03/Mar/2026:21:15:32 +1000] "GET / HTTP/1.1" 200 1193 "-" "Python/3.11 aiohttp/3.9.2"
118.127.40.73 - - [03/Mar/2026:21:45:32 +1000] "GET / HTTP/1.1" 200 1193 "-" "Python/3.11 aiohttp/3.9.2"
118.127.40.73 - - [03/Mar/2026:22:15:33 +1000] "GET / HTTP/1.1" 200 1193 "-" "Python/3.11 aiohttp/3.9.2"
118.127.40.73 - - [03/Mar/2026:22:45:33 +1000] "GET / HTTP/1.1" 200 1193 "-" "Python/3.11 aiohttp/3.9.2"
118.127.40.73 - - [03/Mar/2026:23:15:34 +1000] "GET / HTTP/1.1" 200 1193 "-" "Python/3.11 aiohttp/3.9.2"
118.127.40.73 - - [04/Mar/2026:00:12:13 +1000] "GET / HTTP/1.1" 200 1193 "-" "Python/3.11 aiohttp/3.9.2"
118.127.40.73 - - [04/Mar/2026:00:42:09 +1000] "GET / HTTP/1.1" 200 1193 "-" "Python/3.11 aiohttp/3.9.2"
118.127.40.73 - - [04/Mar/2026:01:12:11 +1000] "GET / HTTP/1.1" 200 1193 "-" "Python/3.11 aiohttp/3.9.2"
118.127.40.73 - - [04/Mar/2026:01:42:09 +1000] "GET / HTTP/1.1" 200 1193 "-" "Python/3.11 aiohttp/3.9.2"
66.249.73.196 - - [04/Mar/2026:02:05:15 +1000] "GET /robots.txt HTTP/1.1" 404 - "-" "Mozilla/5.0 (compatible; Googlebot/2.1; +http://www.google.com/bot.html)"
118.127.40.73 - - [04/Mar/2026:02:12:12 +1000] "GET / HTTP/1.1" 200 1193 "-" "Python/3.11 aiohttp/3.9.2"
118.127.40.73 - - [04/Mar/2026:02:42:12 +1000] "GET / HTTP/1.1" 200 1193 "-" "Python/3.11 aiohttp/3.9.2"
118.127.40.73 - - [04/Mar/2026:03:12:10 +1000] "GET / HTTP/1.1" 200 1193 "-" "Python/3.11 aiohttp/3.9.2"
118.127.40.73 - - [04/Mar/2026:03:42:12 +1000] "GET / HTTP/1.1" 200 1193 "-" "Python/3.11 aiohttp/3.9.2"
118.127.40.73 - - [04/Mar/2026:04:12:10 +1000] "GET / HTTP/1.1" 200 1193 "-" "Python/3.11 aiohttp/3.9.2"
118.127.40.73 - - [04/Mar/2026:04:42:11 +1000] "GET / HTTP/1.1" 200 1193 "-" "Python/3.11 aiohttp/3.9.2"
118.127.40.73 - - [04/Mar/2026:05:12:17 +1000] "GET / HTTP/1.1" 200 1193 "-" "Python/3.11 aiohttp/3.9.2"
118.127.40.73 - - [04/Mar/2026:05:42:12 +1000] "GET / HTTP/1.1" 200 1193 "-" "Python/3.11 aiohttp/3.9.2"
118.127.40.73 - - [04/Mar/2026:06:12:11 +1000] "GET / HTTP/1.1" 200 1193 "-" "Python/3.11 aiohttp/3.9.2"
118.127.40.73 - - [04/Mar/2026:06:42:12 +1000] "GET / HTTP/1.1" 200 1193 "-" "Python/3.11 aiohttp/3.9.2"
118.127.40.73 - - [04/Mar/2026:07:12:11 +1000] "GET / HTTP/1.1" 200 1193 "-" "Python/3.11 aiohttp/3.9.2"
118.127.40.73 - - [04/Mar/2026:07:42:12 +1000] "GET / HTTP/1.1" 200 1193 "-" "Python/3.11 aiohttp/3.9.2"
118.127.40.73 - - [04/Mar/2026:08:12:11 +1000] "GET / HTTP/1.1" 200 1193 "-" "Python/3.11 aiohttp/3.9.2"
118.127.40.73 - - [04/Mar/2026:08:42:13 +1000] "GET / HTTP/1.1" 200 1193 "-" "Python/3.11 aiohttp/3.9.2"
118.127.40.73 - - [04/Mar/2026:09:12:11 +1000] "GET / HTTP/1.1" 200 1193 "-" "Python/3.11 aiohttp/3.9.2"
118.127.40.73 - - [04/Mar/2026:09:42:13 +1000] "GET / HTTP/1.1" 200 1193 "-" "Python/3.11 aiohttp/3.9.2"
118.127.40.73 - - [04/Mar/2026:10:12:12 +1000] "GET / HTTP/1.1" 200 1193 "-" "Python/3.11 aiohttp/3.9.2"
118.127.40.73 - - [04/Mar/2026:10:42:13 +1000] "GET / HTTP/1.1" 200 1193 "-" "Python/3.11 aiohttp/3.9.2"
147.185.132.37 - - [04/Mar/2026:10:54:08 +1000] "GET /server-status HTTP/1.1" 404 - "-" "Hello from Palo Alto Networks, find out more about our scans in https://docs-cortex.paloaltonetworks.com/r/1/Cortex-Xpanse/Scanning-activity"
118.127.40.73 - - [04/Mar/2026:11:12:12 +1000] "GET / HTTP/1.1" 200 1193 "-" "Python/3.11 aiohttp/3.9.2"
118.127.40.73 - - [04/Mar/2026:11:42:13 +1000] "GET / HTTP/1.1" 200 1193 "-" "Python/3.11 aiohttp/3.9.2"
118.127.40.73 - - [04/Mar/2026:12:12:13 +1000] "GET / HTTP/1.1" 200 1193 "-" "Python/3.11 aiohttp/3.9.2"
118.127.40.73 - - [04/Mar/2026:12:42:13 +1000] "GET / HTTP/1.1" 200 1193 "-" "Python/3.11 aiohttp/3.9.2"
118.127.40.73 - - [04/Mar/2026:13:12:13 +1000] "GET / HTTP/1.1" 200 1193 "-" "Python/3.11 aiohttp/3.9.2"
118.127.40.73 - - [04/Mar/2026:13:42:13 +1000] "GET / HTTP/1.1" 200 1193 "-" "Python/3.11 aiohttp/3.9.2"
118.127.40.73 - - [04/Mar/2026:14:12:14 +1000] "GET / HTTP/1.1" 200 1193 "-" "Python/3.11 aiohttp/3.9.2"
118.127.40.73 - - [04/Mar/2026:14:42:15 +1000] "GET / HTTP/1.1" 200 1193 "-" "Python/3.11 aiohttp/3.9.2"
118.127.40.73 - - [04/Mar/2026:15:12:18 +1000] "GET / HTTP/1.1" 200 1193 "-" "Python/3.11 aiohttp/3.9.2"
118.127.40.73 - - [04/Mar/2026:15:42:15 +1000] "GET / HTTP/1.1" 200 1193 "-" "Python/3.11 aiohttp/3.9.2"
118.127.40.73 - - [04/Mar/2026:16:12:14 +1000] "GET / HTTP/1.1" 200 1193 "-" "Python/3.11 aiohttp/3.9.2"
118.127.40.73 - - [04/Mar/2026:16:42:17 +1000] "GET / HTTP/1.1" 200 1193 "-" "Python/3.11 aiohttp/3.9.2"
118.127.40.73 - - [04/Mar/2026:17:12:16 +1000] "GET / HTTP/1.1" 200 1193 "-" "Python/3.11 aiohttp/3.9.2"
118.127.40.73 - - [04/Mar/2026:17:42:18 +1000] "GET / HTTP/1.1" 200 1193 "-" "Python/3.11 aiohttp/3.9.2"
118.127.40.73 - - [04/Mar/2026:18:12:15 +1000] "GET / HTTP/1.1" 200 1193 "-" "Python/3.11 aiohttp/3.9.2"
118.127.40.73 - - [04/Mar/2026:18:42:17 +1000] "GET / HTTP/1.1" 200 1193 "-" "Python/3.11 aiohttp/3.9.2"
104.210.140.135 - - [04/Mar/2026:19:03:09 +1000] "GET /robots.txt HTTP/1.1" 404 - "-" "Mozilla/5.0 (Macintosh; Intel Mac OS X 10_15_7) AppleWebKit/537.36 (KHTML, like Gecko) Chrome/131.0.0.0 Safari/537.36; compatible; OAI-SearchBot/1.0; +https://openai.com/searchbot"
118.127.40.73 - - [04/Mar/2026:19:12:25 +1000] "GET / HTTP/1.1" 200 1193 "-" "Python/3.11 aiohttp/3.9.2"
118.127.40.73 - - [04/Mar/2026:19:42:17 +1000] "GET / HTTP/1.1" 200 1193 "-" "Python/3.11 aiohttp/3.9.2"
118.127.40.73 - - [04/Mar/2026:20:12:16 +1000] "GET / HTTP/1.1" 200 1193 "-" "Python/3.11 aiohttp/3.9.2"
74.7.175.184 - - [04/Mar/2026:20:38:22 +1000] "GET /robots.txt HTTP/1.1" 404 - "-" "Mozilla/5.0 (Macintosh; Intel Mac OS X 10_15_7) AppleWebKit/537.36 (KHTML, like Gecko) Chrome/131.0.0.0 Safari/537.36; compatible; OAI-SearchBot/1.3; robots.txt; +https://openai.com/searchbot"
74.7.241.28 - - [04/Mar/2026:20:38:23 +1000] "GET / HTTP/1.1" 200 1193 "-" "Mozilla/5.0 AppleWebKit/537.36 (KHTML, like Gecko; compatible; GPTBot/1.3; +https://openai.com/gptbot)"
74.7.241.28 - - [04/Mar/2026:20:38:26 +1000] "GET /cdayl.php HTTP/1.1" 200 - "https://smart.posscales.com/" "Mozilla/5.0 AppleWebKit/537.36 (KHTML, like Gecko; compatible; GPTBot/1.3; +https://openai.com/gptbot)"
74.7.241.28 - - [04/Mar/2026:20:38:29 +1000] "GET /?C=S;O=A HTTP/1.1" 200 1193 "https://smart.posscales.com/" "Mozilla/5.0 AppleWebKit/537.36 (KHTML, like Gecko; compatible; GPTBot/1.3; +https://openai.com/gptbot)"
74.7.241.28 - - [04/Mar/2026:20:38:31 +1000] "GET /YL4vRftqDZ.php HTTP/1.1" 200 - "https://smart.posscales.com/" "Mozilla/5.0 AppleWebKit/537.36 (KHTML, like Gecko; compatible; GPTBot/1.3; +https://openai.com/gptbot)"
74.7.241.28 - - [04/Mar/2026:20:38:34 +1000] "GET /cwgsr.php HTTP/1.1" 200 - "https://smart.posscales.com/" "Mozilla/5.0 AppleWebKit/537.36 (KHTML, like Gecko; compatible; GPTBot/1.3; +https://openai.com/gptbot)"
74.7.241.28 - - [04/Mar/2026:20:38:36 +1000] "GET /?C=D;O=A HTTP/1.1" 200 1193 "https://smart.posscales.com/" "Mozilla/5.0 AppleWebKit/537.36 (KHTML, like Gecko; compatible; GPTBot/1.3; +https://openai.com/gptbot)"
74.7.241.28 - - [04/Mar/2026:20:38:37 +1000] "GET /?C=N;O=D HTTP/1.1" 200 1193 "https://smart.posscales.com/" "Mozilla/5.0 AppleWebKit/537.36 (KHTML, like Gecko; compatible; GPTBot/1.3; +https://openai.com/gptbot)"
74.7.241.28 - - [04/Mar/2026:20:38:39 +1000] "GET /?C=M;O=A HTTP/1.1" 200 1193 "https://smart.posscales.com/" "Mozilla/5.0 AppleWebKit/537.36 (KHTML, like Gecko; compatible; GPTBot/1.3; +https://openai.com/gptbot)"
74.7.241.28 - - [04/Mar/2026:20:38:41 +1000] "GET /?C=N;O=A HTTP/1.1" 200 1193 "https://smart.posscales.com/?C=S;O=A" "Mozilla/5.0 AppleWebKit/537.36 (KHTML, like Gecko; compatible; GPTBot/1.3; +https://openai.com/gptbot)"
74.7.241.28 - - [04/Mar/2026:20:38:42 +1000] "GET /?C=S;O=D HTTP/1.1" 200 1193 "https://smart.posscales.com/?C=S;O=A" "Mozilla/5.0 AppleWebKit/537.36 (KHTML, like Gecko; compatible; GPTBot/1.3; +https://openai.com/gptbot)"
74.7.241.28 - - [04/Mar/2026:20:38:43 +1000] "GET /?C=D;O=D HTTP/1.1" 200 1193 "https://smart.posscales.com/?C=D;O=A" "Mozilla/5.0 AppleWebKit/537.36 (KHTML, like Gecko; compatible; GPTBot/1.3; +https://openai.com/gptbot)"
118.127.40.73 - - [04/Mar/2026:20:42:19 +1000] "GET / HTTP/1.1" 200 1193 "-" "Python/3.11 aiohttp/3.9.2"
118.127.40.73 - - [04/Mar/2026:21:12:18 +1000] "GET / HTTP/1.1" 200 1193 "-" "Python/3.11 aiohttp/3.9.2"
118.127.40.73 - - [04/Mar/2026:21:42:18 +1000] "GET / HTTP/1.1" 200 1193 "-" "Python/3.11 aiohttp/3.9.2"
118.127.40.73 - - [04/Mar/2026:22:12:18 +1000] "GET / HTTP/1.1" 200 1193 "-" "Python/3.11 aiohttp/3.9.2"
118.127.40.73 - - [04/Mar/2026:22:42:19 +1000] "GET / HTTP/1.1" 200 1193 "-" "Python/3.11 aiohttp/3.9.2"
74.7.228.58 - - [04/Mar/2026:23:09:42 +1000] "GET /robots.txt HTTP/1.1" 404 - "-" "Mozilla/5.0 (Macintosh; Intel Mac OS X 10_15_7) AppleWebKit/537.36 (KHTML, like Gecko) Chrome/131.0.0.0 Safari/537.36; compatible; OAI-SearchBot/1.3; robots.txt; +https://openai.com/searchbot"
74.7.242.62 - - [04/Mar/2026:23:09:43 +1000] "GET / HTTP/1.1" 200 1193 "-" "Mozilla/5.0 AppleWebKit/537.36 (KHTML, like Gecko; compatible; GPTBot/1.3; +https://openai.com/gptbot)"
74.7.242.62 - - [04/Mar/2026:23:09:46 +1000] "GET /?C=N;O=D HTTP/1.1" 200 1193 "https://www.smart.posscales.com/" "Mozilla/5.0 AppleWebKit/537.36 (KHTML, like Gecko; compatible; GPTBot/1.3; +https://openai.com/gptbot)"
74.7.242.62 - - [04/Mar/2026:23:09:49 +1000] "GET /?C=M;O=A HTTP/1.1" 200 1193 "https://www.smart.posscales.com/" "Mozilla/5.0 AppleWebKit/537.36 (KHTML, like Gecko; compatible; GPTBot/1.3; +https://openai.com/gptbot)"
74.7.242.62 - - [04/Mar/2026:23:09:51 +1000] "GET /?C=S;O=A HTTP/1.1" 200 1193 "https://www.smart.posscales.com/" "Mozilla/5.0 AppleWebKit/537.36 (KHTML, like Gecko; compatible; GPTBot/1.3; +https://openai.com/gptbot)"
74.7.242.62 - - [04/Mar/2026:23:09:53 +1000] "GET /cdayl.php HTTP/1.1" 200 - "https://www.smart.posscales.com/" "Mozilla/5.0 AppleWebKit/537.36 (KHTML, like Gecko; compatible; GPTBot/1.3; +https://openai.com/gptbot)"
74.7.242.62 - - [04/Mar/2026:23:09:55 +1000] "GET /?C=N;O=A HTTP/1.1" 200 1193 "https://www.smart.posscales.com/?C=N;O=D" "Mozilla/5.0 AppleWebKit/537.36 (KHTML, like Gecko; compatible; GPTBot/1.3; +https://openai.com/gptbot)"
74.7.242.62 - - [04/Mar/2026:23:09:57 +1000] "GET /?C=M;O=D HTTP/1.1" 200 1193 "https://www.smart.posscales.com/?C=M;O=A" "Mozilla/5.0 AppleWebKit/537.36 (KHTML, like Gecko; compatible; GPTBot/1.3; +https://openai.com/gptbot)"
74.7.242.62 - - [04/Mar/2026:23:09:59 +1000] "GET /?C=S;O=D HTTP/1.1" 200 1193 "https://www.smart.posscales.com/?C=S;O=A" "Mozilla/5.0 AppleWebKit/537.36 (KHTML, like Gecko; compatible; GPTBot/1.3; +https://openai.com/gptbot)"
118.127.40.73 - - [04/Mar/2026:23:12:18 +1000] "GET / HTTP/1.1" 200 1193 "-" "Python/3.11 aiohttp/3.9.2"
118.127.40.73 - - [04/Mar/2026:23:42:17 +1000] "GET / HTTP/1.1" 200 1193 "-" "Python/3.11 aiohttp/3.9.2"
118.127.40.73 - - [05/Mar/2026:00:12:17 +1000] "GET / HTTP/1.1" 200 1193 "-" "Python/3.11 aiohttp/3.9.2"
118.127.40.73 - - [05/Mar/2026:00:42:20 +1000] "GET / HTTP/1.1" 200 1193 "-" "Python/3.11 aiohttp/3.9.2"
118.127.40.73 - - [05/Mar/2026:01:12:18 +1000] "GET / HTTP/1.1" 200 1193 "-" "Python/3.11 aiohttp/3.9.2"
118.127.40.73 - - [05/Mar/2026:01:42:18 +1000] "GET / HTTP/1.1" 200 1193 "-" "Python/3.11 aiohttp/3.9.2"
118.127.40.73 - - [05/Mar/2026:02:12:19 +1000] "GET / HTTP/1.1" 200 1193 "-" "Python/3.11 aiohttp/3.9.2"
118.127.40.73 - - [05/Mar/2026:02:42:28 +1000] "GET / HTTP/1.1" 200 1193 "-" "Python/3.11 aiohttp/3.9.2"
205.210.31.101 - - [05/Mar/2026:03:06:03 +1000] "GET /server-status HTTP/1.1" 404 - "-" "Hello from Palo Alto Networks, find out more about our scans in https://docs-cortex.paloaltonetworks.com/r/1/Cortex-Xpanse/Scanning-activity"
118.127.40.73 - - [05/Mar/2026:03:12:19 +1000] "GET / HTTP/1.1" 200 1193 "-" "Python/3.11 aiohttp/3.9.2"
66.249.73.13 - - [05/Mar/2026:03:29:07 +1000] "GET /robots.txt HTTP/1.1" 404 - "-" "Mozilla/5.0 (compatible; Googlebot/2.1; +http://www.google.com/bot.html)"
118.127.40.73 - - [05/Mar/2026:03:42:19 +1000] "GET / HTTP/1.1" 200 1193 "-" "Python/3.11 aiohttp/3.9.2"
198.235.24.239 - - [05/Mar/2026:04:01:25 +1000] "GET /server-status HTTP/1.1" 404 - "-" "Hello from Palo Alto Networks, find out more about our scans in https://docs-cortex.paloaltonetworks.com/r/1/Cortex-Xpanse/Scanning-activity"
118.127.40.73 - - [05/Mar/2026:04:12:22 +1000] "GET / HTTP/1.1" 200 1193 "-" "Python/3.11 aiohttp/3.9.2"
118.127.40.73 - - [05/Mar/2026:04:42:21 +1000] "GET / HTTP/1.1" 200 1193 "-" "Python/3.11 aiohttp/3.9.2"
118.127.40.73 - - [05/Mar/2026:05:12:20 +1000] "GET / HTTP/1.1" 200 1193 "-" "Python/3.11 aiohttp/3.9.2"
118.127.40.73 - - [05/Mar/2026:05:42:21 +1000] "GET / HTTP/1.1" 200 1193 "-" "Python/3.11 aiohttp/3.9.2"
118.127.40.73 - - [05/Mar/2026:06:12:24 +1000] "GET / HTTP/1.1" 200 1193 "-" "Python/3.11 aiohttp/3.9.2"
118.127.40.73 - - [05/Mar/2026:06:42:26 +1000] "GET / HTTP/1.1" 200 1193 "-" "Python/3.11 aiohttp/3.9.2"
118.127.40.73 - - [05/Mar/2026:07:12:21 +1000] "GET / HTTP/1.1" 200 1193 "-" "Python/3.11 aiohttp/3.9.2"
118.127.40.73 - - [05/Mar/2026:07:42:21 +1000] "GET / HTTP/1.1" 200 1193 "-" "Python/3.11 aiohttp/3.9.2"
118.127.40.73 - - [05/Mar/2026:08:12:23 +1000] "GET / HTTP/1.1" 200 1193 "-" "Python/3.11 aiohttp/3.9.2"
118.127.40.73 - - [05/Mar/2026:08:42:26 +1000] "GET / HTTP/1.1" 200 1193 "-" "Python/3.11 aiohttp/3.9.2"
118.127.40.73 - - [05/Mar/2026:09:12:33 +1000] "GET / HTTP/1.1" 200 1193 "-" "Python/3.11 aiohttp/3.9.2"
118.127.40.73 - - [05/Mar/2026:09:42:26 +1000] "GET / HTTP/1.1" 200 1193 "-" "Python/3.11 aiohttp/3.9.2"
118.127.40.73 - - [05/Mar/2026:10:12:24 +1000] "GET / HTTP/1.1" 200 1193 "-" "Python/3.11 aiohttp/3.9.2"
118.127.40.73 - - [05/Mar/2026:10:42:23 +1000] "GET / HTTP/1.1" 200 1193 "-" "Python/3.11 aiohttp/3.9.2"
118.127.40.73 - - [05/Mar/2026:11:12:23 +1000] "GET / HTTP/1.1" 200 1193 "-" "Python/3.11 aiohttp/3.9.2"
118.127.40.73 - - [05/Mar/2026:11:42:27 +1000] "GET / HTTP/1.1" 200 1193 "-" "Python/3.11 aiohttp/3.9.2"
118.127.40.73 - - [05/Mar/2026:12:12:23 +1000] "GET / HTTP/1.1" 200 1193 "-" "Python/3.11 aiohttp/3.9.2"
118.127.40.73 - - [05/Mar/2026:12:42:27 +1000] "GET / HTTP/1.1" 200 1193 "-" "Python/3.11 aiohttp/3.9.2"
118.127.40.73 - - [05/Mar/2026:13:13:15 +1000] "GET / HTTP/1.1" 200 1193 "-" "Python/3.11 aiohttp/3.9.2"
118.127.40.73 - - [05/Mar/2026:13:42:29 +1000] "GET / HTTP/1.1" 200 1193 "-" "Python/3.11 aiohttp/3.9.2"
118.127.40.73 - - [05/Mar/2026:14:12:23 +1000] "GET / HTTP/1.1" 200 1193 "-" "Python/3.11 aiohttp/3.9.2"
118.127.40.73 - - [05/Mar/2026:14:42:24 +1000] "GET / HTTP/1.1" 200 1193 "-" "Python/3.11 aiohttp/3.9.2"
118.127.40.73 - - [05/Mar/2026:15:12:25 +1000] "GET / HTTP/1.1" 200 1193 "-" "Python/3.11 aiohttp/3.9.2"
118.127.40.73 - - [05/Mar/2026:15:42:25 +1000] "GET / HTTP/1.1" 200 1193 "-" "Python/3.11 aiohttp/3.9.2"
118.127.40.73 - - [05/Mar/2026:16:12:25 +1000] "GET / HTTP/1.1" 200 1193 "-" "Python/3.11 aiohttp/3.9.2"
118.127.40.73 - - [05/Mar/2026:16:42:25 +1000] "GET / HTTP/1.1" 200 1193 "-" "Python/3.11 aiohttp/3.9.2"
118.127.40.73 - - [05/Mar/2026:17:12:26 +1000] "GET / HTTP/1.1" 200 1193 "-" "Python/3.11 aiohttp/3.9.2"
118.127.40.73 - - [05/Mar/2026:17:42:27 +1000] "GET / HTTP/1.1" 200 1193 "-" "Python/3.11 aiohttp/3.9.2"
118.127.40.73 - - [05/Mar/2026:18:12:27 +1000] "GET / HTTP/1.1" 200 1193 "-" "Python/3.11 aiohttp/3.9.2"
118.127.40.73 - - [05/Mar/2026:18:42:26 +1000] "GET / HTTP/1.1" 200 1193 "-" "Python/3.11 aiohttp/3.9.2"
118.127.40.73 - - [05/Mar/2026:19:12:26 +1000] "GET / HTTP/1.1" 200 1193 "-" "Python/3.11 aiohttp/3.9.2"
118.127.40.73 - - [05/Mar/2026:19:42:27 +1000] "GET / HTTP/1.1" 200 1193 "-" "Python/3.11 aiohttp/3.9.2"
118.127.40.73 - - [05/Mar/2026:20:12:27 +1000] "GET / HTTP/1.1" 200 1193 "-" "Python/3.11 aiohttp/3.9.2"
104.210.140.130 - - [05/Mar/2026:20:28:06 +1000] "GET /robots.txt HTTP/1.1" 404 - "-" "Mozilla/5.0 (Macintosh; Intel Mac OS X 10_15_7) AppleWebKit/537.36 (KHTML, like Gecko) Chrome/131.0.0.0 Safari/537.36; compatible; OAI-SearchBot/1.0; +https://openai.com/searchbot"
74.7.228.58 - - [05/Mar/2026:20:34:34 +1000] "GET /robots.txt HTTP/1.1" 404 - "-" "Mozilla/5.0 (Macintosh; Intel Mac OS X 10_15_7) AppleWebKit/537.36 (KHTML, like Gecko) Chrome/131.0.0.0 Safari/537.36; compatible; OAI-SearchBot/1.3; robots.txt; +https://openai.com/searchbot"
118.127.40.73 - - [05/Mar/2026:20:42:27 +1000] "GET / HTTP/1.1" 200 1193 "-" "Python/3.11 aiohttp/3.9.2"
118.127.40.73 - - [05/Mar/2026:21:12:28 +1000] "GET / HTTP/1.1" 200 1193 "-" "Python/3.11 aiohttp/3.9.2"
118.127.40.73 - - [05/Mar/2026:21:42:27 +1000] "GET / HTTP/1.1" 200 1193 "-" "Python/3.11 aiohttp/3.9.2"
118.127.40.73 - - [05/Mar/2026:22:12:27 +1000] "GET / HTTP/1.1" 200 1193 "-" "Python/3.11 aiohttp/3.9.2"
74.7.175.184 - - [05/Mar/2026:22:39:08 +1000] "GET /robots.txt HTTP/1.1" 404 - "-" "Mozilla/5.0 (Macintosh; Intel Mac OS X 10_15_7) AppleWebKit/537.36 (KHTML, like Gecko) Chrome/131.0.0.0 Safari/537.36; compatible; OAI-SearchBot/1.3; robots.txt; +https://openai.com/searchbot"
118.127.40.73 - - [05/Mar/2026:22:42:28 +1000] "GET / HTTP/1.1" 200 1193 "-" "Python/3.11 aiohttp/3.9.2"
118.127.40.73 - - [05/Mar/2026:23:12:29 +1000] "GET / HTTP/1.1" 200 1193 "-" "Python/3.11 aiohttp/3.9.2"
118.127.40.73 - - [05/Mar/2026:23:42:29 +1000] "GET / HTTP/1.1" 200 1193 "-" "Python/3.11 aiohttp/3.9.2"
118.127.40.73 - - [06/Mar/2026:00:12:30 +1000] "GET / HTTP/1.1" 200 1193 "-" "Python/3.11 aiohttp/3.9.2"
118.127.40.73 - - [06/Mar/2026:00:42:35 +1000] "GET / HTTP/1.1" 200 1193 "-" "Python/3.11 aiohttp/3.9.2"
167.99.202.166 - - [06/Mar/2026:01:00:56 +1000] "GET / HTTP/1.1" 200 1193 "-" "Mozilla/5.0 (X11; Linux x86_64; rv:142.0) Gecko/20100101 Firefox/142.0"
167.99.202.166 - - [06/Mar/2026:01:01:02 +1000] "GET /favicon.ico HTTP/1.1" 404 - "https://www.smart.posscales.com/" "Mozilla/5.0 (X11; Linux x86_64; rv:142.0) Gecko/20100101 Firefox/142.0"
118.127.40.73 - - [06/Mar/2026:01:12:29 +1000] "GET / HTTP/1.1" 200 1193 "-" "Python/3.11 aiohttp/3.9.2"
66.249.73.11 - - [06/Mar/2026:01:42:12 +1000] "GET /robots.txt HTTP/1.1" 404 - "-" "Mozilla/5.0 (compatible; Googlebot/2.1; +http://www.google.com/bot.html)"
118.127.40.73 - - [06/Mar/2026:01:42:29 +1000] "GET / HTTP/1.1" 200 1193 "-" "Python/3.11 aiohttp/3.9.2"
118.127.40.73 - - [06/Mar/2026:02:12:29 +1000] "GET / HTTP/1.1" 200 1193 "-" "Python/3.11 aiohttp/3.9.2"
118.127.40.73 - - [06/Mar/2026:02:42:30 +1000] "GET / HTTP/1.1" 200 1193 "-" "Python/3.11 aiohttp/3.9.2"
118.127.40.73 - - [06/Mar/2026:03:12:30 +1000] "GET / HTTP/1.1" 200 1193 "-" "Python/3.11 aiohttp/3.9.2"
118.127.40.73 - - [06/Mar/2026:03:42:30 +1000] "GET / HTTP/1.1" 200 1193 "-" "Python/3.11 aiohttp/3.9.2"
118.127.40.73 - - [06/Mar/2026:04:12:29 +1000] "GET / HTTP/1.1" 200 1193 "-" "Python/3.11 aiohttp/3.9.2"
118.127.40.73 - - [06/Mar/2026:04:42:30 +1000] "GET / HTTP/1.1" 200 1193 "-" "Python/3.11 aiohttp/3.9.2"
118.127.40.73 - - [06/Mar/2026:05:12:30 +1000] "GET / HTTP/1.1" 200 1193 "-" "Python/3.11 aiohttp/3.9.2"
118.127.40.73 - - [06/Mar/2026:05:42:30 +1000] "GET / HTTP/1.1" 200 1193 "-" "Python/3.11 aiohttp/3.9.2"
52.200.58.199 - - [06/Mar/2026:05:55:24 +1000] "GET /robots.txt HTTP/1.1" 404 - "-" "Mozilla/5.0 AppleWebKit/537.36 (KHTML, like Gecko; compatible; Amazonbot/0.1; +https://developer.amazon.com/support/amazonbot) Chrome/119.0.6045.214 Safari/537.36"
23.21.250.48 - - [06/Mar/2026:05:55:28 +1000] "GET / HTTP/1.1" 200 1193 "-" "Mozilla/5.0 AppleWebKit/537.36 (KHTML, like Gecko; compatible; Amazonbot/0.1; +https://developer.amazon.com/support/amazonbot) Chrome/119.0.6045.214 Safari/537.36"
44.195.201.244 - - [06/Mar/2026:05:55:54 +1000] "GET /robots.txt HTTP/1.1" 404 - "-" "Mozilla/5.0 (Macintosh; Intel Mac OS X 10_10_1) AppleWebKit/600.2.5 (KHTML, like Gecko) Version/8.0.2 Safari/600.2.5 (Gort)"
118.127.40.73 - - [06/Mar/2026:06:12:29 +1000] "GET / HTTP/1.1" 200 1193 "-" "Python/3.11 aiohttp/3.9.2"
118.127.40.73 - - [06/Mar/2026:06:42:30 +1000] "GET / HTTP/1.1" 200 1193 "-" "Python/3.11 aiohttp/3.9.2"
118.127.40.73 - - [06/Mar/2026:07:12:30 +1000] "GET / HTTP/1.1" 200 1193 "-" "Python/3.11 aiohttp/3.9.2"
118.127.40.73 - - [06/Mar/2026:07:42:30 +1000] "GET / HTTP/1.1" 200 1193 "-" "Python/3.11 aiohttp/3.9.2"
118.127.40.73 - - [06/Mar/2026:08:12:32 +1000] "GET / HTTP/1.1" 200 1193 "-" "Python/3.11 aiohttp/3.9.2"
118.127.40.73 - - [06/Mar/2026:08:42:32 +1000] "GET / HTTP/1.1" 200 1193 "-" "Python/3.11 aiohttp/3.9.2"
118.127.40.73 - - [06/Mar/2026:09:12:31 +1000] "GET / HTTP/1.1" 200 1193 "-" "Python/3.11 aiohttp/3.9.2"
118.127.40.73 - - [06/Mar/2026:09:42:35 +1000] "GET / HTTP/1.1" 200 1193 "-" "Python/3.11 aiohttp/3.9.2"
118.127.40.73 - - [06/Mar/2026:10:12:32 +1000] "GET / HTTP/1.1" 200 1193 "-" "Python/3.11 aiohttp/3.9.2"
118.127.40.73 - - [06/Mar/2026:10:42:36 +1000] "GET / HTTP/1.1" 200 1193 "-" "Python/3.11 aiohttp/3.9.2"
118.127.40.73 - - [06/Mar/2026:11:12:32 +1000] "GET / HTTP/1.1" 200 1193 "-" "Python/3.11 aiohttp/3.9.2"
118.127.40.73 - - [06/Mar/2026:11:42:34 +1000] "GET / HTTP/1.1" 200 1193 "-" "Python/3.11 aiohttp/3.9.2"
118.127.40.73 - - [06/Mar/2026:12:12:32 +1000] "GET / HTTP/1.1" 200 1193 "-" "Python/3.11 aiohttp/3.9.2"
204.76.203.25 - - [06/Mar/2026:12:37:59 +1000] "GET /.env HTTP/1.1" 404 - "-" "Mozilla/5.0 (Windows NT 10.0; Win64; x64) AppleWebKit/537.36 (KHTML, like Gecko) Chrome/134.0.0.0 Safari/537.3"
118.127.40.73 - - [06/Mar/2026:12:42:33 +1000] "GET / HTTP/1.1" 200 1193 "-" "Python/3.11 aiohttp/3.9.2"
23.21.227.240 - - [06/Mar/2026:12:52:23 +1000] "GET /?C=M;O%3DA HTTP/1.1" 200 1193 "-" "Mozilla/5.0 AppleWebKit/537.36 (KHTML, like Gecko; compatible; Amazonbot/0.1; +https://developer.amazon.com/support/amazonbot) Chrome/119.0.6045.214 Safari/537.36"
118.127.40.73 - - [06/Mar/2026:13:12:33 +1000] "GET / HTTP/1.1" 200 1193 "-" "Python/3.11 aiohttp/3.9.2"
118.127.40.73 - - [06/Mar/2026:13:42:36 +1000] "GET / HTTP/1.1" 200 1193 "-" "Python/3.11 aiohttp/3.9.2"
118.127.40.73 - - [06/Mar/2026:14:12:34 +1000] "GET / HTTP/1.1" 200 1193 "-" "Python/3.11 aiohttp/3.9.2"
138.246.253.24 - - [06/Mar/2026:14:27:47 +1000] "GET /robots.txt HTTP/1.1" 404 - "-" "Mozilla/5.0 (Windows NT 10.0; Win64; x64) AppleWebKit/537.36 (KHTML, like Gecko) Chrome/103.0.5060.134 Safari/537.36"
118.127.40.73 - - [06/Mar/2026:14:42:34 +1000] "GET / HTTP/1.1" 200 1193 "-" "Python/3.11 aiohttp/3.9.2"
118.127.40.73 - - [06/Mar/2026:15:12:35 +1000] "GET / HTTP/1.1" 200 1193 "-" "Python/3.11 aiohttp/3.9.2"
118.127.40.73 - - [06/Mar/2026:15:42:35 +1000] "GET / HTTP/1.1" 200 1193 "-" "Python/3.11 aiohttp/3.9.2"
118.127.40.73 - - [06/Mar/2026:16:12:35 +1000] "GET / HTTP/1.1" 200 1193 "-" "Python/3.11 aiohttp/3.9.2"
118.127.40.73 - - [06/Mar/2026:16:42:35 +1000] "GET / HTTP/1.1" 200 1193 "-" "Python/3.11 aiohttp/3.9.2"
118.127.40.73 - - [06/Mar/2026:17:12:35 +1000] "GET / HTTP/1.1" 200 1193 "-" "Python/3.11 aiohttp/3.9.2"
