104.210.140.138 - - [11/Mar/2026:05:13:21 +1000] "GET /robots.txt HTTP/1.1" 404 - "-" "Mozilla/5.0 (Macintosh; Intel Mac OS X 10_15_7) AppleWebKit/537.36 (KHTML, like Gecko) Chrome/131.0.0.0 Safari/537.36; compatible; OAI-SearchBot/1.0; +https://openai.com/searchbot"
118.127.40.73 - - [11/Mar/2026:05:23:20 +1000] "GET / HTTP/1.1" 200 1547 "-" "Python/3.11 aiohttp/3.9.2"
118.127.40.73 - - [11/Mar/2026:05:53:21 +1000] "GET / HTTP/1.1" 200 1547 "-" "Python/3.11 aiohttp/3.9.2"
118.127.40.73 - - [11/Mar/2026:06:23:20 +1000] "GET / HTTP/1.1" 200 1547 "-" "Python/3.11 aiohttp/3.9.2"
118.127.40.73 - - [11/Mar/2026:06:53:22 +1000] "GET / HTTP/1.1" 200 1547 "-" "Python/3.11 aiohttp/3.9.2"
118.127.40.73 - - [11/Mar/2026:07:23:22 +1000] "GET / HTTP/1.1" 200 1547 "-" "Python/3.11 aiohttp/3.9.2"
118.127.40.73 - - [11/Mar/2026:07:53:22 +1000] "GET / HTTP/1.1" 200 1547 "-" "Python/3.11 aiohttp/3.9.2"
100.30.5.6 - - [11/Mar/2026:08:10:36 +1000] "GET /robots.txt HTTP/1.1" 404 - "-" "Mozilla/5.0 (Macintosh; Intel Mac OS X 10_10_1) AppleWebKit/600.2.5 (KHTML, like Gecko) Version/8.0.2 Safari/600.2.5 (Gort)"
118.127.40.73 - - [11/Mar/2026:08:23:23 +1000] "GET / HTTP/1.1" 200 1547 "-" "Python/3.11 aiohttp/3.9.2"
118.127.40.73 - - [11/Mar/2026:08:53:23 +1000] "GET / HTTP/1.1" 200 1547 "-" "Python/3.11 aiohttp/3.9.2"
118.127.40.73 - - [11/Mar/2026:09:23:22 +1000] "GET / HTTP/1.1" 200 1547 "-" "Python/3.11 aiohttp/3.9.2"
118.127.40.73 - - [11/Mar/2026:09:53:23 +1000] "GET / HTTP/1.1" 200 1547 "-" "Python/3.11 aiohttp/3.9.2"
118.127.40.73 - - [11/Mar/2026:10:23:23 +1000] "GET / HTTP/1.1" 200 1547 "-" "Python/3.11 aiohttp/3.9.2"
118.127.40.73 - - [11/Mar/2026:10:53:22 +1000] "GET / HTTP/1.1" 200 1547 "-" "Python/3.11 aiohttp/3.9.2"
118.127.40.73 - - [11/Mar/2026:11:23:24 +1000] "GET / HTTP/1.1" 200 1547 "-" "Python/3.11 aiohttp/3.9.2"
74.7.175.184 - - [11/Mar/2026:11:31:38 +1000] "GET /robots.txt HTTP/1.1" 404 - "-" "Mozilla/5.0 (Macintosh; Intel Mac OS X 10_15_7) AppleWebKit/537.36 (KHTML, like Gecko) Chrome/131.0.0.0 Safari/537.36; compatible; OAI-SearchBot/1.3; robots.txt; +https://openai.com/searchbot"
118.127.40.73 - - [11/Mar/2026:11:53:24 +1000] "GET / HTTP/1.1" 200 1547 "-" "Python/3.11 aiohttp/3.9.2"
118.127.40.73 - - [11/Mar/2026:12:23:23 +1000] "GET / HTTP/1.1" 200 1547 "-" "Python/3.11 aiohttp/3.9.2"
118.127.40.73 - - [11/Mar/2026:12:53:23 +1000] "GET / HTTP/1.1" 200 1547 "-" "Python/3.11 aiohttp/3.9.2"
118.127.40.73 - - [11/Mar/2026:13:23:29 +1000] "GET / HTTP/1.1" 200 1547 "-" "Python/3.11 aiohttp/3.9.2"
118.127.40.73 - - [11/Mar/2026:13:53:23 +1000] "GET / HTTP/1.1" 200 1547 "-" "Python/3.11 aiohttp/3.9.2"
118.127.40.73 - - [11/Mar/2026:14:23:24 +1000] "GET / HTTP/1.1" 200 1547 "-" "Python/3.11 aiohttp/3.9.2"
101.198.0.134 - - [11/Mar/2026:14:29:49 +1000] "GET / HTTP/1.1" 200 1547 "-" "Mozilla/5.0 (Macintosh; Intel Mac OS X 10_15_7) AppleWebKit/537.36 (KHTML, like Gecko) Chrome/120.0.0.0 Safari/537.36 Edg/120.0.0.0"
101.198.0.181 - - [11/Mar/2026:14:30:31 +1000] "GET /sitemap.xml HTTP/1.1" 404 - "-" "Mozilla/5.0 (Macintosh; Intel Mac OS X 10_15_7) AppleWebKit/537.36 (KHTML, like Gecko) Chrome/120.0.0.0 Safari/537.36 Edg/120.0.0.0"
101.198.0.187 - - [11/Mar/2026:14:30:46 +1000] "GET /config.json HTTP/1.1" 404 - "-" "Mozilla/5.0 (Macintosh; Intel Mac OS X 10_7_0) AppleWebKit/535.11 (KHTML, like Gecko) Chrome/17.0.963.56 Safari/535.11"
101.198.0.181 - - [11/Mar/2026:14:31:05 +1000] "GET / HTTP/1.1" 200 1547 "-" "Mozilla/5.0 (Macintosh; Intel Mac OS X 10_7_0) AppleWebKit/535.11 (KHTML, like Gecko) Chrome/17.0.963.56 Safari/535.11"
101.198.0.134 - - [11/Mar/2026:14:31:07 +1000] "GET /config/ HTTP/1.1" 200 1909 "-" "Mozilla/5.0 (Macintosh; Intel Mac OS X 10_7_0) AppleWebKit/535.11 (KHTML, like Gecko) Chrome/17.0.963.56 Safari/535.11"
118.127.40.73 - - [11/Mar/2026:14:53:26 +1000] "GET / HTTP/1.1" 200 1547 "-" "Python/3.11 aiohttp/3.9.2"
74.7.228.58 - - [11/Mar/2026:15:15:02 +1000] "GET /robots.txt HTTP/1.1" 404 - "-" "Mozilla/5.0 (Macintosh; Intel Mac OS X 10_15_7) AppleWebKit/537.36 (KHTML, like Gecko) Chrome/131.0.0.0 Safari/537.36; compatible; OAI-SearchBot/1.3; robots.txt; +https://openai.com/searchbot"
118.127.40.73 - - [11/Mar/2026:15:23:25 +1000] "GET / HTTP/1.1" 200 1547 "-" "Python/3.11 aiohttp/3.9.2"
118.127.40.73 - - [11/Mar/2026:15:53:24 +1000] "GET / HTTP/1.1" 200 1547 "-" "Python/3.11 aiohttp/3.9.2"
172.121.217.54 - - [11/Mar/2026:16:10:12 +1000] "HEAD / HTTP/1.1" 200 - "-" "Mozilla/5.0 (Windows NT 10.0; Win64; x64) AppleWebKit/537.36 (KHTML, like Gecko) Chrome/122.0.0.0 Safari/537.36"
104.194.192.65 - - [11/Mar/2026:16:10:12 +1000] "HEAD / HTTP/1.1" 200 - "-" "Mozilla/5.0 (Windows NT 10.0; Win64; x64; rv:123.0) Gecko/20100101 Firefox/123.0"
172.121.217.54 - - [11/Mar/2026:16:10:13 +1000] "GET / HTTP/1.1" 200 1547 "-" "Mozilla/5.0 (Windows NT 10.0; Win64; x64) AppleWebKit/537.36 (KHTML, like Gecko) Chrome/122.0.0.0 Safari/537.36"
104.194.192.65 - - [11/Mar/2026:16:10:13 +1000] "GET / HTTP/1.1" 200 1547 "-" "Mozilla/5.0 (Windows NT 10.0; Win64; x64; rv:123.0) Gecko/20100101 Firefox/123.0"
172.121.209.162 - - [11/Mar/2026:16:10:43 +1000] "GET / HTTP/1.1" 200 1547 "-" "Mozilla/5.0 (Windows NT 10.0; Win64; x64) AppleWebKit/537.36 (KHTML, like Gecko) Chrome/120.0.0.0 Safari/537.36"
172.121.209.162 - - [11/Mar/2026:16:10:44 +1000] "GET /robots.txt HTTP/1.1" 404 - "https://smart.posscales.com/" "Mozilla/5.0 (Windows NT 10.0; Win64; x64) AppleWebKit/537.36 (KHTML, like Gecko) Chrome/120.0.0.0 Safari/537.36"
172.121.209.162 - - [11/Mar/2026:16:10:44 +1000] "GET / HTTP/1.1" 200 1547 "-" "Mozilla/5.0 (Windows NT 10.0; Win64; x64) AppleWebKit/537.36 (KHTML, like Gecko) Chrome/120.0.0.0 Safari/537.36"
104.168.124.85 - - [11/Mar/2026:16:10:46 +1000] "HEAD / HTTP/1.1" 200 - "-" "Mozilla/5.0 (X11; Linux x86_64) AppleWebKit/537.36 (KHTML, like Gecko) Chrome/44.0.2403.157 Safari/537.36"
104.168.124.85 - - [11/Mar/2026:16:10:46 +1000] "GET / HTTP/1.1" 200 1547 "-" "Mozilla/5.0 (X11; Linux x86_64) AppleWebKit/537.36 (KHTML, like Gecko) Chrome/44.0.2403.157 Safari/537.36"
45.5.66.206 - - [11/Mar/2026:16:10:49 +1000] "GET / HTTP/1.1" 200 1547 "-" "Mozilla/5.0 (Windows NT 10.0; Win64; x64) AppleWebKit/537.36 (KHTML, like Gecko) Chrome/120.0.0.0 Safari/537.36"
45.5.66.206 - - [11/Mar/2026:16:10:50 +1000] "GET /robots.txt HTTP/1.1" 404 - "https://www.smart.posscales.com/" "Mozilla/5.0 (Windows NT 10.0; Win64; x64) AppleWebKit/537.36 (KHTML, like Gecko) Chrome/120.0.0.0 Safari/537.36"
45.5.66.206 - - [11/Mar/2026:16:10:51 +1000] "GET / HTTP/1.1" 200 1547 "-" "Mozilla/5.0 (Windows NT 10.0; Win64; x64) AppleWebKit/537.36 (KHTML, like Gecko) Chrome/120.0.0.0 Safari/537.36"
54.200.232.77 - - [11/Mar/2026:16:10:52 +1000] "GET / HTTP/1.1" 200 1547 "-" "Mozilla/5.0 (X11; Linux x86_64) AppleWebKit/537.36 (KHTML, like Gecko) Chrome/140.0.0.0 Safari/537.36"
54.200.232.77 - - [11/Mar/2026:16:10:52 +1000] "GET /favicon.ico HTTP/1.1" 404 - "https://smart.posscales.com/" "Mozilla/5.0 (X11; Linux x86_64) AppleWebKit/537.36 (KHTML, like Gecko) Chrome/140.0.0.0 Safari/537.36"
192.177.58.162 - - [11/Mar/2026:16:10:53 +1000] "HEAD / HTTP/1.1" 200 - "-" "Mozilla/5.0 (Windows NT 6.1; Win64; x64) AppleWebKit/537.36 (KHTML, like Gecko) Chrome/57.0.2987.133 Safari/537.36"
192.177.58.162 - - [11/Mar/2026:16:10:53 +1000] "GET / HTTP/1.1" 200 1547 "-" "Mozilla/5.0 (Windows NT 6.1; Win64; x64) AppleWebKit/537.36 (KHTML, like Gecko) Chrome/57.0.2987.133 Safari/537.36"
52.12.130.123 - - [11/Mar/2026:16:10:57 +1000] "GET / HTTP/1.1" 200 1547 "-" "Mozilla/5.0 (X11; Linux x86_64) AppleWebKit/537.36 (KHTML, like Gecko) Chrome/140.0.0.0 Safari/537.36"
52.12.130.123 - - [11/Mar/2026:16:10:58 +1000] "GET /favicon.ico HTTP/1.1" 404 - "https://www.smart.posscales.com/" "Mozilla/5.0 (X11; Linux x86_64) AppleWebKit/537.36 (KHTML, like Gecko) Chrome/140.0.0.0 Safari/537.36"
118.127.40.73 - - [11/Mar/2026:16:23:24 +1000] "GET / HTTP/1.1" 200 1547 "-" "Python/3.11 aiohttp/3.9.2"
118.127.40.73 - - [11/Mar/2026:16:53:25 +1000] "GET / HTTP/1.1" 200 1547 "-" "Python/3.11 aiohttp/3.9.2"
118.127.40.73 - - [11/Mar/2026:17:23:25 +1000] "GET / HTTP/1.1" 200 1547 "-" "Python/3.11 aiohttp/3.9.2"
118.127.40.73 - - [11/Mar/2026:17:53:25 +1000] "GET / HTTP/1.1" 200 1547 "-" "Python/3.11 aiohttp/3.9.2"
118.127.40.73 - - [11/Mar/2026:18:23:25 +1000] "GET / HTTP/1.1" 200 1547 "-" "Python/3.11 aiohttp/3.9.2"
118.127.40.73 - - [11/Mar/2026:18:53:26 +1000] "GET / HTTP/1.1" 200 1547 "-" "Python/3.11 aiohttp/3.9.2"
118.127.40.73 - - [11/Mar/2026:19:23:25 +1000] "GET / HTTP/1.1" 200 1547 "-" "Python/3.11 aiohttp/3.9.2"
118.127.40.73 - - [11/Mar/2026:19:53:26 +1000] "GET / HTTP/1.1" 200 1547 "-" "Python/3.11 aiohttp/3.9.2"
118.127.40.73 - - [11/Mar/2026:20:23:27 +1000] "GET / HTTP/1.1" 200 1547 "-" "Python/3.11 aiohttp/3.9.2"
118.127.40.73 - - [11/Mar/2026:20:53:28 +1000] "GET / HTTP/1.1" 200 1547 "-" "Python/3.11 aiohttp/3.9.2"
118.127.40.73 - - [11/Mar/2026:21:23:26 +1000] "GET / HTTP/1.1" 200 1547 "-" "Python/3.11 aiohttp/3.9.2"
118.127.40.73 - - [11/Mar/2026:21:53:27 +1000] "GET / HTTP/1.1" 200 1547 "-" "Python/3.11 aiohttp/3.9.2"
118.127.40.73 - - [11/Mar/2026:22:23:27 +1000] "GET / HTTP/1.1" 200 1547 "-" "Python/3.11 aiohttp/3.9.2"
118.127.40.73 - - [11/Mar/2026:22:53:28 +1000] "GET / HTTP/1.1" 200 1547 "-" "Python/3.11 aiohttp/3.9.2"
118.127.40.73 - - [11/Mar/2026:23:23:28 +1000] "GET / HTTP/1.1" 200 1547 "-" "Python/3.11 aiohttp/3.9.2"
118.127.40.73 - - [11/Mar/2026:23:53:27 +1000] "GET / HTTP/1.1" 200 1547 "-" "Python/3.11 aiohttp/3.9.2"
118.127.40.73 - - [12/Mar/2026:00:23:28 +1000] "GET / HTTP/1.1" 200 1547 "-" "Python/3.11 aiohttp/3.9.2"
118.127.40.73 - - [12/Mar/2026:00:53:26 +1000] "GET / HTTP/1.1" 200 1547 "-" "Python/3.11 aiohttp/3.9.2"
118.127.40.73 - - [12/Mar/2026:01:23:27 +1000] "GET / HTTP/1.1" 200 1547 "-" "Python/3.11 aiohttp/3.9.2"
118.127.40.73 - - [12/Mar/2026:01:53:29 +1000] "GET / HTTP/1.1" 200 1547 "-" "Python/3.11 aiohttp/3.9.2"
118.127.40.73 - - [12/Mar/2026:02:23:28 +1000] "GET / HTTP/1.1" 200 1547 "-" "Python/3.11 aiohttp/3.9.2"
64.23.167.251 - - [12/Mar/2026:02:40:16 +1000] "GET / HTTP/1.1" 200 1547 "-" "Mozilla/5.0 (X11; Linux x86_64) AppleWebKit/537.36 (KHTML, like Gecko) Chrome/142.0.0.0 Safari/537.36"
64.23.167.251 - - [12/Mar/2026:02:40:20 +1000] "GET /favicon.ico HTTP/1.1" 404 - "https://smart.posscales.com/" "Mozilla/5.0 (X11; Linux x86_64) AppleWebKit/537.36 (KHTML, like Gecko) Chrome/142.0.0.0 Safari/537.36"
118.127.40.73 - - [12/Mar/2026:02:53:31 +1000] "GET / HTTP/1.1" 200 1547 "-" "Python/3.11 aiohttp/3.9.2"
34.222.183.75 - - [12/Mar/2026:03:07:14 +1000] "GET /robots.txt HTTP/1.1" 404 - "-" "Mozilla/5.0 (compatible; wpbot/1.4; +https://forms.gle/ajBaxygz9jSR8p8G9)"
34.222.183.75 - - [12/Mar/2026:03:07:14 +1000] "GET / HTTP/1.1" 200 1547 "-" "Mozilla/5.0 (compatible; wpbot/1.4; +https://forms.gle/ajBaxygz9jSR8p8G9)"
118.127.40.73 - - [12/Mar/2026:03:23:31 +1000] "GET / HTTP/1.1" 200 1547 "-" "Python/3.11 aiohttp/3.9.2"
118.127.40.73 - - [12/Mar/2026:03:53:31 +1000] "GET / HTTP/1.1" 200 1547 "-" "Python/3.11 aiohttp/3.9.2"
118.127.40.73 - - [12/Mar/2026:04:23:30 +1000] "GET / HTTP/1.1" 200 1547 "-" "Python/3.11 aiohttp/3.9.2"
118.127.40.73 - - [12/Mar/2026:04:53:30 +1000] "GET / HTTP/1.1" 200 1547 "-" "Python/3.11 aiohttp/3.9.2"
118.127.40.73 - - [12/Mar/2026:05:23:30 +1000] "GET / HTTP/1.1" 200 1547 "-" "Python/3.11 aiohttp/3.9.2"
118.127.40.73 - - [12/Mar/2026:05:53:31 +1000] "GET / HTTP/1.1" 200 1547 "-" "Python/3.11 aiohttp/3.9.2"
118.127.40.73 - - [12/Mar/2026:06:23:30 +1000] "GET / HTTP/1.1" 200 1547 "-" "Python/3.11 aiohttp/3.9.2"
118.127.40.73 - - [12/Mar/2026:06:53:32 +1000] "GET / HTTP/1.1" 200 1547 "-" "Python/3.11 aiohttp/3.9.2"
118.127.40.73 - - [12/Mar/2026:07:23:50 +1000] "GET / HTTP/1.1" 200 1547 "-" "Python/3.11 aiohttp/3.9.2"
104.210.140.133 - - [12/Mar/2026:07:32:17 +1000] "GET /robots.txt HTTP/1.1" 404 - "-" "Mozilla/5.0 (Macintosh; Intel Mac OS X 10_15_7) AppleWebKit/537.36 (KHTML, like Gecko) Chrome/131.0.0.0 Safari/537.36; compatible; OAI-SearchBot/1.0; +https://openai.com/searchbot"
118.127.40.73 - - [12/Mar/2026:07:53:38 +1000] "GET / HTTP/1.1" 200 1547 "-" "Python/3.11 aiohttp/3.9.2"
118.127.40.73 - - [12/Mar/2026:08:23:32 +1000] "GET / HTTP/1.1" 200 1547 "-" "Python/3.11 aiohttp/3.9.2"
44.195.201.244 - - [12/Mar/2026:08:31:07 +1000] "GET /robots.txt HTTP/1.1" 404 - "-" "Mozilla/5.0 (Macintosh; Intel Mac OS X 10_10_1) AppleWebKit/600.2.5 (KHTML, like Gecko) Version/8.0.2 Safari/600.2.5 (Gort)"
118.127.40.73 - - [12/Mar/2026:08:53:33 +1000] "GET / HTTP/1.1" 200 1547 "-" "Python/3.11 aiohttp/3.9.2"
118.127.40.73 - - [12/Mar/2026:09:23:32 +1000] "GET / HTTP/1.1" 200 1547 "-" "Python/3.11 aiohttp/3.9.2"
138.246.253.24 - - [12/Mar/2026:09:33:02 +1000] "GET /robots.txt HTTP/1.1" 404 - "-" "Mozilla/5.0 (Windows NT 10.0; Win64; x64) AppleWebKit/537.36 (KHTML, like Gecko) Chrome/103.0.5060.134 Safari/537.36"
118.127.40.73 - - [12/Mar/2026:09:53:33 +1000] "GET / HTTP/1.1" 200 1547 "-" "Python/3.11 aiohttp/3.9.2"
118.127.40.73 - - [12/Mar/2026:10:23:31 +1000] "GET / HTTP/1.1" 200 1547 "-" "Python/3.11 aiohttp/3.9.2"
18.201.72.143 - - [12/Mar/2026:10:27:49 +1000] "GET / HTTP/1.0" 200 1547 "-" "Mozilla/5.0 (compatible; NetcraftSurveyAgent/1.0; +info@netcraft.com)"
118.127.40.73 - - [12/Mar/2026:10:53:32 +1000] "GET / HTTP/1.1" 200 1547 "-" "Python/3.11 aiohttp/3.9.2"
118.127.40.73 - - [12/Mar/2026:11:23:33 +1000] "GET / HTTP/1.1" 200 1547 "-" "Python/3.11 aiohttp/3.9.2"
118.127.40.73 - - [12/Mar/2026:11:53:32 +1000] "GET / HTTP/1.1" 200 1547 "-" "Python/3.11 aiohttp/3.9.2"
118.127.40.73 - - [12/Mar/2026:12:23:33 +1000] "GET / HTTP/1.1" 200 1547 "-" "Python/3.11 aiohttp/3.9.2"
118.127.40.73 - - [12/Mar/2026:12:53:33 +1000] "GET / HTTP/1.1" 200 1547 "-" "Python/3.11 aiohttp/3.9.2"
118.127.40.73 - - [12/Mar/2026:13:23:33 +1000] "GET / HTTP/1.1" 200 1547 "-" "Python/3.11 aiohttp/3.9.2"
118.127.40.73 - - [12/Mar/2026:13:53:35 +1000] "GET / HTTP/1.1" 200 1547 "-" "Python/3.11 aiohttp/3.9.2"
44.223.232.55 - - [12/Mar/2026:13:59:54 +1000] "GET / HTTP/1.1" 200 1547 "-" "Mozilla/5.0 AppleWebKit/537.36 (KHTML, like Gecko; compatible; Amazonbot/0.1; +https://developer.amazon.com/support/amazonbot) Chrome/119.0.6045.214 Safari/537.36"
44.195.201.244 - - [12/Mar/2026:14:00:34 +1000] "GET /robots.txt HTTP/1.1" 404 - "-" "Mozilla/5.0 (Macintosh; Intel Mac OS X 10_10_1) AppleWebKit/600.2.5 (KHTML, like Gecko) Version/8.0.2 Safari/600.2.5 (Gort)"
118.127.40.73 - - [12/Mar/2026:14:23:34 +1000] "GET / HTTP/1.1" 200 1547 "-" "Python/3.11 aiohttp/3.9.2"
118.127.40.73 - - [12/Mar/2026:14:53:34 +1000] "GET / HTTP/1.1" 200 1547 "-" "Python/3.11 aiohttp/3.9.2"
118.127.40.73 - - [12/Mar/2026:15:23:37 +1000] "GET / HTTP/1.1" 200 1547 "-" "Python/3.11 aiohttp/3.9.2"
204.76.203.25 - - [12/Mar/2026:15:37:04 +1000] "GET /.env HTTP/1.1" 404 - "-" "Mozilla/5.0 (Windows NT 10.0; Win64; x64) AppleWebKit/537.36 (KHTML, like Gecko) Chrome/134.0.0.0 Safari/537.3"
118.127.40.73 - - [12/Mar/2026:15:53:35 +1000] "GET / HTTP/1.1" 200 1547 "-" "Python/3.11 aiohttp/3.9.2"
118.127.40.73 - - [12/Mar/2026:16:23:36 +1000] "GET / HTTP/1.1" 200 1547 "-" "Python/3.11 aiohttp/3.9.2"
118.127.40.73 - - [12/Mar/2026:16:53:35 +1000] "GET / HTTP/1.1" 200 1547 "-" "Python/3.11 aiohttp/3.9.2"
118.127.40.73 - - [12/Mar/2026:17:23:35 +1000] "GET / HTTP/1.1" 200 1547 "-" "Python/3.11 aiohttp/3.9.2"
118.127.40.73 - - [12/Mar/2026:17:53:34 +1000] "GET / HTTP/1.1" 200 1547 "-" "Python/3.11 aiohttp/3.9.2"
118.127.40.73 - - [12/Mar/2026:18:23:34 +1000] "GET / HTTP/1.1" 200 1547 "-" "Python/3.11 aiohttp/3.9.2"
34.253.135.128 - - [12/Mar/2026:18:38:26 +1000] "GET / HTTP/1.0" 200 1547 "-" "Mozilla/5.0 (compatible; NetcraftSurveyAgent/1.0; +info@netcraft.com)"
118.127.40.73 - - [12/Mar/2026:18:53:35 +1000] "GET / HTTP/1.1" 200 1547 "-" "Python/3.11 aiohttp/3.9.2"
118.127.40.73 - - [12/Mar/2026:19:23:35 +1000] "GET / HTTP/1.1" 200 1547 "-" "Python/3.11 aiohttp/3.9.2"
100.20.64.24 - - [12/Mar/2026:19:30:49 +1000] "GET /robots.txt HTTP/1.1" 404 - "-" "Mozilla/5.0 (compatible; wpbot/1.4; +https://forms.gle/ajBaxygz9jSR8p8G9)"
100.20.64.24 - - [12/Mar/2026:19:30:49 +1000] "GET / HTTP/1.1" 200 1547 "-" "Mozilla/5.0 (compatible; wpbot/1.4; +https://forms.gle/ajBaxygz9jSR8p8G9)"
118.127.40.73 - - [12/Mar/2026:19:53:36 +1000] "GET / HTTP/1.1" 200 1547 "-" "Python/3.11 aiohttp/3.9.2"
118.127.40.73 - - [12/Mar/2026:20:23:37 +1000] "GET / HTTP/1.1" 200 1547 "-" "Python/3.11 aiohttp/3.9.2"
118.127.40.73 - - [12/Mar/2026:20:53:36 +1000] "GET / HTTP/1.1" 200 1547 "-" "Python/3.11 aiohttp/3.9.2"
118.127.40.73 - - [12/Mar/2026:21:23:36 +1000] "GET / HTTP/1.1" 200 1547 "-" "Python/3.11 aiohttp/3.9.2"
118.127.40.73 - - [12/Mar/2026:21:53:36 +1000] "GET / HTTP/1.1" 200 1547 "-" "Python/3.11 aiohttp/3.9.2"
118.127.40.73 - - [12/Mar/2026:22:23:37 +1000] "GET / HTTP/1.1" 200 1547 "-" "Python/3.11 aiohttp/3.9.2"
118.127.40.73 - - [12/Mar/2026:22:53:38 +1000] "GET / HTTP/1.1" 200 1547 "-" "Python/3.11 aiohttp/3.9.2"
118.127.40.73 - - [12/Mar/2026:23:52:39 +1000] "GET / HTTP/1.1" 200 1547 "-" "Python/3.11 aiohttp/3.9.2"
118.127.40.73 - - [13/Mar/2026:00:22:38 +1000] "GET / HTTP/1.1" 200 1547 "-" "Python/3.11 aiohttp/3.9.2"
118.127.40.73 - - [13/Mar/2026:00:52:38 +1000] "GET / HTTP/1.1" 200 1547 "-" "Python/3.11 aiohttp/3.9.2"
167.99.210.137 - - [13/Mar/2026:00:52:51 +1000] "GET / HTTP/1.1" 200 1547 "-" "Mozilla/5.0 (l9scan/2.0.330313e20343e2732313e2831313; +https://leakix.net)"
139.59.132.8 - - [13/Mar/2026:00:52:51 +1000] "GET / HTTP/1.1" 200 1547 "-" "Mozilla/5.0 (l9scan/2.0.330313e20343e2732313e2831313; +https://leakix.net)"
167.99.210.137 - - [13/Mar/2026:00:52:52 +1000] "GET /console/ HTTP/1.1" 404 - "-" "Mozilla/5.0 (l9scan/2.0.330313e20343e2732313e2831313; +https://leakix.net)"
139.59.132.8 - - [13/Mar/2026:00:52:52 +1000] "GET /console/ HTTP/1.1" 404 - "-" "Mozilla/5.0 (l9scan/2.0.330313e20343e2732313e2831313; +https://leakix.net)"
51.89.167.1 - - [13/Mar/2026:00:52:52 +1000] "GET / HTTP/1.1" 200 1547 "-" "Go-http-client/1.1"
51.89.167.1 - - [13/Mar/2026:00:52:53 +1000] "GET /config/ HTTP/1.1" 200 2097 "-" "Go-http-client/1.1"
167.99.210.137 - - [13/Mar/2026:00:52:53 +1000] "GET /server HTTP/1.1" 404 - "-" "Mozilla/5.0 (l9scan/2.0.330313e20343e2732313e2831313; +https://leakix.net)"
51.89.167.1 - - [13/Mar/2026:00:52:53 +1000] "HEAD /config/config_Smart-RealEstate-quadro_v6.4.1_2026-2-15_0113.bin HTTP/1.1" 200 - "-" "Go-http-client/1.1"
139.59.132.8 - - [13/Mar/2026:00:52:53 +1000] "GET /server HTTP/1.1" 404 - "-" "Mozilla/5.0 (l9scan/2.0.330313e20343e2732313e2831313; +https://leakix.net)"
51.89.167.1 - - [13/Mar/2026:00:52:53 +1000] "GET /config/config_Smart-RealEstate-quadro_v6.4.1_2026-2-15_0113.bin HTTP/1.1" 200 - "-" "Go-http-client/1.1"
51.89.167.1 - - [13/Mar/2026:00:52:54 +1000] "HEAD /config/config_Smart-RealEstate-quadro_v6.4.1_2026-2-22_0112.bin HTTP/1.1" 200 - "-" "Go-http-client/1.1"
57.129.16.41 - - [13/Mar/2026:00:52:54 +1000] "GET / HTTP/1.1" 200 1547 "-" "Go-http-client/1.1"
51.89.167.1 - - [13/Mar/2026:00:52:54 +1000] "GET /config/config_Smart-RealEstate-quadro_v6.4.1_2026-2-22_0112.bin HTTP/1.1" 200 - "-" "Go-http-client/1.1"
167.99.210.137 - - [13/Mar/2026:00:52:54 +1000] "GET /server-status HTTP/1.1" 404 - "-" "Mozilla/5.0 (l9scan/2.0.330313e20343e2732313e2831313; +https://leakix.net)"
139.59.132.8 - - [13/Mar/2026:00:52:54 +1000] "GET /server-status HTTP/1.1" 404 - "-" "Mozilla/5.0 (l9scan/2.0.330313e20343e2732313e2831313; +https://leakix.net)"
57.129.16.41 - - [13/Mar/2026:00:52:54 +1000] "GET /config/ HTTP/1.1" 200 2097 "-" "Go-http-client/1.1"
51.89.167.1 - - [13/Mar/2026:00:52:54 +1000] "HEAD /config/config_Smart-RealEstate-quadro_v6.4.1_2026-3-1_0111.bin HTTP/1.1" 200 - "-" "Go-http-client/1.1"
57.129.16.41 - - [13/Mar/2026:00:52:55 +1000] "HEAD /config/config_Smart-RealEstate-quadro_v6.4.1_2026-2-15_0113.bin HTTP/1.1" 200 - "-" "Go-http-client/1.1"
51.89.167.1 - - [13/Mar/2026:00:52:55 +1000] "GET /config/config_Smart-RealEstate-quadro_v6.4.1_2026-3-1_0111.bin HTTP/1.1" 200 - "-" "Go-http-client/1.1"
57.129.16.41 - - [13/Mar/2026:00:52:55 +1000] "GET /config/config_Smart-RealEstate-quadro_v6.4.1_2026-2-15_0113.bin HTTP/1.1" 200 - "-" "Go-http-client/1.1"
51.89.167.1 - - [13/Mar/2026:00:52:55 +1000] "HEAD /config/config_Smart-RealEstate-quadro_v6.4.1_2026-3-8_0111.bin HTTP/1.1" 200 - "-" "Go-http-client/1.1"
57.129.16.41 - - [13/Mar/2026:00:52:55 +1000] "HEAD /config/config_Smart-RealEstate-quadro_v6.4.1_2026-2-22_0112.bin HTTP/1.1" 200 - "-" "Go-http-client/1.1"
51.89.167.1 - - [13/Mar/2026:00:52:55 +1000] "GET /config/config_Smart-RealEstate-quadro_v6.4.1_2026-3-8_0111.bin HTTP/1.1" 200 - "-" "Go-http-client/1.1"
57.129.16.41 - - [13/Mar/2026:00:52:55 +1000] "GET /config/config_Smart-RealEstate-quadro_v6.4.1_2026-2-22_0112.bin HTTP/1.1" 200 - "-" "Go-http-client/1.1"
57.129.16.41 - - [13/Mar/2026:00:52:56 +1000] "HEAD /config/config_Smart-RealEstate-quadro_v6.4.1_2026-3-1_0111.bin HTTP/1.1" 200 - "-" "Go-http-client/1.1"
167.99.210.137 - - [13/Mar/2026:00:52:56 +1000] "GET /about HTTP/1.1" 404 - "-" "Mozilla/5.0 (l9scan/2.0.330313e20343e2732313e2831313; +https://leakix.net)"
139.59.132.8 - - [13/Mar/2026:00:52:56 +1000] "GET /about HTTP/1.1" 404 - "-" "Mozilla/5.0 (l9scan/2.0.330313e20343e2732313e2831313; +https://leakix.net)"
57.129.16.41 - - [13/Mar/2026:00:52:56 +1000] "GET /config/config_Smart-RealEstate-quadro_v6.4.1_2026-3-1_0111.bin HTTP/1.1" 200 - "-" "Go-http-client/1.1"
57.129.16.41 - - [13/Mar/2026:00:52:57 +1000] "HEAD /config/config_Smart-RealEstate-quadro_v6.4.1_2026-3-8_0111.bin HTTP/1.1" 200 - "-" "Go-http-client/1.1"
57.129.16.41 - - [13/Mar/2026:00:52:57 +1000] "GET /config/config_Smart-RealEstate-quadro_v6.4.1_2026-3-8_0111.bin HTTP/1.1" 200 - "-" "Go-http-client/1.1"
167.99.210.137 - - [13/Mar/2026:00:52:57 +1000] "GET /login.action HTTP/1.1" 404 - "-" "Mozilla/5.0 (l9scan/2.0.330313e20343e2732313e2831313; +https://leakix.net)"
139.59.132.8 - - [13/Mar/2026:00:52:57 +1000] "GET /login.action HTTP/1.1" 404 - "-" "Mozilla/5.0 (l9scan/2.0.330313e20343e2732313e2831313; +https://leakix.net)"
167.99.210.137 - - [13/Mar/2026:00:52:58 +1000] "GET /v2/_catalog HTTP/1.1" 404 - "-" "Mozilla/5.0 (l9scan/2.0.330313e20343e2732313e2831313; +https://leakix.net)"
139.59.132.8 - - [13/Mar/2026:00:52:58 +1000] "GET /v2/_catalog HTTP/1.1" 404 - "-" "Mozilla/5.0 (l9scan/2.0.330313e20343e2732313e2831313; +https://leakix.net)"
167.99.210.137 - - [13/Mar/2026:00:52:59 +1000] "GET /.DS_Store HTTP/1.1" 404 - "-" "Mozilla/5.0 (l9scan/2.0.330313e20343e2732313e2831313; +https://leakix.net)"
139.59.132.8 - - [13/Mar/2026:00:52:59 +1000] "GET /.DS_Store HTTP/1.1" 404 - "-" "Mozilla/5.0 (l9scan/2.0.330313e20343e2732313e2831313; +https://leakix.net)"
167.99.210.137 - - [13/Mar/2026:00:53:00 +1000] "GET /.env HTTP/1.1" 404 - "-" "Mozilla/5.0 (l9scan/2.0.330313e20343e2732313e2831313; +https://leakix.net)"
139.59.132.8 - - [13/Mar/2026:00:53:00 +1000] "GET /.env HTTP/1.1" 404 - "-" "Mozilla/5.0 (l9scan/2.0.330313e20343e2732313e2831313; +https://leakix.net)"
167.99.210.137 - - [13/Mar/2026:00:53:02 +1000] "GET /ecp/Current/exporttool/microsoft.exchange.ediscovery.exporttool.application HTTP/1.1" 404 - "-" "Mozilla/5.0 (l9scan/2.0.330313e20343e2732313e2831313; +https://leakix.net)"
139.59.132.8 - - [13/Mar/2026:00:53:02 +1000] "GET /ecp/Current/exporttool/microsoft.exchange.ediscovery.exporttool.application HTTP/1.1" 404 - "-" "Mozilla/5.0 (l9scan/2.0.330313e20343e2732313e2831313; +https://leakix.net)"
167.99.210.137 - - [13/Mar/2026:00:53:04 +1000] "GET /.git/config HTTP/1.1" 404 - "-" "Mozilla/5.0 (l9scan/2.0.330313e20343e2732313e2831313; +https://leakix.net)"
139.59.132.8 - - [13/Mar/2026:00:53:04 +1000] "GET /.git/config HTTP/1.1" 404 - "-" "Mozilla/5.0 (l9scan/2.0.330313e20343e2732313e2831313; +https://leakix.net)"
167.99.210.137 - - [13/Mar/2026:00:53:05 +1000] "POST /graphql HTTP/1.1" 404 - "-" "Mozilla/5.0 (l9scan/2.0.330313e20343e2732313e2831313; +https://leakix.net)"
139.59.132.8 - - [13/Mar/2026:00:53:05 +1000] "POST /graphql HTTP/1.1" 404 - "-" "Mozilla/5.0 (l9scan/2.0.330313e20343e2732313e2831313; +https://leakix.net)"
167.99.210.137 - - [13/Mar/2026:00:53:06 +1000] "POST /api HTTP/1.1" 404 - "-" "Mozilla/5.0 (l9scan/2.0.330313e20343e2732313e2831313; +https://leakix.net)"
139.59.132.8 - - [13/Mar/2026:00:53:06 +1000] "POST /api HTTP/1.1" 404 - "-" "Mozilla/5.0 (l9scan/2.0.330313e20343e2732313e2831313; +https://leakix.net)"
167.99.210.137 - - [13/Mar/2026:00:53:06 +1000] "POST /api/graphql HTTP/1.1" 404 - "-" "Mozilla/5.0 (l9scan/2.0.330313e20343e2732313e2831313; +https://leakix.net)"
139.59.132.8 - - [13/Mar/2026:00:53:07 +1000] "POST /api/graphql HTTP/1.1" 404 - "-" "Mozilla/5.0 (l9scan/2.0.330313e20343e2732313e2831313; +https://leakix.net)"
167.99.210.137 - - [13/Mar/2026:00:53:07 +1000] "POST /graphql/api HTTP/1.1" 404 - "-" "Mozilla/5.0 (l9scan/2.0.330313e20343e2732313e2831313; +https://leakix.net)"
139.59.132.8 - - [13/Mar/2026:00:53:07 +1000] "POST /graphql/api HTTP/1.1" 404 - "-" "Mozilla/5.0 (l9scan/2.0.330313e20343e2732313e2831313; +https://leakix.net)"
167.99.210.137 - - [13/Mar/2026:00:53:08 +1000] "POST /api/gql HTTP/1.1" 404 - "-" "Mozilla/5.0 (l9scan/2.0.330313e20343e2732313e2831313; +https://leakix.net)"
139.59.132.8 - - [13/Mar/2026:00:53:08 +1000] "POST /api/gql HTTP/1.1" 404 - "-" "Mozilla/5.0 (l9scan/2.0.330313e20343e2732313e2831313; +https://leakix.net)"
167.99.210.137 - - [13/Mar/2026:00:53:09 +1000] "GET /s/330313e20343e2732313e2831313/_/;/META-INF/maven/com.atlassian.jira/jira-webapp-dist/pom.properties HTTP/1.1" 404 - "-" "Mozilla/5.0 (l9scan/2.0.330313e20343e2732313e2831313; +https://leakix.net)"
139.59.132.8 - - [13/Mar/2026:00:53:09 +1000] "GET /s/330313e20343e2732313e2831313/_/;/META-INF/maven/com.atlassian.jira/jira-webapp-dist/pom.properties HTTP/1.1" 404 - "-" "Mozilla/5.0 (l9scan/2.0.330313e20343e2732313e2831313; +https://leakix.net)"
167.99.210.137 - - [13/Mar/2026:00:53:10 +1000] "GET /config.json HTTP/1.1" 404 - "-" "Mozilla/5.0 (l9scan/2.0.330313e20343e2732313e2831313; +https://leakix.net)"
139.59.132.8 - - [13/Mar/2026:00:53:10 +1000] "GET /config.json HTTP/1.1" 404 - "-" "Mozilla/5.0 (l9scan/2.0.330313e20343e2732313e2831313; +https://leakix.net)"
167.99.210.137 - - [13/Mar/2026:00:53:12 +1000] "GET /telescope/requests HTTP/1.1" 404 - "-" "Mozilla/5.0 (l9scan/2.0.330313e20343e2732313e2831313; +https://leakix.net)"
139.59.132.8 - - [13/Mar/2026:00:53:12 +1000] "GET /telescope/requests HTTP/1.1" 404 - "-" "Mozilla/5.0 (l9scan/2.0.330313e20343e2732313e2831313; +https://leakix.net)"
167.99.210.137 - - [13/Mar/2026:00:53:13 +1000] "GET /info.php HTTP/1.1" 404 16 "-" "Mozilla/5.0 (l9scan/2.0.330313e20343e2732313e2831313; +https://leakix.net)"
139.59.132.8 - - [13/Mar/2026:00:53:13 +1000] "GET /info.php HTTP/1.1" 404 16 "-" "Mozilla/5.0 (l9scan/2.0.330313e20343e2732313e2831313; +https://leakix.net)"
167.99.210.137 - - [13/Mar/2026:00:53:14 +1000] "GET /.well-known/security.txt HTTP/1.1" 404 - "-" "Mozilla/5.0 (l9scan/2.0.330313e20343e2732313e2831313; +https://leakix.net)"
139.59.132.8 - - [13/Mar/2026:00:53:14 +1000] "GET /.well-known/security.txt HTTP/1.1" 404 - "-" "Mozilla/5.0 (l9scan/2.0.330313e20343e2732313e2831313; +https://leakix.net)"
167.99.210.137 - - [13/Mar/2026:00:53:15 +1000] "GET /actuator/env HTTP/1.1" 404 - "-" "Mozilla/5.0 (l9scan/2.0.330313e20343e2732313e2831313; +https://leakix.net)"
139.59.132.8 - - [13/Mar/2026:00:53:15 +1000] "GET /actuator/env HTTP/1.1" 404 - "-" "Mozilla/5.0 (l9scan/2.0.330313e20343e2732313e2831313; +https://leakix.net)"
167.99.210.137 - - [13/Mar/2026:00:53:17 +1000] "GET /swagger-ui.html HTTP/1.1" 404 - "-" "Mozilla/5.0 (l9scan/2.0.330313e20343e2732313e2831313; +https://leakix.net)"
139.59.132.8 - - [13/Mar/2026:00:53:17 +1000] "GET /swagger-ui.html HTTP/1.1" 404 - "-" "Mozilla/5.0 (l9scan/2.0.330313e20343e2732313e2831313; +https://leakix.net)"
167.99.210.137 - - [13/Mar/2026:00:53:18 +1000] "GET /swagger/index.html HTTP/1.1" 404 - "-" "Mozilla/5.0 (l9scan/2.0.330313e20343e2732313e2831313; +https://leakix.net)"
139.59.132.8 - - [13/Mar/2026:00:53:18 +1000] "GET /swagger/index.html HTTP/1.1" 404 - "-" "Mozilla/5.0 (l9scan/2.0.330313e20343e2732313e2831313; +https://leakix.net)"
167.99.210.137 - - [13/Mar/2026:00:53:19 +1000] "GET /swagger/swagger-ui.html HTTP/1.1" 404 - "-" "Mozilla/5.0 (l9scan/2.0.330313e20343e2732313e2831313; +https://leakix.net)"
139.59.132.8 - - [13/Mar/2026:00:53:19 +1000] "GET /swagger/swagger-ui.html HTTP/1.1" 404 - "-" "Mozilla/5.0 (l9scan/2.0.330313e20343e2732313e2831313; +https://leakix.net)"
167.99.210.137 - - [13/Mar/2026:00:53:20 +1000] "GET /webjars/swagger-ui/index.html HTTP/1.1" 404 - "-" "Mozilla/5.0 (l9scan/2.0.330313e20343e2732313e2831313; +https://leakix.net)"
139.59.132.8 - - [13/Mar/2026:00:53:20 +1000] "GET /webjars/swagger-ui/index.html HTTP/1.1" 404 - "-" "Mozilla/5.0 (l9scan/2.0.330313e20343e2732313e2831313; +https://leakix.net)"
167.99.210.137 - - [13/Mar/2026:00:53:21 +1000] "GET /swagger.json HTTP/1.1" 404 - "-" "Mozilla/5.0 (l9scan/2.0.330313e20343e2732313e2831313; +https://leakix.net)"
139.59.132.8 - - [13/Mar/2026:00:53:21 +1000] "GET /swagger.json HTTP/1.1" 404 - "-" "Mozilla/5.0 (l9scan/2.0.330313e20343e2732313e2831313; +https://leakix.net)"
167.99.210.137 - - [13/Mar/2026:00:53:22 +1000] "GET /swagger/v1/swagger.json HTTP/1.1" 404 - "-" "Mozilla/5.0 (l9scan/2.0.330313e20343e2732313e2831313; +https://leakix.net)"
139.59.132.8 - - [13/Mar/2026:00:53:22 +1000] "GET /swagger/v1/swagger.json HTTP/1.1" 404 - "-" "Mozilla/5.0 (l9scan/2.0.330313e20343e2732313e2831313; +https://leakix.net)"
167.99.210.137 - - [13/Mar/2026:00:53:23 +1000] "GET /v2/api-docs HTTP/1.1" 404 - "-" "Mozilla/5.0 (l9scan/2.0.330313e20343e2732313e2831313; +https://leakix.net)"
139.59.132.8 - - [13/Mar/2026:00:53:23 +1000] "GET /v2/api-docs HTTP/1.1" 404 - "-" "Mozilla/5.0 (l9scan/2.0.330313e20343e2732313e2831313; +https://leakix.net)"
167.99.210.137 - - [13/Mar/2026:00:53:24 +1000] "GET /v3/api-docs HTTP/1.1" 404 - "-" "Mozilla/5.0 (l9scan/2.0.330313e20343e2732313e2831313; +https://leakix.net)"
139.59.132.8 - - [13/Mar/2026:00:53:24 +1000] "GET /v3/api-docs HTTP/1.1" 404 - "-" "Mozilla/5.0 (l9scan/2.0.330313e20343e2732313e2831313; +https://leakix.net)"
167.99.210.137 - - [13/Mar/2026:00:53:25 +1000] "GET /api-docs/swagger.json HTTP/1.1" 404 - "-" "Mozilla/5.0 (l9scan/2.0.330313e20343e2732313e2831313; +https://leakix.net)"
139.59.132.8 - - [13/Mar/2026:00:53:25 +1000] "GET /api-docs/swagger.json HTTP/1.1" 404 - "-" "Mozilla/5.0 (l9scan/2.0.330313e20343e2732313e2831313; +https://leakix.net)"
167.99.210.137 - - [13/Mar/2026:00:53:26 +1000] "GET /api/swagger.json HTTP/1.1" 404 - "-" "Mozilla/5.0 (l9scan/2.0.330313e20343e2732313e2831313; +https://leakix.net)"
139.59.132.8 - - [13/Mar/2026:00:53:26 +1000] "GET /api/swagger.json HTTP/1.1" 404 - "-" "Mozilla/5.0 (l9scan/2.0.330313e20343e2732313e2831313; +https://leakix.net)"
167.99.210.137 - - [13/Mar/2026:00:53:27 +1000] "GET /trace.axd HTTP/1.1" 404 - "-" "Mozilla/5.0 (l9scan/2.0.330313e20343e2732313e2831313; +https://leakix.net)"
139.59.132.8 - - [13/Mar/2026:00:53:27 +1000] "GET /trace.axd HTTP/1.1" 404 - "-" "Mozilla/5.0 (l9scan/2.0.330313e20343e2732313e2831313; +https://leakix.net)"
167.99.210.137 - - [13/Mar/2026:00:53:28 +1000] "GET /@vite/env HTTP/1.1" 404 - "-" "Mozilla/5.0 (l9scan/2.0.330313e20343e2732313e2831313; +https://leakix.net)"
139.59.132.8 - - [13/Mar/2026:00:53:28 +1000] "GET /@vite/env HTTP/1.1" 404 - "-" "Mozilla/5.0 (l9scan/2.0.330313e20343e2732313e2831313; +https://leakix.net)"
167.99.210.137 - - [13/Mar/2026:00:53:29 +1000] "GET /.vscode/sftp.json HTTP/1.1" 404 - "-" "Mozilla/5.0 (l9scan/2.0.330313e20343e2732313e2831313; +https://leakix.net)"
139.59.132.8 - - [13/Mar/2026:00:53:29 +1000] "GET /.vscode/sftp.json HTTP/1.1" 404 - "-" "Mozilla/5.0 (l9scan/2.0.330313e20343e2732313e2831313; +https://leakix.net)"
167.99.210.137 - - [13/Mar/2026:00:53:30 +1000] "OPTIONS / HTTP/1.1" 200 - "-" "Mozilla/5.0 (l9scan/2.0.330313e20343e2732313e2831313; +https://leakix.net)"
139.59.132.8 - - [13/Mar/2026:00:53:30 +1000] "OPTIONS / HTTP/1.1" 200 - "-" "Mozilla/5.0 (l9scan/2.0.330313e20343e2732313e2831313; +https://leakix.net)"
167.99.210.137 - - [13/Mar/2026:00:53:31 +1000] "GET /?rest_route=/wp/v2/users/ HTTP/1.1" 200 1547 "-" "Mozilla/5.0 (l9scan/2.0.330313e20343e2732313e2831313; +https://leakix.net)"
139.59.132.8 - - [13/Mar/2026:00:53:31 +1000] "GET /?rest_route=/wp/v2/users/ HTTP/1.1" 200 1547 "-" "Mozilla/5.0 (l9scan/2.0.330313e20343e2732313e2831313; +https://leakix.net)"
167.99.210.137 - - [13/Mar/2026:00:53:32 +1000] "GET /debug/default/view?panel=config HTTP/1.1" 404 - "-" "Mozilla/5.0 (l9scan/2.0.330313e20343e2732313e2831313; +https://leakix.net)"
139.59.132.8 - - [13/Mar/2026:00:53:32 +1000] "GET /debug/default/view?panel=config HTTP/1.1" 404 - "-" "Mozilla/5.0 (l9scan/2.0.330313e20343e2732313e2831313; +https://leakix.net)"
146.70.185.32 - - [13/Mar/2026:00:57:59 +1000] "HEAD / HTTP/1.1" 200 - "-" "Mozilla/5.0 (Windows NT 10.0; Win64; x64) AppleWebKit/537.36 (KHTML, like Gecko) Chrome/58.0.3029.110 Safari/537.3"
146.70.185.32 - - [13/Mar/2026:00:58:00 +1000] "HEAD / HTTP/1.1" 200 - "-" "Mozilla/5.0 (Windows NT 10.0; Win64; x64) AppleWebKit/537.36 (KHTML, like Gecko) Chrome/58.0.3029.110 Safari/537.3"
185.177.72.60 - - [13/Mar/2026:01:00:11 +1000] "GET /payment HTTP/1.1" 404 - "-" "Mozilla/5.0 (Windows NT 10.0; Win64; x64) AppleWebKit/537.36, Mozilla/5.0 (Windows NT 10.0; Win64; x64) AppleWebKit/537.36 (KHTML, like Gecko) Chrome/120.0.0.0 Safari/537.36"
185.177.72.60 - - [13/Mar/2026:01:00:11 +1000] "GET /cart HTTP/1.1" 404 - "-" "Mozilla/5.0 (Windows NT 10.0; Win64; x64) AppleWebKit/537.36, Mozilla/5.0 (Windows NT 10.0; Win64; x64) AppleWebKit/537.36 (KHTML, like Gecko) Chrome/120.0.0.0 Safari/537.36"
185.177.72.60 - - [13/Mar/2026:01:00:11 +1000] "GET /register HTTP/1.1" 404 - "-" "Mozilla/5.0 (Windows NT 10.0; Win64; x64) AppleWebKit/537.36, Mozilla/5.0 (Windows NT 10.0; Win64; x64) AppleWebKit/537.36 (KHTML, like Gecko) Chrome/120.0.0.0 Safari/537.36"
185.177.72.60 - - [13/Mar/2026:01:00:11 +1000] "GET /plans HTTP/1.1" 404 - "-" "Mozilla/5.0 (Windows NT 10.0; Win64; x64) AppleWebKit/537.36, Mozilla/5.0 (Windows NT 10.0; Win64; x64) AppleWebKit/537.36 (KHTML, like Gecko) Chrome/120.0.0.0 Safari/537.36"
185.177.72.60 - - [13/Mar/2026:01:00:11 +1000] "GET /payment HTTP/1.1" 404 - "-" "Mozilla/5.0 (Windows NT 10.0; Win64; x64) AppleWebKit/537.36, Mozilla/5.0 (Windows NT 10.0; Win64; x64) AppleWebKit/537.36 (KHTML, like Gecko) Chrome/120.0.0.0 Safari/537.36"
185.177.72.60 - - [13/Mar/2026:01:00:12 +1000] "GET /signup HTTP/1.1" 404 - "-" "Mozilla/5.0 (Windows NT 10.0; Win64; x64) AppleWebKit/537.36, Mozilla/5.0 (Windows NT 10.0; Win64; x64) AppleWebKit/537.36 (KHTML, like Gecko) Chrome/120.0.0.0 Safari/537.36"
185.177.72.60 - - [13/Mar/2026:01:00:12 +1000] "GET /sitemap.xml HTTP/1.1" 404 - "-" "Mozilla/5.0 (Windows NT 10.0; Win64; x64) AppleWebKit/537.36"
185.177.72.60 - - [13/Mar/2026:01:00:12 +1000] "GET /dashboard HTTP/1.1" 404 - "-" "Mozilla/5.0 (Windows NT 10.0; Win64; x64) AppleWebKit/537.36, Mozilla/5.0 (Windows NT 10.0; Win64; x64) AppleWebKit/537.36 (KHTML, like Gecko) Chrome/120.0.0.0 Safari/537.36"
185.177.72.60 - - [13/Mar/2026:01:00:12 +1000] "GET /shop HTTP/1.1" 404 - "-" "Mozilla/5.0 (Windows NT 10.0; Win64; x64) AppleWebKit/537.36, Mozilla/5.0 (Windows NT 10.0; Win64; x64) AppleWebKit/537.36 (KHTML, like Gecko) Chrome/120.0.0.0 Safari/537.36"
185.177.72.60 - - [13/Mar/2026:01:00:12 +1000] "GET /robots.txt HTTP/1.1" 404 - "-" "Mozilla/5.0 (Windows NT 10.0; Win64; x64) AppleWebKit/537.36"
185.177.72.60 - - [13/Mar/2026:01:00:12 +1000] "GET /pricing HTTP/1.1" 404 - "-" "Mozilla/5.0 (Windows NT 10.0; Win64; x64) AppleWebKit/537.36, Mozilla/5.0 (Windows NT 10.0; Win64; x64) AppleWebKit/537.36 (KHTML, like Gecko) Chrome/120.0.0.0 Safari/537.36"
185.177.72.60 - - [13/Mar/2026:01:00:12 +1000] "GET /donate HTTP/1.1" 404 - "-" "Mozilla/5.0 (Windows NT 10.0; Win64; x64) AppleWebKit/537.36, Mozilla/5.0 (Windows NT 10.0; Win64; x64) AppleWebKit/537.36 (KHTML, like Gecko) Chrome/120.0.0.0 Safari/537.36"
185.177.72.60 - - [13/Mar/2026:01:00:12 +1000] "GET /billing HTTP/1.1" 404 - "-" "Mozilla/5.0 (Windows NT 10.0; Win64; x64) AppleWebKit/537.36, Mozilla/5.0 (Windows NT 10.0; Win64; x64) AppleWebKit/537.36 (KHTML, like Gecko) Chrome/120.0.0.0 Safari/537.36"
185.177.72.60 - - [13/Mar/2026:01:00:12 +1000] "GET /account HTTP/1.1" 404 - "-" "Mozilla/5.0 (Windows NT 10.0; Win64; x64) AppleWebKit/537.36, Mozilla/5.0 (Windows NT 10.0; Win64; x64) AppleWebKit/537.36 (KHTML, like Gecko) Chrome/120.0.0.0 Safari/537.36"
185.177.72.60 - - [13/Mar/2026:01:00:12 +1000] "GET /index.html HTTP/1.1" 404 - "-" "Mozilla/5.0 (Windows NT 10.0; Win64; x64) AppleWebKit/537.36, Mozilla/5.0 (Windows NT 10.0; Win64; x64) AppleWebKit/537.36 (KHTML, like Gecko) Chrome/120.0.0.0 Safari/537.36"
185.177.72.60 - - [13/Mar/2026:01:00:12 +1000] "GET /subscribe HTTP/1.1" 404 - "-" "Mozilla/5.0 (Windows NT 10.0; Win64; x64) AppleWebKit/537.36, Mozilla/5.0 (Windows NT 10.0; Win64; x64) AppleWebKit/537.36 (KHTML, like Gecko) Chrome/120.0.0.0 Safari/537.36"
185.177.72.60 - - [13/Mar/2026:01:00:12 +1000] "GET /order HTTP/1.1" 404 - "-" "Mozilla/5.0 (Windows NT 10.0; Win64; x64) AppleWebKit/537.36, Mozilla/5.0 (Windows NT 10.0; Win64; x64) AppleWebKit/537.36 (KHTML, like Gecko) Chrome/120.0.0.0 Safari/537.36"
185.177.72.60 - - [13/Mar/2026:01:00:12 +1000] "GET /.env HTTP/1.1" 404 - "-" "Mozilla/5.0 (Windows NT 10.0; Win64; x64) AppleWebKit/537.36, Mozilla/5.0 (Windows NT 10.0; Win64; x64; rv:121.0) Gecko/20100101 Firefox/121.0"
185.177.72.60 - - [13/Mar/2026:01:00:12 +1000] "GET /.env.production HTTP/1.1" 404 - "-" "Mozilla/5.0 (Windows NT 10.0; Win64; x64) AppleWebKit/537.36, Mozilla/5.0 (Windows NT 10.0; Win64; x64; rv:121.0) Gecko/20100101 Firefox/121.0"
185.177.72.60 - - [13/Mar/2026:01:00:12 +1000] "GET /billing HTTP/1.1" 404 - "-" "Mozilla/5.0 (Windows NT 10.0; Win64; x64) AppleWebKit/537.36, Mozilla/5.0 (Windows NT 10.0; Win64; x64) AppleWebKit/537.36 (KHTML, like Gecko) Chrome/120.0.0.0 Safari/537.36"
185.177.72.60 - - [13/Mar/2026:01:00:12 +1000] "GET / HTTP/1.1" 200 1547 "-" "Mozilla/5.0 (Windows NT 10.0; Win64; x64) AppleWebKit/537.36, Mozilla/5.0 (Windows NT 10.0; Win64; x64) AppleWebKit/537.36 (KHTML, like Gecko) Chrome/120.0.0.0 Safari/537.36"
185.177.72.60 - - [13/Mar/2026:01:00:12 +1000] "GET /signup HTTP/1.1" 404 - "-" "Mozilla/5.0 (Windows NT 10.0; Win64; x64) AppleWebKit/537.36, Mozilla/5.0 (Windows NT 10.0; Win64; x64) AppleWebKit/537.36 (KHTML, like Gecko) Chrome/120.0.0.0 Safari/537.36"
185.177.72.60 - - [13/Mar/2026:01:00:12 +1000] "GET /admin HTTP/1.1" 404 - "-" "Mozilla/5.0 (Windows NT 10.0; Win64; x64) AppleWebKit/537.36, Mozilla/5.0 (Windows NT 10.0; Win64; x64) AppleWebKit/537.36 (KHTML, like Gecko) Chrome/120.0.0.0 Safari/537.36"
185.177.72.60 - - [13/Mar/2026:01:00:12 +1000] "GET /order HTTP/1.1" 404 - "-" "Mozilla/5.0 (Windows NT 10.0; Win64; x64) AppleWebKit/537.36, Mozilla/5.0 (Windows NT 10.0; Win64; x64) AppleWebKit/537.36 (KHTML, like Gecko) Chrome/120.0.0.0 Safari/537.36"
185.177.72.60 - - [13/Mar/2026:01:00:12 +1000] "GET /.env.prod HTTP/1.1" 404 - "-" "Mozilla/5.0 (Windows NT 10.0; Win64; x64) AppleWebKit/537.36, Mozilla/5.0 (Windows NT 10.0; Win64; x64; rv:121.0) Gecko/20100101 Firefox/121.0"
185.177.72.60 - - [13/Mar/2026:01:00:12 +1000] "GET /index.html HTTP/1.1" 404 - "-" "Mozilla/5.0 (Windows NT 10.0; Win64; x64) AppleWebKit/537.36, Mozilla/5.0 (Windows NT 10.0; Win64; x64) AppleWebKit/537.36 (KHTML, like Gecko) Chrome/120.0.0.0 Safari/537.36"
185.177.72.60 - - [13/Mar/2026:01:00:12 +1000] "GET /checkout HTTP/1.1" 404 - "-" "Mozilla/5.0 (Windows NT 10.0; Win64; x64) AppleWebKit/537.36, Mozilla/5.0 (Windows NT 10.0; Win64; x64) AppleWebKit/537.36 (KHTML, like Gecko) Chrome/120.0.0.0 Safari/537.36"
185.177.72.60 - - [13/Mar/2026:01:00:13 +1000] "GET /.env.bak HTTP/1.1" 404 - "-" "Mozilla/5.0 (Windows NT 10.0; Win64; x64) AppleWebKit/537.36, Mozilla/5.0 (Windows NT 10.0; Win64; x64; rv:121.0) Gecko/20100101 Firefox/121.0"
185.177.72.60 - - [13/Mar/2026:01:00:13 +1000] "GET /register HTTP/1.1" 404 - "-" "Mozilla/5.0 (Windows NT 10.0; Win64; x64) AppleWebKit/537.36, Mozilla/5.0 (Windows NT 10.0; Win64; x64) AppleWebKit/537.36 (KHTML, like Gecko) Chrome/120.0.0.0 Safari/537.36"
185.177.72.60 - - [13/Mar/2026:01:00:13 +1000] "GET /account HTTP/1.1" 404 - "-" "Mozilla/5.0 (Windows NT 10.0; Win64; x64) AppleWebKit/537.36, Mozilla/5.0 (Windows NT 10.0; Win64; x64) AppleWebKit/537.36 (KHTML, like Gecko) Chrome/120.0.0.0 Safari/537.36"
185.177.72.60 - - [13/Mar/2026:01:00:13 +1000] "GET / HTTP/1.1" 200 1547 "-" "Mozilla/5.0 (Windows NT 10.0; Win64; x64) AppleWebKit/537.36, Mozilla/5.0 (Windows NT 10.0; Win64; x64) AppleWebKit/537.36 (KHTML, like Gecko) Chrome/120.0.0.0 Safari/537.36"
185.177.72.60 - - [13/Mar/2026:01:00:13 +1000] "GET /pricing HTTP/1.1" 404 - "-" "Mozilla/5.0 (Windows NT 10.0; Win64; x64) AppleWebKit/537.36, Mozilla/5.0 (Windows NT 10.0; Win64; x64) AppleWebKit/537.36 (KHTML, like Gecko) Chrome/120.0.0.0 Safari/537.36"
185.177.72.60 - - [13/Mar/2026:01:00:13 +1000] "GET /.env HTTP/1.1" 404 - "-" "Mozilla/5.0 (Windows NT 10.0; Win64; x64) AppleWebKit/537.36, curl/8.4.0"
185.177.72.60 - - [13/Mar/2026:01:00:13 +1000] "GET /.env.dist HTTP/1.1" 404 - "-" "Mozilla/5.0 (Windows NT 10.0; Win64; x64) AppleWebKit/537.36, Mozilla/5.0 (Windows NT 10.0; Win64; x64; rv:121.0) Gecko/20100101 Firefox/121.0"
185.177.72.60 - - [13/Mar/2026:01:00:14 +1000] "GET /.env.staging HTTP/1.1" 404 - "-" "Mozilla/5.0 (Windows NT 10.0; Win64; x64) AppleWebKit/537.36, Mozilla/5.0 (Windows NT 10.0; Win64; x64; rv:121.0) Gecko/20100101 Firefox/121.0"
185.177.72.60 - - [13/Mar/2026:01:00:14 +1000] "GET /.env.uat HTTP/1.1" 404 - "-" "Mozilla/5.0 (Windows NT 10.0; Win64; x64) AppleWebKit/537.36, Mozilla/5.0 (Windows NT 10.0; Win64; x64; rv:121.0) Gecko/20100101 Firefox/121.0"
185.177.72.60 - - [13/Mar/2026:01:00:14 +1000] "GET /.env.test HTTP/1.1" 404 - "-" "Mozilla/5.0 (Windows NT 10.0; Win64; x64) AppleWebKit/537.36, Mozilla/5.0 (Windows NT 10.0; Win64; x64; rv:121.0) Gecko/20100101 Firefox/121.0"
185.177.72.60 - - [13/Mar/2026:01:00:14 +1000] "GET /.env.production.local HTTP/1.1" 404 - "-" "Mozilla/5.0 (Windows NT 10.0; Win64; x64) AppleWebKit/537.36, Mozilla/5.0 (Windows NT 10.0; Win64; x64; rv:121.0) Gecko/20100101 Firefox/121.0"
185.177.72.60 - - [13/Mar/2026:01:00:14 +1000] "GET /.env.vite HTTP/1.1" 404 - "-" "Mozilla/5.0 (Windows NT 10.0; Win64; x64) AppleWebKit/537.36, Mozilla/5.0 (Windows NT 10.0; Win64; x64; rv:121.0) Gecko/20100101 Firefox/121.0"
185.177.72.60 - - [13/Mar/2026:01:00:14 +1000] "GET /.env.old HTTP/1.1" 404 - "-" "Mozilla/5.0 (Windows NT 10.0; Win64; x64) AppleWebKit/537.36, Mozilla/5.0 (Windows NT 10.0; Win64; x64; rv:121.0) Gecko/20100101 Firefox/121.0"
185.177.72.60 - - [13/Mar/2026:01:00:14 +1000] "GET /shop HTTP/1.1" 404 - "-" "Mozilla/5.0 (Windows NT 10.0; Win64; x64) AppleWebKit/537.36, Mozilla/5.0 (Windows NT 10.0; Win64; x64) AppleWebKit/537.36 (KHTML, like Gecko) Chrome/120.0.0.0 Safari/537.36"
185.177.72.60 - - [13/Mar/2026:01:00:15 +1000] "GET /robots.txt HTTP/1.1" 404 - "-" "Mozilla/5.0 (Windows NT 10.0; Win64; x64) AppleWebKit/537.36"
185.177.72.60 - - [13/Mar/2026:01:00:15 +1000] "GET /.env.stage HTTP/1.1" 404 - "-" "Mozilla/5.0 (Windows NT 10.0; Win64; x64) AppleWebKit/537.36, Mozilla/5.0 (Windows NT 10.0; Win64; x64; rv:121.0) Gecko/20100101 Firefox/121.0"
185.177.72.60 - - [13/Mar/2026:01:00:15 +1000] "GET /.env.development HTTP/1.1" 404 - "-" "Mozilla/5.0 (Windows NT 10.0; Win64; x64) AppleWebKit/537.36, Mozilla/5.0 (Windows NT 10.0; Win64; x64; rv:121.0) Gecko/20100101 Firefox/121.0"
185.177.72.60 - - [13/Mar/2026:01:00:15 +1000] "GET /.env.local HTTP/1.1" 404 - "-" "Mozilla/5.0 (Windows NT 10.0; Win64; x64) AppleWebKit/537.36, Mozilla/5.0 (Windows NT 10.0; Win64; x64; rv:121.0) Gecko/20100101 Firefox/121.0"
185.177.72.60 - - [13/Mar/2026:01:00:15 +1000] "GET /.env.dev HTTP/1.1" 404 - "-" "Mozilla/5.0 (Windows NT 10.0; Win64; x64) AppleWebKit/537.36, Mozilla/5.0 (Windows NT 10.0; Win64; x64; rv:121.0) Gecko/20100101 Firefox/121.0"
185.177.72.60 - - [13/Mar/2026:01:00:15 +1000] "GET /env.backup HTTP/1.1" 404 - "-" "Mozilla/5.0 (Windows NT 10.0; Win64; x64) AppleWebKit/537.36, Mozilla/5.0 (Windows NT 10.0; Win64; x64; rv:121.0) Gecko/20100101 Firefox/121.0"
185.177.72.60 - - [13/Mar/2026:01:00:15 +1000] "GET /api/.env HTTP/1.1" 404 - "-" "Mozilla/5.0 (Windows NT 10.0; Win64; x64) AppleWebKit/537.36, Mozilla/5.0 (Windows NT 10.0; Win64; x64; rv:121.0) Gecko/20100101 Firefox/121.0"
185.177.72.60 - - [13/Mar/2026:01:00:15 +1000] "GET /.env_sample HTTP/1.1" 404 - "-" "Mozilla/5.0 (Windows NT 10.0; Win64; x64) AppleWebKit/537.36, Mozilla/5.0 (Windows NT 10.0; Win64; x64; rv:121.0) Gecko/20100101 Firefox/121.0"
185.177.72.60 - - [13/Mar/2026:01:00:15 +1000] "GET /.env.txt HTTP/1.1" 404 - "-" "Mozilla/5.0 (Windows NT 10.0; Win64; x64) AppleWebKit/537.36, Mozilla/5.0 (Windows NT 10.0; Win64; x64; rv:121.0) Gecko/20100101 Firefox/121.0"
185.177.72.60 - - [13/Mar/2026:01:00:15 +1000] "GET /.env.backup HTTP/1.1" 404 - "-" "Mozilla/5.0 (Windows NT 10.0; Win64; x64) AppleWebKit/537.36, Mozilla/5.0 (Windows NT 10.0; Win64; x64; rv:121.0) Gecko/20100101 Firefox/121.0"
185.177.72.60 - - [13/Mar/2026:01:00:15 +1000] "GET /api/v2/.env HTTP/1.1" 404 - "-" "Mozilla/5.0 (Windows NT 10.0; Win64; x64) AppleWebKit/537.36, Mozilla/5.0 (Windows NT 10.0; Win64; x64; rv:121.0) Gecko/20100101 Firefox/121.0"
185.177.72.60 - - [13/Mar/2026:01:00:15 +1000] "GET /.env.stripe HTTP/1.1" 404 - "-" "Mozilla/5.0 (Windows NT 10.0; Win64; x64) AppleWebKit/537.36, Mozilla/5.0 (Windows NT 10.0; Win64; x64; rv:121.0) Gecko/20100101 Firefox/121.0"
185.177.72.60 - - [13/Mar/2026:01:00:15 +1000] "GET /.env.json HTTP/1.1" 404 - "-" "Mozilla/5.0 (Windows NT 10.0; Win64; x64) AppleWebKit/537.36, Mozilla/5.0 (Windows NT 10.0; Win64; x64; rv:121.0) Gecko/20100101 Firefox/121.0"
185.177.72.60 - - [13/Mar/2026:01:00:15 +1000] "GET /api/shared/.env HTTP/1.1" 404 - "-" "Mozilla/5.0 (Windows NT 10.0; Win64; x64) AppleWebKit/537.36, Mozilla/5.0 (Windows NT 10.0; Win64; x64; rv:121.0) Gecko/20100101 Firefox/121.0"
185.177.72.60 - - [13/Mar/2026:01:00:16 +1000] "GET /api/shared/config/.env HTTP/1.1" 404 - "-" "Mozilla/5.0 (Windows NT 10.0; Win64; x64) AppleWebKit/537.36, Mozilla/5.0 (Windows NT 10.0; Win64; x64; rv:121.0) Gecko/20100101 Firefox/121.0"
185.177.72.60 - - [13/Mar/2026:01:00:16 +1000] "GET /.env.example HTTP/1.1" 404 - "-" "Mozilla/5.0 (Windows NT 10.0; Win64; x64) AppleWebKit/537.36, Mozilla/5.0 (Windows NT 10.0; Win64; x64; rv:121.0) Gecko/20100101 Firefox/121.0"
185.177.72.60 - - [13/Mar/2026:01:00:16 +1000] "GET /backend/.env HTTP/1.1" 404 - "-" "Mozilla/5.0 (Windows NT 10.0; Win64; x64) AppleWebKit/537.36, Mozilla/5.0 (Windows NT 10.0; Win64; x64; rv:121.0) Gecko/20100101 Firefox/121.0"
185.177.72.60 - - [13/Mar/2026:01:00:16 +1000] "GET /laravel/.env HTTP/1.1" 404 - "-" "Mozilla/5.0 (Windows NT 10.0; Win64; x64) AppleWebKit/537.36, Mozilla/5.0 (Windows NT 10.0; Win64; x64; rv:121.0) Gecko/20100101 Firefox/121.0"
185.177.72.60 - - [13/Mar/2026:01:00:16 +1000] "GET /laravel/core/.env HTTP/1.1" 404 - "-" "Mozilla/5.0 (Windows NT 10.0; Win64; x64) AppleWebKit/537.36, Mozilla/5.0 (Windows NT 10.0; Win64; x64; rv:121.0) Gecko/20100101 Firefox/121.0"
185.177.72.60 - - [13/Mar/2026:01:00:16 +1000] "GET /.env.save HTTP/1.1" 404 - "-" "Mozilla/5.0 (Windows NT 10.0; Win64; x64) AppleWebKit/537.36, Mozilla/5.0 (Windows NT 10.0; Win64; x64; rv:121.0) Gecko/20100101 Firefox/121.0"
185.177.72.60 - - [13/Mar/2026:01:00:16 +1000] "GET /payment/.env HTTP/1.1" 404 - "-" "Mozilla/5.0 (Windows NT 10.0; Win64; x64) AppleWebKit/537.36, Mozilla/5.0 (Windows NT 10.0; Win64; x64; rv:121.0) Gecko/20100101 Firefox/121.0"
185.177.72.60 - - [13/Mar/2026:01:00:16 +1000] "GET /admin/.env HTTP/1.1" 404 - "-" "Mozilla/5.0 (Windows NT 10.0; Win64; x64) AppleWebKit/537.36, Mozilla/5.0 (Windows NT 10.0; Win64; x64; rv:121.0) Gecko/20100101 Firefox/121.0"
185.177.72.60 - - [13/Mar/2026:01:00:16 +1000] "GET /core/.env HTTP/1.1" 404 - "-" "Mozilla/5.0 (Windows NT 10.0; Win64; x64) AppleWebKit/537.36, Mozilla/5.0 (Windows NT 10.0; Win64; x64; rv:121.0) Gecko/20100101 Firefox/121.0"
185.177.72.60 - - [13/Mar/2026:01:00:16 +1000] "GET /sitemap.xml HTTP/1.1" 404 - "-" "Mozilla/5.0 (Windows NT 10.0; Win64; x64) AppleWebKit/537.36"
185.177.72.60 - - [13/Mar/2026:01:00:16 +1000] "GET /stripe/.env HTTP/1.1" 404 - "-" "Mozilla/5.0 (Windows NT 10.0; Win64; x64) AppleWebKit/537.36, Mozilla/5.0 (Windows NT 10.0; Win64; x64; rv:121.0) Gecko/20100101 Firefox/121.0"
185.177.72.60 - - [13/Mar/2026:01:00:16 +1000] "GET /assets/.env HTTP/1.1" 404 - "-" "Mozilla/5.0 (Windows NT 10.0; Win64; x64) AppleWebKit/537.36, Mozilla/5.0 (Windows NT 10.0; Win64; x64; rv:121.0) Gecko/20100101 Firefox/121.0"
185.177.72.60 - - [13/Mar/2026:01:00:16 +1000] "GET /app/.env HTTP/1.1" 404 - "-" "Mozilla/5.0 (Windows NT 10.0; Win64; x64) AppleWebKit/537.36, Mozilla/5.0 (Windows NT 10.0; Win64; x64; rv:121.0) Gecko/20100101 Firefox/121.0"
185.177.72.60 - - [13/Mar/2026:01:00:16 +1000] "GET /docker/.env HTTP/1.1" 404 - "-" "Mozilla/5.0 (Windows NT 10.0; Win64; x64) AppleWebKit/537.36, Mozilla/5.0 (Windows NT 10.0; Win64; x64; rv:121.0) Gecko/20100101 Firefox/121.0"
185.177.72.60 - - [13/Mar/2026:01:00:16 +1000] "GET /docker/app/.env HTTP/1.1" 404 - "-" "Mozilla/5.0 (Windows NT 10.0; Win64; x64) AppleWebKit/537.36, Mozilla/5.0 (Windows NT 10.0; Win64; x64; rv:121.0) Gecko/20100101 Firefox/121.0"
