118.127.40.73 - - [06/Mar/2026:17:42:35 +1000] "GET / HTTP/1.1" 200 1193 "-" "Python/3.11 aiohttp/3.9.2"
118.127.40.73 - - [06/Mar/2026:18:12:36 +1000] "GET / HTTP/1.1" 200 1193 "-" "Python/3.11 aiohttp/3.9.2"
118.127.40.73 - - [06/Mar/2026:18:42:37 +1000] "GET / HTTP/1.1" 200 1193 "-" "Python/3.11 aiohttp/3.9.2"
118.127.40.73 - - [06/Mar/2026:19:12:34 +1000] "GET / HTTP/1.1" 200 1193 "-" "Python/3.11 aiohttp/3.9.2"
118.127.40.73 - - [06/Mar/2026:19:42:36 +1000] "GET / HTTP/1.1" 200 1193 "-" "Python/3.11 aiohttp/3.9.2"
118.127.40.73 - - [06/Mar/2026:20:12:36 +1000] "GET / HTTP/1.1" 200 1193 "-" "Python/3.11 aiohttp/3.9.2"
118.127.40.73 - - [06/Mar/2026:20:42:36 +1000] "GET / HTTP/1.1" 200 1193 "-" "Python/3.11 aiohttp/3.9.2"
118.127.40.73 - - [06/Mar/2026:21:12:36 +1000] "GET / HTTP/1.1" 200 1193 "-" "Python/3.11 aiohttp/3.9.2"
118.127.40.73 - - [06/Mar/2026:21:42:36 +1000] "GET / HTTP/1.1" 200 1193 "-" "Python/3.11 aiohttp/3.9.2"
54.83.240.58 - - [06/Mar/2026:21:57:07 +1000] "GET /?C=S;O%3DA HTTP/1.1" 200 1193 "-" "Mozilla/5.0 AppleWebKit/537.36 (KHTML, like Gecko; compatible; Amazonbot/0.1; +https://developer.amazon.com/support/amazonbot) Chrome/119.0.6045.214 Safari/537.36"
104.210.140.131 - - [06/Mar/2026:22:08:48 +1000] "GET /robots.txt HTTP/1.1" 404 - "-" "Mozilla/5.0 (Macintosh; Intel Mac OS X 10_15_7) AppleWebKit/537.36 (KHTML, like Gecko) Chrome/131.0.0.0 Safari/537.36; compatible; OAI-SearchBot/1.0; +https://openai.com/searchbot"
118.127.40.73 - - [06/Mar/2026:22:12:36 +1000] "GET / HTTP/1.1" 200 1193 "-" "Python/3.11 aiohttp/3.9.2"
118.127.40.73 - - [06/Mar/2026:22:42:37 +1000] "GET / HTTP/1.1" 200 1193 "-" "Python/3.11 aiohttp/3.9.2"
3.229.2.217 - - [06/Mar/2026:23:00:42 +1000] "GET /config/ HTTP/1.1" 200 1683 "-" "Mozilla/5.0 AppleWebKit/537.36 (KHTML, like Gecko; compatible; Amazonbot/0.1; +https://developer.amazon.com/support/amazonbot) Chrome/119.0.6045.214 Safari/537.36"
74.7.228.58 - - [06/Mar/2026:23:05:28 +1000] "GET /robots.txt HTTP/1.1" 404 - "-" "Mozilla/5.0 (Macintosh; Intel Mac OS X 10_15_7) AppleWebKit/537.36 (KHTML, like Gecko) Chrome/131.0.0.0 Safari/537.36; compatible; OAI-SearchBot/1.3; robots.txt; +https://openai.com/searchbot"
118.127.40.73 - - [06/Mar/2026:23:12:37 +1000] "GET / HTTP/1.1" 200 1193 "-" "Python/3.11 aiohttp/3.9.2"
118.127.40.73 - - [06/Mar/2026:23:42:46 +1000] "GET / HTTP/1.1" 200 1193 "-" "Python/3.11 aiohttp/3.9.2"
118.127.40.73 - - [07/Mar/2026:00:12:42 +1000] "GET / HTTP/1.1" 200 1193 "-" "Python/3.11 aiohttp/3.9.2"
52.22.64.232 - - [07/Mar/2026:00:32:03 +1000] "GET /?C=N;O%3DD HTTP/1.1" 200 1193 "-" "Mozilla/5.0 AppleWebKit/537.36 (KHTML, like Gecko; compatible; Amazonbot/0.1; +https://developer.amazon.com/support/amazonbot) Chrome/119.0.6045.214 Safari/537.36"
118.127.40.73 - - [07/Mar/2026:00:42:38 +1000] "GET / HTTP/1.1" 200 1193 "-" "Python/3.11 aiohttp/3.9.2"
118.127.40.73 - - [07/Mar/2026:01:22:41 +1000] "GET / HTTP/1.1" 200 1193 "-" "Python/3.11 aiohttp/3.9.2"
118.127.40.73 - - [07/Mar/2026:01:52:39 +1000] "GET / HTTP/1.1" 200 1193 "-" "Python/3.11 aiohttp/3.9.2"
118.127.40.73 - - [07/Mar/2026:02:22:42 +1000] "GET / HTTP/1.1" 200 1193 "-" "Python/3.11 aiohttp/3.9.2"
54.84.161.62 - - [07/Mar/2026:02:31:41 +1000] "GET /cwgsr.php HTTP/1.1" 200 - "-" "Mozilla/5.0 AppleWebKit/537.36 (KHTML, like Gecko; compatible; Amazonbot/0.1; +https://developer.amazon.com/support/amazonbot) Chrome/119.0.6045.214 Safari/537.36"
118.127.40.73 - - [07/Mar/2026:02:52:47 +1000] "GET / HTTP/1.1" 200 1193 "-" "Python/3.11 aiohttp/3.9.2"
118.127.40.73 - - [07/Mar/2026:03:22:40 +1000] "GET / HTTP/1.1" 200 1193 "-" "Python/3.11 aiohttp/3.9.2"
74.7.175.184 - - [07/Mar/2026:03:37:53 +1000] "GET /robots.txt HTTP/1.1" 404 - "-" "Mozilla/5.0 (Macintosh; Intel Mac OS X 10_15_7) AppleWebKit/537.36 (KHTML, like Gecko) Chrome/131.0.0.0 Safari/537.36; compatible; OAI-SearchBot/1.3; robots.txt; +https://openai.com/searchbot"
74.7.241.28 - - [07/Mar/2026:03:37:53 +1000] "GET / HTTP/1.1" 200 1193 "-" "Mozilla/5.0 AppleWebKit/537.36 (KHTML, like Gecko; compatible; GPTBot/1.3; +https://openai.com/gptbot)"
74.7.241.28 - - [07/Mar/2026:03:37:55 +1000] "GET /?C=M;O=A HTTP/1.1" 200 1193 "https://smart.posscales.com/" "Mozilla/5.0 AppleWebKit/537.36 (KHTML, like Gecko; compatible; GPTBot/1.3; +https://openai.com/gptbot)"
74.7.241.28 - - [07/Mar/2026:03:37:58 +1000] "GET /?C=N;O=D HTTP/1.1" 200 1193 "https://smart.posscales.com/" "Mozilla/5.0 AppleWebKit/537.36 (KHTML, like Gecko; compatible; GPTBot/1.3; +https://openai.com/gptbot)"
74.7.241.28 - - [07/Mar/2026:03:38:01 +1000] "GET /?C=D;O=A HTTP/1.1" 200 1193 "https://smart.posscales.com/" "Mozilla/5.0 AppleWebKit/537.36 (KHTML, like Gecko; compatible; GPTBot/1.3; +https://openai.com/gptbot)"
74.7.241.28 - - [07/Mar/2026:03:38:03 +1000] "GET /?C=S;O=A HTTP/1.1" 200 1193 "https://smart.posscales.com/" "Mozilla/5.0 AppleWebKit/537.36 (KHTML, like Gecko; compatible; GPTBot/1.3; +https://openai.com/gptbot)"
74.7.241.28 - - [07/Mar/2026:03:38:05 +1000] "GET /?C=N;O=A HTTP/1.1" 200 1193 "https://smart.posscales.com/?C=M;O=A" "Mozilla/5.0 AppleWebKit/537.36 (KHTML, like Gecko; compatible; GPTBot/1.3; +https://openai.com/gptbot)"
74.7.241.28 - - [07/Mar/2026:03:38:07 +1000] "GET /?C=D;O=D HTTP/1.1" 200 1193 "https://smart.posscales.com/?C=D;O=A" "Mozilla/5.0 AppleWebKit/537.36 (KHTML, like Gecko; compatible; GPTBot/1.3; +https://openai.com/gptbot)"
74.7.241.28 - - [07/Mar/2026:03:38:09 +1000] "GET /?C=S;O=D HTTP/1.1" 200 1193 "https://smart.posscales.com/?C=S;O=A" "Mozilla/5.0 AppleWebKit/537.36 (KHTML, like Gecko; compatible; GPTBot/1.3; +https://openai.com/gptbot)"
118.127.40.73 - - [07/Mar/2026:03:52:40 +1000] "GET / HTTP/1.1" 200 1193 "-" "Python/3.11 aiohttp/3.9.2"
118.127.40.73 - - [07/Mar/2026:04:22:39 +1000] "GET / HTTP/1.1" 200 1193 "-" "Python/3.11 aiohttp/3.9.2"
118.127.40.73 - - [07/Mar/2026:04:52:40 +1000] "GET / HTTP/1.1" 200 1193 "-" "Python/3.11 aiohttp/3.9.2"
118.127.40.73 - - [07/Mar/2026:05:22:40 +1000] "GET / HTTP/1.1" 200 1193 "-" "Python/3.11 aiohttp/3.9.2"
118.127.40.73 - - [07/Mar/2026:05:52:41 +1000] "GET / HTTP/1.1" 200 1193 "-" "Python/3.11 aiohttp/3.9.2"
118.127.40.73 - - [07/Mar/2026:06:22:42 +1000] "GET / HTTP/1.1" 200 1193 "-" "Python/3.11 aiohttp/3.9.2"
44.195.201.244 - - [07/Mar/2026:06:41:58 +1000] "GET /robots.txt HTTP/1.1" 404 - "-" "Mozilla/5.0 (Macintosh; Intel Mac OS X 10_10_1) AppleWebKit/600.2.5 (KHTML, like Gecko) Version/8.0.2 Safari/600.2.5 (Gort)"
118.127.40.73 - - [07/Mar/2026:06:52:42 +1000] "GET / HTTP/1.1" 200 1193 "-" "Python/3.11 aiohttp/3.9.2"
118.127.40.73 - - [07/Mar/2026:07:22:41 +1000] "GET / HTTP/1.1" 200 1193 "-" "Python/3.11 aiohttp/3.9.2"
35.194.245.238 - - [07/Mar/2026:07:28:06 +1000] "GET /.git/config HTTP/1.1" 404 - "-" "-"
118.127.40.73 - - [07/Mar/2026:07:52:43 +1000] "GET / HTTP/1.1" 200 1193 "-" "Python/3.11 aiohttp/3.9.2"
118.127.40.73 - - [07/Mar/2026:08:22:44 +1000] "GET / HTTP/1.1" 200 1193 "-" "Python/3.11 aiohttp/3.9.2"
118.127.40.73 - - [07/Mar/2026:08:52:41 +1000] "GET / HTTP/1.1" 200 1193 "-" "Python/3.11 aiohttp/3.9.2"
138.246.253.24 - - [07/Mar/2026:09:04:33 +1000] "GET /robots.txt HTTP/1.1" 404 - "-" "Mozilla/5.0 (Windows NT 10.0; Win64; x64) AppleWebKit/537.36 (KHTML, like Gecko) Chrome/103.0.5060.134 Safari/537.36"
118.127.40.73 - - [07/Mar/2026:09:22:41 +1000] "GET / HTTP/1.1" 200 1193 "-" "Python/3.11 aiohttp/3.9.2"
118.127.40.73 - - [07/Mar/2026:09:52:42 +1000] "GET / HTTP/1.1" 200 1193 "-" "Python/3.11 aiohttp/3.9.2"
118.127.40.73 - - [07/Mar/2026:10:22:42 +1000] "GET / HTTP/1.1" 200 1193 "-" "Python/3.11 aiohttp/3.9.2"
118.127.40.73 - - [07/Mar/2026:10:52:43 +1000] "GET / HTTP/1.1" 200 1193 "-" "Python/3.11 aiohttp/3.9.2"
107.20.224.184 - - [07/Mar/2026:11:05:33 +1000] "GET /?C=D;O%3DA HTTP/1.1" 200 1193 "-" "Mozilla/5.0 AppleWebKit/537.36 (KHTML, like Gecko; compatible; Amazonbot/0.1; +https://developer.amazon.com/support/amazonbot) Chrome/119.0.6045.214 Safari/537.36"
118.127.40.73 - - [07/Mar/2026:11:22:42 +1000] "GET / HTTP/1.1" 200 1193 "-" "Python/3.11 aiohttp/3.9.2"
118.127.40.73 - - [07/Mar/2026:11:52:43 +1000] "GET / HTTP/1.1" 200 1193 "-" "Python/3.11 aiohttp/3.9.2"
118.127.40.73 - - [07/Mar/2026:12:22:42 +1000] "GET / HTTP/1.1" 200 1193 "-" "Python/3.11 aiohttp/3.9.2"
54.167.32.123 - - [07/Mar/2026:12:27:37 +1000] "GET /YL4vRftqDZ.php HTTP/1.1" 200 - "-" "Mozilla/5.0 AppleWebKit/537.36 (KHTML, like Gecko; compatible; Amazonbot/0.1; +https://developer.amazon.com/support/amazonbot) Chrome/119.0.6045.214 Safari/537.36"
118.127.40.73 - - [07/Mar/2026:12:52:44 +1000] "GET / HTTP/1.1" 200 1193 "-" "Python/3.11 aiohttp/3.9.2"
50.16.248.61 - - [07/Mar/2026:12:57:49 +1000] "GET /cdayl.php HTTP/1.1" 200 - "-" "Mozilla/5.0 AppleWebKit/537.36 (KHTML, like Gecko; compatible; Amazonbot/0.1; +https://developer.amazon.com/support/amazonbot) Chrome/119.0.6045.214 Safari/537.36"
118.127.40.73 - - [07/Mar/2026:13:22:43 +1000] "GET / HTTP/1.1" 200 1193 "-" "Python/3.11 aiohttp/3.9.2"
118.127.40.73 - - [07/Mar/2026:13:52:44 +1000] "GET / HTTP/1.1" 200 1193 "-" "Python/3.11 aiohttp/3.9.2"
54.80.73.122 - - [07/Mar/2026:14:11:33 +1000] "GET /?C=M;O%3DD HTTP/1.1" 200 1193 "-" "Mozilla/5.0 AppleWebKit/537.36 (KHTML, like Gecko; compatible; Amazonbot/0.1; +https://developer.amazon.com/support/amazonbot) Chrome/119.0.6045.214 Safari/537.36"
118.127.40.73 - - [07/Mar/2026:14:22:43 +1000] "GET / HTTP/1.1" 200 1193 "-" "Python/3.11 aiohttp/3.9.2"
44.220.2.97 - - [07/Mar/2026:14:52:25 +1000] "GET /config/?C=D;O%3DA HTTP/1.1" 200 1683 "-" "Mozilla/5.0 AppleWebKit/537.36 (KHTML, like Gecko; compatible; Amazonbot/0.1; +https://developer.amazon.com/support/amazonbot) Chrome/119.0.6045.214 Safari/537.36"
118.127.40.73 - - [07/Mar/2026:14:52:44 +1000] "GET / HTTP/1.1" 200 1193 "-" "Python/3.11 aiohttp/3.9.2"
16.60.179.125 - - [07/Mar/2026:15:14:36 +1000] "GET / HTTP/1.1" 200 1193 "-" "Mozilla/5.0 (Macintosh; Intel Mac OS X 10_15_7) AppleWebKit/537.36 (KHTML, like Gecko) Chrome/131.0.0.0 Safari/537.36"
16.60.179.125 - - [07/Mar/2026:15:14:36 +1000] "POST / HTTP/1.1" 404 - "-" "Mozilla/5.0 (Macintosh; Intel Mac OS X 10_15_7) AppleWebKit/537.36 (KHTML, like Gecko) Chrome/131.0.0.0 Safari/537.36"
16.60.179.125 - - [07/Mar/2026:15:14:36 +1000] "POST / HTTP/1.1" 404 - "-" "Mozilla/5.0 (Macintosh; Intel Mac OS X 10_15_7) AppleWebKit/537.36 (KHTML, like Gecko) Chrome/131.0.0.0 Safari/537.36"
16.60.179.125 - - [07/Mar/2026:15:14:37 +1000] "POST / HTTP/1.1" 404 - "-" "Mozilla/5.0 (Macintosh; Intel Mac OS X 10_15_7) AppleWebKit/537.36 (KHTML, like Gecko) Chrome/131.0.0.0 Safari/537.36"
118.127.40.73 - - [07/Mar/2026:15:22:43 +1000] "GET / HTTP/1.1" 200 1193 "-" "Python/3.11 aiohttp/3.9.2"
16.148.135.39 - - [07/Mar/2026:15:39:50 +1000] "GET / HTTP/1.1" 200 1193 "-" "Mozilla/5.0 (Windows NT 10.0; Win64; x64) AppleWebKit/537.36 (KHTML, like Gecko) Chrome/131.0.0.0 Safari/537.36"
16.148.135.39 - - [07/Mar/2026:15:39:50 +1000] "POST / HTTP/1.1" 404 - "-" "Mozilla/5.0 (Windows NT 10.0; Win64; x64) AppleWebKit/537.36 (KHTML, like Gecko) Chrome/131.0.0.0 Safari/537.36"
16.148.135.39 - - [07/Mar/2026:15:39:50 +1000] "POST / HTTP/1.1" 404 - "-" "Mozilla/5.0 (Windows NT 10.0; Win64; x64) AppleWebKit/537.36 (KHTML, like Gecko) Chrome/131.0.0.0 Safari/537.36"
16.148.135.39 - - [07/Mar/2026:15:39:50 +1000] "POST / HTTP/1.1" 404 - "-" "Mozilla/5.0 (Windows NT 10.0; Win64; x64) AppleWebKit/537.36 (KHTML, like Gecko) Chrome/131.0.0.0 Safari/537.36"
52.7.33.248 - - [07/Mar/2026:15:42:23 +1000] "GET /config/wp_oOkgggTD.php HTTP/1.1" 200 - "-" "Mozilla/5.0 AppleWebKit/537.36 (KHTML, like Gecko; compatible; Amazonbot/0.1; +https://developer.amazon.com/support/amazonbot) Chrome/119.0.6045.214 Safari/537.36"
118.127.40.73 - - [07/Mar/2026:15:52:44 +1000] "GET / HTTP/1.1" 200 1193 "-" "Python/3.11 aiohttp/3.9.2"
118.127.40.73 - - [07/Mar/2026:16:22:44 +1000] "GET / HTTP/1.1" 200 1193 "-" "Python/3.11 aiohttp/3.9.2"
118.127.40.73 - - [07/Mar/2026:16:52:45 +1000] "GET / HTTP/1.1" 200 1193 "-" "Python/3.11 aiohttp/3.9.2"
118.127.40.73 - - [07/Mar/2026:17:22:44 +1000] "GET / HTTP/1.1" 200 1193 "-" "Python/3.11 aiohttp/3.9.2"
52.201.155.215 - - [07/Mar/2026:17:41:20 +1000] "GET /?C=S;O%3DD HTTP/1.1" 200 1193 "-" "Mozilla/5.0 AppleWebKit/537.36 (KHTML, like Gecko; compatible; Amazonbot/0.1; +https://developer.amazon.com/support/amazonbot) Chrome/119.0.6045.214 Safari/537.36"
118.127.40.73 - - [07/Mar/2026:17:52:46 +1000] "GET / HTTP/1.1" 200 1193 "-" "Python/3.11 aiohttp/3.9.2"
118.127.40.73 - - [07/Mar/2026:18:22:45 +1000] "GET / HTTP/1.1" 200 1193 "-" "Python/3.11 aiohttp/3.9.2"
118.127.40.73 - - [07/Mar/2026:18:52:46 +1000] "GET / HTTP/1.1" 200 1193 "-" "Python/3.11 aiohttp/3.9.2"
118.127.40.73 - - [07/Mar/2026:19:22:46 +1000] "GET / HTTP/1.1" 200 1193 "-" "Python/3.11 aiohttp/3.9.2"
118.127.40.73 - - [07/Mar/2026:19:52:46 +1000] "GET / HTTP/1.1" 200 1193 "-" "Python/3.11 aiohttp/3.9.2"
118.127.40.73 - - [07/Mar/2026:20:22:45 +1000] "GET / HTTP/1.1" 200 1193 "-" "Python/3.11 aiohttp/3.9.2"
118.127.40.73 - - [07/Mar/2026:20:52:47 +1000] "GET / HTTP/1.1" 200 1193 "-" "Python/3.11 aiohttp/3.9.2"
205.210.31.87 - - [07/Mar/2026:21:13:25 +1000] "GET / HTTP/1.1" 200 1193 "-" "Hello from Palo Alto Networks, find out more about our scans in https://docs-cortex.paloaltonetworks.com/r/1/Cortex-Xpanse/Scanning-activity"
118.127.40.73 - - [07/Mar/2026:21:22:46 +1000] "GET / HTTP/1.1" 200 1193 "-" "Python/3.11 aiohttp/3.9.2"
52.23.112.144 - - [07/Mar/2026:21:40:28 +1000] "GET /config/?C=M;O%3DA HTTP/1.1" 200 1683 "-" "Mozilla/5.0 AppleWebKit/537.36 (KHTML, like Gecko; compatible; Amazonbot/0.1; +https://developer.amazon.com/support/amazonbot) Chrome/119.0.6045.214 Safari/537.36"
23.20.178.124 - - [07/Mar/2026:21:51:04 +1000] "GET /config/?C=S;O%3DA HTTP/1.1" 200 1683 "-" "Mozilla/5.0 AppleWebKit/537.36 (KHTML, like Gecko; compatible; Amazonbot/0.1; +https://developer.amazon.com/support/amazonbot) Chrome/119.0.6045.214 Safari/537.36"
118.127.40.73 - - [07/Mar/2026:21:52:45 +1000] "GET / HTTP/1.1" 200 1193 "-" "Python/3.11 aiohttp/3.9.2"
118.127.40.73 - - [07/Mar/2026:22:22:47 +1000] "GET / HTTP/1.1" 200 1193 "-" "Python/3.11 aiohttp/3.9.2"
54.90.244.132 - - [07/Mar/2026:22:48:32 +1000] "GET /config/wp_OvqhPCWQ.php HTTP/1.1" 200 - "-" "Mozilla/5.0 AppleWebKit/537.36 (KHTML, like Gecko; compatible; Amazonbot/0.1; +https://developer.amazon.com/support/amazonbot) Chrome/119.0.6045.214 Safari/537.36"
118.127.40.73 - - [07/Mar/2026:22:52:47 +1000] "GET / HTTP/1.1" 200 1193 "-" "Python/3.11 aiohttp/3.9.2"
118.127.40.73 - - [07/Mar/2026:23:22:47 +1000] "GET / HTTP/1.1" 200 1193 "-" "Python/3.11 aiohttp/3.9.2"
104.210.140.129 - - [07/Mar/2026:23:49:44 +1000] "GET /robots.txt HTTP/1.1" 404 - "-" "Mozilla/5.0 (Macintosh; Intel Mac OS X 10_15_7) AppleWebKit/537.36 (KHTML, like Gecko) Chrome/131.0.0.0 Safari/537.36; compatible; OAI-SearchBot/1.0; +https://openai.com/searchbot"
118.127.40.73 - - [07/Mar/2026:23:52:47 +1000] "GET / HTTP/1.1" 200 1193 "-" "Python/3.11 aiohttp/3.9.2"
118.127.40.73 - - [08/Mar/2026:00:22:47 +1000] "GET / HTTP/1.1" 200 1193 "-" "Python/3.11 aiohttp/3.9.2"
34.197.28.78 - - [08/Mar/2026:00:27:16 +1000] "GET /config/config_Smart-RealEstate-quadro_v6.4.1_2026-2-15_0113.bin HTTP/1.1" 200 - "-" "Mozilla/5.0 AppleWebKit/537.36 (KHTML, like Gecko; compatible; Amazonbot/0.1; +https://developer.amazon.com/support/amazonbot) Chrome/119.0.6045.214 Safari/537.36"
118.127.40.73 - - [08/Mar/2026:00:52:48 +1000] "GET / HTTP/1.1" 200 1193 "-" "Python/3.11 aiohttp/3.9.2"
118.127.40.73 - - [08/Mar/2026:01:22:51 +1000] "GET / HTTP/1.1" 200 1193 "-" "Python/3.11 aiohttp/3.9.2"
118.127.40.73 - - [08/Mar/2026:01:52:48 +1000] "GET / HTTP/1.1" 200 1193 "-" "Python/3.11 aiohttp/3.9.2"
118.127.40.73 - - [08/Mar/2026:02:22:52 +1000] "GET / HTTP/1.1" 200 1193 "-" "Python/3.11 aiohttp/3.9.2"
52.200.211.242 - - [08/Mar/2026:02:30:08 +1000] "GET / HTTP/1.1" 200 1193 "-" "Mozilla/5.0 (Windows NT 10.0; Win64; x64) AppleWebKit/537.36 (KHTML, like Gecko) Chrome/137.0.0.0 Safari/537.36"
118.127.40.73 - - [08/Mar/2026:02:52:50 +1000] "GET / HTTP/1.1" 200 1193 "-" "Python/3.11 aiohttp/3.9.2"
118.127.40.73 - - [08/Mar/2026:03:22:48 +1000] "GET / HTTP/1.1" 200 1193 "-" "Python/3.11 aiohttp/3.9.2"
118.127.40.73 - - [08/Mar/2026:03:52:50 +1000] "GET / HTTP/1.1" 200 1193 "-" "Python/3.11 aiohttp/3.9.2"
118.127.40.73 - - [08/Mar/2026:04:22:49 +1000] "GET / HTTP/1.1" 200 1193 "-" "Python/3.11 aiohttp/3.9.2"
118.127.40.73 - - [08/Mar/2026:04:52:49 +1000] "GET / HTTP/1.1" 200 1193 "-" "Python/3.11 aiohttp/3.9.2"
118.127.40.73 - - [08/Mar/2026:05:22:50 +1000] "GET / HTTP/1.1" 200 1193 "-" "Python/3.11 aiohttp/3.9.2"
44.212.106.171 - - [08/Mar/2026:05:29:56 +1000] "GET /config/?C=N;O%3DD HTTP/1.1" 200 1683 "-" "Mozilla/5.0 AppleWebKit/537.36 (KHTML, like Gecko; compatible; Amazonbot/0.1; +https://developer.amazon.com/support/amazonbot) Chrome/119.0.6045.214 Safari/537.36"
118.127.40.73 - - [08/Mar/2026:05:52:49 +1000] "GET / HTTP/1.1" 200 1193 "-" "Python/3.11 aiohttp/3.9.2"
118.127.40.73 - - [08/Mar/2026:06:22:50 +1000] "GET / HTTP/1.1" 200 1193 "-" "Python/3.11 aiohttp/3.9.2"
100.30.5.6 - - [08/Mar/2026:06:49:33 +1000] "GET /robots.txt HTTP/1.1" 404 - "-" "Mozilla/5.0 (Macintosh; Intel Mac OS X 10_10_1) AppleWebKit/600.2.5 (KHTML, like Gecko) Version/8.0.2 Safari/600.2.5 (Gort)"
118.127.40.73 - - [08/Mar/2026:06:52:49 +1000] "GET / HTTP/1.1" 200 1193 "-" "Python/3.11 aiohttp/3.9.2"
118.127.40.73 - - [08/Mar/2026:07:22:49 +1000] "GET / HTTP/1.1" 200 1193 "-" "Python/3.11 aiohttp/3.9.2"
118.127.40.73 - - [08/Mar/2026:07:52:51 +1000] "GET / HTTP/1.1" 200 1193 "-" "Python/3.11 aiohttp/3.9.2"
13.52.245.152 - - [08/Mar/2026:07:55:37 +1000] "GET / HTTP/1.1" 200 1193 "-" "Mozilla/5.0 (X11; Linux x86_64) AppleWebKit/537.36 (KHTML, like Gecko) Chrome/131.0.0.0 Safari/537.36"
13.52.245.152 - - [08/Mar/2026:07:55:38 +1000] "POST / HTTP/1.1" 404 - "-" "Mozilla/5.0 (X11; Linux x86_64) AppleWebKit/537.36 (KHTML, like Gecko) Chrome/131.0.0.0 Safari/537.36"
13.52.245.152 - - [08/Mar/2026:07:55:38 +1000] "POST / HTTP/1.1" 404 - "-" "Mozilla/5.0 (X11; Linux x86_64) AppleWebKit/537.36 (KHTML, like Gecko) Chrome/131.0.0.0 Safari/537.36"
13.52.245.152 - - [08/Mar/2026:07:55:38 +1000] "POST / HTTP/1.1" 404 - "-" "Mozilla/5.0 (X11; Linux x86_64) AppleWebKit/537.36 (KHTML, like Gecko) Chrome/131.0.0.0 Safari/537.36"
95.40.63.245 - - [08/Mar/2026:08:21:00 +1000] "GET / HTTP/1.1" 200 1193 "-" "Mozilla/5.0 (Windows NT 10.0; Win64; x64) AppleWebKit/537.36 (KHTML, like Gecko) Chrome/131.0.0.0 Safari/537.36"
95.40.63.245 - - [08/Mar/2026:08:21:00 +1000] "POST / HTTP/1.1" 404 - "-" "Mozilla/5.0 (Windows NT 10.0; Win64; x64) AppleWebKit/537.36 (KHTML, like Gecko) Chrome/131.0.0.0 Safari/537.36"
95.40.63.245 - - [08/Mar/2026:08:21:00 +1000] "POST / HTTP/1.1" 404 - "-" "Mozilla/5.0 (Windows NT 10.0; Win64; x64) AppleWebKit/537.36 (KHTML, like Gecko) Chrome/131.0.0.0 Safari/537.36"
95.40.63.245 - - [08/Mar/2026:08:21:01 +1000] "POST / HTTP/1.1" 404 - "-" "Mozilla/5.0 (Windows NT 10.0; Win64; x64) AppleWebKit/537.36 (KHTML, like Gecko) Chrome/131.0.0.0 Safari/537.36"
118.127.40.73 - - [08/Mar/2026:08:22:51 +1000] "GET / HTTP/1.1" 200 1193 "-" "Python/3.11 aiohttp/3.9.2"
118.127.40.73 - - [08/Mar/2026:08:52:52 +1000] "GET / HTTP/1.1" 200 1193 "-" "Python/3.11 aiohttp/3.9.2"
118.127.40.73 - - [08/Mar/2026:09:22:51 +1000] "GET / HTTP/1.1" 200 1193 "-" "Python/3.11 aiohttp/3.9.2"
118.127.40.73 - - [08/Mar/2026:09:52:51 +1000] "GET / HTTP/1.1" 200 1193 "-" "Python/3.11 aiohttp/3.9.2"
118.127.40.73 - - [08/Mar/2026:10:22:51 +1000] "GET / HTTP/1.1" 200 1193 "-" "Python/3.11 aiohttp/3.9.2"
118.127.40.73 - - [08/Mar/2026:10:52:51 +1000] "GET / HTTP/1.1" 200 1193 "-" "Python/3.11 aiohttp/3.9.2"
118.127.40.73 - - [08/Mar/2026:11:22:52 +1000] "GET / HTTP/1.1" 200 1193 "-" "Python/3.11 aiohttp/3.9.2"
118.127.40.73 - - [08/Mar/2026:11:52:52 +1000] "GET / HTTP/1.1" 200 1193 "-" "Python/3.11 aiohttp/3.9.2"
118.127.40.73 - - [08/Mar/2026:12:22:51 +1000] "GET / HTTP/1.1" 200 1193 "-" "Python/3.11 aiohttp/3.9.2"
118.127.40.73 - - [08/Mar/2026:12:52:52 +1000] "GET / HTTP/1.1" 200 1193 "-" "Python/3.11 aiohttp/3.9.2"
118.127.40.73 - - [08/Mar/2026:13:22:53 +1000] "GET / HTTP/1.1" 200 1193 "-" "Python/3.11 aiohttp/3.9.2"
118.127.40.73 - - [08/Mar/2026:13:52:53 +1000] "GET / HTTP/1.1" 200 1193 "-" "Python/3.11 aiohttp/3.9.2"
118.127.40.73 - - [08/Mar/2026:14:22:52 +1000] "GET / HTTP/1.1" 200 1193 "-" "Python/3.11 aiohttp/3.9.2"
118.127.40.73 - - [08/Mar/2026:14:52:53 +1000] "GET / HTTP/1.1" 200 1193 "-" "Python/3.11 aiohttp/3.9.2"
118.127.40.73 - - [08/Mar/2026:15:22:53 +1000] "GET / HTTP/1.1" 200 1193 "-" "Python/3.11 aiohttp/3.9.2"
118.127.40.73 - - [08/Mar/2026:15:52:53 +1000] "GET / HTTP/1.1" 200 1193 "-" "Python/3.11 aiohttp/3.9.2"
35.168.238.50 - - [08/Mar/2026:15:55:52 +1000] "GET /config/config_Smart-RealEstate-quadro_v6.4.1_2026-2-22_0112.bin HTTP/1.1" 200 - "-" "Mozilla/5.0 AppleWebKit/537.36 (KHTML, like Gecko; compatible; Amazonbot/0.1; +https://developer.amazon.com/support/amazonbot) Chrome/119.0.6045.214 Safari/537.36"
52.204.81.148 - - [08/Mar/2026:16:09:56 +1000] "GET /config/config_Smart-RealEstate-quadro_v6.4.1_2026-3-1_0111.bin HTTP/1.1" 200 - "-" "Mozilla/5.0 AppleWebKit/537.36 (KHTML, like Gecko; compatible; Amazonbot/0.1; +https://developer.amazon.com/support/amazonbot) Chrome/119.0.6045.214 Safari/537.36"
118.127.40.73 - - [08/Mar/2026:16:22:53 +1000] "GET / HTTP/1.1" 200 1193 "-" "Python/3.11 aiohttp/3.9.2"
118.127.40.73 - - [08/Mar/2026:16:52:56 +1000] "GET / HTTP/1.1" 200 1193 "-" "Python/3.11 aiohttp/3.9.2"
118.127.40.73 - - [08/Mar/2026:17:22:53 +1000] "GET / HTTP/1.1" 200 1193 "-" "Python/3.11 aiohttp/3.9.2"
118.127.40.73 - - [08/Mar/2026:17:52:54 +1000] "GET / HTTP/1.1" 200 1193 "-" "Python/3.11 aiohttp/3.9.2"
118.127.40.73 - - [08/Mar/2026:18:22:54 +1000] "GET / HTTP/1.1" 200 1193 "-" "Python/3.11 aiohttp/3.9.2"
118.127.40.73 - - [08/Mar/2026:18:52:56 +1000] "GET / HTTP/1.1" 200 1193 "-" "Python/3.11 aiohttp/3.9.2"
118.127.40.73 - - [08/Mar/2026:19:22:54 +1000] "GET / HTTP/1.1" 200 1193 "-" "Python/3.11 aiohttp/3.9.2"
118.127.40.73 - - [08/Mar/2026:19:52:57 +1000] "GET / HTTP/1.1" 200 1193 "-" "Python/3.11 aiohttp/3.9.2"
118.127.40.73 - - [08/Mar/2026:20:22:55 +1000] "GET / HTTP/1.1" 200 1193 "-" "Python/3.11 aiohttp/3.9.2"
204.76.203.25 - - [08/Mar/2026:20:42:04 +1000] "GET / HTTP/1.1" 200 1193 "-" "Mozilla/5.0 (Windows NT 10.0; Win64; x64) AppleWebKit/537.36 (KHTML, like Gecko) Chrome/134.0.0.0 Safari/537.3"
118.127.40.73 - - [08/Mar/2026:20:52:56 +1000] "GET / HTTP/1.1" 200 1193 "-" "Python/3.11 aiohttp/3.9.2"
118.127.40.73 - - [08/Mar/2026:21:22:55 +1000] "GET / HTTP/1.1" 200 1193 "-" "Python/3.11 aiohttp/3.9.2"
118.127.40.73 - - [08/Mar/2026:21:52:57 +1000] "GET / HTTP/1.1" 200 1193 "-" "Python/3.11 aiohttp/3.9.2"
118.127.40.73 - - [08/Mar/2026:22:22:55 +1000] "GET / HTTP/1.1" 200 1193 "-" "Python/3.11 aiohttp/3.9.2"
66.249.73.13 - - [08/Mar/2026:22:40:39 +1000] "GET /robots.txt HTTP/1.1" 404 - "-" "Mozilla/5.0 (compatible; Googlebot/2.1; +http://www.google.com/bot.html)"
118.127.40.73 - - [08/Mar/2026:22:52:55 +1000] "GET / HTTP/1.1" 200 1193 "-" "Python/3.11 aiohttp/3.9.2"
118.127.40.73 - - [08/Mar/2026:23:22:57 +1000] "GET / HTTP/1.1" 200 1193 "-" "Python/3.11 aiohttp/3.9.2"
205.210.31.41 - - [08/Mar/2026:23:23:01 +1000] "GET / HTTP/1.1" 200 1193 "-" "Hello from Palo Alto Networks, find out more about our scans in https://docs-cortex.paloaltonetworks.com/r/1/Cortex-Xpanse/Scanning-activity"
118.127.40.73 - - [08/Mar/2026:23:52:56 +1000] "GET / HTTP/1.1" 200 1193 "-" "Python/3.11 aiohttp/3.9.2"
205.210.31.54 - - [09/Mar/2026:00:11:55 +1000] "GET / HTTP/1.1" 200 1193 "-" "Hello from Palo Alto Networks, find out more about our scans in https://docs-cortex.paloaltonetworks.com/r/1/Cortex-Xpanse/Scanning-activity"
118.127.40.73 - - [09/Mar/2026:00:22:57 +1000] "GET / HTTP/1.1" 200 1193 "-" "Python/3.11 aiohttp/3.9.2"
118.127.40.73 - - [09/Mar/2026:00:52:57 +1000] "GET / HTTP/1.1" 200 1193 "-" "Python/3.11 aiohttp/3.9.2"
198.235.24.35 - - [09/Mar/2026:01:04:38 +1000] "GET /.well-known/security.txt HTTP/1.1" 404 - "-" "Hello from Palo Alto Networks, find out more about our scans in https://docs-cortex.paloaltonetworks.com/r/1/Cortex-Xpanse/Scanning-activity"
104.210.140.131 - - [09/Mar/2026:01:13:12 +1000] "GET /robots.txt HTTP/1.1" 404 - "-" "Mozilla/5.0 (Macintosh; Intel Mac OS X 10_15_7) AppleWebKit/537.36 (KHTML, like Gecko) Chrome/131.0.0.0 Safari/537.36; compatible; OAI-SearchBot/1.0; +https://openai.com/searchbot"
118.127.40.73 - - [09/Mar/2026:01:23:05 +1000] "GET / HTTP/1.1" 200 1193 "-" "Python/3.11 aiohttp/3.9.2"
118.127.40.73 - - [09/Mar/2026:01:52:56 +1000] "GET / HTTP/1.1" 200 1193 "-" "Python/3.11 aiohttp/3.9.2"
118.127.40.73 - - [09/Mar/2026:02:22:57 +1000] "GET / HTTP/1.1" 200 1193 "-" "Python/3.11 aiohttp/3.9.2"
18.235.81.246 - - [09/Mar/2026:02:41:56 +1000] "GET /config/?C=S;O%3DD HTTP/1.1" 200 1909 "-" "Mozilla/5.0 AppleWebKit/537.36 (KHTML, like Gecko; compatible; Amazonbot/0.1; +https://developer.amazon.com/support/amazonbot) Chrome/119.0.6045.214 Safari/537.36"
118.127.40.73 - - [09/Mar/2026:02:52:58 +1000] "GET / HTTP/1.1" 200 1193 "-" "Python/3.11 aiohttp/3.9.2"
118.127.40.73 - - [09/Mar/2026:03:23:04 +1000] "GET / HTTP/1.1" 200 1193 "-" "Python/3.11 aiohttp/3.9.2"
118.127.40.73 - - [09/Mar/2026:03:52:58 +1000] "GET / HTTP/1.1" 200 1193 "-" "Python/3.11 aiohttp/3.9.2"
118.127.40.73 - - [09/Mar/2026:04:23:12 +1000] "GET / HTTP/1.1" 200 1193 "-" "Python/3.11 aiohttp/3.9.2"
118.127.40.73 - - [09/Mar/2026:04:52:59 +1000] "GET / HTTP/1.1" 200 1193 "-" "Python/3.11 aiohttp/3.9.2"
3.231.193.38 - - [09/Mar/2026:05:04:36 +1000] "GET /config/?C=N;O%3DA HTTP/1.1" 200 1909 "-" "Mozilla/5.0 AppleWebKit/537.36 (KHTML, like Gecko; compatible; Amazonbot/0.1; +https://developer.amazon.com/support/amazonbot) Chrome/119.0.6045.214 Safari/537.36"
118.127.40.73 - - [09/Mar/2026:05:22:58 +1000] "GET / HTTP/1.1" 200 1193 "-" "Python/3.11 aiohttp/3.9.2"
118.127.40.73 - - [09/Mar/2026:05:53:00 +1000] "GET / HTTP/1.1" 200 1193 "-" "Python/3.11 aiohttp/3.9.2"
118.127.40.73 - - [09/Mar/2026:06:23:00 +1000] "GET / HTTP/1.1" 200 1193 "-" "Python/3.11 aiohttp/3.9.2"
118.127.40.73 - - [09/Mar/2026:06:53:02 +1000] "GET / HTTP/1.1" 200 1193 "-" "Python/3.11 aiohttp/3.9.2"
50.16.248.61 - - [09/Mar/2026:07:13:27 +1000] "GET /robots.txt HTTP/1.1" 404 - "-" "Mozilla/5.0 AppleWebKit/537.36 (KHTML, like Gecko; compatible; Amazonbot/0.1; +https://developer.amazon.com/support/amazonbot) Chrome/119.0.6045.214 Safari/537.36"
18.214.238.178 - - [09/Mar/2026:07:13:32 +1000] "GET /config/?C=D;O%3DD HTTP/1.1" 200 1909 "-" "Mozilla/5.0 AppleWebKit/537.36 (KHTML, like Gecko; compatible; Amazonbot/0.1; +https://developer.amazon.com/support/amazonbot) Chrome/119.0.6045.214 Safari/537.36"
118.127.40.73 - - [09/Mar/2026:07:23:00 +1000] "GET / HTTP/1.1" 200 1193 "-" "Python/3.11 aiohttp/3.9.2"
98.89.254.180 - - [09/Mar/2026:07:28:06 +1000] "GET /robots.txt HTTP/1.1" 404 - "-" "Mozilla/5.0 (Macintosh; Intel Mac OS X 10_10_1) AppleWebKit/600.2.5 (KHTML, like Gecko) Version/8.0.2 Safari/600.2.5 (Gort)"
118.127.40.73 - - [09/Mar/2026:07:53:08 +1000] "GET / HTTP/1.1" 200 1193 "-" "Python/3.11 aiohttp/3.9.2"
118.127.40.73 - - [09/Mar/2026:08:23:05 +1000] "GET / HTTP/1.1" 200 1193 "-" "Python/3.11 aiohttp/3.9.2"
118.127.40.73 - - [09/Mar/2026:08:53:05 +1000] "GET / HTTP/1.1" 200 1193 "-" "Python/3.11 aiohttp/3.9.2"
118.127.40.73 - - [09/Mar/2026:09:23:01 +1000] "GET / HTTP/1.1" 200 1193 "-" "Python/3.11 aiohttp/3.9.2"
118.127.40.73 - - [09/Mar/2026:09:53:06 +1000] "GET / HTTP/1.1" 200 1193 "-" "Python/3.11 aiohttp/3.9.2"
118.127.40.73 - - [09/Mar/2026:10:23:08 +1000] "GET / HTTP/1.1" 200 1193 "-" "Python/3.11 aiohttp/3.9.2"
118.127.40.73 - - [09/Mar/2026:10:53:02 +1000] "GET / HTTP/1.1" 200 1193 "-" "Python/3.11 aiohttp/3.9.2"
118.127.40.73 - - [09/Mar/2026:11:23:05 +1000] "GET / HTTP/1.1" 200 1193 "-" "Python/3.11 aiohttp/3.9.2"
44.215.210.112 - - [09/Mar/2026:11:39:59 +1000] "GET /?C=D;O%3DD HTTP/1.1" 200 1193 "-" "Mozilla/5.0 AppleWebKit/537.36 (KHTML, like Gecko; compatible; Amazonbot/0.1; +https://developer.amazon.com/support/amazonbot) Chrome/119.0.6045.214 Safari/537.36"
94.26.106.219 - - [09/Mar/2026:11:42:34 +1000] "GET /wp-login.php HTTP/1.1" 404 16 "https://t.co/" "Mozilla/5.0 (Windows NT 11.0; Win64; x64) AppleWebKit/537.36 (KHTML, like Gecko) Chrome/120.0.0.0 Safari/537.36"
94.26.106.219 - - [09/Mar/2026:11:42:35 +1000] "GET /wp-admin/ HTTP/1.1" 404 - "https://t.co/" "Mozilla/5.0 (Macintosh; Intel Mac OS X 13_6_1; rv:120.0) Gecko/20100101 Firefox/120.0"
118.127.40.73 - - [09/Mar/2026:11:53:01 +1000] "GET / HTTP/1.1" 200 1193 "-" "Python/3.11 aiohttp/3.9.2"
118.127.40.73 - - [09/Mar/2026:12:23:02 +1000] "GET / HTTP/1.1" 200 1193 "-" "Python/3.11 aiohttp/3.9.2"
44.218.6.93 - - [09/Mar/2026:12:41:44 +1000] "GET /config/config_Smart-RealEstate-quadro_v6.4.1_2026-3-8_0111.bin HTTP/1.1" 200 - "-" "Mozilla/5.0 AppleWebKit/537.36 (KHTML, like Gecko; compatible; Amazonbot/0.1; +https://developer.amazon.com/support/amazonbot) Chrome/119.0.6045.214 Safari/537.36"
118.127.40.73 - - [09/Mar/2026:12:53:08 +1000] "GET / HTTP/1.1" 200 1193 "-" "Python/3.11 aiohttp/3.9.2"
118.127.40.73 - - [09/Mar/2026:13:23:02 +1000] "GET / HTTP/1.1" 200 1193 "-" "Python/3.11 aiohttp/3.9.2"
3.229.2.217 - - [09/Mar/2026:13:30:03 +1000] "GET /config/?C=M;O%3DD HTTP/1.1" 200 1909 "-" "Mozilla/5.0 AppleWebKit/537.36 (KHTML, like Gecko; compatible; Amazonbot/0.1; +https://developer.amazon.com/support/amazonbot) Chrome/119.0.6045.214 Safari/537.36"
118.127.40.73 - - [09/Mar/2026:13:53:02 +1000] "GET / HTTP/1.1" 200 1193 "-" "Python/3.11 aiohttp/3.9.2"
118.127.40.73 - - [09/Mar/2026:14:23:03 +1000] "GET / HTTP/1.1" 200 1193 "-" "Python/3.11 aiohttp/3.9.2"
118.127.40.73 - - [09/Mar/2026:14:53:03 +1000] "GET / HTTP/1.1" 200 1193 "-" "Python/3.11 aiohttp/3.9.2"
118.127.40.73 - - [09/Mar/2026:15:23:03 +1000] "GET / HTTP/1.1" 200 1193 "-" "Python/3.11 aiohttp/3.9.2"
118.127.40.73 - - [09/Mar/2026:15:53:04 +1000] "GET / HTTP/1.1" 200 1193 "-" "Python/3.11 aiohttp/3.9.2"
74.7.175.184 - - [09/Mar/2026:16:01:43 +1000] "GET /robots.txt HTTP/1.1" 404 - "-" "Mozilla/5.0 (Macintosh; Intel Mac OS X 10_15_7) AppleWebKit/537.36 (KHTML, like Gecko) Chrome/131.0.0.0 Safari/537.36; compatible; OAI-SearchBot/1.3; robots.txt; +https://openai.com/searchbot"
74.7.241.28 - - [09/Mar/2026:16:01:43 +1000] "GET / HTTP/1.1" 200 1193 "-" "Mozilla/5.0 AppleWebKit/537.36 (KHTML, like Gecko; compatible; GPTBot/1.3; +https://openai.com/gptbot)"
74.7.241.28 - - [09/Mar/2026:16:01:46 +1000] "GET /?C=S;O=A HTTP/1.1" 200 1193 "https://smart.posscales.com/" "Mozilla/5.0 AppleWebKit/537.36 (KHTML, like Gecko; compatible; GPTBot/1.3; +https://openai.com/gptbot)"
74.7.241.28 - - [09/Mar/2026:16:01:49 +1000] "GET /config/ HTTP/1.1" 200 1909 "https://smart.posscales.com/" "Mozilla/5.0 AppleWebKit/537.36 (KHTML, like Gecko; compatible; GPTBot/1.3; +https://openai.com/gptbot)"
74.7.241.28 - - [09/Mar/2026:16:01:51 +1000] "GET /?C=D;O=A HTTP/1.1" 200 1193 "https://smart.posscales.com/" "Mozilla/5.0 AppleWebKit/537.36 (KHTML, like Gecko; compatible; GPTBot/1.3; +https://openai.com/gptbot)"
74.7.241.28 - - [09/Mar/2026:16:01:54 +1000] "GET /?C=N;O=D HTTP/1.1" 200 1193 "https://smart.posscales.com/" "Mozilla/5.0 AppleWebKit/537.36 (KHTML, like Gecko; compatible; GPTBot/1.3; +https://openai.com/gptbot)"
74.7.241.28 - - [09/Mar/2026:16:01:56 +1000] "GET /?C=M;O=A HTTP/1.1" 200 1193 "https://smart.posscales.com/" "Mozilla/5.0 AppleWebKit/537.36 (KHTML, like Gecko; compatible; GPTBot/1.3; +https://openai.com/gptbot)"
74.7.241.28 - - [09/Mar/2026:16:01:58 +1000] "GET /?C=N;O=A HTTP/1.1" 200 1193 "https://smart.posscales.com/?C=S;O=A" "Mozilla/5.0 AppleWebKit/537.36 (KHTML, like Gecko; compatible; GPTBot/1.3; +https://openai.com/gptbot)"
74.7.241.28 - - [09/Mar/2026:16:01:59 +1000] "GET /config/config_Smart-RealEstate-quadro_v6.4.1_2026-3-8_0111.bin HTTP/1.1" 200 - "https://smart.posscales.com/config/" "Mozilla/5.0 AppleWebKit/537.36 (KHTML, like Gecko; compatible; GPTBot/1.3; +https://openai.com/gptbot)"
74.7.241.28 - - [09/Mar/2026:16:02:01 +1000] "GET /config/wp_oOkgggTD.php HTTP/1.1" 200 - "https://smart.posscales.com/config/" "Mozilla/5.0 AppleWebKit/537.36 (KHTML, like Gecko; compatible; GPTBot/1.3; +https://openai.com/gptbot)"
74.7.241.28 - - [09/Mar/2026:16:02:02 +1000] "GET /config/wp_OvqhPCWQ.php HTTP/1.1" 200 - "https://smart.posscales.com/config/" "Mozilla/5.0 AppleWebKit/537.36 (KHTML, like Gecko; compatible; GPTBot/1.3; +https://openai.com/gptbot)"
74.7.241.28 - - [09/Mar/2026:16:02:03 +1000] "GET /?C=S;O=D HTTP/1.1" 200 1193 "https://smart.posscales.com/?C=S;O=A" "Mozilla/5.0 AppleWebKit/537.36 (KHTML, like Gecko; compatible; GPTBot/1.3; +https://openai.com/gptbot)"
74.7.241.28 - - [09/Mar/2026:16:02:04 +1000] "GET /?C=D;O=D HTTP/1.1" 200 1193 "https://smart.posscales.com/?C=D;O=A" "Mozilla/5.0 AppleWebKit/537.36 (KHTML, like Gecko; compatible; GPTBot/1.3; +https://openai.com/gptbot)"
74.7.241.28 - - [09/Mar/2026:16:02:05 +1000] "GET /config/config_Smart-RealEstate-quadro_v6.4.1_2026-3-1_0111.bin HTTP/1.1" 200 - "https://smart.posscales.com/config/" "Mozilla/5.0 AppleWebKit/537.36 (KHTML, like Gecko; compatible; GPTBot/1.3; +https://openai.com/gptbot)"
118.127.40.73 - - [09/Mar/2026:16:23:04 +1000] "GET / HTTP/1.1" 200 1193 "-" "Python/3.11 aiohttp/3.9.2"
74.7.228.58 - - [09/Mar/2026:16:33:55 +1000] "GET /robots.txt HTTP/1.1" 404 - "-" "Mozilla/5.0 (Macintosh; Intel Mac OS X 10_15_7) AppleWebKit/537.36 (KHTML, like Gecko) Chrome/131.0.0.0 Safari/537.36; compatible; OAI-SearchBot/1.3; robots.txt; +https://openai.com/searchbot"
74.7.242.62 - - [09/Mar/2026:16:33:55 +1000] "GET / HTTP/1.1" 200 1193 "-" "Mozilla/5.0 AppleWebKit/537.36 (KHTML, like Gecko; compatible; GPTBot/1.3; +https://openai.com/gptbot)"
74.7.242.62 - - [09/Mar/2026:16:33:58 +1000] "GET /?C=S;O=A HTTP/1.1" 200 1193 "https://www.smart.posscales.com/" "Mozilla/5.0 AppleWebKit/537.36 (KHTML, like Gecko; compatible; GPTBot/1.3; +https://openai.com/gptbot)"
74.7.242.62 - - [09/Mar/2026:16:34:00 +1000] "GET /?C=N;O=D HTTP/1.1" 200 1193 "https://www.smart.posscales.com/" "Mozilla/5.0 AppleWebKit/537.36 (KHTML, like Gecko; compatible; GPTBot/1.3; +https://openai.com/gptbot)"
74.7.242.62 - - [09/Mar/2026:16:34:03 +1000] "GET /config/ HTTP/1.1" 200 1909 "https://www.smart.posscales.com/" "Mozilla/5.0 AppleWebKit/537.36 (KHTML, like Gecko; compatible; GPTBot/1.3; +https://openai.com/gptbot)"
74.7.242.62 - - [09/Mar/2026:16:34:05 +1000] "GET /?C=M;O=A HTTP/1.1" 200 1193 "https://www.smart.posscales.com/" "Mozilla/5.0 AppleWebKit/537.36 (KHTML, like Gecko; compatible; GPTBot/1.3; +https://openai.com/gptbot)"
74.7.242.62 - - [09/Mar/2026:16:34:07 +1000] "GET /cwgsr.php HTTP/1.1" 200 - "https://www.smart.posscales.com/" "Mozilla/5.0 AppleWebKit/537.36 (KHTML, like Gecko; compatible; GPTBot/1.3; +https://openai.com/gptbot)"
74.7.242.62 - - [09/Mar/2026:16:34:09 +1000] "GET /?C=S;O=D HTTP/1.1" 200 1193 "https://www.smart.posscales.com/?C=S;O=A" "Mozilla/5.0 AppleWebKit/537.36 (KHTML, like Gecko; compatible; GPTBot/1.3; +https://openai.com/gptbot)"
74.7.242.62 - - [09/Mar/2026:16:34:11 +1000] "GET /?C=N;O=A HTTP/1.1" 200 1193 "https://www.smart.posscales.com/?C=S;O=A" "Mozilla/5.0 AppleWebKit/537.36 (KHTML, like Gecko; compatible; GPTBot/1.3; +https://openai.com/gptbot)"
74.7.242.62 - - [09/Mar/2026:16:34:12 +1000] "GET /YL4vRftqDZ.php HTTP/1.1" 200 - "https://www.smart.posscales.com/" "Mozilla/5.0 AppleWebKit/537.36 (KHTML, like Gecko; compatible; GPTBot/1.3; +https://openai.com/gptbot)"
74.7.242.62 - - [09/Mar/2026:16:34:14 +1000] "GET /config/wp_oOkgggTD.php HTTP/1.1" 200 - "https://www.smart.posscales.com/config/" "Mozilla/5.0 AppleWebKit/537.36 (KHTML, like Gecko; compatible; GPTBot/1.3; +https://openai.com/gptbot)"
74.7.242.62 - - [09/Mar/2026:16:34:15 +1000] "GET /config/config_Smart-RealEstate-quadro_v6.4.1_2026-3-8_0111.bin HTTP/1.1" 200 - "https://www.smart.posscales.com/config/" "Mozilla/5.0 AppleWebKit/537.36 (KHTML, like Gecko; compatible; GPTBot/1.3; +https://openai.com/gptbot)"
74.7.242.62 - - [09/Mar/2026:16:34:16 +1000] "GET /config/wp_OvqhPCWQ.php HTTP/1.1" 200 - "https://www.smart.posscales.com/config/" "Mozilla/5.0 AppleWebKit/537.36 (KHTML, like Gecko; compatible; GPTBot/1.3; +https://openai.com/gptbot)"
74.7.242.62 - - [09/Mar/2026:16:34:17 +1000] "GET /?C=M;O=D HTTP/1.1" 200 1193 "https://www.smart.posscales.com/?C=M;O=A" "Mozilla/5.0 AppleWebKit/537.36 (KHTML, like Gecko; compatible; GPTBot/1.3; +https://openai.com/gptbot)"
74.7.242.62 - - [09/Mar/2026:16:34:18 +1000] "GET /config/config_Smart-RealEstate-quadro_v6.4.1_2026-3-1_0111.bin HTTP/1.1" 200 - "https://www.smart.posscales.com/config/" "Mozilla/5.0 AppleWebKit/537.36 (KHTML, like Gecko; compatible; GPTBot/1.3; +https://openai.com/gptbot)"
199.45.155.99 - - [09/Mar/2026:16:41:00 +1000] "GET / HTTP/1.1" 200 1193 "-" "Mozilla/5.0 (compatible; CensysInspect/1.1; +https://about.censys.io/)"
199.45.155.99 - - [09/Mar/2026:16:41:02 +1000] "GET /favicon.ico HTTP/1.1" 404 - "-" "Mozilla/5.0 (compatible; CensysInspect/1.1; +https://about.censys.io/)"
199.45.155.99 - - [09/Mar/2026:16:41:16 +1000] "GET / HTTP/1.1" 200 1193 "-" "Mozilla/5.0 (compatible; CensysInspect/1.1; +https://about.censys.io/)"
199.45.155.99 - - [09/Mar/2026:16:41:17 +1000] "GET /config HTTP/1.1" 301 283 "-" "Mozilla/5.0 (compatible; CensysInspect/1.1; +https://about.censys.io/)"
199.45.155.99 - - [09/Mar/2026:16:41:17 +1000] "GET /config/ HTTP/1.1" 200 1909 "https://smart.posscales.com:443/config" "Mozilla/5.0 (compatible; CensysInspect/1.1; +https://about.censys.io/)"
118.127.40.73 - - [09/Mar/2026:16:53:04 +1000] "GET / HTTP/1.1" 200 1193 "-" "Python/3.11 aiohttp/3.9.2"
206.168.34.212 - - [09/Mar/2026:17:09:28 +1000] "GET / HTTP/1.1" 200 1193 "-" "Mozilla/5.0 (compatible; CensysInspect/1.1; +https://about.censys.io/)"
206.168.34.212 - - [09/Mar/2026:17:09:29 +1000] "GET /config HTTP/1.1" 301 283 "-" "Mozilla/5.0 (compatible; CensysInspect/1.1; +https://about.censys.io/)"
206.168.34.212 - - [09/Mar/2026:17:09:30 +1000] "GET /config/ HTTP/1.1" 200 1909 "https://smart.posscales.com:443/config" "Mozilla/5.0 (compatible; CensysInspect/1.1; +https://about.censys.io/)"
167.94.138.200 - - [09/Mar/2026:17:18:00 +1000] "GET / HTTP/1.1" 200 1193 "-" "Mozilla/5.0 (compatible; CensysInspect/1.1; +https://about.censys.io/)"
167.94.138.200 - - [09/Mar/2026:17:18:02 +1000] "GET /favicon.ico HTTP/1.1" 404 - "-" "Mozilla/5.0 (compatible; CensysInspect/1.1; +https://about.censys.io/)"
167.94.138.200 - - [09/Mar/2026:17:18:18 +1000] "GET / HTTP/1.1" 200 1193 "-" "Mozilla/5.0 (compatible; CensysInspect/1.1; +https://about.censys.io/)"
167.94.138.200 - - [09/Mar/2026:17:18:19 +1000] "GET /config HTTP/1.1" 301 283 "-" "Mozilla/5.0 (compatible; CensysInspect/1.1; +https://about.censys.io/)"
167.94.138.200 - - [09/Mar/2026:17:18:20 +1000] "GET /config/ HTTP/1.1" 200 1909 "https://smart.posscales.com:443/config" "Mozilla/5.0 (compatible; CensysInspect/1.1; +https://about.censys.io/)"
118.127.40.73 - - [09/Mar/2026:17:23:05 +1000] "GET / HTTP/1.1" 200 1193 "-" "Python/3.11 aiohttp/3.9.2"
118.127.40.73 - - [09/Mar/2026:17:53:04 +1000] "GET / HTTP/1.1" 200 1193 "-" "Python/3.11 aiohttp/3.9.2"
118.127.40.73 - - [09/Mar/2026:18:23:04 +1000] "GET / HTTP/1.1" 200 1193 "-" "Python/3.11 aiohttp/3.9.2"
118.127.40.73 - - [09/Mar/2026:18:53:05 +1000] "GET / HTTP/1.1" 200 1193 "-" "Python/3.11 aiohttp/3.9.2"
118.127.40.73 - - [09/Mar/2026:19:23:04 +1000] "GET / HTTP/1.1" 200 1193 "-" "Python/3.11 aiohttp/3.9.2"
118.127.40.73 - - [09/Mar/2026:19:53:06 +1000] "GET / HTTP/1.1" 200 1193 "-" "Python/3.11 aiohttp/3.9.2"
118.127.40.73 - - [09/Mar/2026:20:23:06 +1000] "GET / HTTP/1.1" 200 1193 "-" "Python/3.11 aiohttp/3.9.2"
118.127.40.73 - - [09/Mar/2026:20:53:06 +1000] "GET / HTTP/1.1" 200 1193 "-" "Python/3.11 aiohttp/3.9.2"
118.127.40.73 - - [09/Mar/2026:21:23:07 +1000] "GET / HTTP/1.1" 200 1193 "-" "Python/3.11 aiohttp/3.9.2"
118.127.40.73 - - [09/Mar/2026:21:53:06 +1000] "GET / HTTP/1.1" 200 1193 "-" "Python/3.11 aiohttp/3.9.2"
66.249.73.13 - - [09/Mar/2026:22:13:43 +1000] "GET /robots.txt HTTP/1.1" 404 - "-" "Mozilla/5.0 (compatible; Googlebot/2.1; +http://www.google.com/bot.html)"
118.127.40.73 - - [09/Mar/2026:22:23:07 +1000] "GET / HTTP/1.1" 200 1193 "-" "Python/3.11 aiohttp/3.9.2"
118.127.40.73 - - [09/Mar/2026:22:53:08 +1000] "GET / HTTP/1.1" 200 1193 "-" "Python/3.11 aiohttp/3.9.2"
118.127.40.73 - - [09/Mar/2026:23:23:07 +1000] "GET / HTTP/1.1" 200 1193 "-" "Python/3.11 aiohttp/3.9.2"
205.210.31.172 - - [09/Mar/2026:23:44:19 +1000] "GET / HTTP/1.1" 200 1193 "-" "Hello from Palo Alto Networks, find out more about our scans in https://docs-cortex.paloaltonetworks.com/r/1/Cortex-Xpanse/Scanning-activity"
118.127.40.73 - - [09/Mar/2026:23:53:06 +1000] "GET / HTTP/1.1" 200 1193 "-" "Python/3.11 aiohttp/3.9.2"
118.127.40.73 - - [10/Mar/2026:00:23:06 +1000] "GET / HTTP/1.1" 200 1193 "-" "Python/3.11 aiohttp/3.9.2"
118.127.40.73 - - [10/Mar/2026:00:53:06 +1000] "GET / HTTP/1.1" 200 1193 "-" "Python/3.11 aiohttp/3.9.2"
74.7.228.58 - - [10/Mar/2026:01:04:57 +1000] "GET /robots.txt HTTP/1.1" 404 - "-" "Mozilla/5.0 (Macintosh; Intel Mac OS X 10_15_7) AppleWebKit/537.36 (KHTML, like Gecko) Chrome/131.0.0.0 Safari/537.36; compatible; OAI-SearchBot/1.3; robots.txt; +https://openai.com/searchbot"
118.127.40.73 - - [10/Mar/2026:01:23:09 +1000] "GET / HTTP/1.1" 200 1193 "-" "Python/3.11 aiohttp/3.9.2"
74.7.175.184 - - [10/Mar/2026:01:35:05 +1000] "GET /robots.txt HTTP/1.1" 404 - "-" "Mozilla/5.0 (Macintosh; Intel Mac OS X 10_15_7) AppleWebKit/537.36 (KHTML, like Gecko) Chrome/131.0.0.0 Safari/537.36; compatible; OAI-SearchBot/1.3; robots.txt; +https://openai.com/searchbot"
118.127.40.73 - - [10/Mar/2026:01:53:06 +1000] "GET / HTTP/1.1" 200 1193 "-" "Python/3.11 aiohttp/3.9.2"
118.127.40.73 - - [10/Mar/2026:02:23:10 +1000] "GET / HTTP/1.1" 200 1193 "-" "Python/3.11 aiohttp/3.9.2"
118.127.40.73 - - [10/Mar/2026:02:53:09 +1000] "GET / HTTP/1.1" 200 1193 "-" "Python/3.11 aiohttp/3.9.2"
104.210.140.138 - - [10/Mar/2026:03:02:40 +1000] "GET /robots.txt HTTP/1.1" 404 - "-" "Mozilla/5.0 (Macintosh; Intel Mac OS X 10_15_7) AppleWebKit/537.36 (KHTML, like Gecko) Chrome/131.0.0.0 Safari/537.36; compatible; OAI-SearchBot/1.0; +https://openai.com/searchbot"
118.127.40.73 - - [10/Mar/2026:03:23:09 +1000] "GET / HTTP/1.1" 200 1193 "-" "Python/3.11 aiohttp/3.9.2"
118.127.40.73 - - [10/Mar/2026:03:53:15 +1000] "GET / HTTP/1.1" 200 1370 "-" "Python/3.11 aiohttp/3.9.2"
118.127.40.73 - - [10/Mar/2026:04:23:09 +1000] "GET / HTTP/1.1" 200 1370 "-" "Python/3.11 aiohttp/3.9.2"
118.127.40.73 - - [10/Mar/2026:04:53:09 +1000] "GET / HTTP/1.1" 200 1370 "-" "Python/3.11 aiohttp/3.9.2"
118.127.40.73 - - [10/Mar/2026:05:23:10 +1000] "GET / HTTP/1.1" 200 1370 "-" "Python/3.11 aiohttp/3.9.2"
118.127.40.73 - - [10/Mar/2026:05:53:10 +1000] "GET / HTTP/1.1" 200 1370 "-" "Python/3.11 aiohttp/3.9.2"
118.127.40.73 - - [10/Mar/2026:06:23:10 +1000] "GET / HTTP/1.1" 200 1370 "-" "Python/3.11 aiohttp/3.9.2"
118.127.40.73 - - [10/Mar/2026:06:53:10 +1000] "GET / HTTP/1.1" 200 1370 "-" "Python/3.11 aiohttp/3.9.2"
118.127.40.73 - - [10/Mar/2026:07:23:09 +1000] "GET / HTTP/1.1" 200 1370 "-" "Python/3.11 aiohttp/3.9.2"
118.127.40.73 - - [10/Mar/2026:07:53:11 +1000] "GET / HTTP/1.1" 200 1370 "-" "Python/3.11 aiohttp/3.9.2"
98.89.254.180 - - [10/Mar/2026:08:01:46 +1000] "GET /robots.txt HTTP/1.1" 404 - "-" "Mozilla/5.0 (Macintosh; Intel Mac OS X 10_10_1) AppleWebKit/600.2.5 (KHTML, like Gecko) Version/8.0.2 Safari/600.2.5 (Gort)"
118.127.40.73 - - [10/Mar/2026:08:23:11 +1000] "GET / HTTP/1.1" 200 1370 "-" "Python/3.11 aiohttp/3.9.2"
118.127.40.73 - - [10/Mar/2026:08:53:10 +1000] "GET / HTTP/1.1" 200 1370 "-" "Python/3.11 aiohttp/3.9.2"
118.127.40.73 - - [10/Mar/2026:09:23:10 +1000] "GET / HTTP/1.1" 200 1370 "-" "Python/3.11 aiohttp/3.9.2"
118.127.40.73 - - [10/Mar/2026:09:53:11 +1000] "GET / HTTP/1.1" 200 1370 "-" "Python/3.11 aiohttp/3.9.2"
118.127.40.73 - - [10/Mar/2026:10:23:11 +1000] "GET / HTTP/1.1" 200 1370 "-" "Python/3.11 aiohttp/3.9.2"
118.127.40.73 - - [10/Mar/2026:10:53:12 +1000] "GET / HTTP/1.1" 200 1370 "-" "Python/3.11 aiohttp/3.9.2"
118.127.40.73 - - [10/Mar/2026:11:23:12 +1000] "GET / HTTP/1.1" 200 1370 "-" "Python/3.11 aiohttp/3.9.2"
162.142.125.115 - - [10/Mar/2026:11:23:17 +1000] "GET / HTTP/1.1" 200 1370 "-" "Mozilla/5.0 (compatible; CensysInspect/1.1; +https://about.censys.io/)"
162.142.125.115 - - [10/Mar/2026:11:23:18 +1000] "GET /config HTTP/1.1" 301 287 "-" "Mozilla/5.0 (compatible; CensysInspect/1.1; +https://about.censys.io/)"
162.142.125.115 - - [10/Mar/2026:11:23:18 +1000] "GET /config/ HTTP/1.1" 200 1909 "https://www.smart.posscales.com:443/config" "Mozilla/5.0 (compatible; CensysInspect/1.1; +https://about.censys.io/)"
162.142.125.198 - - [10/Mar/2026:11:36:34 +1000] "GET / HTTP/1.1" 200 1370 "-" "Mozilla/5.0 (compatible; CensysInspect/1.1; +https://about.censys.io/)"
162.142.125.198 - - [10/Mar/2026:11:36:36 +1000] "GET /favicon.ico HTTP/1.1" 404 - "-" "Mozilla/5.0 (compatible; CensysInspect/1.1; +https://about.censys.io/)"
162.142.125.198 - - [10/Mar/2026:11:36:56 +1000] "GET / HTTP/1.1" 200 1370 "-" "Mozilla/5.0 (compatible; CensysInspect/1.1; +https://about.censys.io/)"
162.142.125.198 - - [10/Mar/2026:11:36:57 +1000] "GET /config HTTP/1.1" 301 287 "-" "Mozilla/5.0 (compatible; CensysInspect/1.1; +https://about.censys.io/)"
162.142.125.198 - - [10/Mar/2026:11:36:58 +1000] "GET /config/ HTTP/1.1" 200 1909 "https://www.smart.posscales.com:443/config" "Mozilla/5.0 (compatible; CensysInspect/1.1; +https://about.censys.io/)"
118.127.40.73 - - [10/Mar/2026:11:53:11 +1000] "GET / HTTP/1.1" 200 1370 "-" "Python/3.11 aiohttp/3.9.2"
118.127.40.73 - - [10/Mar/2026:12:23:13 +1000] "GET / HTTP/1.1" 200 1370 "-" "Python/3.11 aiohttp/3.9.2"
118.127.40.73 - - [10/Mar/2026:12:53:12 +1000] "GET / HTTP/1.1" 200 1370 "-" "Python/3.11 aiohttp/3.9.2"
118.127.40.73 - - [10/Mar/2026:13:23:12 +1000] "GET / HTTP/1.1" 200 1370 "-" "Python/3.11 aiohttp/3.9.2"
118.127.40.73 - - [10/Mar/2026:13:53:13 +1000] "GET / HTTP/1.1" 200 1370 "-" "Python/3.11 aiohttp/3.9.2"
3.18.186.238 - - [10/Mar/2026:14:15:15 +1000] "GET / HTTP/1.1" 200 1370 "-" "visionheight.com/scan Mozilla/5.0 (Macintosh; Intel Mac OS X 10_15_7) Chrome/126.0.0.0 Safari/537.36"
118.127.40.73 - - [10/Mar/2026:14:23:13 +1000] "GET / HTTP/1.1" 200 1370 "-" "Python/3.11 aiohttp/3.9.2"
118.127.40.73 - - [10/Mar/2026:14:53:14 +1000] "GET / HTTP/1.1" 200 1370 "-" "Python/3.11 aiohttp/3.9.2"
118.127.40.73 - - [10/Mar/2026:15:23:13 +1000] "GET / HTTP/1.1" 200 1370 "-" "Python/3.11 aiohttp/3.9.2"
118.127.40.73 - - [10/Mar/2026:15:53:14 +1000] "GET / HTTP/1.1" 200 1370 "-" "Python/3.11 aiohttp/3.9.2"
118.127.40.73 - - [10/Mar/2026:16:23:14 +1000] "GET / HTTP/1.1" 200 1370 "-" "Python/3.11 aiohttp/3.9.2"
118.127.40.73 - - [10/Mar/2026:16:53:13 +1000] "GET / HTTP/1.1" 200 1370 "-" "Python/3.11 aiohttp/3.9.2"
118.127.40.73 - - [10/Mar/2026:17:23:14 +1000] "GET / HTTP/1.1" 200 1370 "-" "Python/3.11 aiohttp/3.9.2"
118.127.40.73 - - [10/Mar/2026:17:53:18 +1000] "GET / HTTP/1.1" 200 1370 "-" "Python/3.11 aiohttp/3.9.2"
118.127.40.73 - - [10/Mar/2026:18:23:14 +1000] "GET / HTTP/1.1" 200 1370 "-" "Python/3.11 aiohttp/3.9.2"
118.127.40.73 - - [10/Mar/2026:18:53:15 +1000] "GET / HTTP/1.1" 200 1370 "-" "Python/3.11 aiohttp/3.9.2"
118.127.40.73 - - [10/Mar/2026:19:23:14 +1000] "GET / HTTP/1.1" 200 1370 "-" "Python/3.11 aiohttp/3.9.2"
118.127.40.73 - - [10/Mar/2026:19:53:16 +1000] "GET / HTTP/1.1" 200 1370 "-" "Python/3.11 aiohttp/3.9.2"
118.127.40.73 - - [10/Mar/2026:20:23:14 +1000] "GET / HTTP/1.1" 200 1370 "-" "Python/3.11 aiohttp/3.9.2"
118.127.40.73 - - [10/Mar/2026:20:53:16 +1000] "GET / HTTP/1.1" 200 1370 "-" "Python/3.11 aiohttp/3.9.2"
118.127.40.73 - - [10/Mar/2026:21:23:15 +1000] "GET / HTTP/1.1" 200 1370 "-" "Python/3.11 aiohttp/3.9.2"
118.127.40.73 - - [10/Mar/2026:21:53:16 +1000] "GET / HTTP/1.1" 200 1370 "-" "Python/3.11 aiohttp/3.9.2"
118.127.40.73 - - [10/Mar/2026:22:23:16 +1000] "GET / HTTP/1.1" 200 1370 "-" "Python/3.11 aiohttp/3.9.2"
118.127.40.73 - - [10/Mar/2026:22:53:16 +1000] "GET / HTTP/1.1" 200 1370 "-" "Python/3.11 aiohttp/3.9.2"
118.127.40.73 - - [10/Mar/2026:23:23:17 +1000] "GET / HTTP/1.1" 200 1370 "-" "Python/3.11 aiohttp/3.9.2"
118.127.40.73 - - [10/Mar/2026:23:53:17 +1000] "GET / HTTP/1.1" 200 1370 "-" "Python/3.11 aiohttp/3.9.2"
118.127.40.73 - - [11/Mar/2026:00:23:24 +1000] "GET / HTTP/1.1" 200 1370 "-" "Python/3.11 aiohttp/3.9.2"
118.127.40.73 - - [11/Mar/2026:00:53:42 +1000] "GET / HTTP/1.1" 200 1547 "-" "Python/3.11 aiohttp/3.9.2"
118.127.40.73 - - [11/Mar/2026:01:23:22 +1000] "GET / HTTP/1.1" 200 1547 "-" "Python/3.11 aiohttp/3.9.2"
118.127.40.73 - - [11/Mar/2026:01:53:21 +1000] "GET / HTTP/1.1" 200 1547 "-" "Python/3.11 aiohttp/3.9.2"
118.127.40.73 - - [11/Mar/2026:02:23:20 +1000] "GET / HTTP/1.1" 200 1547 "-" "Python/3.11 aiohttp/3.9.2"
118.127.40.73 - - [11/Mar/2026:02:53:24 +1000] "GET / HTTP/1.1" 200 1547 "-" "Python/3.11 aiohttp/3.9.2"
118.127.40.73 - - [11/Mar/2026:03:23:19 +1000] "GET / HTTP/1.1" 200 1547 "-" "Python/3.11 aiohttp/3.9.2"
118.127.40.73 - - [11/Mar/2026:03:53:23 +1000] "GET / HTTP/1.1" 200 1547 "-" "Python/3.11 aiohttp/3.9.2"
118.127.40.73 - - [11/Mar/2026:04:23:21 +1000] "GET / HTTP/1.1" 200 1547 "-" "Python/3.11 aiohttp/3.9.2"
66.249.73.13 - - [11/Mar/2026:04:38:58 +1000] "GET /robots.txt HTTP/1.1" 404 - "-" "Mozilla/5.0 (compatible; Googlebot/2.1; +http://www.google.com/bot.html)"
118.127.40.73 - - [11/Mar/2026:04:53:21 +1000] "GET / HTTP/1.1" 200 1547 "-" "Python/3.11 aiohttp/3.9.2"
