74.7.227.54 - - [13/Mar/2026:05:19:49 +1000] "GET /grvjn.php?path=//lib/.build-id/c5 HTTP/1.1" 200 43193 "https://smart.posscales.com/grvjn.php?path=//lib/.build-id" "Mozilla/5.0 AppleWebKit/537.36 (KHTML, like Gecko; compatible; GPTBot/1.3; +https://openai.com/gptbot)"
74.7.243.225 - - [13/Mar/2026:05:19:50 +1000] "GET /mklax.php?path=/home/posscale/public_html/printmanager/vendor/filament/support/resources/views/components/modal HTTP/1.1" 200 19452 "https://www.smart.posscales.com/mklax.php?path=/home/posscale/public_html/printmanager/vendor/filament/support/resources/views/components" "Mozilla/5.0 AppleWebKit/537.36 (KHTML, like Gecko; compatible; GPTBot/1.3; +https://openai.com/gptbot)"
74.7.227.54 - - [13/Mar/2026:05:19:50 +1000] "GET /grvjn.php?fileloc=//lib/.build-id/71/c529614a537fb1a60cfae3b0b2a61a83c80dce&path=//lib/.build-id/71 HTTP/1.1" 200 66897 "https://smart.posscales.com/grvjn.php?path=//lib/.build-id/71" "Mozilla/5.0 AppleWebKit/537.36 (KHTML, like Gecko; compatible; GPTBot/1.3; +https://openai.com/gptbot)"
74.7.243.225 - - [13/Mar/2026:05:19:50 +1000] "GET /mklax.php?path=/home/posscale/public_html/printmanager/vendor/filament/support/resources/lang/el/components HTTP/1.1" 200 21083 "https://www.smart.posscales.com/mklax.php?path=/home/posscale/public_html/printmanager/vendor/filament/support/resources/lang/el" "Mozilla/5.0 AppleWebKit/537.36 (KHTML, like Gecko; compatible; GPTBot/1.3; +https://openai.com/gptbot)"
74.7.227.54 - - [13/Mar/2026:05:19:50 +1000] "GET /grvjn.php?path=//lib/.build-id/69 HTTP/1.1" 200 25833 "https://smart.posscales.com/grvjn.php?path=//lib/.build-id" "Mozilla/5.0 AppleWebKit/537.36 (KHTML, like Gecko; compatible; GPTBot/1.3; +https://openai.com/gptbot)"
74.7.243.225 - - [13/Mar/2026:05:19:51 +1000] "GET /mklax.php?path=/home/posscale/public_html/printmanager/vendor/filament/support/resources/views/components/section HTTP/1.1" 200 19480 "https://www.smart.posscales.com/mklax.php?path=/home/posscale/public_html/printmanager/vendor/filament/support/resources/views/components" "Mozilla/5.0 AppleWebKit/537.36 (KHTML, like Gecko; compatible; GPTBot/1.3; +https://openai.com/gptbot)"
74.7.227.54 - - [13/Mar/2026:05:19:51 +1000] "GET /grvjn.php?path=//lib/.build-id/c4 HTTP/1.1" 200 32145 "https://smart.posscales.com/grvjn.php?path=//lib/.build-id" "Mozilla/5.0 AppleWebKit/537.36 (KHTML, like Gecko; compatible; GPTBot/1.3; +https://openai.com/gptbot)"
74.7.243.225 - - [13/Mar/2026:05:19:51 +1000] "GET /mklax.php?path=/home/posscale/public_html/printmanager/vendor/filament/support/resources/views/components/button HTTP/1.1" 200 17625 "https://www.smart.posscales.com/mklax.php?path=/home/posscale/public_html/printmanager/vendor/filament/support/resources/views/components" "Mozilla/5.0 AppleWebKit/537.36 (KHTML, like Gecko; compatible; GPTBot/1.3; +https://openai.com/gptbot)"
74.7.227.54 - - [13/Mar/2026:05:19:51 +1000] "GET /grvjn.php?path=//lib/.build-id/9f HTTP/1.1" 200 40034 "https://smart.posscales.com/grvjn.php?path=//lib/.build-id" "Mozilla/5.0 AppleWebKit/537.36 (KHTML, like Gecko; compatible; GPTBot/1.3; +https://openai.com/gptbot)"
74.7.243.225 - - [13/Mar/2026:05:19:52 +1000] "GET /mklax.php?path=/home/posscale/public_html/printmanager/vendor/filament/support/resources/views/components/dropdown HTTP/1.1" 200 19245 "https://www.smart.posscales.com/mklax.php?path=/home/posscale/public_html/printmanager/vendor/filament/support/resources/views/components" "Mozilla/5.0 AppleWebKit/537.36 (KHTML, like Gecko; compatible; GPTBot/1.3; +https://openai.com/gptbot)"
74.7.227.54 - - [13/Mar/2026:05:19:52 +1000] "GET /grvjn.php?path=//lib/.build-id/f0 HTTP/1.1" 200 35301 "https://smart.posscales.com/grvjn.php?path=//lib/.build-id" "Mozilla/5.0 AppleWebKit/537.36 (KHTML, like Gecko; compatible; GPTBot/1.3; +https://openai.com/gptbot)"
74.7.243.225 - - [13/Mar/2026:05:19:52 +1000] "GET /mklax.php?path=/home/posscale/public_html/printmanager/vendor/filament/support/resources/views/components/pagination HTTP/1.1" 200 17661 "https://www.smart.posscales.com/mklax.php?path=/home/posscale/public_html/printmanager/vendor/filament/support/resources/views/components" "Mozilla/5.0 AppleWebKit/537.36 (KHTML, like Gecko; compatible; GPTBot/1.3; +https://openai.com/gptbot)"
74.7.227.54 - - [13/Mar/2026:05:19:52 +1000] "GET /grvjn.php?path=//lib/.build-id/70 HTTP/1.1" 200 22674 "https://smart.posscales.com/grvjn.php?path=//lib/.build-id" "Mozilla/5.0 AppleWebKit/537.36 (KHTML, like Gecko; compatible; GPTBot/1.3; +https://openai.com/gptbot)"
74.7.243.225 - - [13/Mar/2026:05:19:53 +1000] "GET /mklax.php?path=/home/posscale/public_html/printmanager/vendor/filament/support/stubs/scaffolding/resources/views HTTP/1.1" 200 15620 "https://www.smart.posscales.com/mklax.php?path=/home/posscale/public_html/printmanager/vendor/filament/support/stubs/scaffolding/resources" "Mozilla/5.0 AppleWebKit/537.36 (KHTML, like Gecko; compatible; GPTBot/1.3; +https://openai.com/gptbot)"
74.7.227.54 - - [13/Mar/2026:05:19:53 +1000] "GET /grvjn.php?path=//lib/.build-id/e7 HTTP/1.1" 200 35304 "https://smart.posscales.com/grvjn.php?path=//lib/.build-id" "Mozilla/5.0 AppleWebKit/537.36 (KHTML, like Gecko; compatible; GPTBot/1.3; +https://openai.com/gptbot)"
74.7.243.225 - - [13/Mar/2026:05:19:53 +1000] "GET /mklax.php?path=/home/posscale/public_html/printmanager/vendor/filament/support/stubs/scaffolding/resources/js HTTP/1.1" 200 15757 "https://www.smart.posscales.com/mklax.php?path=/home/posscale/public_html/printmanager/vendor/filament/support/stubs/scaffolding/resources" "Mozilla/5.0 AppleWebKit/537.36 (KHTML, like Gecko; compatible; GPTBot/1.3; +https://openai.com/gptbot)"
74.7.227.54 - - [13/Mar/2026:05:19:54 +1000] "GET /grvjn.php?fileloc=//lib/.build-id/6f/c40dfaf60c5763627034555d9933330fd052bc&path=//lib/.build-id/6f HTTP/1.1" 200 38711 "https://smart.posscales.com/grvjn.php?path=//lib/.build-id/6f" "Mozilla/5.0 AppleWebKit/537.36 (KHTML, like Gecko; compatible; GPTBot/1.3; +https://openai.com/gptbot)"
74.7.243.225 - - [13/Mar/2026:05:19:54 +1000] "GET /mklax.php?path=/home/posscale/public_html/printmanager/vendor/filament/support/resources/views/components/grid HTTP/1.1" 200 17609 "https://www.smart.posscales.com/mklax.php?path=/home/posscale/public_html/printmanager/vendor/filament/support/resources/views/components" "Mozilla/5.0 AppleWebKit/537.36 (KHTML, like Gecko; compatible; GPTBot/1.3; +https://openai.com/gptbot)"
74.7.227.54 - - [13/Mar/2026:05:19:54 +1000] "GET /grvjn.php?path=//lib/.build-id/01 HTTP/1.1" 200 38460 "https://smart.posscales.com/grvjn.php?path=//lib/.build-id" "Mozilla/5.0 AppleWebKit/537.36 (KHTML, like Gecko; compatible; GPTBot/1.3; +https://openai.com/gptbot)"
74.7.243.225 - - [13/Mar/2026:05:19:54 +1000] "GET /mklax.php?path=//var/log/alt-php44-newrelic HTTP/1.1" 200 13224 "https://www.smart.posscales.com/mklax.php?path=//var/log" "Mozilla/5.0 AppleWebKit/537.36 (KHTML, like Gecko; compatible; GPTBot/1.3; +https://openai.com/gptbot)"
74.7.227.54 - - [13/Mar/2026:05:19:55 +1000] "GET /grvjn.php?path=//lib/.build-id/85 HTTP/1.1" 200 38459 "https://smart.posscales.com/grvjn.php?path=//lib/.build-id" "Mozilla/5.0 AppleWebKit/537.36 (KHTML, like Gecko; compatible; GPTBot/1.3; +https://openai.com/gptbot)"
74.7.243.225 - - [13/Mar/2026:05:19:55 +1000] "GET /grvjn.php?path=//var/log/alt-php53-newrelic HTTP/1.1" 200 13224 "https://www.smart.posscales.com/grvjn.php?path=//var/log" "Mozilla/5.0 AppleWebKit/537.36 (KHTML, like Gecko; compatible; GPTBot/1.3; +https://openai.com/gptbot)"
74.7.227.54 - - [13/Mar/2026:05:19:55 +1000] "GET /grvjn.php?path=//lib/.build-id/08 HTTP/1.1" 200 25830 "https://smart.posscales.com/grvjn.php?path=//lib/.build-id" "Mozilla/5.0 AppleWebKit/537.36 (KHTML, like Gecko; compatible; GPTBot/1.3; +https://openai.com/gptbot)"
74.7.243.225 - - [13/Mar/2026:05:19:55 +1000] "GET /grvjn.php?path=//var/log/alt-php74-newrelic HTTP/1.1" 200 13224 "https://www.smart.posscales.com/grvjn.php?path=//var/log" "Mozilla/5.0 AppleWebKit/537.36 (KHTML, like Gecko; compatible; GPTBot/1.3; +https://openai.com/gptbot)"
74.7.227.54 - - [13/Mar/2026:05:19:56 +1000] "GET /grvjn.php?path=//lib/.build-id/98 HTTP/1.1" 200 28993 "https://smart.posscales.com/grvjn.php?path=//lib/.build-id" "Mozilla/5.0 AppleWebKit/537.36 (KHTML, like Gecko; compatible; GPTBot/1.3; +https://openai.com/gptbot)"
74.7.243.225 - - [13/Mar/2026:05:19:56 +1000] "GET /grvjn.php?path=//var/log/alt-php52-newrelic HTTP/1.1" 200 13224 "https://www.smart.posscales.com/grvjn.php?path=//var/log" "Mozilla/5.0 AppleWebKit/537.36 (KHTML, like Gecko; compatible; GPTBot/1.3; +https://openai.com/gptbot)"
74.7.227.54 - - [13/Mar/2026:05:19:56 +1000] "GET /grvjn.php?path=//lib/.build-id/56 HTTP/1.1" 200 27410 "https://smart.posscales.com/grvjn.php?path=//lib/.build-id" "Mozilla/5.0 AppleWebKit/537.36 (KHTML, like Gecko; compatible; GPTBot/1.3; +https://openai.com/gptbot)"
74.7.243.225 - - [13/Mar/2026:05:19:57 +1000] "GET /grvjn.php?path=//var/log/alt-php51-newrelic HTTP/1.1" 200 13224 "https://www.smart.posscales.com/grvjn.php?path=//var/log" "Mozilla/5.0 AppleWebKit/537.36 (KHTML, like Gecko; compatible; GPTBot/1.3; +https://openai.com/gptbot)"
74.7.227.54 - - [13/Mar/2026:05:19:57 +1000] "GET /grvjn.php?path=//lib/.build-id/02 HTTP/1.1" 200 30570 "https://smart.posscales.com/grvjn.php?path=//lib/.build-id" "Mozilla/5.0 AppleWebKit/537.36 (KHTML, like Gecko; compatible; GPTBot/1.3; +https://openai.com/gptbot)"
74.7.243.225 - - [13/Mar/2026:05:19:57 +1000] "GET /grvjn.php?path=//var/log/alt-php56-newrelic HTTP/1.1" 200 13224 "https://www.smart.posscales.com/grvjn.php?path=//var/log" "Mozilla/5.0 AppleWebKit/537.36 (KHTML, like Gecko; compatible; GPTBot/1.3; +https://openai.com/gptbot)"
74.7.227.54 - - [13/Mar/2026:05:19:57 +1000] "GET /grvjn.php?path=//lib/.build-id/63 HTTP/1.1" 200 32145 "https://smart.posscales.com/grvjn.php?path=//lib/.build-id" "Mozilla/5.0 AppleWebKit/537.36 (KHTML, like Gecko; compatible; GPTBot/1.3; +https://openai.com/gptbot)"
74.7.243.225 - - [13/Mar/2026:05:19:58 +1000] "GET /grvjn.php?path=//var/log/alt-php72-newrelic HTTP/1.1" 200 13224 "https://www.smart.posscales.com/grvjn.php?path=//var/log" "Mozilla/5.0 AppleWebKit/537.36 (KHTML, like Gecko; compatible; GPTBot/1.3; +https://openai.com/gptbot)"
74.7.227.54 - - [13/Mar/2026:05:19:58 +1000] "GET /grvjn.php?path=//lib/.build-id/7c HTTP/1.1" 200 28993 "https://smart.posscales.com/grvjn.php?path=//lib/.build-id" "Mozilla/5.0 AppleWebKit/537.36 (KHTML, like Gecko; compatible; GPTBot/1.3; +https://openai.com/gptbot)"
74.7.243.225 - - [13/Mar/2026:05:19:58 +1000] "GET /grvjn.php?path=//var/log/alt-php71-newrelic HTTP/1.1" 200 13224 "https://www.smart.posscales.com/grvjn.php?path=//var/log" "Mozilla/5.0 AppleWebKit/537.36 (KHTML, like Gecko; compatible; GPTBot/1.3; +https://openai.com/gptbot)"
74.7.227.54 - - [13/Mar/2026:05:19:58 +1000] "GET /grvjn.php?path=//lib/.build-id/83 HTTP/1.1" 200 38459 "https://smart.posscales.com/grvjn.php?path=//lib/.build-id" "Mozilla/5.0 AppleWebKit/537.36 (KHTML, like Gecko; compatible; GPTBot/1.3; +https://openai.com/gptbot)"
74.7.243.225 - - [13/Mar/2026:05:19:59 +1000] "GET /mklax.php?path=/home/posscale/public_html/printmanager/vendor/filament/support/stubs/scaffolding/resources/views/components HTTP/1.1" 200 15781 "https://www.smart.posscales.com/mklax.php?path=/home/posscale/public_html/printmanager/vendor/filament/support/stubs/scaffolding/resources/views" "Mozilla/5.0 AppleWebKit/537.36 (KHTML, like Gecko; compatible; GPTBot/1.3; +https://openai.com/gptbot)"
74.7.243.225 - - [13/Mar/2026:05:19:59 +1000] "GET /mklax.php?path=//var/log/alt-php55-newrelic HTTP/1.1" 200 13224 "https://www.smart.posscales.com/mklax.php?path=//var/log" "Mozilla/5.0 AppleWebKit/537.36 (KHTML, like Gecko; compatible; GPTBot/1.3; +https://openai.com/gptbot)"
74.7.227.54 - - [13/Mar/2026:05:19:59 +1000] "GET /grvjn.php?path=//lib/.build-id/4f HTTP/1.1" 200 36875 "https://smart.posscales.com/grvjn.php?path=//lib/.build-id" "Mozilla/5.0 AppleWebKit/537.36 (KHTML, like Gecko; compatible; GPTBot/1.3; +https://openai.com/gptbot)"
74.7.227.54 - - [13/Mar/2026:05:20:00 +1000] "GET /grvjn.php?path=//lib/.build-id/31 HTTP/1.1" 200 35301 "https://smart.posscales.com/grvjn.php?path=//lib/.build-id" "Mozilla/5.0 AppleWebKit/537.36 (KHTML, like Gecko; compatible; GPTBot/1.3; +https://openai.com/gptbot)"
74.7.243.225 - - [13/Mar/2026:05:20:00 +1000] "GET /grvjn.php?path=//var/log/alt-php81-newrelic HTTP/1.1" 200 13224 "https://www.smart.posscales.com/grvjn.php?path=//var/log" "Mozilla/5.0 AppleWebKit/537.36 (KHTML, like Gecko; compatible; GPTBot/1.3; +https://openai.com/gptbot)"
74.7.227.54 - - [13/Mar/2026:05:20:00 +1000] "GET /grvjn.php?fileloc=//lib/.build-id/01/101b58698320bbdbfec363785b14c3417f75b1&path=//lib/.build-id/01 HTTP/1.1" 200 148336 "https://smart.posscales.com/grvjn.php?path=//lib/.build-id/01" "Mozilla/5.0 AppleWebKit/537.36 (KHTML, like Gecko; compatible; GPTBot/1.3; +https://openai.com/gptbot)"
74.7.243.225 - - [13/Mar/2026:05:20:00 +1000] "GET /grvjn.php?path=//var/log/alt-php54-newrelic HTTP/1.1" 200 13224 "https://www.smart.posscales.com/grvjn.php?path=//var/log" "Mozilla/5.0 AppleWebKit/537.36 (KHTML, like Gecko; compatible; GPTBot/1.3; +https://openai.com/gptbot)"
74.7.243.225 - - [13/Mar/2026:05:20:01 +1000] "GET /grvjn.php?path=//var/log/alt-php70-newrelic HTTP/1.1" 200 13224 "https://www.smart.posscales.com/grvjn.php?path=//var/log" "Mozilla/5.0 AppleWebKit/537.36 (KHTML, like Gecko; compatible; GPTBot/1.3; +https://openai.com/gptbot)"
74.7.227.54 - - [13/Mar/2026:05:20:01 +1000] "GET /grvjn.php?fileloc=//lib/.build-id/01/ae26bf96b558301435c6c398f63f52d35ec4d6&path=//lib/.build-id/01 HTTP/1.1" 200 67804 "https://smart.posscales.com/grvjn.php?path=//lib/.build-id/01" "Mozilla/5.0 AppleWebKit/537.36 (KHTML, like Gecko; compatible; GPTBot/1.3; +https://openai.com/gptbot)"
74.7.243.225 - - [13/Mar/2026:05:20:01 +1000] "GET /grvjn.php?path=//var/log/alt-php80-newrelic HTTP/1.1" 200 13224 "https://www.smart.posscales.com/grvjn.php?path=//var/log" "Mozilla/5.0 AppleWebKit/537.36 (KHTML, like Gecko; compatible; GPTBot/1.3; +https://openai.com/gptbot)"
74.7.227.54 - - [13/Mar/2026:05:20:01 +1000] "GET /grvjn.php?path=//lib/.build-id/43 HTTP/1.1" 200 32144 "https://smart.posscales.com/grvjn.php?path=//lib/.build-id" "Mozilla/5.0 AppleWebKit/537.36 (KHTML, like Gecko; compatible; GPTBot/1.3; +https://openai.com/gptbot)"
74.7.243.225 - - [13/Mar/2026:05:20:02 +1000] "GET /grvjn.php?path=//var/log/alt-php73-newrelic HTTP/1.1" 200 13224 "https://www.smart.posscales.com/grvjn.php?path=//var/log" "Mozilla/5.0 AppleWebKit/537.36 (KHTML, like Gecko; compatible; GPTBot/1.3; +https://openai.com/gptbot)"
74.7.227.54 - - [13/Mar/2026:05:20:02 +1000] "GET /grvjn.php?fileloc=//lib/.build-id/98/270c6c18d31b8f32c3e1c2a3f2c0433f2b0223&path=//lib/.build-id/98 HTTP/1.1" 200 28808 "https://smart.posscales.com/grvjn.php?path=//lib/.build-id/98" "Mozilla/5.0 AppleWebKit/537.36 (KHTML, like Gecko; compatible; GPTBot/1.3; +https://openai.com/gptbot)"
74.7.243.225 - - [13/Mar/2026:05:20:02 +1000] "GET /mklax.php?path=//etc/scl/modulefiles HTTP/1.1" 200 13210 "https://www.smart.posscales.com/mklax.php?path=//etc/scl" "Mozilla/5.0 AppleWebKit/537.36 (KHTML, like Gecko; compatible; GPTBot/1.3; +https://openai.com/gptbot)"
74.7.227.54 - - [13/Mar/2026:05:20:02 +1000] "GET /grvjn.php?path=//lib/.build-id/46 HTTP/1.1" 200 25834 "https://smart.posscales.com/grvjn.php?path=//lib/.build-id" "Mozilla/5.0 AppleWebKit/537.36 (KHTML, like Gecko; compatible; GPTBot/1.3; +https://openai.com/gptbot)"
74.7.243.225 - - [13/Mar/2026:05:20:03 +1000] "GET /mklax.php?path=/home/posscale/public_html/printmanager/vendor/filament/support/docs/09-blade-components HTTP/1.1" 200 45605 "https://www.smart.posscales.com/mklax.php?path=/home/posscale/public_html/printmanager/vendor/filament/support/docs" "Mozilla/5.0 AppleWebKit/537.36 (KHTML, like Gecko; compatible; GPTBot/1.3; +https://openai.com/gptbot)"
74.7.227.54 - - [13/Mar/2026:05:20:03 +1000] "GET /grvjn.php?path=//lib/.build-id/20 HTTP/1.1" 200 36878 "https://smart.posscales.com/grvjn.php?path=//lib/.build-id" "Mozilla/5.0 AppleWebKit/537.36 (KHTML, like Gecko; compatible; GPTBot/1.3; +https://openai.com/gptbot)"
74.7.243.225 - - [13/Mar/2026:05:20:03 +1000] "GET /mklax.php?path=//var/lib/net-snmp HTTP/1.1" 200 15954 "https://www.smart.posscales.com/mklax.php?path=//var/lib" "Mozilla/5.0 AppleWebKit/537.36 (KHTML, like Gecko; compatible; GPTBot/1.3; +https://openai.com/gptbot)"
74.7.227.54 - - [13/Mar/2026:05:20:04 +1000] "GET /grvjn.php?path=//lib/.build-id/42 HTTP/1.1" 200 38447 "https://smart.posscales.com/grvjn.php?path=//lib/.build-id" "Mozilla/5.0 AppleWebKit/537.36 (KHTML, like Gecko; compatible; GPTBot/1.3; +https://openai.com/gptbot)"
74.7.243.225 - - [13/Mar/2026:05:20:04 +1000] "GET /mklax.php?path=//var/run/net-snmp HTTP/1.1" 200 13204 "https://www.smart.posscales.com/mklax.php?path=//var/run" "Mozilla/5.0 AppleWebKit/537.36 (KHTML, like Gecko; compatible; GPTBot/1.3; +https://openai.com/gptbot)"
74.7.227.54 - - [13/Mar/2026:05:20:04 +1000] "GET /grvjn.php?path=//lib/.build-id/5f HTTP/1.1" 200 25833 "https://smart.posscales.com/grvjn.php?path=//lib/.build-id" "Mozilla/5.0 AppleWebKit/537.36 (KHTML, like Gecko; compatible; GPTBot/1.3; +https://openai.com/gptbot)"
74.7.243.225 - - [13/Mar/2026:05:20:04 +1000] "GET /mklax.php?path=/home/posscale/public_html/printmanager/vendor/filament/support/stubs/scaffolding/resources/views/components/layouts HTTP/1.1" 200 16168 "https://www.smart.posscales.com/mklax.php?path=/home/posscale/public_html/printmanager/vendor/filament/support/stubs/scaffolding/resources/views/components" "Mozilla/5.0 AppleWebKit/537.36 (KHTML, like Gecko; compatible; GPTBot/1.3; +https://openai.com/gptbot)"
74.7.227.54 - - [13/Mar/2026:05:20:05 +1000] "GET /grvjn.php?path=//lib/.build-id/2e HTTP/1.1" 200 27413 "https://smart.posscales.com/grvjn.php?path=//lib/.build-id" "Mozilla/5.0 AppleWebKit/537.36 (KHTML, like Gecko; compatible; GPTBot/1.3; +https://openai.com/gptbot)"
74.7.243.225 - - [13/Mar/2026:05:20:05 +1000] "GET /grvjn.php?path=//var/lib HTTP/1.1" 200 18508 "https://www.smart.posscales.com/grvjn.php?path=//var" "Mozilla/5.0 AppleWebKit/537.36 (KHTML, like Gecko; compatible; GPTBot/1.3; +https://openai.com/gptbot)"
74.7.227.54 - - [13/Mar/2026:05:20:05 +1000] "GET /grvjn.php?path=//lib/.build-id/40 HTTP/1.1" 200 35303 "https://smart.posscales.com/grvjn.php?path=//lib/.build-id" "Mozilla/5.0 AppleWebKit/537.36 (KHTML, like Gecko; compatible; GPTBot/1.3; +https://openai.com/gptbot)"
74.7.243.225 - - [13/Mar/2026:05:20:06 +1000] "GET /grvjn.php?path=//proc/fs HTTP/1.1" 200 18425 "https://www.smart.posscales.com/grvjn.php?path=//proc" "Mozilla/5.0 AppleWebKit/537.36 (KHTML, like Gecko; compatible; GPTBot/1.3; +https://openai.com/gptbot)"
74.7.227.54 - - [13/Mar/2026:05:20:06 +1000] "GET /grvjn.php?path=//lib/.build-id/8e HTTP/1.1" 200 32138 "https://smart.posscales.com/grvjn.php?path=//lib/.build-id" "Mozilla/5.0 AppleWebKit/537.36 (KHTML, like Gecko; compatible; GPTBot/1.3; +https://openai.com/gptbot)"
74.7.243.225 - - [13/Mar/2026:05:20:06 +1000] "GET /grvjn.php?path=//lib/rpm HTTP/1.1" 200 118576 "https://www.smart.posscales.com/grvjn.php?path=//lib" "Mozilla/5.0 AppleWebKit/537.36 (KHTML, like Gecko; compatible; GPTBot/1.3; +https://openai.com/gptbot)"
74.7.227.54 - - [13/Mar/2026:05:20:06 +1000] "GET /grvjn.php?path=//lib/.build-id/86 HTTP/1.1" 200 40032 "https://smart.posscales.com/grvjn.php?path=//lib/.build-id" "Mozilla/5.0 AppleWebKit/537.36 (KHTML, like Gecko; compatible; GPTBot/1.3; +https://openai.com/gptbot)"
74.7.227.54 - - [13/Mar/2026:05:20:07 +1000] "GET /grvjn.php?path=//lib/.build-id/6c HTTP/1.1" 200 35297 "https://smart.posscales.com/grvjn.php?path=//lib/.build-id" "Mozilla/5.0 AppleWebKit/537.36 (KHTML, like Gecko; compatible; GPTBot/1.3; +https://openai.com/gptbot)"
74.7.243.225 - - [13/Mar/2026:05:20:07 +1000] "GET /mklax.php?fileloc=//proc/net/dev&path=//proc/net HTTP/1.1" 200 13305 "https://www.smart.posscales.com/mklax.php?path=//proc/net" "Mozilla/5.0 AppleWebKit/537.36 (KHTML, like Gecko; compatible; GPTBot/1.3; +https://openai.com/gptbot)"
74.7.227.54 - - [13/Mar/2026:05:20:07 +1000] "GET /grvjn.php?path=//lib/.build-id/53 HTTP/1.1" 200 32145 "https://smart.posscales.com/grvjn.php?path=//lib/.build-id" "Mozilla/5.0 AppleWebKit/537.36 (KHTML, like Gecko; compatible; GPTBot/1.3; +https://openai.com/gptbot)"
74.7.243.225 - - [13/Mar/2026:05:20:07 +1000] "GET /grvjn.php?path=//etc/crypto-policies/policies HTTP/1.1" 200 14633 "https://www.smart.posscales.com/grvjn.php?path=//etc/crypto-policies" "Mozilla/5.0 AppleWebKit/537.36 (KHTML, like Gecko; compatible; GPTBot/1.3; +https://openai.com/gptbot)"
74.7.227.54 - - [13/Mar/2026:05:20:08 +1000] "GET /grvjn.php?path=//lib/.build-id/12 HTTP/1.1" 200 33723 "https://smart.posscales.com/grvjn.php?path=//lib/.build-id" "Mozilla/5.0 AppleWebKit/537.36 (KHTML, like Gecko; compatible; GPTBot/1.3; +https://openai.com/gptbot)"
74.7.243.225 - - [13/Mar/2026:05:20:08 +1000] "GET /mklax.php?path=/home/posscale/public_html/printmanager/vendor/psr/http-client HTTP/1.1" 200 21622 "https://www.smart.posscales.com/mklax.php?path=/home/posscale/public_html/printmanager/vendor/psr" "Mozilla/5.0 AppleWebKit/537.36 (KHTML, like Gecko; compatible; GPTBot/1.3; +https://openai.com/gptbot)"
74.7.227.54 - - [13/Mar/2026:05:20:08 +1000] "GET /grvjn.php?path=//lib/.build-id/8f HTTP/1.1" 200 33721 "https://smart.posscales.com/grvjn.php?path=//lib/.build-id" "Mozilla/5.0 AppleWebKit/537.36 (KHTML, like Gecko; compatible; GPTBot/1.3; +https://openai.com/gptbot)"
74.7.243.225 - - [13/Mar/2026:05:20:08 +1000] "GET /mklax.php?path=/home/posscale/public_html/printmanager/vendor/psy/psysh/src HTTP/1.1" 200 65687 "https://www.smart.posscales.com/mklax.php?path=/home/posscale/public_html/printmanager/vendor/psy/psysh" "Mozilla/5.0 AppleWebKit/537.36 (KHTML, like Gecko; compatible; GPTBot/1.3; +https://openai.com/gptbot)"
74.7.227.54 - - [13/Mar/2026:05:20:09 +1000] "GET /grvjn.php?path=//lib/.build-id/c7 HTTP/1.1" 200 32140 "https://smart.posscales.com/grvjn.php?path=//lib/.build-id" "Mozilla/5.0 AppleWebKit/537.36 (KHTML, like Gecko; compatible; GPTBot/1.3; +https://openai.com/gptbot)"
74.7.243.225 - - [13/Mar/2026:05:20:09 +1000] "GET /mklax.php?path=/home/posscale/public_html/printmanager/vendor/league/csv/src HTTP/1.1" 200 85087 "https://www.smart.posscales.com/mklax.php?path=/home/posscale/public_html/printmanager/vendor/league/csv" "Mozilla/5.0 AppleWebKit/537.36 (KHTML, like Gecko; compatible; GPTBot/1.3; +https://openai.com/gptbot)"
74.7.227.54 - - [13/Mar/2026:05:20:09 +1000] "GET /grvjn.php?path=//lib/.build-id/30 HTTP/1.1" 200 35299 "https://smart.posscales.com/grvjn.php?path=//lib/.build-id" "Mozilla/5.0 AppleWebKit/537.36 (KHTML, like Gecko; compatible; GPTBot/1.3; +https://openai.com/gptbot)"
74.7.243.225 - - [13/Mar/2026:05:20:09 +1000] "GET /mklax.php?path=/home/posscale/public_html/templates/madeyourweb/images/_notes HTTP/1.1" 200 15196 "https://www.smart.posscales.com/mklax.php?path=/home/posscale/public_html/templates/madeyourweb/images" "Mozilla/5.0 AppleWebKit/537.36 (KHTML, like Gecko; compatible; GPTBot/1.3; +https://openai.com/gptbot)"
74.7.227.54 - - [13/Mar/2026:05:20:10 +1000] "GET /grvjn.php?path=//lib/.build-id/35 HTTP/1.1" 200 32140 "https://smart.posscales.com/grvjn.php?path=//lib/.build-id" "Mozilla/5.0 AppleWebKit/537.36 (KHTML, like Gecko; compatible; GPTBot/1.3; +https://openai.com/gptbot)"
74.7.243.225 - - [13/Mar/2026:05:20:10 +1000] "GET /mklax.php?path=/home/posscale/public_html/printmanager/vendor/psr/http-message HTTP/1.1" 200 23131 "https://www.smart.posscales.com/mklax.php?path=/home/posscale/public_html/printmanager/vendor/psr" "Mozilla/5.0 AppleWebKit/537.36 (KHTML, like Gecko; compatible; GPTBot/1.3; +https://openai.com/gptbot)"
74.7.227.54 - - [13/Mar/2026:05:20:10 +1000] "GET /grvjn.php?path=//lib/.build-id/26 HTTP/1.1" 200 43197 "https://smart.posscales.com/grvjn.php?path=//lib/.build-id" "Mozilla/5.0 AppleWebKit/537.36 (KHTML, like Gecko; compatible; GPTBot/1.3; +https://openai.com/gptbot)"
74.7.243.225 - - [13/Mar/2026:05:20:10 +1000] "GET /mklax.php?path=/home/posscale/public_html/printmanager/vendor/psr/clock/src HTTP/1.1" 200 15289 "https://www.smart.posscales.com/mklax.php?path=/home/posscale/public_html/printmanager/vendor/psr/clock" "Mozilla/5.0 AppleWebKit/537.36 (KHTML, like Gecko; compatible; GPTBot/1.3; +https://openai.com/gptbot)"
74.7.227.54 - - [13/Mar/2026:05:20:11 +1000] "GET /grvjn.php?path=//lib/.build-id/64 HTTP/1.1" 200 33722 "https://smart.posscales.com/grvjn.php?path=//lib/.build-id" "Mozilla/5.0 AppleWebKit/537.36 (KHTML, like Gecko; compatible; GPTBot/1.3; +https://openai.com/gptbot)"
74.7.243.225 - - [13/Mar/2026:05:20:11 +1000] "GET /grvjn.php?path=//var/lib/spamassassin HTTP/1.1" 200 17331 "https://www.smart.posscales.com/grvjn.php?path=//var/lib" "Mozilla/5.0 AppleWebKit/537.36 (KHTML, like Gecko; compatible; GPTBot/1.3; +https://openai.com/gptbot)"
74.7.227.54 - - [13/Mar/2026:05:20:11 +1000] "GET /grvjn.php?path=//lib/.build-id/6e HTTP/1.1" 200 33721 "https://smart.posscales.com/grvjn.php?path=//lib/.build-id" "Mozilla/5.0 AppleWebKit/537.36 (KHTML, like Gecko; compatible; GPTBot/1.3; +https://openai.com/gptbot)"
74.7.243.225 - - [13/Mar/2026:05:20:11 +1000] "GET /grvjn.php?path=//var/lib/net-snmp HTTP/1.1" 200 15954 "https://www.smart.posscales.com/grvjn.php?path=//var/lib" "Mozilla/5.0 AppleWebKit/537.36 (KHTML, like Gecko; compatible; GPTBot/1.3; +https://openai.com/gptbot)"
74.7.227.54 - - [13/Mar/2026:05:20:12 +1000] "GET /grvjn.php?path=//lib/.build-id/81 HTTP/1.1" 200 38460 "https://smart.posscales.com/grvjn.php?path=//lib/.build-id" "Mozilla/5.0 AppleWebKit/537.36 (KHTML, like Gecko; compatible; GPTBot/1.3; +https://openai.com/gptbot)"
74.7.243.225 - - [13/Mar/2026:05:20:12 +1000] "GET /grvjn.php?path=//lib/rpm/fileattrs HTTP/1.1" 200 38278 "https://www.smart.posscales.com/grvjn.php?path=//lib/rpm" "Mozilla/5.0 AppleWebKit/537.36 (KHTML, like Gecko; compatible; GPTBot/1.3; +https://openai.com/gptbot)"
74.7.227.54 - - [13/Mar/2026:05:20:12 +1000] "GET /grvjn.php?path=//lib/.build-id/e8 HTTP/1.1" 200 30565 "https://smart.posscales.com/grvjn.php?path=//lib/.build-id" "Mozilla/5.0 AppleWebKit/537.36 (KHTML, like Gecko; compatible; GPTBot/1.3; +https://openai.com/gptbot)"
74.7.243.225 - - [13/Mar/2026:05:20:12 +1000] "GET /mklax.php?path=/home/posscale/public_html/printmanager/vendor/psr/simple-cache HTTP/1.1" 200 21658 "https://www.smart.posscales.com/mklax.php?path=/home/posscale/public_html/printmanager/vendor/psr" "Mozilla/5.0 AppleWebKit/537.36 (KHTML, like Gecko; compatible; GPTBot/1.3; +https://openai.com/gptbot)"
74.7.227.54 - - [13/Mar/2026:05:20:13 +1000] "GET /grvjn.php?path=//lib/.build-id/13 HTTP/1.1" 200 43185 "https://smart.posscales.com/grvjn.php?path=//lib/.build-id" "Mozilla/5.0 AppleWebKit/537.36 (KHTML, like Gecko; compatible; GPTBot/1.3; +https://openai.com/gptbot)"
74.7.243.225 - - [13/Mar/2026:05:20:13 +1000] "GET /mklax.php?path=/home/posscale/public_html/printmanager/vendor/brick/math/src HTTP/1.1" 200 24937 "https://www.smart.posscales.com/mklax.php?path=/home/posscale/public_html/printmanager/vendor/brick/math" "Mozilla/5.0 AppleWebKit/537.36 (KHTML, like Gecko; compatible; GPTBot/1.3; +https://openai.com/gptbot)"
74.7.227.54 - - [13/Mar/2026:05:20:13 +1000] "GET /grvjn.php?path=//lib/.build-id/37 HTTP/1.1" 200 41614 "https://smart.posscales.com/grvjn.php?path=//lib/.build-id" "Mozilla/5.0 AppleWebKit/537.36 (KHTML, like Gecko; compatible; GPTBot/1.3; +https://openai.com/gptbot)"
74.7.243.225 - - [13/Mar/2026:05:20:13 +1000] "GET /mklax.php?path=/home/posscale/public_html/printmanager/vendor/psr/http-client/src HTTP/1.1" 200 20554 "https://www.smart.posscales.com/mklax.php?path=/home/posscale/public_html/printmanager/vendor/psr/http-client" "Mozilla/5.0 AppleWebKit/537.36 (KHTML, like Gecko; compatible; GPTBot/1.3; +https://openai.com/gptbot)"
74.7.227.54 - - [13/Mar/2026:05:20:14 +1000] "GET /grvjn.php?path=//lib/.build-id/78 HTTP/1.1" 200 30566 "https://smart.posscales.com/grvjn.php?path=//lib/.build-id" "Mozilla/5.0 AppleWebKit/537.36 (KHTML, like Gecko; compatible; GPTBot/1.3; +https://openai.com/gptbot)"
74.7.243.225 - - [13/Mar/2026:05:20:14 +1000] "GET /mklax.php?path=/home/posscale/public_html/printmanager/vendor/psy/psysh/src/Logger HTTP/1.1" 200 15412 "https://www.smart.posscales.com/mklax.php?path=/home/posscale/public_html/printmanager/vendor/psy/psysh/src" "Mozilla/5.0 AppleWebKit/537.36 (KHTML, like Gecko; compatible; GPTBot/1.3; +https://openai.com/gptbot)"
74.7.227.54 - - [13/Mar/2026:05:20:14 +1000] "GET /grvjn.php?path=//lib/.build-id/59 HTTP/1.1" 200 32147 "https://smart.posscales.com/grvjn.php?path=//lib/.build-id" "Mozilla/5.0 AppleWebKit/537.36 (KHTML, like Gecko; compatible; GPTBot/1.3; +https://openai.com/gptbot)"
74.7.243.225 - - [13/Mar/2026:05:20:15 +1000] "GET /mklax.php?path=/home/posscale/public_html/printmanager/public/.well-known/acme-challenge HTTP/1.1" 200 13573 "https://www.smart.posscales.com/mklax.php?path=/home/posscale/public_html/printmanager/public/.well-known" "Mozilla/5.0 AppleWebKit/537.36 (KHTML, like Gecko; compatible; GPTBot/1.3; +https://openai.com/gptbot)"
74.7.227.54 - - [13/Mar/2026:05:20:15 +1000] "GET /grvjn.php?path=//lib/.build-id/91 HTTP/1.1" 200 35302 "https://smart.posscales.com/grvjn.php?path=//lib/.build-id" "Mozilla/5.0 AppleWebKit/537.36 (KHTML, like Gecko; compatible; GPTBot/1.3; +https://openai.com/gptbot)"
74.7.243.225 - - [13/Mar/2026:05:20:15 +1000] "GET /mklax.php?path=/home/posscale/.composer HTTP/1.1" 200 16090 "https://www.smart.posscales.com/mklax.php?path=/home/posscale" "Mozilla/5.0 AppleWebKit/537.36 (KHTML, like Gecko; compatible; GPTBot/1.3; +https://openai.com/gptbot)"
74.7.227.54 - - [13/Mar/2026:05:20:15 +1000] "GET /grvjn.php?path=//lib/.build-id/67 HTTP/1.1" 200 36877 "https://smart.posscales.com/grvjn.php?path=//lib/.build-id" "Mozilla/5.0 AppleWebKit/537.36 (KHTML, like Gecko; compatible; GPTBot/1.3; +https://openai.com/gptbot)"
74.7.243.225 - - [13/Mar/2026:05:20:16 +1000] "GET /mklax.php?path=/home/posscale/public_html/printmanager/vendor/psr/http-message/docs HTTP/1.1" 200 17029 "https://www.smart.posscales.com/mklax.php?path=/home/posscale/public_html/printmanager/vendor/psr/http-message" "Mozilla/5.0 AppleWebKit/537.36 (KHTML, like Gecko; compatible; GPTBot/1.3; +https://openai.com/gptbot)"
74.7.227.54 - - [13/Mar/2026:05:20:16 +1000] "GET /grvjn.php?path=//lib/.build-id/29 HTTP/1.1" 200 21101 "https://smart.posscales.com/grvjn.php?path=//lib/.build-id" "Mozilla/5.0 AppleWebKit/537.36 (KHTML, like Gecko; compatible; GPTBot/1.3; +https://openai.com/gptbot)"
74.7.243.225 - - [13/Mar/2026:05:20:16 +1000] "GET /mklax.php?path=/home/posscale/public_html/printmanager/vendor/psr/http-message/src HTTP/1.1" 200 25629 "https://www.smart.posscales.com/mklax.php?path=/home/posscale/public_html/printmanager/vendor/psr/http-message" "Mozilla/5.0 AppleWebKit/537.36 (KHTML, like Gecko; compatible; GPTBot/1.3; +https://openai.com/gptbot)"
74.7.227.54 - - [13/Mar/2026:05:20:17 +1000] "GET /grvjn.php?path=//lib/.build-id/e0 HTTP/1.1" 200 43193 "https://smart.posscales.com/grvjn.php?path=//lib/.build-id" "Mozilla/5.0 AppleWebKit/537.36 (KHTML, like Gecko; compatible; GPTBot/1.3; +https://openai.com/gptbot)"
74.7.243.225 - - [13/Mar/2026:05:20:17 +1000] "GET /grvjn.php?path=//var/lib/spamassassin/3.004004 HTTP/1.1" 200 16322 "https://www.smart.posscales.com/grvjn.php?path=//var/lib/spamassassin" "Mozilla/5.0 AppleWebKit/537.36 (KHTML, like Gecko; compatible; GPTBot/1.3; +https://openai.com/gptbot)"
74.7.227.54 - - [13/Mar/2026:05:20:17 +1000] "GET /grvjn.php?path=//lib/.build-id/95 HTTP/1.1" 200 24257 "https://smart.posscales.com/grvjn.php?path=//lib/.build-id" "Mozilla/5.0 AppleWebKit/537.36 (KHTML, like Gecko; compatible; GPTBot/1.3; +https://openai.com/gptbot)"
74.7.243.225 - - [13/Mar/2026:05:20:17 +1000] "GET /grvjn.php?path=//var/lib/spamassassin/4.000001 HTTP/1.1" 200 16322 "https://www.smart.posscales.com/grvjn.php?path=//var/lib/spamassassin" "Mozilla/5.0 AppleWebKit/537.36 (KHTML, like Gecko; compatible; GPTBot/1.3; +https://openai.com/gptbot)"
74.7.227.54 - - [13/Mar/2026:05:20:18 +1000] "GET /grvjn.php?path=//lib/.build-id/0e HTTP/1.1" 200 40025 "https://smart.posscales.com/grvjn.php?path=//lib/.build-id" "Mozilla/5.0 AppleWebKit/537.36 (KHTML, like Gecko; compatible; GPTBot/1.3; +https://openai.com/gptbot)"
74.7.243.225 - - [13/Mar/2026:05:20:18 +1000] "GET /grvjn.php?path=//var/lib/spamassassin/3.004006 HTTP/1.1" 200 16322 "https://www.smart.posscales.com/grvjn.php?path=//var/lib/spamassassin" "Mozilla/5.0 AppleWebKit/537.36 (KHTML, like Gecko; compatible; GPTBot/1.3; +https://openai.com/gptbot)"
74.7.227.54 - - [13/Mar/2026:05:20:18 +1000] "GET /grvjn.php?path=//lib/.build-id/75 HTTP/1.1" 200 24257 "https://smart.posscales.com/grvjn.php?path=//lib/.build-id" "Mozilla/5.0 AppleWebKit/537.36 (KHTML, like Gecko; compatible; GPTBot/1.3; +https://openai.com/gptbot)"
74.7.243.225 - - [13/Mar/2026:05:20:18 +1000] "GET /mklax.php?path=/home/posscale/public_html/printmanager/vendor/psr/simple-cache/src HTTP/1.1" 200 18780 "https://www.smart.posscales.com/mklax.php?path=/home/posscale/public_html/printmanager/vendor/psr/simple-cache" "Mozilla/5.0 AppleWebKit/537.36 (KHTML, like Gecko; compatible; GPTBot/1.3; +https://openai.com/gptbot)"
74.7.227.54 - - [13/Mar/2026:05:20:19 +1000] "GET /grvjn.php?path=//lib/.build-id/2c HTTP/1.1" 200 40040 "https://smart.posscales.com/grvjn.php?path=//lib/.build-id" "Mozilla/5.0 AppleWebKit/537.36 (KHTML, like Gecko; compatible; GPTBot/1.3; +https://openai.com/gptbot)"
74.7.243.225 - - [13/Mar/2026:05:20:19 +1000] "GET /mklax.php?path=/home/posscale/.clwpos HTTP/1.1" 200 13218 "https://www.smart.posscales.com/mklax.php?path=/home/posscale" "Mozilla/5.0 AppleWebKit/537.36 (KHTML, like Gecko; compatible; GPTBot/1.3; +https://openai.com/gptbot)"
74.7.227.54 - - [13/Mar/2026:05:20:19 +1000] "GET /grvjn.php?path=//lib/.build-id/8c HTTP/1.1" 200 32145 "https://smart.posscales.com/grvjn.php?path=//lib/.build-id" "Mozilla/5.0 AppleWebKit/537.36 (KHTML, like Gecko; compatible; GPTBot/1.3; +https://openai.com/gptbot)"
74.7.243.225 - - [13/Mar/2026:05:20:19 +1000] "GET /mklax.php?fileloc=/home/posscale/public_html/printmanager/vendor/psr/http-client/src/RequestExceptionInterface.php&path=/home/posscale/public_html/printmanager/vendor/psr/http-client/src HTTP/1.1" 200 13873 "https://www.smart.posscales.com/mklax.php?path=/home/posscale/public_html/printmanager/vendor/psr/http-client/src" "Mozilla/5.0 AppleWebKit/537.36 (KHTML, like Gecko; compatible; GPTBot/1.3; +https://openai.com/gptbot)"
74.7.227.54 - - [13/Mar/2026:05:20:20 +1000] "GET /grvjn.php?path=//lib/.build-id/49 HTTP/1.1" 200 25830 "https://smart.posscales.com/grvjn.php?path=//lib/.build-id" "Mozilla/5.0 AppleWebKit/537.36 (KHTML, like Gecko; compatible; GPTBot/1.3; +https://openai.com/gptbot)"
74.7.243.225 - - [13/Mar/2026:05:20:20 +1000] "GET /mklax.php?path=/home/posscale/public_html/printmanager/app HTTP/1.1" 200 29187 "https://www.smart.posscales.com/mklax.php?path=/home/posscale/public_html/printmanager" "Mozilla/5.0 AppleWebKit/537.36 (KHTML, like Gecko; compatible; GPTBot/1.3; +https://openai.com/gptbot)"
74.7.227.54 - - [13/Mar/2026:05:20:20 +1000] "GET /grvjn.php?path=//lib/.build-id/7f HTTP/1.1" 200 33719 "https://smart.posscales.com/grvjn.php?path=//lib/.build-id" "Mozilla/5.0 AppleWebKit/537.36 (KHTML, like Gecko; compatible; GPTBot/1.3; +https://openai.com/gptbot)"
74.7.243.225 - - [13/Mar/2026:05:20:20 +1000] "GET /mklax.php?path=//lib64/graphviz HTTP/1.1" 200 44917 "https://www.smart.posscales.com/mklax.php?path=//lib64" "Mozilla/5.0 AppleWebKit/537.36 (KHTML, like Gecko; compatible; GPTBot/1.3; +https://openai.com/gptbot)"
74.7.227.54 - - [13/Mar/2026:05:20:21 +1000] "GET /grvjn.php?path=//lib/.build-id/5e HTTP/1.1" 200 27405 "https://smart.posscales.com/grvjn.php?path=//lib/.build-id" "Mozilla/5.0 AppleWebKit/537.36 (KHTML, like Gecko; compatible; GPTBot/1.3; +https://openai.com/gptbot)"
74.7.243.225 - - [13/Mar/2026:05:20:21 +1000] "GET /grvjn.php?path=//lib64/hmaccalc HTTP/1.1" 200 22014 "https://www.smart.posscales.com/grvjn.php?path=//lib64" "Mozilla/5.0 AppleWebKit/537.36 (KHTML, like Gecko; compatible; GPTBot/1.3; +https://openai.com/gptbot)"
74.7.227.54 - - [13/Mar/2026:05:20:21 +1000] "GET /grvjn.php?path=//lib/.build-id/e1 HTTP/1.1" 200 40036 "https://smart.posscales.com/grvjn.php?path=//lib/.build-id" "Mozilla/5.0 AppleWebKit/537.36 (KHTML, like Gecko; compatible; GPTBot/1.3; +https://openai.com/gptbot)"
74.7.243.225 - - [13/Mar/2026:05:20:21 +1000] "GET /mklax.php?path=//lib64/firebird HTTP/1.1" 200 15862 "https://www.smart.posscales.com/mklax.php?path=//lib64" "Mozilla/5.0 AppleWebKit/537.36 (KHTML, like Gecko; compatible; GPTBot/1.3; +https://openai.com/gptbot)"
74.7.227.54 - - [13/Mar/2026:05:20:22 +1000] "GET /grvjn.php?path=//lib/.build-id/45 HTTP/1.1" 200 46354 "https://smart.posscales.com/grvjn.php?path=//lib/.build-id" "Mozilla/5.0 AppleWebKit/537.36 (KHTML, like Gecko; compatible; GPTBot/1.3; +https://openai.com/gptbot)"
74.7.243.225 - - [13/Mar/2026:05:20:22 +1000] "GET /mklax.php?path=//lib64/plymouth HTTP/1.1" 200 18889 "https://www.smart.posscales.com/mklax.php?path=//lib64" "Mozilla/5.0 AppleWebKit/537.36 (KHTML, like Gecko; compatible; GPTBot/1.3; +https://openai.com/gptbot)"
74.7.243.225 - - [13/Mar/2026:05:20:22 +1000] "GET /mklax.php?path=/home/posscale/.spamassassin HTTP/1.1" 200 25753 "https://www.smart.posscales.com/mklax.php?path=/home/posscale" "Mozilla/5.0 AppleWebKit/537.36 (KHTML, like Gecko; compatible; GPTBot/1.3; +https://openai.com/gptbot)"
74.7.243.225 - - [13/Mar/2026:05:20:23 +1000] "GET /mklax.php?path=//lib64/libuser HTTP/1.1" 200 17602 "https://www.smart.posscales.com/mklax.php?path=//lib64" "Mozilla/5.0 AppleWebKit/537.36 (KHTML, like Gecko; compatible; GPTBot/1.3; +https://openai.com/gptbot)"
74.7.227.54 - - [13/Mar/2026:05:20:22 +1000] "GET /grvjn.php?fileloc=//lib/.build-id/e0/b12d7ea2fd7cae12140a00da756abe0c14597f&path=//lib/.build-id/e0 HTTP/1.1" 200 3391195 "https://smart.posscales.com/grvjn.php?path=//lib/.build-id/e0" "Mozilla/5.0 AppleWebKit/537.36 (KHTML, like Gecko; compatible; GPTBot/1.3; +https://openai.com/gptbot)"
74.7.243.225 - - [13/Mar/2026:05:20:23 +1000] "GET /mklax.php?path=//lib/.build-id/cd HTTP/1.1" 200 43183 "https://www.smart.posscales.com/mklax.php?path=//lib/.build-id" "Mozilla/5.0 AppleWebKit/537.36 (KHTML, like Gecko; compatible; GPTBot/1.3; +https://openai.com/gptbot)"
74.7.227.54 - - [13/Mar/2026:05:20:24 +1000] "GET /grvjn.php?path=//lib/.build-id/4e HTTP/1.1" 200 27412 "https://smart.posscales.com/grvjn.php?path=//lib/.build-id" "Mozilla/5.0 AppleWebKit/537.36 (KHTML, like Gecko; compatible; GPTBot/1.3; +https://openai.com/gptbot)"
74.7.243.225 - - [13/Mar/2026:05:20:24 +1000] "GET /mklax.php?path=//lib/.build-id/fc HTTP/1.1" 200 36880 "https://www.smart.posscales.com/mklax.php?path=//lib/.build-id" "Mozilla/5.0 AppleWebKit/537.36 (KHTML, like Gecko; compatible; GPTBot/1.3; +https://openai.com/gptbot)"
74.7.227.54 - - [13/Mar/2026:05:20:24 +1000] "GET /grvjn.php?path=//lib/.build-id/38 HTTP/1.1" 200 27409 "https://smart.posscales.com/grvjn.php?path=//lib/.build-id" "Mozilla/5.0 AppleWebKit/537.36 (KHTML, like Gecko; compatible; GPTBot/1.3; +https://openai.com/gptbot)"
74.7.243.225 - - [13/Mar/2026:05:20:24 +1000] "GET /mklax.php?path=//lib/.build-id/ca HTTP/1.1" 200 35300 "https://www.smart.posscales.com/mklax.php?path=//lib/.build-id" "Mozilla/5.0 AppleWebKit/537.36 (KHTML, like Gecko; compatible; GPTBot/1.3; +https://openai.com/gptbot)"
74.7.227.54 - - [13/Mar/2026:05:20:25 +1000] "GET /grvjn.php?path=//lib/.build-id/7e HTTP/1.1" 200 41614 "https://smart.posscales.com/grvjn.php?path=//lib/.build-id" "Mozilla/5.0 AppleWebKit/537.36 (KHTML, like Gecko; compatible; GPTBot/1.3; +https://openai.com/gptbot)"
74.7.243.225 - - [13/Mar/2026:05:20:25 +1000] "GET /mklax.php?path=//lib/.build-id/cc HTTP/1.1" 200 33725 "https://www.smart.posscales.com/mklax.php?path=//lib/.build-id" "Mozilla/5.0 AppleWebKit/537.36 (KHTML, like Gecko; compatible; GPTBot/1.3; +https://openai.com/gptbot)"
74.7.227.54 - - [13/Mar/2026:05:20:25 +1000] "GET /grvjn.php?path=//lib/.build-id/03 HTTP/1.1" 200 40042 "https://smart.posscales.com/grvjn.php?path=//lib/.build-id" "Mozilla/5.0 AppleWebKit/537.36 (KHTML, like Gecko; compatible; GPTBot/1.3; +https://openai.com/gptbot)"
74.7.243.225 - - [13/Mar/2026:05:20:26 +1000] "GET /mklax.php?path=//lib/.build-id/fb HTTP/1.1" 200 22675 "https://www.smart.posscales.com/mklax.php?path=//lib/.build-id" "Mozilla/5.0 AppleWebKit/537.36 (KHTML, like Gecko; compatible; GPTBot/1.3; +https://openai.com/gptbot)"
74.7.227.54 - - [13/Mar/2026:05:20:26 +1000] "GET /grvjn.php?path=//lib/.build-id/36 HTTP/1.1" 200 33728 "https://smart.posscales.com/grvjn.php?path=//lib/.build-id" "Mozilla/5.0 AppleWebKit/537.36 (KHTML, like Gecko; compatible; GPTBot/1.3; +https://openai.com/gptbot)"
74.7.243.225 - - [13/Mar/2026:05:20:26 +1000] "GET /mklax.php?fileloc=//lib64/graphviz/libgvplugin_xlib.so.6.0.0&path=//lib64/graphviz HTTP/1.1" 200 38622 "https://www.smart.posscales.com/mklax.php?path=//lib64/graphviz" "Mozilla/5.0 AppleWebKit/537.36 (KHTML, like Gecko; compatible; GPTBot/1.3; +https://openai.com/gptbot)"
74.7.227.54 - - [13/Mar/2026:05:20:27 +1000] "GET /grvjn.php?path=//lib/.build-id/06 HTTP/1.1" 200 24256 "https://smart.posscales.com/grvjn.php?path=//lib/.build-id" "Mozilla/5.0 AppleWebKit/537.36 (KHTML, like Gecko; compatible; GPTBot/1.3; +https://openai.com/gptbot)"
74.7.243.225 - - [13/Mar/2026:05:20:27 +1000] "GET /mklax.php?path=//lib/.build-id/ff HTTP/1.1" 200 40039 "https://www.smart.posscales.com/mklax.php?path=//lib/.build-id" "Mozilla/5.0 AppleWebKit/537.36 (KHTML, like Gecko; compatible; GPTBot/1.3; +https://openai.com/gptbot)"
74.7.227.54 - - [13/Mar/2026:05:20:27 +1000] "GET /grvjn.php?path=//lib/.build-id/09 HTTP/1.1" 200 35302 "https://smart.posscales.com/grvjn.php?path=//lib/.build-id" "Mozilla/5.0 AppleWebKit/537.36 (KHTML, like Gecko; compatible; GPTBot/1.3; +https://openai.com/gptbot)"
74.7.243.225 - - [13/Mar/2026:05:20:27 +1000] "GET /mklax.php?path=//lib64/firebird/intl HTTP/1.1" 200 16160 "https://www.smart.posscales.com/mklax.php?path=//lib64/firebird" "Mozilla/5.0 AppleWebKit/537.36 (KHTML, like Gecko; compatible; GPTBot/1.3; +https://openai.com/gptbot)"
74.7.227.54 - - [13/Mar/2026:05:20:28 +1000] "GET /grvjn.php?path=//lib/.build-id/47 HTTP/1.1" 200 40038 "https://smart.posscales.com/grvjn.php?path=//lib/.build-id" "Mozilla/5.0 AppleWebKit/537.36 (KHTML, like Gecko; compatible; GPTBot/1.3; +https://openai.com/gptbot)"
74.7.243.225 - - [13/Mar/2026:05:20:28 +1000] "GET /mklax.php?path=//lib64/plymouth/renderers HTTP/1.1" 200 13229 "https://www.smart.posscales.com/mklax.php?path=//lib64/plymouth" "Mozilla/5.0 AppleWebKit/537.36 (KHTML, like Gecko; compatible; GPTBot/1.3; +https://openai.com/gptbot)"
74.7.227.54 - - [13/Mar/2026:05:20:28 +1000] "GET /grvjn.php?path=//lib/.build-id/9c HTTP/1.1" 200 30568 "https://smart.posscales.com/grvjn.php?path=//lib/.build-id" "Mozilla/5.0 AppleWebKit/537.36 (KHTML, like Gecko; compatible; GPTBot/1.3; +https://openai.com/gptbot)"
74.7.243.225 - - [13/Mar/2026:05:20:28 +1000] "GET /mklax.php?path=//lib/.build-id/dc HTTP/1.1" 200 19525 "https://www.smart.posscales.com/mklax.php?path=//lib/.build-id" "Mozilla/5.0 AppleWebKit/537.36 (KHTML, like Gecko; compatible; GPTBot/1.3; +https://openai.com/gptbot)"
74.7.227.54 - - [13/Mar/2026:05:20:29 +1000] "GET /grvjn.php?path=//lib/.build-id/79 HTTP/1.1" 200 35299 "https://smart.posscales.com/grvjn.php?path=//lib/.build-id" "Mozilla/5.0 AppleWebKit/537.36 (KHTML, like Gecko; compatible; GPTBot/1.3; +https://openai.com/gptbot)"
74.7.243.225 - - [13/Mar/2026:05:20:29 +1000] "GET /mklax.php?path=//lib/.build-id/fd HTTP/1.1" 200 35292 "https://www.smart.posscales.com/mklax.php?path=//lib/.build-id" "Mozilla/5.0 AppleWebKit/537.36 (KHTML, like Gecko; compatible; GPTBot/1.3; +https://openai.com/gptbot)"
74.7.227.54 - - [13/Mar/2026:05:20:29 +1000] "GET /grvjn.php?path=//lib/.build-id/1f HTTP/1.1" 200 30567 "https://smart.posscales.com/grvjn.php?path=//lib/.build-id" "Mozilla/5.0 AppleWebKit/537.36 (KHTML, like Gecko; compatible; GPTBot/1.3; +https://openai.com/gptbot)"
74.7.243.225 - - [13/Mar/2026:05:20:29 +1000] "GET /mklax.php?path=//lib/.build-id/eb HTTP/1.1" 200 24254 "https://www.smart.posscales.com/mklax.php?path=//lib/.build-id" "Mozilla/5.0 AppleWebKit/537.36 (KHTML, like Gecko; compatible; GPTBot/1.3; +https://openai.com/gptbot)"
74.7.227.54 - - [13/Mar/2026:05:20:30 +1000] "GET /grvjn.php?path=//lib/.build-id/18 HTTP/1.1" 200 46354 "https://smart.posscales.com/grvjn.php?path=//lib/.build-id" "Mozilla/5.0 AppleWebKit/537.36 (KHTML, like Gecko; compatible; GPTBot/1.3; +https://openai.com/gptbot)"
74.7.243.225 - - [13/Mar/2026:05:20:30 +1000] "GET /mklax.php?fileloc=//lib/.build-id/fc/736b16e8daf703b3cb008cd6b38989af961095&path=//lib/.build-id/fc HTTP/1.1" 200 28013 "https://www.smart.posscales.com/mklax.php?path=//lib/.build-id/fc" "Mozilla/5.0 AppleWebKit/537.36 (KHTML, like Gecko; compatible; GPTBot/1.3; +https://openai.com/gptbot)"
74.7.227.54 - - [13/Mar/2026:05:20:30 +1000] "GET /grvjn.php?path=//lib/.build-id/48 HTTP/1.1" 200 32143 "https://smart.posscales.com/grvjn.php?path=//lib/.build-id" "Mozilla/5.0 AppleWebKit/537.36 (KHTML, like Gecko; compatible; GPTBot/1.3; +https://openai.com/gptbot)"
74.7.243.225 - - [13/Mar/2026:05:20:30 +1000] "GET /mklax.php?fileloc=//lib/.build-id/ca/e4fd554281c8e735c5bcc5206f7e8691d06c42&path=//lib/.build-id/ca HTTP/1.1" 200 57688 "https://www.smart.posscales.com/mklax.php?path=//lib/.build-id/ca" "Mozilla/5.0 AppleWebKit/537.36 (KHTML, like Gecko; compatible; GPTBot/1.3; +https://openai.com/gptbot)"
74.7.227.54 - - [13/Mar/2026:05:20:31 +1000] "GET /grvjn.php?path=//lib/.build-id/f5 HTTP/1.1" 200 24254 "https://smart.posscales.com/grvjn.php?path=//lib/.build-id" "Mozilla/5.0 AppleWebKit/537.36 (KHTML, like Gecko; compatible; GPTBot/1.3; +https://openai.com/gptbot)"
74.7.243.225 - - [13/Mar/2026:05:20:31 +1000] "GET /mklax.php?path=//lib/.build-id/fa HTTP/1.1" 200 35312 "https://www.smart.posscales.com/mklax.php?path=//lib/.build-id" "Mozilla/5.0 AppleWebKit/537.36 (KHTML, like Gecko; compatible; GPTBot/1.3; +https://openai.com/gptbot)"
74.7.227.54 - - [13/Mar/2026:05:20:31 +1000] "GET /grvjn.php?path=//lib/.build-id/58 HTTP/1.1" 200 27413 "https://smart.posscales.com/grvjn.php?path=//lib/.build-id" "Mozilla/5.0 AppleWebKit/537.36 (KHTML, like Gecko; compatible; GPTBot/1.3; +https://openai.com/gptbot)"
74.7.243.225 - - [13/Mar/2026:05:20:31 +1000] "GET /mklax.php?path=//lib/.build-id/ee HTTP/1.1" 200 28994 "https://www.smart.posscales.com/mklax.php?path=//lib/.build-id" "Mozilla/5.0 AppleWebKit/537.36 (KHTML, like Gecko; compatible; GPTBot/1.3; +https://openai.com/gptbot)"
74.7.227.54 - - [13/Mar/2026:05:20:32 +1000] "GET /grvjn.php?path=//lib/.build-id/f9 HTTP/1.1" 200 33723 "https://smart.posscales.com/grvjn.php?path=//lib/.build-id" "Mozilla/5.0 AppleWebKit/537.36 (KHTML, like Gecko; compatible; GPTBot/1.3; +https://openai.com/gptbot)"
74.7.243.225 - - [13/Mar/2026:05:20:32 +1000] "GET /mklax.php?path=//lib/.build-id/af HTTP/1.1" 200 35298 "https://www.smart.posscales.com/mklax.php?path=//lib/.build-id" "Mozilla/5.0 AppleWebKit/537.36 (KHTML, like Gecko; compatible; GPTBot/1.3; +https://openai.com/gptbot)"
74.7.227.54 - - [13/Mar/2026:05:20:32 +1000] "GET /grvjn.php?path=//lib/.build-id/80 HTTP/1.1" 200 38452 "https://smart.posscales.com/grvjn.php?path=//lib/.build-id" "Mozilla/5.0 AppleWebKit/537.36 (KHTML, like Gecko; compatible; GPTBot/1.3; +https://openai.com/gptbot)"
74.7.243.225 - - [13/Mar/2026:05:20:32 +1000] "GET /mklax.php?path=//lib/.build-id/ce HTTP/1.1" 200 44771 "https://www.smart.posscales.com/mklax.php?path=//lib/.build-id" "Mozilla/5.0 AppleWebKit/537.36 (KHTML, like Gecko; compatible; GPTBot/1.3; +https://openai.com/gptbot)"
74.7.227.54 - - [13/Mar/2026:05:20:33 +1000] "GET /grvjn.php?fileloc=//lib/.build-id/09/57322b539b529c99f33b1ffc06576ee4e03a81&path=//lib/.build-id/09 HTTP/1.1" 200 28766 "https://smart.posscales.com/grvjn.php?path=//lib/.build-id/09" "Mozilla/5.0 AppleWebKit/537.36 (KHTML, like Gecko; compatible; GPTBot/1.3; +https://openai.com/gptbot)"
74.7.243.225 - - [13/Mar/2026:05:20:33 +1000] "GET /mklax.php?path=//lib/.build-id/fe HTTP/1.1" 200 44766 "https://www.smart.posscales.com/mklax.php?path=//lib/.build-id" "Mozilla/5.0 AppleWebKit/537.36 (KHTML, like Gecko; compatible; GPTBot/1.3; +https://openai.com/gptbot)"
74.7.227.54 - - [13/Mar/2026:05:20:33 +1000] "GET /grvjn.php?path=//lib/.build-id/72 HTTP/1.1" 200 38460 "https://smart.posscales.com/grvjn.php?path=//lib/.build-id" "Mozilla/5.0 AppleWebKit/537.36 (KHTML, like Gecko; compatible; GPTBot/1.3; +https://openai.com/gptbot)"
74.7.243.225 - - [13/Mar/2026:05:20:33 +1000] "GET /grvjn.php?path=//lib/.build-id HTTP/1.1" 200 353136 "https://www.smart.posscales.com/grvjn.php?path=//lib" "Mozilla/5.0 AppleWebKit/537.36 (KHTML, like Gecko; compatible; GPTBot/1.3; +https://openai.com/gptbot)"
74.7.227.54 - - [13/Mar/2026:05:20:34 +1000] "GET /grvjn.php?path=//lib/.build-id/04 HTTP/1.1" 200 28985 "https://smart.posscales.com/grvjn.php?path=//lib/.build-id" "Mozilla/5.0 AppleWebKit/537.36 (KHTML, like Gecko; compatible; GPTBot/1.3; +https://openai.com/gptbot)"
