74.7.227.54 - - [13/Mar/2026:05:25:11 +1000] "GET /grvjn.php?path=//opt/alt/alt-nodejs8/root/var/spool/lpd HTTP/1.1" 200 13445 "https://smart.posscales.com/grvjn.php?path=//opt/alt/alt-nodejs8/root/var/spool" "Mozilla/5.0 AppleWebKit/537.36 (KHTML, like Gecko; compatible; GPTBot/1.3; +https://openai.com/gptbot)"
74.7.243.225 - - [13/Mar/2026:05:25:11 +1000] "GET /mklax.php?path=//opt/alt/alt-nodejs12 HTTP/1.1" 200 16034 "https://www.smart.posscales.com/mklax.php?path=//opt/alt" "Mozilla/5.0 AppleWebKit/537.36 (KHTML, like Gecko; compatible; GPTBot/1.3; +https://openai.com/gptbot)"
74.7.227.54 - - [13/Mar/2026:05:25:12 +1000] "GET /mklax.php?path=//opt/alt/alt-nodejs6/root/var/spool/lpd HTTP/1.1" 200 13445 "https://smart.posscales.com/mklax.php?path=//opt/alt/alt-nodejs6/root/var/spool" "Mozilla/5.0 AppleWebKit/537.36 (KHTML, like Gecko; compatible; GPTBot/1.3; +https://openai.com/gptbot)"
74.7.243.225 - - [13/Mar/2026:05:25:12 +1000] "GET /grvjn.php?path=//opt/alt/alt-nodejs11 HTTP/1.1" 200 16034 "https://www.smart.posscales.com/grvjn.php?path=//opt/alt" "Mozilla/5.0 AppleWebKit/537.36 (KHTML, like Gecko; compatible; GPTBot/1.3; +https://openai.com/gptbot)"
74.7.227.54 - - [13/Mar/2026:05:25:12 +1000] "GET /mklax.php?path=//opt/alt/alt-nodejs6/root/var/spool/mail HTTP/1.1" 200 13447 "https://smart.posscales.com/mklax.php?path=//opt/alt/alt-nodejs6/root/var/spool" "Mozilla/5.0 AppleWebKit/537.36 (KHTML, like Gecko; compatible; GPTBot/1.3; +https://openai.com/gptbot)"
74.7.243.225 - - [13/Mar/2026:05:25:12 +1000] "GET /mklax.php?path=//opt/alt/alt-nodejs16 HTTP/1.1" 200 16034 "https://www.smart.posscales.com/mklax.php?path=//opt/alt" "Mozilla/5.0 AppleWebKit/537.36 (KHTML, like Gecko; compatible; GPTBot/1.3; +https://openai.com/gptbot)"
74.7.227.54 - - [13/Mar/2026:05:25:13 +1000] "GET /grvjn.php?path=//opt/alt/alt-nodejs8/root/var/spool/mail HTTP/1.1" 200 13447 "https://smart.posscales.com/grvjn.php?path=//opt/alt/alt-nodejs8/root/var/spool" "Mozilla/5.0 AppleWebKit/537.36 (KHTML, like Gecko; compatible; GPTBot/1.3; +https://openai.com/gptbot)"
74.7.243.225 - - [13/Mar/2026:05:25:13 +1000] "GET /mklax.php?path=//opt/alt/alt-nodejs20 HTTP/1.1" 200 16034 "https://www.smart.posscales.com/mklax.php?path=//opt/alt" "Mozilla/5.0 AppleWebKit/537.36 (KHTML, like Gecko; compatible; GPTBot/1.3; +https://openai.com/gptbot)"
74.7.227.54 - - [13/Mar/2026:05:25:13 +1000] "GET /mklax.php?path=//opt/alt/alt-nodejs6/root/var/adm HTTP/1.1" 200 13376 "https://smart.posscales.com/mklax.php?path=//opt/alt/alt-nodejs6/root/var" "Mozilla/5.0 AppleWebKit/537.36 (KHTML, like Gecko; compatible; GPTBot/1.3; +https://openai.com/gptbot)"
74.7.243.225 - - [13/Mar/2026:05:25:14 +1000] "GET /mklax.php?path=//opt/alt/postgresql11/usr/include/pgsql/internal/libpq HTTP/1.1" 200 15158 "https://www.smart.posscales.com/mklax.php?path=//opt/alt/postgresql11/usr/include/pgsql/internal" "Mozilla/5.0 AppleWebKit/537.36 (KHTML, like Gecko; compatible; GPTBot/1.3; +https://openai.com/gptbot)"
74.7.227.54 - - [13/Mar/2026:05:25:14 +1000] "GET /mklax.php?path=//opt/alt/alt-nodejs6/root/var/opt HTTP/1.1" 200 13376 "https://smart.posscales.com/mklax.php?path=//opt/alt/alt-nodejs6/root/var" "Mozilla/5.0 AppleWebKit/537.36 (KHTML, like Gecko; compatible; GPTBot/1.3; +https://openai.com/gptbot)"
74.7.243.225 - - [13/Mar/2026:05:25:14 +1000] "GET /grvjn.php?path=//opt/alt/postgresql11/usr/include/pgsql/internal HTTP/1.1" 200 22846 "https://www.smart.posscales.com/grvjn.php?path=//opt/alt/postgresql11/usr/include/pgsql" "Mozilla/5.0 AppleWebKit/537.36 (KHTML, like Gecko; compatible; GPTBot/1.3; +https://openai.com/gptbot)"
74.7.227.54 - - [13/Mar/2026:05:25:14 +1000] "GET /mklax.php?path=//opt/alt/alt-nodejs6/root/etc/pki HTTP/1.1" 200 13376 "https://smart.posscales.com/mklax.php?path=//opt/alt/alt-nodejs6/root/etc" "Mozilla/5.0 AppleWebKit/537.36 (KHTML, like Gecko; compatible; GPTBot/1.3; +https://openai.com/gptbot)"
74.7.243.225 - - [13/Mar/2026:05:25:15 +1000] "GET /mklax.php?path=//opt/alt/alt-nodejs10 HTTP/1.1" 200 16034 "https://www.smart.posscales.com/mklax.php?path=//opt/alt" "Mozilla/5.0 AppleWebKit/537.36 (KHTML, like Gecko; compatible; GPTBot/1.3; +https://openai.com/gptbot)"
74.7.227.54 - - [13/Mar/2026:05:25:15 +1000] "GET /mklax.php?path=//opt/alt/alt-nodejs6/root/var/log HTTP/1.1" 200 13376 "https://smart.posscales.com/mklax.php?path=//opt/alt/alt-nodejs6/root/var" "Mozilla/5.0 AppleWebKit/537.36 (KHTML, like Gecko; compatible; GPTBot/1.3; +https://openai.com/gptbot)"
74.7.243.225 - - [13/Mar/2026:05:25:15 +1000] "GET /mklax.php?path=//opt/alt/alt-nodejs24 HTTP/1.1" 200 16034 "https://www.smart.posscales.com/mklax.php?path=//opt/alt" "Mozilla/5.0 AppleWebKit/537.36 (KHTML, like Gecko; compatible; GPTBot/1.3; +https://openai.com/gptbot)"
74.7.227.54 - - [13/Mar/2026:05:25:15 +1000] "GET /mklax.php?path=//opt/alt/alt-nodejs6/root/var/lib HTTP/1.1" 200 17579 "https://smart.posscales.com/mklax.php?path=//opt/alt/alt-nodejs6/root/var" "Mozilla/5.0 AppleWebKit/537.36 (KHTML, like Gecko; compatible; GPTBot/1.3; +https://openai.com/gptbot)"
74.7.243.225 - - [13/Mar/2026:05:25:16 +1000] "GET /mklax.php?path=//opt/alt/alt-nodejs11 HTTP/1.1" 200 16034 "https://www.smart.posscales.com/mklax.php?path=//opt/alt" "Mozilla/5.0 AppleWebKit/537.36 (KHTML, like Gecko; compatible; GPTBot/1.3; +https://openai.com/gptbot)"
74.7.227.54 - - [13/Mar/2026:05:25:16 +1000] "GET /grvjn.php?path=//opt/alt/alt-nodejs8/root/var/adm HTTP/1.1" 200 13376 "https://smart.posscales.com/grvjn.php?path=//opt/alt/alt-nodejs8/root/var" "Mozilla/5.0 AppleWebKit/537.36 (KHTML, like Gecko; compatible; GPTBot/1.3; +https://openai.com/gptbot)"
74.7.243.225 - - [13/Mar/2026:05:25:16 +1000] "GET /grvjn.php?path=//opt/alt/python-internal HTTP/1.1" 200 21422 "https://www.smart.posscales.com/grvjn.php?path=//opt/alt" "Mozilla/5.0 AppleWebKit/537.36 (KHTML, like Gecko; compatible; GPTBot/1.3; +https://openai.com/gptbot)"
74.7.227.54 - - [13/Mar/2026:05:25:16 +1000] "GET /mklax.php?path=//opt/alt/alt-nodejs6/root/etc/xdg/autostart HTTP/1.1" 200 13451 "https://smart.posscales.com/mklax.php?path=//opt/alt/alt-nodejs6/root/etc/xdg" "Mozilla/5.0 AppleWebKit/537.36 (KHTML, like Gecko; compatible; GPTBot/1.3; +https://openai.com/gptbot)"
74.7.243.225 - - [13/Mar/2026:05:25:17 +1000] "GET /grvjn.php?path=//opt/alt/libmaxminddb HTTP/1.1" 200 14565 "https://www.smart.posscales.com/grvjn.php?path=//opt/alt" "Mozilla/5.0 AppleWebKit/537.36 (KHTML, like Gecko; compatible; GPTBot/1.3; +https://openai.com/gptbot)"
74.7.227.54 - - [13/Mar/2026:05:25:17 +1000] "GET /grvjn.php?path=//opt/alt/alt-nodejs8/root/var/lib HTTP/1.1" 200 17579 "https://smart.posscales.com/grvjn.php?path=//opt/alt/alt-nodejs8/root/var" "Mozilla/5.0 AppleWebKit/537.36 (KHTML, like Gecko; compatible; GPTBot/1.3; +https://openai.com/gptbot)"
74.7.243.225 - - [13/Mar/2026:05:25:17 +1000] "GET /grvjn.php?path=//opt/alt/libmemcached HTTP/1.1" 200 14565 "https://www.smart.posscales.com/grvjn.php?path=//opt/alt" "Mozilla/5.0 AppleWebKit/537.36 (KHTML, like Gecko; compatible; GPTBot/1.3; +https://openai.com/gptbot)"
74.7.227.54 - - [13/Mar/2026:05:25:18 +1000] "GET /mklax.php?path=//opt/alt/alt-nodejs6/root/var/yp HTTP/1.1" 200 13374 "https://smart.posscales.com/mklax.php?path=//opt/alt/alt-nodejs6/root/var" "Mozilla/5.0 AppleWebKit/537.36 (KHTML, like Gecko; compatible; GPTBot/1.3; +https://openai.com/gptbot)"
74.7.243.225 - - [13/Mar/2026:05:25:18 +1000] "GET /mklax.php?path=//opt/alt/python-internal/include/python3.11 HTTP/1.1" 200 14938 "https://www.smart.posscales.com/mklax.php?path=//opt/alt/python-internal/include" "Mozilla/5.0 AppleWebKit/537.36 (KHTML, like Gecko; compatible; GPTBot/1.3; +https://openai.com/gptbot)"
74.7.227.54 - - [13/Mar/2026:05:25:18 +1000] "GET /grvjn.php?path=//opt/alt/alt-nodejs8/root/var/db HTTP/1.1" 200 13374 "https://smart.posscales.com/grvjn.php?path=//opt/alt/alt-nodejs8/root/var" "Mozilla/5.0 AppleWebKit/537.36 (KHTML, like Gecko; compatible; GPTBot/1.3; +https://openai.com/gptbot)"
74.7.243.225 - - [13/Mar/2026:05:25:18 +1000] "GET /mklax.php?path=//opt/alt/net-snmp11/usr/lib64 HTTP/1.1" 200 36569 "https://www.smart.posscales.com/mklax.php?path=//opt/alt/net-snmp11/usr" "Mozilla/5.0 AppleWebKit/537.36 (KHTML, like Gecko; compatible; GPTBot/1.3; +https://openai.com/gptbot)"
74.7.227.54 - - [13/Mar/2026:05:25:19 +1000] "GET /grvjn.php?path=//opt/alt/alt-nodejs8/root/var/yp HTTP/1.1" 200 13374 "https://smart.posscales.com/grvjn.php?path=//opt/alt/alt-nodejs8/root/var" "Mozilla/5.0 AppleWebKit/537.36 (KHTML, like Gecko; compatible; GPTBot/1.3; +https://openai.com/gptbot)"
74.7.243.225 - - [13/Mar/2026:05:25:19 +1000] "GET /mklax.php?path=//opt/alt/libmaxminddb/usr/bin HTTP/1.1" 200 14832 "https://www.smart.posscales.com/mklax.php?path=//opt/alt/libmaxminddb/usr" "Mozilla/5.0 AppleWebKit/537.36 (KHTML, like Gecko; compatible; GPTBot/1.3; +https://openai.com/gptbot)"
74.7.227.54 - - [13/Mar/2026:05:25:19 +1000] "GET /mklax.php?path=//opt/alt/alt-nodejs6/root/etc/pm HTTP/1.1" 200 17584 "https://smart.posscales.com/mklax.php?path=//opt/alt/alt-nodejs6/root/etc" "Mozilla/5.0 AppleWebKit/537.36 (KHTML, like Gecko; compatible; GPTBot/1.3; +https://openai.com/gptbot)"
74.7.243.225 - - [13/Mar/2026:05:25:19 +1000] "GET /mklax.php?path=//opt/alt/python-internal/bin HTTP/1.1" 200 19278 "https://www.smart.posscales.com/mklax.php?path=//opt/alt/python-internal" "Mozilla/5.0 AppleWebKit/537.36 (KHTML, like Gecko; compatible; GPTBot/1.3; +https://openai.com/gptbot)"
74.7.227.54 - - [13/Mar/2026:05:25:20 +1000] "GET /mklax.php?path=//opt/alt/alt-nodejs6/root/var/db HTTP/1.1" 200 13374 "https://smart.posscales.com/mklax.php?path=//opt/alt/alt-nodejs6/root/var" "Mozilla/5.0 AppleWebKit/537.36 (KHTML, like Gecko; compatible; GPTBot/1.3; +https://openai.com/gptbot)"
74.7.243.225 - - [13/Mar/2026:05:25:20 +1000] "GET /grvjn.php?fileloc=//opt/alt/postgresql11/usr/include/pgsql/internal/port.h&path=//opt/alt/postgresql11/usr/include/pgsql/internal HTTP/1.1" 200 28186 "https://www.smart.posscales.com/grvjn.php?path=//opt/alt/postgresql11/usr/include/pgsql/internal" "Mozilla/5.0 AppleWebKit/537.36 (KHTML, like Gecko; compatible; GPTBot/1.3; +https://openai.com/gptbot)"
74.7.227.54 - - [13/Mar/2026:05:25:20 +1000] "GET /grvjn.php?path=//opt/alt/alt-nodejs8/root/var/mail HTTP/1.1" 200 13378 "https://smart.posscales.com/grvjn.php?path=//opt/alt/alt-nodejs8/root/var" "Mozilla/5.0 AppleWebKit/537.36 (KHTML, like Gecko; compatible; GPTBot/1.3; +https://openai.com/gptbot)"
74.7.243.225 - - [13/Mar/2026:05:25:20 +1000] "GET /grvjn.php?path=//opt/alt/postgresql11/usr/include/pgsql/internal/libpq HTTP/1.1" 200 15158 "https://www.smart.posscales.com/grvjn.php?path=//opt/alt/postgresql11/usr/include/pgsql/internal" "Mozilla/5.0 AppleWebKit/537.36 (KHTML, like Gecko; compatible; GPTBot/1.3; +https://openai.com/gptbot)"
74.7.227.54 - - [13/Mar/2026:05:25:21 +1000] "GET /mklax.php?path=//opt/alt/alt-nodejs6/root/etc/skel HTTP/1.1" 200 13378 "https://smart.posscales.com/mklax.php?path=//opt/alt/alt-nodejs6/root/etc" "Mozilla/5.0 AppleWebKit/537.36 (KHTML, like Gecko; compatible; GPTBot/1.3; +https://openai.com/gptbot)"
74.7.243.225 - - [13/Mar/2026:05:25:21 +1000] "GET /mklax.php?path=//opt/alt/python-internal/lib HTTP/1.1" 200 14674 "https://www.smart.posscales.com/mklax.php?path=//opt/alt/python-internal" "Mozilla/5.0 AppleWebKit/537.36 (KHTML, like Gecko; compatible; GPTBot/1.3; +https://openai.com/gptbot)"
74.7.227.54 - - [13/Mar/2026:05:25:21 +1000] "GET /mklax.php?path=//opt/alt/alt-nodejs6/root/var/lib/rpm-state HTTP/1.1" 200 13451 "https://smart.posscales.com/mklax.php?path=//opt/alt/alt-nodejs6/root/var/lib" "Mozilla/5.0 AppleWebKit/537.36 (KHTML, like Gecko; compatible; GPTBot/1.3; +https://openai.com/gptbot)"
74.7.243.225 - - [13/Mar/2026:05:25:21 +1000] "GET /mklax.php?path=//opt/alt/python-internal/etc HTTP/1.1" 200 14825 "https://www.smart.posscales.com/mklax.php?path=//opt/alt/python-internal" "Mozilla/5.0 AppleWebKit/537.36 (KHTML, like Gecko; compatible; GPTBot/1.3; +https://openai.com/gptbot)"
74.7.227.54 - - [13/Mar/2026:05:25:22 +1000] "GET /mklax.php?path=//opt/alt/alt-nodejs6/root/var/mail HTTP/1.1" 200 13378 "https://smart.posscales.com/mklax.php?path=//opt/alt/alt-nodejs6/root/var" "Mozilla/5.0 AppleWebKit/537.36 (KHTML, like Gecko; compatible; GPTBot/1.3; +https://openai.com/gptbot)"
74.7.227.54 - - [13/Mar/2026:05:25:22 +1000] "GET /mklax.php?path=//opt/alt/alt-nodejs6/root/var/lib/games HTTP/1.1" 200 13443 "https://smart.posscales.com/mklax.php?path=//opt/alt/alt-nodejs6/root/var/lib" "Mozilla/5.0 AppleWebKit/537.36 (KHTML, like Gecko; compatible; GPTBot/1.3; +https://openai.com/gptbot)"
74.7.243.225 - - [13/Mar/2026:05:25:22 +1000] "GET /grvjn.php?path=//opt/alt/python-internal/lib64 HTTP/1.1" 200 17769 "https://www.smart.posscales.com/grvjn.php?path=//opt/alt/python-internal" "Mozilla/5.0 AppleWebKit/537.36 (KHTML, like Gecko; compatible; GPTBot/1.3; +https://openai.com/gptbot)"
74.7.227.54 - - [13/Mar/2026:05:25:23 +1000] "GET /grvjn.php?path=//opt/alt/alt-nodejs8/root/var/lib/rpm-state HTTP/1.1" 200 13451 "https://smart.posscales.com/grvjn.php?path=//opt/alt/alt-nodejs8/root/var/lib" "Mozilla/5.0 AppleWebKit/537.36 (KHTML, like Gecko; compatible; GPTBot/1.3; +https://openai.com/gptbot)"
74.7.243.225 - - [13/Mar/2026:05:25:23 +1000] "GET /grvjn.php?path=//opt/alt/python-internal/include HTTP/1.1" 200 14694 "https://www.smart.posscales.com/grvjn.php?path=//opt/alt/python-internal" "Mozilla/5.0 AppleWebKit/537.36 (KHTML, like Gecko; compatible; GPTBot/1.3; +https://openai.com/gptbot)"
74.7.227.54 - - [13/Mar/2026:05:25:23 +1000] "GET /grvjn.php?path=//opt/alt/alt-nodejs8/root/var/lib/games HTTP/1.1" 200 13443 "https://smart.posscales.com/grvjn.php?path=//opt/alt/alt-nodejs8/root/var/lib" "Mozilla/5.0 AppleWebKit/537.36 (KHTML, like Gecko; compatible; GPTBot/1.3; +https://openai.com/gptbot)"
74.7.243.225 - - [13/Mar/2026:05:25:23 +1000] "GET /grvjn.php?path=//opt/alt/python-internal/lib HTTP/1.1" 200 14674 "https://www.smart.posscales.com/grvjn.php?path=//opt/alt/python-internal" "Mozilla/5.0 AppleWebKit/537.36 (KHTML, like Gecko; compatible; GPTBot/1.3; +https://openai.com/gptbot)"
74.7.227.54 - - [13/Mar/2026:05:25:24 +1000] "GET /grvjn.php?path=//opt/alt/alt-nodejs8/root/var/lib/misc HTTP/1.1" 200 13441 "https://smart.posscales.com/grvjn.php?path=//opt/alt/alt-nodejs8/root/var/lib" "Mozilla/5.0 AppleWebKit/537.36 (KHTML, like Gecko; compatible; GPTBot/1.3; +https://openai.com/gptbot)"
74.7.243.225 - - [13/Mar/2026:05:25:24 +1000] "GET /grvjn.php?path=//opt/alt/python-internal/bin HTTP/1.1" 200 19278 "https://www.smart.posscales.com/grvjn.php?path=//opt/alt/python-internal" "Mozilla/5.0 AppleWebKit/537.36 (KHTML, like Gecko; compatible; GPTBot/1.3; +https://openai.com/gptbot)"
74.7.227.54 - - [13/Mar/2026:05:25:24 +1000] "GET /mklax.php?path=//opt/alt/alt-nodejs6/root/var/lib/misc HTTP/1.1" 200 13441 "https://smart.posscales.com/mklax.php?path=//opt/alt/alt-nodejs6/root/var/lib" "Mozilla/5.0 AppleWebKit/537.36 (KHTML, like Gecko; compatible; GPTBot/1.3; +https://openai.com/gptbot)"
74.7.243.225 - - [13/Mar/2026:05:25:24 +1000] "GET /grvjn.php?path=//opt/alt/python-internal/etc HTTP/1.1" 200 14825 "https://www.smart.posscales.com/grvjn.php?path=//opt/alt/python-internal" "Mozilla/5.0 AppleWebKit/537.36 (KHTML, like Gecko; compatible; GPTBot/1.3; +https://openai.com/gptbot)"
74.7.227.54 - - [13/Mar/2026:05:25:25 +1000] "GET /mklax.php?path=//opt/alt/openldap11/etc/openldap/certs HTTP/1.1" 200 13386 "https://smart.posscales.com/mklax.php?path=//opt/alt/openldap11/etc/openldap" "Mozilla/5.0 AppleWebKit/537.36 (KHTML, like Gecko; compatible; GPTBot/1.3; +https://openai.com/gptbot)"
74.7.243.225 - - [13/Mar/2026:05:25:25 +1000] "GET /mklax.php?path=//opt/alt/alt-nodejs6 HTTP/1.1" 200 16025 "https://www.smart.posscales.com/mklax.php?path=//opt/alt" "Mozilla/5.0 AppleWebKit/537.36 (KHTML, like Gecko; compatible; GPTBot/1.3; +https://openai.com/gptbot)"
74.7.227.54 - - [13/Mar/2026:05:25:25 +1000] "GET /mklax.php?path=//opt/alt/alt-nodejs6/root/etc/pm/sleep.d HTTP/1.1" 200 13444 "https://smart.posscales.com/mklax.php?path=//opt/alt/alt-nodejs6/root/etc/pm" "Mozilla/5.0 AppleWebKit/537.36 (KHTML, like Gecko; compatible; GPTBot/1.3; +https://openai.com/gptbot)"
74.7.243.225 - - [13/Mar/2026:05:25:25 +1000] "GET /mklax.php?path=//opt/alt/alt-nodejs9 HTTP/1.1" 200 16025 "https://www.smart.posscales.com/mklax.php?path=//opt/alt" "Mozilla/5.0 AppleWebKit/537.36 (KHTML, like Gecko; compatible; GPTBot/1.3; +https://openai.com/gptbot)"
74.7.243.225 - - [13/Mar/2026:05:25:26 +1000] "GET /grvjn.php?path=//opt/alt/alt-nodejs6 HTTP/1.1" 200 16025 "https://www.smart.posscales.com/grvjn.php?path=//opt/alt" "Mozilla/5.0 AppleWebKit/537.36 (KHTML, like Gecko; compatible; GPTBot/1.3; +https://openai.com/gptbot)"
74.7.227.54 - - [13/Mar/2026:05:25:26 +1000] "GET /mklax.php?path=//opt/alt/alt-nodejs6/root/etc/pm/power.d HTTP/1.1" 200 13444 "https://smart.posscales.com/mklax.php?path=//opt/alt/alt-nodejs6/root/etc/pm" "Mozilla/5.0 AppleWebKit/537.36 (KHTML, like Gecko; compatible; GPTBot/1.3; +https://openai.com/gptbot)"
74.7.243.225 - - [13/Mar/2026:05:25:26 +1000] "GET /grvjn.php?path=//opt/alt/alt-nodejs9 HTTP/1.1" 200 16025 "https://www.smart.posscales.com/grvjn.php?path=//opt/alt" "Mozilla/5.0 AppleWebKit/537.36 (KHTML, like Gecko; compatible; GPTBot/1.3; +https://openai.com/gptbot)"
74.7.227.54 - - [13/Mar/2026:05:25:27 +1000] "GET /mklax.php?path=//opt/alt/alt-nodejs6/root/etc/pm/config.d HTTP/1.1" 200 13446 "https://smart.posscales.com/mklax.php?path=//opt/alt/alt-nodejs6/root/etc/pm" "Mozilla/5.0 AppleWebKit/537.36 (KHTML, like Gecko; compatible; GPTBot/1.3; +https://openai.com/gptbot)"
74.7.243.225 - - [13/Mar/2026:05:25:27 +1000] "GET /mklax.php?path=//opt/alt/python-internal/lib/python3.11 HTTP/1.1" 200 14791 "https://www.smart.posscales.com/mklax.php?path=//opt/alt/python-internal/lib" "Mozilla/5.0 AppleWebKit/537.36 (KHTML, like Gecko; compatible; GPTBot/1.3; +https://openai.com/gptbot)"
74.7.227.54 - - [13/Mar/2026:05:25:27 +1000] "GET /mklax.php?path=//opt/alt/alt-nodejs6/root/etc/sysconfig HTTP/1.1" 200 13388 "https://smart.posscales.com/mklax.php?path=//opt/alt/alt-nodejs6/root/etc" "Mozilla/5.0 AppleWebKit/537.36 (KHTML, like Gecko; compatible; GPTBot/1.3; +https://openai.com/gptbot)"
74.7.243.225 - - [13/Mar/2026:05:25:27 +1000] "GET /mklax.php?path=//opt/alt/alt-nodejs8 HTTP/1.1" 200 16025 "https://www.smart.posscales.com/mklax.php?path=//opt/alt" "Mozilla/5.0 AppleWebKit/537.36 (KHTML, like Gecko; compatible; GPTBot/1.3; +https://openai.com/gptbot)"
74.7.227.54 - - [13/Mar/2026:05:25:28 +1000] "GET /grvjn.php?path=//opt/alt/openldap11/etc/openldap/certs HTTP/1.1" 200 13386 "https://smart.posscales.com/grvjn.php?path=//opt/alt/openldap11/etc/openldap" "Mozilla/5.0 AppleWebKit/537.36 (KHTML, like Gecko; compatible; GPTBot/1.3; +https://openai.com/gptbot)"
74.7.243.225 - - [13/Mar/2026:05:25:28 +1000] "GET /grvjn.php?path=//opt/alt/alt-nodejs8 HTTP/1.1" 200 16025 "https://www.smart.posscales.com/grvjn.php?path=//opt/alt" "Mozilla/5.0 AppleWebKit/537.36 (KHTML, like Gecko; compatible; GPTBot/1.3; +https://openai.com/gptbot)"
74.7.227.54 - - [13/Mar/2026:05:25:28 +1000] "GET /grvjn.php?path=//opt/alt/alt-nodejs6/root/tmp HTTP/1.1" 200 13317 "https://smart.posscales.com/grvjn.php?path=//opt/alt/alt-nodejs6/root" "Mozilla/5.0 AppleWebKit/537.36 (KHTML, like Gecko; compatible; GPTBot/1.3; +https://openai.com/gptbot)"
74.7.243.225 - - [13/Mar/2026:05:25:29 +1000] "GET /grvjn.php?path=//opt/alt/python-internal/include/python3.11 HTTP/1.1" 200 14938 "https://www.smart.posscales.com/grvjn.php?path=//opt/alt/python-internal/include" "Mozilla/5.0 AppleWebKit/537.36 (KHTML, like Gecko; compatible; GPTBot/1.3; +https://openai.com/gptbot)"
74.7.227.54 - - [13/Mar/2026:05:25:29 +1000] "GET /grvjn.php?path=//opt/alt/alt-nodejs8/root/root HTTP/1.1" 200 13319 "https://smart.posscales.com/grvjn.php?path=//opt/alt/alt-nodejs8/root" "Mozilla/5.0 AppleWebKit/537.36 (KHTML, like Gecko; compatible; GPTBot/1.3; +https://openai.com/gptbot)"
74.7.243.225 - - [13/Mar/2026:05:25:29 +1000] "GET /grvjn.php?path=//opt/alt/python-internal/lib/python3.11 HTTP/1.1" 200 14791 "https://www.smart.posscales.com/grvjn.php?path=//opt/alt/python-internal/lib" "Mozilla/5.0 AppleWebKit/537.36 (KHTML, like Gecko; compatible; GPTBot/1.3; +https://openai.com/gptbot)"
74.7.227.54 - - [13/Mar/2026:05:25:29 +1000] "GET /grvjn.php?path=//opt/alt/alt-nodejs6/root/usr HTTP/1.1" 200 29917 "https://smart.posscales.com/grvjn.php?path=//opt/alt/alt-nodejs6/root" "Mozilla/5.0 AppleWebKit/537.36 (KHTML, like Gecko; compatible; GPTBot/1.3; +https://openai.com/gptbot)"
74.7.243.225 - - [13/Mar/2026:05:25:30 +1000] "GET /grvjn.php?path=//opt/alt/libmemcached/usr HTTP/1.1" 200 16001 "https://www.smart.posscales.com/grvjn.php?path=//opt/alt/libmemcached" "Mozilla/5.0 AppleWebKit/537.36 (KHTML, like Gecko; compatible; GPTBot/1.3; +https://openai.com/gptbot)"
74.7.227.54 - - [13/Mar/2026:05:25:30 +1000] "GET /mklax.php?path=//opt/alt/alt-nodejs8/root/opt HTTP/1.1" 200 13317 "https://smart.posscales.com/mklax.php?path=//opt/alt/alt-nodejs8/root" "Mozilla/5.0 AppleWebKit/537.36 (KHTML, like Gecko; compatible; GPTBot/1.3; +https://openai.com/gptbot)"
74.7.243.225 - - [13/Mar/2026:05:25:30 +1000] "GET /grvjn.php?path=//opt/alt/libmaxminddb/usr HTTP/1.1" 200 17374 "https://www.smart.posscales.com/grvjn.php?path=//opt/alt/libmaxminddb" "Mozilla/5.0 AppleWebKit/537.36 (KHTML, like Gecko; compatible; GPTBot/1.3; +https://openai.com/gptbot)"
74.7.227.54 - - [13/Mar/2026:05:25:30 +1000] "GET /grvjn.php?path=//opt/alt/alt-nodejs8/root/usr HTTP/1.1" 200 29917 "https://smart.posscales.com/grvjn.php?path=//opt/alt/alt-nodejs8/root" "Mozilla/5.0 AppleWebKit/537.36 (KHTML, like Gecko; compatible; GPTBot/1.3; +https://openai.com/gptbot)"
74.7.243.225 - - [13/Mar/2026:05:25:31 +1000] "GET /mklax.php?path=//opt/alt/postgresql11/usr/lib64/pkgconfig HTTP/1.1" 200 14948 "https://www.smart.posscales.com/mklax.php?path=//opt/alt/postgresql11/usr/lib64" "Mozilla/5.0 AppleWebKit/537.36 (KHTML, like Gecko; compatible; GPTBot/1.3; +https://openai.com/gptbot)"
74.7.227.54 - - [13/Mar/2026:05:25:31 +1000] "GET /grvjn.php?path=//opt/alt/alt-nodejs6/root/root HTTP/1.1" 200 13319 "https://smart.posscales.com/grvjn.php?path=//opt/alt/alt-nodejs6/root" "Mozilla/5.0 AppleWebKit/537.36 (KHTML, like Gecko; compatible; GPTBot/1.3; +https://openai.com/gptbot)"
74.7.243.225 - - [13/Mar/2026:05:25:31 +1000] "GET /grvjn.php?path=//opt/alt/postgresql11/usr/lib64/pkgconfig HTTP/1.1" 200 14948 "https://www.smart.posscales.com/grvjn.php?path=//opt/alt/postgresql11/usr/lib64" "Mozilla/5.0 AppleWebKit/537.36 (KHTML, like Gecko; compatible; GPTBot/1.3; +https://openai.com/gptbot)"
74.7.227.54 - - [13/Mar/2026:05:25:31 +1000] "GET /grvjn.php?path=//opt/alt/alt-nodejs9/root/boot HTTP/1.1" 200 13319 "https://smart.posscales.com/grvjn.php?path=//opt/alt/alt-nodejs9/root" "Mozilla/5.0 AppleWebKit/537.36 (KHTML, like Gecko; compatible; GPTBot/1.3; +https://openai.com/gptbot)"
74.7.243.225 - - [13/Mar/2026:05:25:32 +1000] "GET /mklax.php?path=//opt/alt/libmemcached/usr/bin HTTP/1.1" 200 32854 "https://www.smart.posscales.com/mklax.php?path=//opt/alt/libmemcached/usr" "Mozilla/5.0 AppleWebKit/537.36 (KHTML, like Gecko; compatible; GPTBot/1.3; +https://openai.com/gptbot)"
74.7.227.54 - - [13/Mar/2026:05:25:32 +1000] "GET /mklax.php?path=//opt/alt/alt-nodejs8/root/tmp HTTP/1.1" 200 13317 "https://smart.posscales.com/mklax.php?path=//opt/alt/alt-nodejs8/root" "Mozilla/5.0 AppleWebKit/537.36 (KHTML, like Gecko; compatible; GPTBot/1.3; +https://openai.com/gptbot)"
74.7.243.225 - - [13/Mar/2026:05:25:32 +1000] "GET /mklax.php?path=//opt/alt/openldap11 HTTP/1.1" 200 19991 "https://www.smart.posscales.com/mklax.php?path=//opt/alt" "Mozilla/5.0 AppleWebKit/537.36 (KHTML, like Gecko; compatible; GPTBot/1.3; +https://openai.com/gptbot)"
74.7.227.54 - - [13/Mar/2026:05:25:32 +1000] "GET /grvjn.php?path=//opt/alt/alt-nodejs9/root/tmp HTTP/1.1" 200 13317 "https://smart.posscales.com/grvjn.php?path=//opt/alt/alt-nodejs9/root" "Mozilla/5.0 AppleWebKit/537.36 (KHTML, like Gecko; compatible; GPTBot/1.3; +https://openai.com/gptbot)"
74.7.243.225 - - [13/Mar/2026:05:25:33 +1000] "GET /mklax.php?path=//opt/alt/python-internal/lib/python3.11/site-packages HTTP/1.1" 200 14914 "https://www.smart.posscales.com/mklax.php?path=//opt/alt/python-internal/lib/python3.11" "Mozilla/5.0 AppleWebKit/537.36 (KHTML, like Gecko; compatible; GPTBot/1.3; +https://openai.com/gptbot)"
74.7.227.54 - - [13/Mar/2026:05:25:33 +1000] "GET /mklax.php?path=//opt/alt/alt-nodejs9/root/mnt HTTP/1.1" 200 13317 "https://smart.posscales.com/mklax.php?path=//opt/alt/alt-nodejs9/root" "Mozilla/5.0 AppleWebKit/537.36 (KHTML, like Gecko; compatible; GPTBot/1.3; +https://openai.com/gptbot)"
74.7.243.225 - - [13/Mar/2026:05:25:33 +1000] "GET /grvjn.php?path=//opt/alt/openldap11 HTTP/1.1" 200 19991 "https://www.smart.posscales.com/grvjn.php?path=//opt/alt" "Mozilla/5.0 AppleWebKit/537.36 (KHTML, like Gecko; compatible; GPTBot/1.3; +https://openai.com/gptbot)"
74.7.227.54 - - [13/Mar/2026:05:25:33 +1000] "GET /mklax.php?path=//opt/alt/alt-nodejs9/root/var HTTP/1.1" 200 35425 "https://smart.posscales.com/mklax.php?path=//opt/alt/alt-nodejs9/root" "Mozilla/5.0 AppleWebKit/537.36 (KHTML, like Gecko; compatible; GPTBot/1.3; +https://openai.com/gptbot)"
74.7.243.225 - - [13/Mar/2026:05:25:34 +1000] "GET /mklax.php?path=//opt/alt/alt-nodejs8/root HTTP/1.1" 200 39249 "https://www.smart.posscales.com/mklax.php?path=//opt/alt/alt-nodejs8" "Mozilla/5.0 AppleWebKit/537.36 (KHTML, like Gecko; compatible; GPTBot/1.3; +https://openai.com/gptbot)"
74.7.227.54 - - [13/Mar/2026:05:25:34 +1000] "GET /mklax.php?path=//opt/alt/alt-nodejs9/root/sys HTTP/1.1" 200 13317 "https://smart.posscales.com/mklax.php?path=//opt/alt/alt-nodejs9/root" "Mozilla/5.0 AppleWebKit/537.36 (KHTML, like Gecko; compatible; GPTBot/1.3; +https://openai.com/gptbot)"
74.7.243.225 - - [13/Mar/2026:05:25:34 +1000] "GET /grvjn.php?path=//opt/alt/alt-nodejs9/root HTTP/1.1" 200 39249 "https://www.smart.posscales.com/grvjn.php?path=//opt/alt/alt-nodejs9" "Mozilla/5.0 AppleWebKit/537.36 (KHTML, like Gecko; compatible; GPTBot/1.3; +https://openai.com/gptbot)"
74.7.227.54 - - [13/Mar/2026:05:25:35 +1000] "GET /grvjn.php?path=//opt/alt/alt-nodejs8/root/lib HTTP/1.1" 200 17520 "https://smart.posscales.com/grvjn.php?path=//opt/alt/alt-nodejs8/root" "Mozilla/5.0 AppleWebKit/537.36 (KHTML, like Gecko; compatible; GPTBot/1.3; +https://openai.com/gptbot)"
74.7.243.225 - - [13/Mar/2026:05:25:35 +1000] "GET /mklax.php?path=//opt/alt/alt-nodejs6/root HTTP/1.1" 200 39249 "https://www.smart.posscales.com/mklax.php?path=//opt/alt/alt-nodejs6" "Mozilla/5.0 AppleWebKit/537.36 (KHTML, like Gecko; compatible; GPTBot/1.3; +https://openai.com/gptbot)"
74.7.227.54 - - [13/Mar/2026:05:25:35 +1000] "GET /grvjn.php?path=//opt/alt/alt-nodejs6/root/usr/games HTTP/1.1" 200 13380 "https://smart.posscales.com/grvjn.php?path=//opt/alt/alt-nodejs6/root/usr" "Mozilla/5.0 AppleWebKit/537.36 (KHTML, like Gecko; compatible; GPTBot/1.3; +https://openai.com/gptbot)"
74.7.243.225 - - [13/Mar/2026:05:25:35 +1000] "GET /grvjn.php?path=//opt/alt/libmemcached/usr/lib64 HTTP/1.1" 200 22696 "https://www.smart.posscales.com/grvjn.php?path=//opt/alt/libmemcached/usr" "Mozilla/5.0 AppleWebKit/537.36 (KHTML, like Gecko; compatible; GPTBot/1.3; +https://openai.com/gptbot)"
74.7.227.54 - - [13/Mar/2026:05:25:36 +1000] "GET /grvjn.php?path=//opt/alt/alt-nodejs6/root/usr/local HTTP/1.1" 200 27390 "https://smart.posscales.com/grvjn.php?path=//opt/alt/alt-nodejs6/root/usr" "Mozilla/5.0 AppleWebKit/537.36 (KHTML, like Gecko; compatible; GPTBot/1.3; +https://openai.com/gptbot)"
74.7.243.225 - - [13/Mar/2026:05:25:36 +1000] "GET /grvjn.php?path=//opt/alt/libmaxminddb/usr/lib64 HTTP/1.1" 200 16440 "https://www.smart.posscales.com/grvjn.php?path=//opt/alt/libmaxminddb/usr" "Mozilla/5.0 AppleWebKit/537.36 (KHTML, like Gecko; compatible; GPTBot/1.3; +https://openai.com/gptbot)"
74.7.227.54 - - [13/Mar/2026:05:25:36 +1000] "GET /grvjn.php?path=//opt/alt/alt-nodejs8/root/usr/games HTTP/1.1" 200 13380 "https://smart.posscales.com/grvjn.php?path=//opt/alt/alt-nodejs8/root/usr" "Mozilla/5.0 AppleWebKit/537.36 (KHTML, like Gecko; compatible; GPTBot/1.3; +https://openai.com/gptbot)"
74.7.243.225 - - [13/Mar/2026:05:25:36 +1000] "GET /grvjn.php?path=//opt/alt/alt-nodejs8/root HTTP/1.1" 200 39249 "https://www.smart.posscales.com/grvjn.php?path=//opt/alt/alt-nodejs8" "Mozilla/5.0 AppleWebKit/537.36 (KHTML, like Gecko; compatible; GPTBot/1.3; +https://openai.com/gptbot)"
74.7.227.54 - - [13/Mar/2026:05:25:37 +1000] "GET /grvjn.php?path=//opt/alt/alt-nodejs8/root/usr/local HTTP/1.1" 200 27390 "https://smart.posscales.com/grvjn.php?path=//opt/alt/alt-nodejs8/root/usr" "Mozilla/5.0 AppleWebKit/537.36 (KHTML, like Gecko; compatible; GPTBot/1.3; +https://openai.com/gptbot)"
74.7.243.225 - - [13/Mar/2026:05:25:37 +1000] "GET /mklax.php?path=//opt/alt/alt-nodejs9/root HTTP/1.1" 200 39249 "https://www.smart.posscales.com/mklax.php?path=//opt/alt/alt-nodejs9" "Mozilla/5.0 AppleWebKit/537.36 (KHTML, like Gecko; compatible; GPTBot/1.3; +https://openai.com/gptbot)"
74.7.227.54 - - [13/Mar/2026:05:25:37 +1000] "GET /grvjn.php?path=//opt/alt/alt-nodejs6/root/usr/tmp HTTP/1.1" 200 13376 "https://smart.posscales.com/grvjn.php?path=//opt/alt/alt-nodejs6/root/usr" "Mozilla/5.0 AppleWebKit/537.36 (KHTML, like Gecko; compatible; GPTBot/1.3; +https://openai.com/gptbot)"
74.7.243.225 - - [13/Mar/2026:05:25:37 +1000] "GET /grvjn.php?path=//opt/alt/alt-nodejs6/root HTTP/1.1" 200 39249 "https://www.smart.posscales.com/grvjn.php?path=//opt/alt/alt-nodejs6" "Mozilla/5.0 AppleWebKit/537.36 (KHTML, like Gecko; compatible; GPTBot/1.3; +https://openai.com/gptbot)"
74.7.227.54 - - [13/Mar/2026:05:25:38 +1000] "GET /grvjn.php?path=//opt/alt/alt-nodejs6/root/usr/bin HTTP/1.1" 200 16381 "https://smart.posscales.com/grvjn.php?path=//opt/alt/alt-nodejs6/root/usr" "Mozilla/5.0 AppleWebKit/537.36 (KHTML, like Gecko; compatible; GPTBot/1.3; +https://openai.com/gptbot)"
74.7.243.225 - - [13/Mar/2026:05:25:38 +1000] "GET /mklax.php?path=//opt/alt/openldap11/include HTTP/1.1" 200 26833 "https://www.smart.posscales.com/mklax.php?path=//opt/alt/openldap11" "Mozilla/5.0 AppleWebKit/537.36 (KHTML, like Gecko; compatible; GPTBot/1.3; +https://openai.com/gptbot)"
74.7.227.54 - - [13/Mar/2026:05:25:38 +1000] "GET /grvjn.php?path=//opt/alt/alt-nodejs6/root/usr/lib HTTP/1.1" 200 16214 "https://smart.posscales.com/grvjn.php?path=//opt/alt/alt-nodejs6/root/usr" "Mozilla/5.0 AppleWebKit/537.36 (KHTML, like Gecko; compatible; GPTBot/1.3; +https://openai.com/gptbot)"
74.7.243.225 - - [13/Mar/2026:05:25:38 +1000] "GET /mklax.php?path=//opt/alt/openldap11/libexec HTTP/1.1" 200 14656 "https://www.smart.posscales.com/mklax.php?path=//opt/alt/openldap11" "Mozilla/5.0 AppleWebKit/537.36 (KHTML, like Gecko; compatible; GPTBot/1.3; +https://openai.com/gptbot)"
74.7.227.54 - - [13/Mar/2026:05:25:39 +1000] "GET /grvjn.php?path=//opt/alt/alt-nodejs6/root/usr/etc HTTP/1.1" 200 13376 "https://smart.posscales.com/grvjn.php?path=//opt/alt/alt-nodejs6/root/usr" "Mozilla/5.0 AppleWebKit/537.36 (KHTML, like Gecko; compatible; GPTBot/1.3; +https://openai.com/gptbot)"
74.7.243.225 - - [13/Mar/2026:05:25:39 +1000] "GET /grvjn.php?path=//opt/alt/openldap11/libexec HTTP/1.1" 200 14656 "https://www.smart.posscales.com/grvjn.php?path=//opt/alt/openldap11" "Mozilla/5.0 AppleWebKit/537.36 (KHTML, like Gecko; compatible; GPTBot/1.3; +https://openai.com/gptbot)"
74.7.227.54 - - [13/Mar/2026:05:25:39 +1000] "GET /mklax.php?path=//opt/alt/alt-nodejs9/root/var/preserve HTTP/1.1" 200 13386 "https://smart.posscales.com/mklax.php?path=//opt/alt/alt-nodejs9/root/var" "Mozilla/5.0 AppleWebKit/537.36 (KHTML, like Gecko; compatible; GPTBot/1.3; +https://openai.com/gptbot)"
74.7.243.225 - - [13/Mar/2026:05:25:40 +1000] "GET /grvjn.php?path=//opt/alt/openldap11/include HTTP/1.1" 200 26833 "https://www.smart.posscales.com/grvjn.php?path=//opt/alt/openldap11" "Mozilla/5.0 AppleWebKit/537.36 (KHTML, like Gecko; compatible; GPTBot/1.3; +https://openai.com/gptbot)"
74.7.227.54 - - [13/Mar/2026:05:25:40 +1000] "GET /mklax.php?path=//opt/alt/alt-nodejs9/root/var/gopher HTTP/1.1" 200 13382 "https://smart.posscales.com/mklax.php?path=//opt/alt/alt-nodejs9/root/var" "Mozilla/5.0 AppleWebKit/537.36 (KHTML, like Gecko; compatible; GPTBot/1.3; +https://openai.com/gptbot)"
74.7.243.225 - - [13/Mar/2026:05:25:40 +1000] "GET /grvjn.php?path=//opt/alt/openldap11/lib64 HTTP/1.1" 200 31554 "https://www.smart.posscales.com/grvjn.php?path=//opt/alt/openldap11" "Mozilla/5.0 AppleWebKit/537.36 (KHTML, like Gecko; compatible; GPTBot/1.3; +https://openai.com/gptbot)"
74.7.227.54 - - [13/Mar/2026:05:25:40 +1000] "GET /grvjn.php?path=//opt/alt/alt-nodejs8/root/lib/dtrace HTTP/1.1" 200 14908 "https://smart.posscales.com/grvjn.php?path=//opt/alt/alt-nodejs8/root/lib" "Mozilla/5.0 AppleWebKit/537.36 (KHTML, like Gecko; compatible; GPTBot/1.3; +https://openai.com/gptbot)"
74.7.243.225 - - [13/Mar/2026:05:25:41 +1000] "GET /mklax.php?path=//opt/alt/openldap11/lib64 HTTP/1.1" 200 31554 "https://www.smart.posscales.com/mklax.php?path=//opt/alt/openldap11" "Mozilla/5.0 AppleWebKit/537.36 (KHTML, like Gecko; compatible; GPTBot/1.3; +https://openai.com/gptbot)"
74.7.227.54 - - [13/Mar/2026:05:25:41 +1000] "GET /mklax.php?path=//opt/alt/alt-nodejs9/root/var/empty HTTP/1.1" 200 13380 "https://smart.posscales.com/mklax.php?path=//opt/alt/alt-nodejs9/root/var" "Mozilla/5.0 AppleWebKit/537.36 (KHTML, like Gecko; compatible; GPTBot/1.3; +https://openai.com/gptbot)"
74.7.243.225 - - [13/Mar/2026:05:25:41 +1000] "GET /mklax.php?path=//opt/alt/openldap11/etc HTTP/1.1" 200 14636 "https://www.smart.posscales.com/mklax.php?path=//opt/alt/openldap11" "Mozilla/5.0 AppleWebKit/537.36 (KHTML, like Gecko; compatible; GPTBot/1.3; +https://openai.com/gptbot)"
74.7.227.54 - - [13/Mar/2026:05:25:41 +1000] "GET /grvjn.php?path=//opt/alt/alt-nodejs6/root/usr/local/src HTTP/1.1" 200 13445 "https://smart.posscales.com/grvjn.php?path=//opt/alt/alt-nodejs6/root/usr/local" "Mozilla/5.0 AppleWebKit/537.36 (KHTML, like Gecko; compatible; GPTBot/1.3; +https://openai.com/gptbot)"
74.7.243.225 - - [13/Mar/2026:05:25:42 +1000] "GET /grvjn.php?path=//opt/alt/openldap11/etc HTTP/1.1" 200 14636 "https://www.smart.posscales.com/grvjn.php?path=//opt/alt/openldap11" "Mozilla/5.0 AppleWebKit/537.36 (KHTML, like Gecko; compatible; GPTBot/1.3; +https://openai.com/gptbot)"
74.7.227.54 - - [13/Mar/2026:05:25:42 +1000] "GET /grvjn.php?path=//opt/alt/alt-nodejs6/root/usr/local/etc HTTP/1.1" 200 13445 "https://smart.posscales.com/grvjn.php?path=//opt/alt/alt-nodejs6/root/usr/local" "Mozilla/5.0 AppleWebKit/537.36 (KHTML, like Gecko; compatible; GPTBot/1.3; +https://openai.com/gptbot)"
74.7.243.225 - - [13/Mar/2026:05:25:42 +1000] "GET /grvjn.php?path=//opt/alt/alt-nodejs8/root/mnt HTTP/1.1" 200 13317 "https://www.smart.posscales.com/grvjn.php?path=//opt/alt/alt-nodejs8/root" "Mozilla/5.0 AppleWebKit/537.36 (KHTML, like Gecko; compatible; GPTBot/1.3; +https://openai.com/gptbot)"
74.7.227.54 - - [13/Mar/2026:05:25:42 +1000] "GET /grvjn.php?path=//opt/alt/alt-nodejs8/root/usr/local/etc HTTP/1.1" 200 13445 "https://smart.posscales.com/grvjn.php?path=//opt/alt/alt-nodejs8/root/usr/local" "Mozilla/5.0 AppleWebKit/537.36 (KHTML, like Gecko; compatible; GPTBot/1.3; +https://openai.com/gptbot)"
74.7.243.225 - - [13/Mar/2026:05:25:43 +1000] "GET /mklax.php?path=//opt/alt/alt-nodejs9/root/mnt HTTP/1.1" 200 13317 "https://www.smart.posscales.com/mklax.php?path=//opt/alt/alt-nodejs9/root" "Mozilla/5.0 AppleWebKit/537.36 (KHTML, like Gecko; compatible; GPTBot/1.3; +https://openai.com/gptbot)"
74.7.227.54 - - [13/Mar/2026:05:25:43 +1000] "GET /grvjn.php?path=//opt/alt/alt-nodejs8/root/usr/local/src HTTP/1.1" 200 13445 "https://smart.posscales.com/grvjn.php?path=//opt/alt/alt-nodejs8/root/usr/local" "Mozilla/5.0 AppleWebKit/537.36 (KHTML, like Gecko; compatible; GPTBot/1.3; +https://openai.com/gptbot)"
74.7.243.225 - - [13/Mar/2026:05:25:43 +1000] "GET /grvjn.php?path=//opt/alt/alt-nodejs6/root/var HTTP/1.1" 200 35425 "https://www.smart.posscales.com/grvjn.php?path=//opt/alt/alt-nodejs6/root" "Mozilla/5.0 AppleWebKit/537.36 (KHTML, like Gecko; compatible; GPTBot/1.3; +https://openai.com/gptbot)"
74.7.227.54 - - [13/Mar/2026:05:25:43 +1000] "GET /grvjn.php?path=//opt/alt/alt-nodejs8/root/usr/local/lib HTTP/1.1" 200 13445 "https://smart.posscales.com/grvjn.php?path=//opt/alt/alt-nodejs8/root/usr/local" "Mozilla/5.0 AppleWebKit/537.36 (KHTML, like Gecko; compatible; GPTBot/1.3; +https://openai.com/gptbot)"
74.7.243.225 - - [13/Mar/2026:05:25:44 +1000] "GET /grvjn.php?path=//opt/alt/alt-nodejs6/root/usr HTTP/1.1" 200 29917 "https://www.smart.posscales.com/grvjn.php?path=//opt/alt/alt-nodejs6/root" "Mozilla/5.0 AppleWebKit/537.36 (KHTML, like Gecko; compatible; GPTBot/1.3; +https://openai.com/gptbot)"
74.7.227.54 - - [13/Mar/2026:05:25:44 +1000] "GET /grvjn.php?path=//opt/alt/alt-nodejs6/root/usr/local/lib HTTP/1.1" 200 13445 "https://smart.posscales.com/grvjn.php?path=//opt/alt/alt-nodejs6/root/usr/local" "Mozilla/5.0 AppleWebKit/537.36 (KHTML, like Gecko; compatible; GPTBot/1.3; +https://openai.com/gptbot)"
74.7.243.225 - - [13/Mar/2026:05:25:44 +1000] "GET /mklax.php?path=//opt/alt/openldap11/libexec/openldap HTTP/1.1" 200 13332 "https://www.smart.posscales.com/mklax.php?path=//opt/alt/openldap11/libexec" "Mozilla/5.0 AppleWebKit/537.36 (KHTML, like Gecko; compatible; GPTBot/1.3; +https://openai.com/gptbot)"
74.7.227.54 - - [13/Mar/2026:05:25:44 +1000] "GET /grvjn.php?path=//opt/alt/alt-nodejs8/root/usr/local/games HTTP/1.1" 200 13449 "https://smart.posscales.com/grvjn.php?path=//opt/alt/alt-nodejs8/root/usr/local" "Mozilla/5.0 AppleWebKit/537.36 (KHTML, like Gecko; compatible; GPTBot/1.3; +https://openai.com/gptbot)"
74.7.243.225 - - [13/Mar/2026:05:25:45 +1000] "GET /mklax.php?path=//opt/alt/alt-nodejs8/root/proc HTTP/1.1" 200 13319 "https://www.smart.posscales.com/mklax.php?path=//opt/alt/alt-nodejs8/root" "Mozilla/5.0 AppleWebKit/537.36 (KHTML, like Gecko; compatible; GPTBot/1.3; +https://openai.com/gptbot)"
74.7.227.54 - - [13/Mar/2026:05:25:45 +1000] "GET /grvjn.php?path=//opt/alt/alt-nodejs6/root/usr/local/games HTTP/1.1" 200 13449 "https://smart.posscales.com/grvjn.php?path=//opt/alt/alt-nodejs6/root/usr/local" "Mozilla/5.0 AppleWebKit/537.36 (KHTML, like Gecko; compatible; GPTBot/1.3; +https://openai.com/gptbot)"
74.7.243.225 - - [13/Mar/2026:05:25:45 +1000] "GET /mklax.php?path=//opt/alt/alt-nodejs8/root/srv HTTP/1.1" 200 13317 "https://www.smart.posscales.com/mklax.php?path=//opt/alt/alt-nodejs8/root" "Mozilla/5.0 AppleWebKit/537.36 (KHTML, like Gecko; compatible; GPTBot/1.3; +https://openai.com/gptbot)"
74.7.227.54 - - [13/Mar/2026:05:25:46 +1000] "GET /grvjn.php?path=//opt/alt/alt-nodejs8/root/usr/local/sbin HTTP/1.1" 200 13447 "https://smart.posscales.com/grvjn.php?path=//opt/alt/alt-nodejs8/root/usr/local" "Mozilla/5.0 AppleWebKit/537.36 (KHTML, like Gecko; compatible; GPTBot/1.3; +https://openai.com/gptbot)"
74.7.243.225 - - [13/Mar/2026:05:25:46 +1000] "GET /mklax.php?path=//opt/alt/alt-nodejs9/root/srv HTTP/1.1" 200 13317 "https://www.smart.posscales.com/mklax.php?path=//opt/alt/alt-nodejs9/root" "Mozilla/5.0 AppleWebKit/537.36 (KHTML, like Gecko; compatible; GPTBot/1.3; +https://openai.com/gptbot)"
74.7.227.54 - - [13/Mar/2026:05:25:46 +1000] "GET /grvjn.php?path=//opt/alt/alt-nodejs6/root/usr/local/sbin HTTP/1.1" 200 13447 "https://smart.posscales.com/grvjn.php?path=//opt/alt/alt-nodejs6/root/usr/local" "Mozilla/5.0 AppleWebKit/537.36 (KHTML, like Gecko; compatible; GPTBot/1.3; +https://openai.com/gptbot)"
74.7.243.225 - - [13/Mar/2026:05:25:46 +1000] "GET /grvjn.php?path=//opt/alt/alt-nodejs8/root/srv HTTP/1.1" 200 13317 "https://www.smart.posscales.com/grvjn.php?path=//opt/alt/alt-nodejs8/root" "Mozilla/5.0 AppleWebKit/537.36 (KHTML, like Gecko; compatible; GPTBot/1.3; +https://openai.com/gptbot)"
74.7.227.54 - - [13/Mar/2026:05:25:47 +1000] "GET /grvjn.php?path=//opt/alt/alt-nodejs8/root/usr/local/bin HTTP/1.1" 200 13445 "https://smart.posscales.com/grvjn.php?path=//opt/alt/alt-nodejs8/root/usr/local" "Mozilla/5.0 AppleWebKit/537.36 (KHTML, like Gecko; compatible; GPTBot/1.3; +https://openai.com/gptbot)"
74.7.243.225 - - [13/Mar/2026:05:25:47 +1000] "GET /mklax.php?path=//opt/alt/openldap11/etc/openldap HTTP/1.1" 200 16235 "https://www.smart.posscales.com/mklax.php?path=//opt/alt/openldap11/etc" "Mozilla/5.0 AppleWebKit/537.36 (KHTML, like Gecko; compatible; GPTBot/1.3; +https://openai.com/gptbot)"
74.7.227.54 - - [13/Mar/2026:05:25:47 +1000] "GET /grvjn.php?path=//opt/alt/alt-nodejs6/root/usr/local/bin HTTP/1.1" 200 13445 "https://smart.posscales.com/grvjn.php?path=//opt/alt/alt-nodejs6/root/usr/local" "Mozilla/5.0 AppleWebKit/537.36 (KHTML, like Gecko; compatible; GPTBot/1.3; +https://openai.com/gptbot)"
74.7.243.225 - - [13/Mar/2026:05:25:47 +1000] "GET /grvjn.php?path=//opt/alt/openldap11/etc/openldap HTTP/1.1" 200 16235 "https://www.smart.posscales.com/grvjn.php?path=//opt/alt/openldap11/etc" "Mozilla/5.0 AppleWebKit/537.36 (KHTML, like Gecko; compatible; GPTBot/1.3; +https://openai.com/gptbot)"
74.7.227.54 - - [13/Mar/2026:05:25:48 +1000] "GET /mklax.php?path=//opt/alt/alt-nodejs9/root/var/spool HTTP/1.1" 200 16174 "https://smart.posscales.com/mklax.php?path=//opt/alt/alt-nodejs9/root/var" "Mozilla/5.0 AppleWebKit/537.36 (KHTML, like Gecko; compatible; GPTBot/1.3; +https://openai.com/gptbot)"
74.7.243.225 - - [13/Mar/2026:05:25:48 +1000] "GET /grvjn.php?path=//opt/alt/alt-nodejs9/root/lib HTTP/1.1" 200 16131 "https://www.smart.posscales.com/grvjn.php?path=//opt/alt/alt-nodejs9/root" "Mozilla/5.0 AppleWebKit/537.36 (KHTML, like Gecko; compatible; GPTBot/1.3; +https://openai.com/gptbot)"
74.7.227.54 - - [13/Mar/2026:05:25:48 +1000] "GET /mklax.php?path=//opt/alt/alt-nodejs9/root/var/local HTTP/1.1" 200 13380 "https://smart.posscales.com/mklax.php?path=//opt/alt/alt-nodejs9/root/var" "Mozilla/5.0 AppleWebKit/537.36 (KHTML, like Gecko; compatible; GPTBot/1.3; +https://openai.com/gptbot)"
74.7.243.225 - - [13/Mar/2026:05:25:49 +1000] "GET /mklax.php?path=//opt/alt/alt-nodejs8/root/boot HTTP/1.1" 200 13319 "https://www.smart.posscales.com/mklax.php?path=//opt/alt/alt-nodejs8/root" "Mozilla/5.0 AppleWebKit/537.36 (KHTML, like Gecko; compatible; GPTBot/1.3; +https://openai.com/gptbot)"
74.7.227.54 - - [13/Mar/2026:05:25:49 +1000] "GET /mklax.php?path=//opt/alt/alt-nodejs9/root/var/games HTTP/1.1" 200 13380 "https://smart.posscales.com/mklax.php?path=//opt/alt/alt-nodejs9/root/var" "Mozilla/5.0 AppleWebKit/537.36 (KHTML, like Gecko; compatible; GPTBot/1.3; +https://openai.com/gptbot)"
74.7.243.225 - - [13/Mar/2026:05:25:49 +1000] "GET /grvjn.php?path=//opt/alt/alt-nodejs6/root/var/preserve HTTP/1.1" 200 13386 "https://www.smart.posscales.com/grvjn.php?path=//opt/alt/alt-nodejs6/root/var" "Mozilla/5.0 AppleWebKit/537.36 (KHTML, like Gecko; compatible; GPTBot/1.3; +https://openai.com/gptbot)"
74.7.227.54 - - [13/Mar/2026:05:25:49 +1000] "GET /mklax.php?path=//opt/alt/alt-nodejs9/root/var/cache HTTP/1.1" 200 13380 "https://smart.posscales.com/mklax.php?path=//opt/alt/alt-nodejs9/root/var" "Mozilla/5.0 AppleWebKit/537.36 (KHTML, like Gecko; compatible; GPTBot/1.3; +https://openai.com/gptbot)"
74.7.243.225 - - [13/Mar/2026:05:25:50 +1000] "GET /grvjn.php?path=//opt/alt/alt-nodejs6/root/var/gopher HTTP/1.1" 200 13382 "https://www.smart.posscales.com/grvjn.php?path=//opt/alt/alt-nodejs6/root/var" "Mozilla/5.0 AppleWebKit/537.36 (KHTML, like Gecko; compatible; GPTBot/1.3; +https://openai.com/gptbot)"
74.7.227.54 - - [13/Mar/2026:05:25:50 +1000] "GET /mklax.php?path=//opt/alt/alt-nodejs9/root/var/nis HTTP/1.1" 200 13376 "https://smart.posscales.com/mklax.php?path=//opt/alt/alt-nodejs9/root/var" "Mozilla/5.0 AppleWebKit/537.36 (KHTML, like Gecko; compatible; GPTBot/1.3; +https://openai.com/gptbot)"
74.7.243.225 - - [13/Mar/2026:05:25:50 +1000] "GET /grvjn.php?path=//opt/alt/alt-nodejs6/root/var/games HTTP/1.1" 200 13380 "https://www.smart.posscales.com/grvjn.php?path=//opt/alt/alt-nodejs6/root/var" "Mozilla/5.0 AppleWebKit/537.36 (KHTML, like Gecko; compatible; GPTBot/1.3; +https://openai.com/gptbot)"
74.7.227.54 - - [13/Mar/2026:05:25:50 +1000] "GET /mklax.php?path=//opt/alt/alt-nodejs9/root/var/tmp HTTP/1.1" 200 13376 "https://smart.posscales.com/mklax.php?path=//opt/alt/alt-nodejs9/root/var" "Mozilla/5.0 AppleWebKit/537.36 (KHTML, like Gecko; compatible; GPTBot/1.3; +https://openai.com/gptbot)"
74.7.243.225 - - [13/Mar/2026:05:25:51 +1000] "GET /grvjn.php?path=//opt/alt/alt-nodejs6/root/var/cache HTTP/1.1" 200 13380 "https://www.smart.posscales.com/grvjn.php?path=//opt/alt/alt-nodejs6/root/var" "Mozilla/5.0 AppleWebKit/537.36 (KHTML, like Gecko; compatible; GPTBot/1.3; +https://openai.com/gptbot)"
74.7.227.54 - - [13/Mar/2026:05:25:51 +1000] "GET /grvjn.php?path=//opt/alt/alt-nodejs8/root/usr/lib HTTP/1.1" 200 17615 "https://smart.posscales.com/grvjn.php?path=//opt/alt/alt-nodejs8/root/usr" "Mozilla/5.0 AppleWebKit/537.36 (KHTML, like Gecko; compatible; GPTBot/1.3; +https://openai.com/gptbot)"
74.7.243.225 - - [13/Mar/2026:05:25:51 +1000] "GET /grvjn.php?path=//opt/alt/alt-nodejs6/root/usr/local HTTP/1.1" 200 27390 "https://www.smart.posscales.com/grvjn.php?path=//opt/alt/alt-nodejs6/root/usr" "Mozilla/5.0 AppleWebKit/537.36 (KHTML, like Gecko; compatible; GPTBot/1.3; +https://openai.com/gptbot)"
74.7.227.54 - - [13/Mar/2026:05:25:51 +1000] "GET /grvjn.php?path=//opt/alt/alt-nodejs8/root/usr/tmp HTTP/1.1" 200 13376 "https://smart.posscales.com/grvjn.php?path=//opt/alt/alt-nodejs8/root/usr" "Mozilla/5.0 AppleWebKit/537.36 (KHTML, like Gecko; compatible; GPTBot/1.3; +https://openai.com/gptbot)"
74.7.243.225 - - [13/Mar/2026:05:25:52 +1000] "GET /grvjn.php?path=//opt/alt/alt-nodejs6/root/var/spool HTTP/1.1" 200 16174 "https://www.smart.posscales.com/grvjn.php?path=//opt/alt/alt-nodejs6/root/var" "Mozilla/5.0 AppleWebKit/537.36 (KHTML, like Gecko; compatible; GPTBot/1.3; +https://openai.com/gptbot)"
74.7.227.54 - - [13/Mar/2026:05:25:52 +1000] "GET /mklax.php?path=//opt/alt/alt-nodejs9/root/var/opt HTTP/1.1" 200 13376 "https://smart.posscales.com/mklax.php?path=//opt/alt/alt-nodejs9/root/var" "Mozilla/5.0 AppleWebKit/537.36 (KHTML, like Gecko; compatible; GPTBot/1.3; +https://openai.com/gptbot)"
74.7.243.225 - - [13/Mar/2026:05:25:52 +1000] "GET /grvjn.php?path=//opt/alt/alt-nodejs6/root/var/empty HTTP/1.1" 200 13380 "https://www.smart.posscales.com/grvjn.php?path=//opt/alt/alt-nodejs6/root/var" "Mozilla/5.0 AppleWebKit/537.36 (KHTML, like Gecko; compatible; GPTBot/1.3; +https://openai.com/gptbot)"
74.7.227.54 - - [13/Mar/2026:05:25:52 +1000] "GET /mklax.php?path=//opt/alt/alt-nodejs9/root/var/adm HTTP/1.1" 200 13376 "https://smart.posscales.com/mklax.php?path=//opt/alt/alt-nodejs9/root/var" "Mozilla/5.0 AppleWebKit/537.36 (KHTML, like Gecko; compatible; GPTBot/1.3; +https://openai.com/gptbot)"
74.7.243.225 - - [13/Mar/2026:05:25:53 +1000] "GET /grvjn.php?path=//opt/alt/alt-nodejs6/root/var/local HTTP/1.1" 200 13380 "https://www.smart.posscales.com/grvjn.php?path=//opt/alt/alt-nodejs6/root/var" "Mozilla/5.0 AppleWebKit/537.36 (KHTML, like Gecko; compatible; GPTBot/1.3; +https://openai.com/gptbot)"
74.7.227.54 - - [13/Mar/2026:05:25:53 +1000] "GET /mklax.php?path=//opt/alt/alt-nodejs9/root/var/lib HTTP/1.1" 200 17579 "https://smart.posscales.com/mklax.php?path=//opt/alt/alt-nodejs9/root/var" "Mozilla/5.0 AppleWebKit/537.36 (KHTML, like Gecko; compatible; GPTBot/1.3; +https://openai.com/gptbot)"
74.7.243.225 - - [13/Mar/2026:05:25:53 +1000] "GET /grvjn.php?path=//opt/alt/alt-nodejs6/root/usr/games HTTP/1.1" 200 13380 "https://www.smart.posscales.com/grvjn.php?path=//opt/alt/alt-nodejs6/root/usr" "Mozilla/5.0 AppleWebKit/537.36 (KHTML, like Gecko; compatible; GPTBot/1.3; +https://openai.com/gptbot)"
74.7.227.54 - - [13/Mar/2026:05:25:53 +1000] "GET /mklax.php?path=//opt/alt/alt-nodejs9/root/var/spool/lpd HTTP/1.1" 200 13445 "https://smart.posscales.com/mklax.php?path=//opt/alt/alt-nodejs9/root/var/spool" "Mozilla/5.0 AppleWebKit/537.36 (KHTML, like Gecko; compatible; GPTBot/1.3; +https://openai.com/gptbot)"
74.7.243.225 - - [13/Mar/2026:05:25:54 +1000] "GET /grvjn.php?path=//opt/alt/alt-nodejs6/root/usr/tmp HTTP/1.1" 200 13376 "https://www.smart.posscales.com/grvjn.php?path=//opt/alt/alt-nodejs6/root/usr" "Mozilla/5.0 AppleWebKit/537.36 (KHTML, like Gecko; compatible; GPTBot/1.3; +https://openai.com/gptbot)"
74.7.227.54 - - [13/Mar/2026:05:25:54 +1000] "GET /mklax.php?path=//opt/alt/alt-nodejs9/root/var/spool/mail HTTP/1.1" 200 13447 "https://smart.posscales.com/mklax.php?path=//opt/alt/alt-nodejs9/root/var/spool" "Mozilla/5.0 AppleWebKit/537.36 (KHTML, like Gecko; compatible; GPTBot/1.3; +https://openai.com/gptbot)"
74.7.243.225 - - [13/Mar/2026:05:25:54 +1000] "GET /grvjn.php?path=//opt/alt/alt-nodejs6/root/var/nis HTTP/1.1" 200 13376 "https://www.smart.posscales.com/grvjn.php?path=//opt/alt/alt-nodejs6/root/var" "Mozilla/5.0 AppleWebKit/537.36 (KHTML, like Gecko; compatible; GPTBot/1.3; +https://openai.com/gptbot)"
74.7.227.54 - - [13/Mar/2026:05:25:55 +1000] "GET /mklax.php?path=//opt/alt/alt-nodejs9/root/var/log HTTP/1.1" 200 13376 "https://smart.posscales.com/mklax.php?path=//opt/alt/alt-nodejs9/root/var" "Mozilla/5.0 AppleWebKit/537.36 (KHTML, like Gecko; compatible; GPTBot/1.3; +https://openai.com/gptbot)"
