74.7.243.225 - - [13/Mar/2026:05:22:59 +1000] "GET /grvjn.php?fileloc=//lib/.build-id/b8/2ab0c6c3e3d1a0eb57a01dca9c1ff8f8120f79&path=//lib/.build-id/b8 HTTP/1.1" 200 58972 "https://www.smart.posscales.com/grvjn.php?path=//lib/.build-id/b8" "Mozilla/5.0 AppleWebKit/537.36 (KHTML, like Gecko; compatible; GPTBot/1.3; +https://openai.com/gptbot)"
74.7.227.54 - - [13/Mar/2026:05:22:59 +1000] "GET /mklax.php?path=/home/posscale/lfe.net.au/.well-known/acme-challenge HTTP/1.1" 200 13382 "https://smart.posscales.com/mklax.php?path=/home/posscale/lfe.net.au/.well-known" "Mozilla/5.0 AppleWebKit/537.36 (KHTML, like Gecko; compatible; GPTBot/1.3; +https://openai.com/gptbot)"
74.7.243.225 - - [13/Mar/2026:05:22:59 +1000] "GET /grvjn.php?path=//lib/.build-id/ae HTTP/1.1" 200 33721 "https://www.smart.posscales.com/grvjn.php?path=//lib/.build-id" "Mozilla/5.0 AppleWebKit/537.36 (KHTML, like Gecko; compatible; GPTBot/1.3; +https://openai.com/gptbot)"
74.7.227.54 - - [13/Mar/2026:05:22:59 +1000] "GET /mklax.php?fileloc=//lib64/python2.7/symbol.py&path=//lib64/python2.7 HTTP/1.1" 200 14897 "https://smart.posscales.com/mklax.php?path=//lib64/python2.7" "Mozilla/5.0 AppleWebKit/537.36 (KHTML, like Gecko; compatible; GPTBot/1.3; +https://openai.com/gptbot)"
74.7.243.225 - - [13/Mar/2026:05:23:00 +1000] "GET /grvjn.php?path=//lib/.build-id/cc HTTP/1.1" 200 33725 "https://www.smart.posscales.com/grvjn.php?path=//lib/.build-id" "Mozilla/5.0 AppleWebKit/537.36 (KHTML, like Gecko; compatible; GPTBot/1.3; +https://openai.com/gptbot)"
74.7.227.54 - - [13/Mar/2026:05:23:00 +1000] "GET /grvjn.php?path=//lib64/python3.6/importlib HTTP/1.1" 200 23686 "https://smart.posscales.com/grvjn.php?path=//lib64/python3.6" "Mozilla/5.0 AppleWebKit/537.36 (KHTML, like Gecko; compatible; GPTBot/1.3; +https://openai.com/gptbot)"
74.7.243.225 - - [13/Mar/2026:05:23:00 +1000] "GET /grvjn.php?path=//lib/.build-id/ee HTTP/1.1" 200 28994 "https://www.smart.posscales.com/grvjn.php?path=//lib/.build-id" "Mozilla/5.0 AppleWebKit/537.36 (KHTML, like Gecko; compatible; GPTBot/1.3; +https://openai.com/gptbot)"
74.7.227.54 - - [13/Mar/2026:05:23:00 +1000] "GET /mklax.php?path=//lib64/python3.8/json HTTP/1.1" 200 22006 "https://smart.posscales.com/mklax.php?path=//lib64/python3.8" "Mozilla/5.0 AppleWebKit/537.36 (KHTML, like Gecko; compatible; GPTBot/1.3; +https://openai.com/gptbot)"
74.7.243.225 - - [13/Mar/2026:05:23:01 +1000] "GET /grvjn.php?path=//lib/.build-id/be HTTP/1.1" 200 41607 "https://www.smart.posscales.com/grvjn.php?path=//lib/.build-id" "Mozilla/5.0 AppleWebKit/537.36 (KHTML, like Gecko; compatible; GPTBot/1.3; +https://openai.com/gptbot)"
74.7.227.54 - - [13/Mar/2026:05:23:01 +1000] "GET /grvjn.php?fileloc=//lib64/python3.6/pipes.py&path=//lib64/python3.6 HTTP/1.1" 200 22951 "https://smart.posscales.com/grvjn.php?path=//lib64/python3.6" "Mozilla/5.0 AppleWebKit/537.36 (KHTML, like Gecko; compatible; GPTBot/1.3; +https://openai.com/gptbot)"
74.7.243.225 - - [13/Mar/2026:05:23:01 +1000] "GET /grvjn.php?path=//lib/.build-id/eb HTTP/1.1" 200 24254 "https://www.smart.posscales.com/grvjn.php?path=//lib/.build-id" "Mozilla/5.0 AppleWebKit/537.36 (KHTML, like Gecko; compatible; GPTBot/1.3; +https://openai.com/gptbot)"
74.7.227.54 - - [13/Mar/2026:05:23:01 +1000] "GET /grvjn.php?fileloc=//lib64/python3.6/mailbox.py&path=//lib64/python3.6 HTTP/1.1" 200 101563 "https://smart.posscales.com/grvjn.php?path=//lib64/python3.6" "Mozilla/5.0 AppleWebKit/537.36 (KHTML, like Gecko; compatible; GPTBot/1.3; +https://openai.com/gptbot)"
74.7.243.225 - - [13/Mar/2026:05:23:02 +1000] "GET /grvjn.php?path=//lib/.build-id/cb HTTP/1.1" 200 30567 "https://www.smart.posscales.com/grvjn.php?path=//lib/.build-id" "Mozilla/5.0 AppleWebKit/537.36 (KHTML, like Gecko; compatible; GPTBot/1.3; +https://openai.com/gptbot)"
74.7.227.54 - - [13/Mar/2026:05:23:02 +1000] "GET /mklax.php?fileloc=//lib64/python2.7/getopt.pyc&path=//lib64/python2.7 HTTP/1.1" 200 19695 "https://smart.posscales.com/mklax.php?path=//lib64/python2.7" "Mozilla/5.0 AppleWebKit/537.36 (KHTML, like Gecko; compatible; GPTBot/1.3; +https://openai.com/gptbot)"
74.7.243.225 - - [13/Mar/2026:05:23:02 +1000] "GET /grvjn.php?path=//lib/.build-id/cd HTTP/1.1" 200 43183 "https://www.smart.posscales.com/grvjn.php?path=//lib/.build-id" "Mozilla/5.0 AppleWebKit/537.36 (KHTML, like Gecko; compatible; GPTBot/1.3; +https://openai.com/gptbot)"
74.7.227.54 - - [13/Mar/2026:05:23:02 +1000] "GET /mklax.php?path=/home/posscale/public_html/printmanager/vendor/spatie/color/src HTTP/1.1" 200 44845 "https://smart.posscales.com/mklax.php?path=/home/posscale/public_html/printmanager/vendor/spatie/color" "Mozilla/5.0 AppleWebKit/537.36 (KHTML, like Gecko; compatible; GPTBot/1.3; +https://openai.com/gptbot)"
74.7.243.225 - - [13/Mar/2026:05:23:03 +1000] "GET /grvjn.php?path=//lib/.build-id/bc HTTP/1.1" 200 33726 "https://www.smart.posscales.com/grvjn.php?path=//lib/.build-id" "Mozilla/5.0 AppleWebKit/537.36 (KHTML, like Gecko; compatible; GPTBot/1.3; +https://openai.com/gptbot)"
74.7.227.54 - - [13/Mar/2026:05:23:03 +1000] "GET /grvjn.php?path=//lib64/python3.6/unittest HTTP/1.1" 200 31039 "https://smart.posscales.com/grvjn.php?path=//lib64/python3.6" "Mozilla/5.0 AppleWebKit/537.36 (KHTML, like Gecko; compatible; GPTBot/1.3; +https://openai.com/gptbot)"
74.7.243.225 - - [13/Mar/2026:05:23:03 +1000] "GET /grvjn.php?path=//lib/.build-id/fb HTTP/1.1" 200 22675 "https://www.smart.posscales.com/grvjn.php?path=//lib/.build-id" "Mozilla/5.0 AppleWebKit/537.36 (KHTML, like Gecko; compatible; GPTBot/1.3; +https://openai.com/gptbot)"
74.7.227.54 - - [13/Mar/2026:05:23:03 +1000] "GET /mklax.php?path=//lib64/python3.8/importlib HTTP/1.1" 200 26701 "https://smart.posscales.com/mklax.php?path=//lib64/python3.8" "Mozilla/5.0 AppleWebKit/537.36 (KHTML, like Gecko; compatible; GPTBot/1.3; +https://openai.com/gptbot)"
74.7.243.225 - - [13/Mar/2026:05:23:04 +1000] "GET /grvjn.php?path=//lib/.build-id/af HTTP/1.1" 200 35298 "https://www.smart.posscales.com/grvjn.php?path=//lib/.build-id" "Mozilla/5.0 AppleWebKit/537.36 (KHTML, like Gecko; compatible; GPTBot/1.3; +https://openai.com/gptbot)"
74.7.227.54 - - [13/Mar/2026:05:23:04 +1000] "GET /mklax.php?path=//lib64/python2.7/importlib HTTP/1.1" 200 17755 "https://smart.posscales.com/mklax.php?path=//lib64/python2.7" "Mozilla/5.0 AppleWebKit/537.36 (KHTML, like Gecko; compatible; GPTBot/1.3; +https://openai.com/gptbot)"
74.7.243.225 - - [13/Mar/2026:05:23:04 +1000] "GET /grvjn.php?path=//lib/.build-id/ff HTTP/1.1" 200 40039 "https://www.smart.posscales.com/grvjn.php?path=//lib/.build-id" "Mozilla/5.0 AppleWebKit/537.36 (KHTML, like Gecko; compatible; GPTBot/1.3; +https://openai.com/gptbot)"
74.7.227.54 - - [13/Mar/2026:05:23:05 +1000] "GET /mklax.php?path=/home/posscale/public_html/aastra/call_stats HTTP/1.1" 200 16707 "https://smart.posscales.com/mklax.php?path=/home/posscale/public_html/aastra" "Mozilla/5.0 AppleWebKit/537.36 (KHTML, like Gecko; compatible; GPTBot/1.3; +https://openai.com/gptbot)"
74.7.243.225 - - [13/Mar/2026:05:23:05 +1000] "GET /grvjn.php?path=//lib/.build-id/ed HTTP/1.1" 200 36880 "https://www.smart.posscales.com/grvjn.php?path=//lib/.build-id" "Mozilla/5.0 AppleWebKit/537.36 (KHTML, like Gecko; compatible; GPTBot/1.3; +https://openai.com/gptbot)"
74.7.227.54 - - [13/Mar/2026:05:23:05 +1000] "GET /grvjn.php?path=//lib64/python3.6/multiprocessing HTTP/1.1" 200 46786 "https://smart.posscales.com/grvjn.php?path=//lib64/python3.6" "Mozilla/5.0 AppleWebKit/537.36 (KHTML, like Gecko; compatible; GPTBot/1.3; +https://openai.com/gptbot)"
74.7.243.225 - - [13/Mar/2026:05:23:05 +1000] "GET /grvjn.php?path=//lib/.build-id/ac HTTP/1.1" 200 36874 "https://www.smart.posscales.com/grvjn.php?path=//lib/.build-id" "Mozilla/5.0 AppleWebKit/537.36 (KHTML, like Gecko; compatible; GPTBot/1.3; +https://openai.com/gptbot)"
74.7.227.54 - - [13/Mar/2026:05:23:06 +1000] "GET /mklax.php?path=//lib64/python2.7/multiprocessing HTTP/1.1" 200 69723 "https://smart.posscales.com/mklax.php?path=//lib64/python2.7" "Mozilla/5.0 AppleWebKit/537.36 (KHTML, like Gecko; compatible; GPTBot/1.3; +https://openai.com/gptbot)"
74.7.243.225 - - [13/Mar/2026:05:23:06 +1000] "GET /grvjn.php?path=//lib/.build-id/bf HTTP/1.1" 200 30566 "https://www.smart.posscales.com/grvjn.php?path=//lib/.build-id" "Mozilla/5.0 AppleWebKit/537.36 (KHTML, like Gecko; compatible; GPTBot/1.3; +https://openai.com/gptbot)"
74.7.227.54 - - [13/Mar/2026:05:23:06 +1000] "GET /mklax.php?path=//lib64/python3.8/multiprocessing HTTP/1.1" 200 48340 "https://smart.posscales.com/mklax.php?path=//lib64/python3.8" "Mozilla/5.0 AppleWebKit/537.36 (KHTML, like Gecko; compatible; GPTBot/1.3; +https://openai.com/gptbot)"
74.7.243.225 - - [13/Mar/2026:05:23:06 +1000] "GET /grvjn.php?path=//lib/.build-id/ca HTTP/1.1" 200 35300 "https://www.smart.posscales.com/grvjn.php?path=//lib/.build-id" "Mozilla/5.0 AppleWebKit/537.36 (KHTML, like Gecko; compatible; GPTBot/1.3; +https://openai.com/gptbot)"
74.7.227.54 - - [13/Mar/2026:05:23:07 +1000] "GET /mklax.php?path=//lib64/python2.7/plat-linux2 HTTP/1.1" 200 32733 "https://smart.posscales.com/mklax.php?path=//lib64/python2.7" "Mozilla/5.0 AppleWebKit/537.36 (KHTML, like Gecko; compatible; GPTBot/1.3; +https://openai.com/gptbot)"
74.7.243.225 - - [13/Mar/2026:05:23:07 +1000] "GET /grvjn.php?path=//lib/.build-id/df HTTP/1.1" 200 38456 "https://www.smart.posscales.com/grvjn.php?path=//lib/.build-id" "Mozilla/5.0 AppleWebKit/537.36 (KHTML, like Gecko; compatible; GPTBot/1.3; +https://openai.com/gptbot)"
74.7.227.54 - - [13/Mar/2026:05:23:07 +1000] "GET /grvjn.php?path=//lib64/python3.6/distutils HTTP/1.1" 200 59727 "https://smart.posscales.com/grvjn.php?path=//lib64/python3.6" "Mozilla/5.0 AppleWebKit/537.36 (KHTML, like Gecko; compatible; GPTBot/1.3; +https://openai.com/gptbot)"
74.7.243.225 - - [13/Mar/2026:05:23:07 +1000] "GET /grvjn.php?path=//lib/.build-id/fa HTTP/1.1" 200 35312 "https://www.smart.posscales.com/grvjn.php?path=//lib/.build-id" "Mozilla/5.0 AppleWebKit/537.36 (KHTML, like Gecko; compatible; GPTBot/1.3; +https://openai.com/gptbot)"
74.7.227.54 - - [13/Mar/2026:05:23:08 +1000] "GET /mklax.php?path=//lib64/python3.8/unittest HTTP/1.1" 200 32546 "https://smart.posscales.com/mklax.php?path=//lib64/python3.8" "Mozilla/5.0 AppleWebKit/537.36 (KHTML, like Gecko; compatible; GPTBot/1.3; +https://openai.com/gptbot)"
74.7.243.225 - - [13/Mar/2026:05:23:08 +1000] "GET /grvjn.php?path=//lib/.build-id/ab HTTP/1.1" 200 35304 "https://www.smart.posscales.com/grvjn.php?path=//lib/.build-id" "Mozilla/5.0 AppleWebKit/537.36 (KHTML, like Gecko; compatible; GPTBot/1.3; +https://openai.com/gptbot)"
74.7.227.54 - - [13/Mar/2026:05:23:08 +1000] "GET /mklax.php?path=//lib64/python2.7/unittest HTTP/1.1" 200 59450 "https://smart.posscales.com/mklax.php?path=//lib64/python2.7" "Mozilla/5.0 AppleWebKit/537.36 (KHTML, like Gecko; compatible; GPTBot/1.3; +https://openai.com/gptbot)"
74.7.243.225 - - [13/Mar/2026:05:23:08 +1000] "GET /grvjn.php?path=//lib/.build-id/db HTTP/1.1" 200 52663 "https://www.smart.posscales.com/grvjn.php?path=//lib/.build-id" "Mozilla/5.0 AppleWebKit/537.36 (KHTML, like Gecko; compatible; GPTBot/1.3; +https://openai.com/gptbot)"
74.7.227.54 - - [13/Mar/2026:05:23:09 +1000] "GET /grvjn.php?path=//lib64/python3.6/ensurepip HTTP/1.1" 200 19155 "https://smart.posscales.com/grvjn.php?path=//lib64/python3.6" "Mozilla/5.0 AppleWebKit/537.36 (KHTML, like Gecko; compatible; GPTBot/1.3; +https://openai.com/gptbot)"
74.7.243.225 - - [13/Mar/2026:05:23:09 +1000] "GET /grvjn.php?path=//lib/.build-id/aa HTTP/1.1" 200 35301 "https://www.smart.posscales.com/grvjn.php?path=//lib/.build-id" "Mozilla/5.0 AppleWebKit/537.36 (KHTML, like Gecko; compatible; GPTBot/1.3; +https://openai.com/gptbot)"
74.7.227.54 - - [13/Mar/2026:05:23:09 +1000] "GET /mklax.php?path=//lib64/python2.7/distutils HTTP/1.1" 200 146124 "https://smart.posscales.com/mklax.php?path=//lib64/python2.7" "Mozilla/5.0 AppleWebKit/537.36 (KHTML, like Gecko; compatible; GPTBot/1.3; +https://openai.com/gptbot)"
74.7.243.225 - - [13/Mar/2026:05:23:10 +1000] "GET /grvjn.php?path=//lib/.build-id/bd HTTP/1.1" 200 36878 "https://www.smart.posscales.com/grvjn.php?path=//lib/.build-id" "Mozilla/5.0 AppleWebKit/537.36 (KHTML, like Gecko; compatible; GPTBot/1.3; +https://openai.com/gptbot)"
74.7.227.54 - - [13/Mar/2026:05:23:10 +1000] "GET /mklax.php?path=//lib64/python2.7/compiler HTTP/1.1" 200 62694 "https://smart.posscales.com/mklax.php?path=//lib64/python2.7" "Mozilla/5.0 AppleWebKit/537.36 (KHTML, like Gecko; compatible; GPTBot/1.3; +https://openai.com/gptbot)"
74.7.243.225 - - [13/Mar/2026:05:23:10 +1000] "GET /grvjn.php?path=//lib/.build-id/bb HTTP/1.1" 200 32141 "https://www.smart.posscales.com/grvjn.php?path=//lib/.build-id" "Mozilla/5.0 AppleWebKit/537.36 (KHTML, like Gecko; compatible; GPTBot/1.3; +https://openai.com/gptbot)"
74.7.227.54 - - [13/Mar/2026:05:23:10 +1000] "GET /grvjn.php?path=//lib64/python3.6/concurrent HTTP/1.1" 200 17533 "https://smart.posscales.com/grvjn.php?path=//lib64/python3.6" "Mozilla/5.0 AppleWebKit/537.36 (KHTML, like Gecko; compatible; GPTBot/1.3; +https://openai.com/gptbot)"
74.7.243.225 - - [13/Mar/2026:05:23:11 +1000] "GET /grvjn.php?path=//lib/.build-id/ba HTTP/1.1" 200 27413 "https://www.smart.posscales.com/grvjn.php?path=//lib/.build-id" "Mozilla/5.0 AppleWebKit/537.36 (KHTML, like Gecko; compatible; GPTBot/1.3; +https://openai.com/gptbot)"
74.7.227.54 - - [13/Mar/2026:05:23:11 +1000] "GET /grvjn.php?fileloc=//lib64/python3.6/multiprocessing/popen_fork.py&path=//lib64/python3.6/multiprocessing HTTP/1.1" 200 15187 "https://smart.posscales.com/grvjn.php?path=//lib64/python3.6/multiprocessing" "Mozilla/5.0 AppleWebKit/537.36 (KHTML, like Gecko; compatible; GPTBot/1.3; +https://openai.com/gptbot)"
74.7.243.225 - - [13/Mar/2026:05:23:11 +1000] "GET /mklax.php?path=//lib/.build-id/cf HTTP/1.1" 200 33720 "https://www.smart.posscales.com/mklax.php?path=//lib/.build-id" "Mozilla/5.0 AppleWebKit/537.36 (KHTML, like Gecko; compatible; GPTBot/1.3; +https://openai.com/gptbot)"
74.7.227.54 - - [13/Mar/2026:05:23:11 +1000] "GET /grvjn.php?path=//lib64/python3.6/multiprocessing/dummy HTTP/1.1" 200 17860 "https://smart.posscales.com/grvjn.php?path=//lib64/python3.6/multiprocessing" "Mozilla/5.0 AppleWebKit/537.36 (KHTML, like Gecko; compatible; GPTBot/1.3; +https://openai.com/gptbot)"
74.7.243.225 - - [13/Mar/2026:05:23:12 +1000] "GET /mklax.php?path=//lib/.build-id/bf HTTP/1.1" 200 30566 "https://www.smart.posscales.com/mklax.php?path=//lib/.build-id" "Mozilla/5.0 AppleWebKit/537.36 (KHTML, like Gecko; compatible; GPTBot/1.3; +https://openai.com/gptbot)"
74.7.227.54 - - [13/Mar/2026:05:23:12 +1000] "GET /mklax.php?fileloc=//lib64/python2.7/multiprocessing/heap.pyo&path=//lib64/python2.7/multiprocessing HTTP/1.1" 200 19667 "https://smart.posscales.com/mklax.php?path=//lib64/python2.7/multiprocessing" "Mozilla/5.0 AppleWebKit/537.36 (KHTML, like Gecko; compatible; GPTBot/1.3; +https://openai.com/gptbot)"
74.7.243.225 - - [13/Mar/2026:05:23:12 +1000] "GET /grvjn.php?path=//lib/.build-id/dd HTTP/1.1" 200 25834 "https://www.smart.posscales.com/grvjn.php?path=//lib/.build-id" "Mozilla/5.0 AppleWebKit/537.36 (KHTML, like Gecko; compatible; GPTBot/1.3; +https://openai.com/gptbot)"
74.7.227.54 - - [13/Mar/2026:05:23:12 +1000] "GET /mklax.php?fileloc=//lib64/python3.8/multiprocessing/managers.py&path=//lib64/python3.8/multiprocessing HTTP/1.1" 200 66528 "https://smart.posscales.com/mklax.php?path=//lib64/python3.8/multiprocessing" "Mozilla/5.0 AppleWebKit/537.36 (KHTML, like Gecko; compatible; GPTBot/1.3; +https://openai.com/gptbot)"
74.7.243.225 - - [13/Mar/2026:05:23:13 +1000] "GET /mklax.php?path=/home/posscale/perl HTTP/1.1" 200 14564 "https://www.smart.posscales.com/mklax.php?path=/home/posscale" "Mozilla/5.0 AppleWebKit/537.36 (KHTML, like Gecko; compatible; GPTBot/1.3; +https://openai.com/gptbot)"
74.7.227.54 - - [13/Mar/2026:05:23:13 +1000] "GET /mklax.php?path=//lib64/python2.7/multiprocessing/dummy HTTP/1.1" 200 22668 "https://smart.posscales.com/mklax.php?path=//lib64/python2.7/multiprocessing" "Mozilla/5.0 AppleWebKit/537.36 (KHTML, like Gecko; compatible; GPTBot/1.3; +https://openai.com/gptbot)"
74.7.243.225 - - [13/Mar/2026:05:23:13 +1000] "GET /grvjn.php?path=//lib/python3.12 HTTP/1.1" 200 14545 "https://www.smart.posscales.com/grvjn.php?path=//lib" "Mozilla/5.0 AppleWebKit/537.36 (KHTML, like Gecko; compatible; GPTBot/1.3; +https://openai.com/gptbot)"
74.7.227.54 - - [13/Mar/2026:05:23:13 +1000] "GET /mklax.php?path=//lib64/python3.8/multiprocessing/dummy HTTP/1.1" 200 17860 "https://smart.posscales.com/mklax.php?path=//lib64/python3.8/multiprocessing" "Mozilla/5.0 AppleWebKit/537.36 (KHTML, like Gecko; compatible; GPTBot/1.3; +https://openai.com/gptbot)"
74.7.243.225 - - [13/Mar/2026:05:23:14 +1000] "GET /grvjn.php?path=//lib64/sasl2 HTTP/1.1" 200 35169 "https://www.smart.posscales.com/grvjn.php?path=//lib64" "Mozilla/5.0 AppleWebKit/537.36 (KHTML, like Gecko; compatible; GPTBot/1.3; +https://openai.com/gptbot)"
74.7.227.54 - - [13/Mar/2026:05:23:14 +1000] "GET /grvjn.php?path=//lib64/python3.6/distutils/command HTTP/1.1" 200 51737 "https://smart.posscales.com/grvjn.php?path=//lib64/python3.6/distutils" "Mozilla/5.0 AppleWebKit/537.36 (KHTML, like Gecko; compatible; GPTBot/1.3; +https://openai.com/gptbot)"
74.7.243.225 - - [13/Mar/2026:05:23:14 +1000] "GET /grvjn.php?fileloc=//lib/.build-id/db/5023f4b1d28fa23c7a6e5e0e74d35f5f7415b9&path=//lib/.build-id/db HTTP/1.1" 200 28688 "https://www.smart.posscales.com/grvjn.php?path=//lib/.build-id/db" "Mozilla/5.0 AppleWebKit/537.36 (KHTML, like Gecko; compatible; GPTBot/1.3; +https://openai.com/gptbot)"
74.7.227.54 - - [13/Mar/2026:05:23:14 +1000] "GET /mklax.php?path=//lib64/python2.7/unittest/test HTTP/1.1" 200 82450 "https://smart.posscales.com/mklax.php?path=//lib64/python2.7/unittest" "Mozilla/5.0 AppleWebKit/537.36 (KHTML, like Gecko; compatible; GPTBot/1.3; +https://openai.com/gptbot)"
74.7.243.225 - - [13/Mar/2026:05:23:15 +1000] "GET /grvjn.php?path=//lib64/krb5 HTTP/1.1" 200 14503 "https://www.smart.posscales.com/grvjn.php?path=//lib64" "Mozilla/5.0 AppleWebKit/537.36 (KHTML, like Gecko; compatible; GPTBot/1.3; +https://openai.com/gptbot)"
74.7.227.54 - - [13/Mar/2026:05:23:15 +1000] "GET /mklax.php?path=//lib64/python2.7/distutils/command HTTP/1.1" 200 123012 "https://smart.posscales.com/mklax.php?path=//lib64/python2.7/distutils" "Mozilla/5.0 AppleWebKit/537.36 (KHTML, like Gecko; compatible; GPTBot/1.3; +https://openai.com/gptbot)"
74.7.243.225 - - [13/Mar/2026:05:23:15 +1000] "GET /grvjn.php?fileloc=//lib/.build-id/bd/d32b82d9c5d01a265fb5892149b9bc27d4fec0&path=//lib/.build-id/bd HTTP/1.1" 200 116816 "https://www.smart.posscales.com/grvjn.php?path=//lib/.build-id/bd" "Mozilla/5.0 AppleWebKit/537.36 (KHTML, like Gecko; compatible; GPTBot/1.3; +https://openai.com/gptbot)"
74.7.227.54 - - [13/Mar/2026:05:23:16 +1000] "GET /mklax.php?fileloc=//lib64/python2.7/compiler/syntax.pyo&path=//lib64/python2.7/compiler HTTP/1.1" 200 14774 "https://smart.posscales.com/mklax.php?path=//lib64/python2.7/compiler" "Mozilla/5.0 AppleWebKit/537.36 (KHTML, like Gecko; compatible; GPTBot/1.3; +https://openai.com/gptbot)"
74.7.227.54 - - [13/Mar/2026:05:23:16 +1000] "GET /grvjn.php?path=//lib64/python3.6/concurrent/futures HTTP/1.1" 200 20868 "https://smart.posscales.com/grvjn.php?path=//lib64/python3.6/concurrent" "Mozilla/5.0 AppleWebKit/537.36 (KHTML, like Gecko; compatible; GPTBot/1.3; +https://openai.com/gptbot)"
74.7.243.225 - - [13/Mar/2026:05:23:16 +1000] "GET /mklax.php?fileloc=//lib/.build-id/72/348bbb0237c65a5eab26a6b2aff4b9b03f0a75&path=//lib/.build-id/72 HTTP/1.1" 200 317198 "https://www.smart.posscales.com/mklax.php?path=//lib/.build-id/72" "Mozilla/5.0 AppleWebKit/537.36 (KHTML, like Gecko; compatible; GPTBot/1.3; +https://openai.com/gptbot)"
74.7.227.54 - - [13/Mar/2026:05:23:17 +1000] "GET /mklax.php?path=//lib64/python3.8/distutils HTTP/1.1" 200 59726 "https://smart.posscales.com/mklax.php?path=//lib64/python3.8" "Mozilla/5.0 AppleWebKit/537.36 (KHTML, like Gecko; compatible; GPTBot/1.3; +https://openai.com/gptbot)"
74.7.243.225 - - [13/Mar/2026:05:23:17 +1000] "GET /grvjn.php?path=//opt/imunify360/lib HTTP/1.1" 200 13215 "https://www.smart.posscales.com/grvjn.php?path=//opt/imunify360" "Mozilla/5.0 AppleWebKit/537.36 (KHTML, like Gecko; compatible; GPTBot/1.3; +https://openai.com/gptbot)"
74.7.227.54 - - [13/Mar/2026:05:23:17 +1000] "GET /grvjn.php?fileloc=//lib64/python3.6/multiprocessing/dummy/__init__.py&path=//lib64/python3.6/multiprocessing/dummy HTTP/1.1" 200 16037 "https://smart.posscales.com/grvjn.php?path=//lib64/python3.6/multiprocessing/dummy" "Mozilla/5.0 AppleWebKit/537.36 (KHTML, like Gecko; compatible; GPTBot/1.3; +https://openai.com/gptbot)"
74.7.243.225 - - [13/Mar/2026:05:23:17 +1000] "GET /mklax.php?path=/home/posscale/public_html/printmanager/vendor/nette/utils HTTP/1.1" 200 21577 "https://www.smart.posscales.com/mklax.php?path=/home/posscale/public_html/printmanager/vendor/nette" "Mozilla/5.0 AppleWebKit/537.36 (KHTML, like Gecko; compatible; GPTBot/1.3; +https://openai.com/gptbot)"
74.7.227.54 - - [13/Mar/2026:05:23:18 +1000] "GET /mklax.php?path=/home/posscale/public_html/aastra/ext42 HTTP/1.1" 200 19586 "https://smart.posscales.com/mklax.php?path=/home/posscale/public_html/aastra" "Mozilla/5.0 AppleWebKit/537.36 (KHTML, like Gecko; compatible; GPTBot/1.3; +https://openai.com/gptbot)"
74.7.243.225 - - [13/Mar/2026:05:23:18 +1000] "GET /mklax.php?path=/home/posscale/public_html/softwareupdate HTTP/1.1" 200 19194 "https://www.smart.posscales.com/mklax.php?path=/home/posscale/public_html" "Mozilla/5.0 AppleWebKit/537.36 (KHTML, like Gecko; compatible; GPTBot/1.3; +https://openai.com/gptbot)"
74.7.227.54 - - [13/Mar/2026:05:23:18 +1000] "GET /mklax.php?path=/home/posscale/public_html/aastra_update/57i HTTP/1.1" 200 19707 "https://smart.posscales.com/mklax.php?path=/home/posscale/public_html/aastra_update" "Mozilla/5.0 AppleWebKit/537.36 (KHTML, like Gecko; compatible; GPTBot/1.3; +https://openai.com/gptbot)"
74.7.243.225 - - [13/Mar/2026:05:23:18 +1000] "GET /mklax.php?path=//var/lib/net-snmp/mib_indexes HTTP/1.1" 200 14744 "https://www.smart.posscales.com/mklax.php?path=//var/lib/net-snmp" "Mozilla/5.0 AppleWebKit/537.36 (KHTML, like Gecko; compatible; GPTBot/1.3; +https://openai.com/gptbot)"
74.7.227.54 - - [13/Mar/2026:05:23:19 +1000] "GET /mklax.php?path=/home/posscale/public_html/printmanager/vendor/paragonie/constant_time_encoding/src HTTP/1.1" 200 32927 "https://smart.posscales.com/mklax.php?path=/home/posscale/public_html/printmanager/vendor/paragonie/constant_time_encoding" "Mozilla/5.0 AppleWebKit/537.36 (KHTML, like Gecko; compatible; GPTBot/1.3; +https://openai.com/gptbot)"
74.7.243.225 - - [13/Mar/2026:05:23:19 +1000] "GET /mklax.php?path=/home/posscale/perl/usr HTTP/1.1" 200 13260 "https://www.smart.posscales.com/mklax.php?path=/home/posscale/perl" "Mozilla/5.0 AppleWebKit/537.36 (KHTML, like Gecko; compatible; GPTBot/1.3; +https://openai.com/gptbot)"
74.7.227.54 - - [13/Mar/2026:05:23:19 +1000] "GET /grvjn.php?path=//lib64/python3.6/logging HTTP/1.1" 200 19108 "https://smart.posscales.com/grvjn.php?path=//lib64/python3.6" "Mozilla/5.0 AppleWebKit/537.36 (KHTML, like Gecko; compatible; GPTBot/1.3; +https://openai.com/gptbot)"
74.7.243.225 - - [13/Mar/2026:05:23:19 +1000] "GET /mklax.php?path=/home/posscale/public_html/printmanager/public/js/filament/forms/components HTTP/1.1" 200 29190 "https://www.smart.posscales.com/mklax.php?path=/home/posscale/public_html/printmanager/public/js/filament/forms" "Mozilla/5.0 AppleWebKit/537.36 (KHTML, like Gecko; compatible; GPTBot/1.3; +https://openai.com/gptbot)"
74.7.227.54 - - [13/Mar/2026:05:23:20 +1000] "GET /grvjn.php?path=//lib64/python3.6/encodings HTTP/1.1" 200 202690 "https://smart.posscales.com/grvjn.php?path=//lib64/python3.6" "Mozilla/5.0 AppleWebKit/537.36 (KHTML, like Gecko; compatible; GPTBot/1.3; +https://openai.com/gptbot)"
74.7.243.225 - - [13/Mar/2026:05:23:20 +1000] "GET /grvjn.php?path=//lib64/dovecot HTTP/1.1" 200 120928 "https://www.smart.posscales.com/grvjn.php?path=//lib64" "Mozilla/5.0 AppleWebKit/537.36 (KHTML, like Gecko; compatible; GPTBot/1.3; +https://openai.com/gptbot)"
74.7.243.225 - - [13/Mar/2026:05:23:20 +1000] "GET /mklax.php?path=/home/posscale/public_html/printmanager/public/js/filament/notifications HTTP/1.1" 200 15354 "https://www.smart.posscales.com/mklax.php?path=/home/posscale/public_html/printmanager/public/js/filament" "Mozilla/5.0 AppleWebKit/537.36 (KHTML, like Gecko; compatible; GPTBot/1.3; +https://openai.com/gptbot)"
74.7.227.54 - - [13/Mar/2026:05:23:21 +1000] "GET /mklax.php?path=//lib64/python2.7/ensurepip HTTP/1.1" 200 26825 "https://smart.posscales.com/mklax.php?path=//lib64/python2.7" "Mozilla/5.0 AppleWebKit/537.36 (KHTML, like Gecko; compatible; GPTBot/1.3; +https://openai.com/gptbot)"
74.7.243.225 - - [13/Mar/2026:05:23:21 +1000] "GET /grvjn.php?path=//lib64/krb5/plugins HTTP/1.1" 200 20000 "https://www.smart.posscales.com/grvjn.php?path=//lib64/krb5" "Mozilla/5.0 AppleWebKit/537.36 (KHTML, like Gecko; compatible; GPTBot/1.3; +https://openai.com/gptbot)"
74.7.227.54 - - [13/Mar/2026:05:23:21 +1000] "GET /mklax.php?path=//lib64/python3.8/ensurepip HTTP/1.1" 200 19155 "https://smart.posscales.com/mklax.php?path=//lib64/python3.8" "Mozilla/5.0 AppleWebKit/537.36 (KHTML, like Gecko; compatible; GPTBot/1.3; +https://openai.com/gptbot)"
74.7.243.225 - - [13/Mar/2026:05:23:22 +1000] "GET /mklax.php?path=/home/posscale/public_html/printmanager/vendor/spatie/error-solutions/src/Support HTTP/1.1" 200 17087 "https://www.smart.posscales.com/mklax.php?path=/home/posscale/public_html/printmanager/vendor/spatie/error-solutions/src" "Mozilla/5.0 AppleWebKit/537.36 (KHTML, like Gecko; compatible; GPTBot/1.3; +https://openai.com/gptbot)"
74.7.227.54 - - [13/Mar/2026:05:23:22 +1000] "GET /mklax.php?path=//lib64/python3.8/turtledemo HTTP/1.1" 200 47875 "https://smart.posscales.com/mklax.php?path=//lib64/python3.8" "Mozilla/5.0 AppleWebKit/537.36 (KHTML, like Gecko; compatible; GPTBot/1.3; +https://openai.com/gptbot)"
74.7.243.225 - - [13/Mar/2026:05:23:22 +1000] "GET /mklax.php?path=/home/posscale/public_html/printmanager/vendor/spatie/invade HTTP/1.1" 200 24947 "https://www.smart.posscales.com/mklax.php?path=/home/posscale/public_html/printmanager/vendor/spatie" "Mozilla/5.0 AppleWebKit/537.36 (KHTML, like Gecko; compatible; GPTBot/1.3; +https://openai.com/gptbot)"
74.7.227.54 - - [13/Mar/2026:05:23:22 +1000] "GET /mklax.php?path=/home/posscale/public_html/printmanager/vendor/laravel/pint/overrides HTTP/1.1" 200 15155 "https://smart.posscales.com/mklax.php?path=/home/posscale/public_html/printmanager/vendor/laravel/pint" "Mozilla/5.0 AppleWebKit/537.36 (KHTML, like Gecko; compatible; GPTBot/1.3; +https://openai.com/gptbot)"
74.7.243.225 - - [13/Mar/2026:05:23:23 +1000] "GET /mklax.php?path=/home/posscale/public_html/printmanager/vendor/psr/container HTTP/1.1" 200 21573 "https://www.smart.posscales.com/mklax.php?path=/home/posscale/public_html/printmanager/vendor/psr" "Mozilla/5.0 AppleWebKit/537.36 (KHTML, like Gecko; compatible; GPTBot/1.3; +https://openai.com/gptbot)"
74.7.227.54 - - [13/Mar/2026:05:23:23 +1000] "GET /mklax.php?path=//lib64/python3.8/distutils/command HTTP/1.1" 200 51735 "https://smart.posscales.com/mklax.php?path=//lib64/python3.8/distutils" "Mozilla/5.0 AppleWebKit/537.36 (KHTML, like Gecko; compatible; GPTBot/1.3; +https://openai.com/gptbot)"
74.7.243.225 - - [13/Mar/2026:05:23:23 +1000] "GET /mklax.php?path=/home/posscale/public_html/printmanager/vendor/nette/utils/src HTTP/1.1" 200 26642 "https://www.smart.posscales.com/mklax.php?path=/home/posscale/public_html/printmanager/vendor/nette/utils" "Mozilla/5.0 AppleWebKit/537.36 (KHTML, like Gecko; compatible; GPTBot/1.3; +https://openai.com/gptbot)"
74.7.227.54 - - [13/Mar/2026:05:23:23 +1000] "GET /mklax.php?path=/home/posscale/public_html/printmanager/vendor/spatie/laravel-package-tools HTTP/1.1" 200 20204 "https://smart.posscales.com/mklax.php?path=/home/posscale/public_html/printmanager/vendor/spatie" "Mozilla/5.0 AppleWebKit/537.36 (KHTML, like Gecko; compatible; GPTBot/1.3; +https://openai.com/gptbot)"
74.7.243.225 - - [13/Mar/2026:05:23:24 +1000] "GET /mklax.php?path=/home/posscale/public_html/softwareupdate/.htpasswds HTTP/1.1" 200 13387 "https://www.smart.posscales.com/mklax.php?path=/home/posscale/public_html/softwareupdate" "Mozilla/5.0 AppleWebKit/537.36 (KHTML, like Gecko; compatible; GPTBot/1.3; +https://openai.com/gptbot)"
74.7.227.54 - - [13/Mar/2026:05:23:24 +1000] "GET /mklax.php?path=/home/posscale/public_html/printmanager/vendor/laravel/sail/database/pgsql HTTP/1.1" 200 15505 "https://smart.posscales.com/mklax.php?path=/home/posscale/public_html/printmanager/vendor/laravel/sail/database" "Mozilla/5.0 AppleWebKit/537.36 (KHTML, like Gecko; compatible; GPTBot/1.3; +https://openai.com/gptbot)"
74.7.227.54 - - [13/Mar/2026:05:23:24 +1000] "GET /mklax.php?path=/home/posscale/public_html/printmanager/vendor/laravel/sail/database/mysql HTTP/1.1" 200 15500 "https://smart.posscales.com/mklax.php?path=/home/posscale/public_html/printmanager/vendor/laravel/sail/database" "Mozilla/5.0 AppleWebKit/537.36 (KHTML, like Gecko; compatible; GPTBot/1.3; +https://openai.com/gptbot)"
74.7.243.225 - - [13/Mar/2026:05:23:24 +1000] "GET /mklax.php?fileloc=//var/lib/net-snmp/mib_indexes/0&path=//var/lib/net-snmp/mib_indexes HTTP/1.1" 200 15214 "https://www.smart.posscales.com/mklax.php?path=//var/lib/net-snmp/mib_indexes" "Mozilla/5.0 AppleWebKit/537.36 (KHTML, like Gecko; compatible; GPTBot/1.3; +https://openai.com/gptbot)"
74.7.227.54 - - [13/Mar/2026:05:23:25 +1000] "GET /mklax.php?path=/home/posscale/public_html/printmanager/vendor/spatie/laravel-permission HTTP/1.1" 200 26572 "https://smart.posscales.com/mklax.php?path=/home/posscale/public_html/printmanager/vendor/spatie" "Mozilla/5.0 AppleWebKit/537.36 (KHTML, like Gecko; compatible; GPTBot/1.3; +https://openai.com/gptbot)"
74.7.243.225 - - [13/Mar/2026:05:23:25 +1000] "GET /mklax.php?path=/home/posscale/public_html/softwareupdate/.well-known HTTP/1.1" 200 14887 "https://www.smart.posscales.com/mklax.php?path=/home/posscale/public_html/softwareupdate" "Mozilla/5.0 AppleWebKit/537.36 (KHTML, like Gecko; compatible; GPTBot/1.3; +https://openai.com/gptbot)"
74.7.227.54 - - [13/Mar/2026:05:23:25 +1000] "GET /mklax.php?path=/home/posscale/public_html/pbx_bakups HTTP/1.1" 200 20449 "https://smart.posscales.com/mklax.php?path=/home/posscale/public_html" "Mozilla/5.0 AppleWebKit/537.36 (KHTML, like Gecko; compatible; GPTBot/1.3; +https://openai.com/gptbot)"
74.7.243.225 - - [13/Mar/2026:05:23:25 +1000] "GET /mklax.php?path=/home/posscale/public_html/softwareupdate/cgi-bin HTTP/1.1" 200 13381 "https://www.smart.posscales.com/mklax.php?path=/home/posscale/public_html/softwareupdate" "Mozilla/5.0 AppleWebKit/537.36 (KHTML, like Gecko; compatible; GPTBot/1.3; +https://openai.com/gptbot)"
74.7.227.54 - - [13/Mar/2026:05:23:26 +1000] "GET /grvjn.php?fileloc=//lib64/python3.6/encodings/cp500.py&path=//lib64/python3.6/encodings HTTP/1.1" 200 29366 "https://smart.posscales.com/grvjn.php?path=//lib64/python3.6/encodings" "Mozilla/5.0 AppleWebKit/537.36 (KHTML, like Gecko; compatible; GPTBot/1.3; +https://openai.com/gptbot)"
74.7.243.225 - - [13/Mar/2026:05:23:26 +1000] "GET /grvjn.php?path=//lib64/dovecot/auth HTTP/1.1" 200 16229 "https://www.smart.posscales.com/grvjn.php?path=//lib64/dovecot" "Mozilla/5.0 AppleWebKit/537.36 (KHTML, like Gecko; compatible; GPTBot/1.3; +https://openai.com/gptbot)"
74.7.227.54 - - [13/Mar/2026:05:23:26 +1000] "GET /grvjn.php?fileloc=//lib64/python3.6/encodings/gb18030.py&path=//lib64/python3.6/encodings HTTP/1.1" 200 13881 "https://smart.posscales.com/grvjn.php?path=//lib64/python3.6/encodings" "Mozilla/5.0 AppleWebKit/537.36 (KHTML, like Gecko; compatible; GPTBot/1.3; +https://openai.com/gptbot)"
74.7.243.225 - - [13/Mar/2026:05:23:26 +1000] "GET /grvjn.php?path=//lib64/dovecot/dict HTTP/1.1" 200 14726 "https://www.smart.posscales.com/grvjn.php?path=//lib64/dovecot" "Mozilla/5.0 AppleWebKit/537.36 (KHTML, like Gecko; compatible; GPTBot/1.3; +https://openai.com/gptbot)"
74.7.227.54 - - [13/Mar/2026:05:23:27 +1000] "GET /grvjn.php?fileloc=//lib64/python3.6/encodings/cp1258.py&path=//lib64/python3.6/encodings HTTP/1.1" 200 29610 "https://smart.posscales.com/grvjn.php?path=//lib64/python3.6/encodings" "Mozilla/5.0 AppleWebKit/537.36 (KHTML, like Gecko; compatible; GPTBot/1.3; +https://openai.com/gptbot)"
74.7.243.225 - - [13/Mar/2026:05:23:27 +1000] "GET /grvjn.php?path=//lib64/krb5/plugins/authdata HTTP/1.1" 200 14814 "https://www.smart.posscales.com/grvjn.php?path=//lib64/krb5/plugins" "Mozilla/5.0 AppleWebKit/537.36 (KHTML, like Gecko; compatible; GPTBot/1.3; +https://openai.com/gptbot)"
74.7.227.54 - - [13/Mar/2026:05:23:27 +1000] "GET /mklax.php?path=/home/posscale/public_html/.htpasswds HTTP/1.1" 200 13295 "https://smart.posscales.com/mklax.php?path=/home/posscale/public_html" "Mozilla/5.0 AppleWebKit/537.36 (KHTML, like Gecko; compatible; GPTBot/1.3; +https://openai.com/gptbot)"
74.7.243.225 - - [13/Mar/2026:05:23:27 +1000] "GET /grvjn.php?path=//lib64/krb5/plugins/preauth HTTP/1.1" 200 14768 "https://www.smart.posscales.com/grvjn.php?path=//lib64/krb5/plugins" "Mozilla/5.0 AppleWebKit/537.36 (KHTML, like Gecko; compatible; GPTBot/1.3; +https://openai.com/gptbot)"
74.7.227.54 - - [13/Mar/2026:05:23:28 +1000] "GET /mklax.php?path=/home/posscale/public_html/printmanager/vendor/filament/support/docs/08-plugins HTTP/1.1" 200 19097 "https://smart.posscales.com/mklax.php?path=/home/posscale/public_html/printmanager/vendor/filament/support/docs" "Mozilla/5.0 AppleWebKit/537.36 (KHTML, like Gecko; compatible; GPTBot/1.3; +https://openai.com/gptbot)"
74.7.243.225 - - [13/Mar/2026:05:23:28 +1000] "GET /grvjn.php?path=//lib64/krb5/plugins/libkrb5 HTTP/1.1" 200 14844 "https://www.smart.posscales.com/grvjn.php?path=//lib64/krb5/plugins" "Mozilla/5.0 AppleWebKit/537.36 (KHTML, like Gecko; compatible; GPTBot/1.3; +https://openai.com/gptbot)"
74.7.227.54 - - [13/Mar/2026:05:23:28 +1000] "GET /mklax.php?path=/home/posscale/public_html/printmanager/resources/views/email HTTP/1.1" 200 16549 "https://smart.posscales.com/mklax.php?path=/home/posscale/public_html/printmanager/resources/views" "Mozilla/5.0 AppleWebKit/537.36 (KHTML, like Gecko; compatible; GPTBot/1.3; +https://openai.com/gptbot)"
74.7.243.225 - - [13/Mar/2026:05:23:28 +1000] "GET /mklax.php?path=/home/posscale/public_html/printmanager/vendor/psr/container/src HTTP/1.1" 200 18810 "https://www.smart.posscales.com/mklax.php?path=/home/posscale/public_html/printmanager/vendor/psr/container" "Mozilla/5.0 AppleWebKit/537.36 (KHTML, like Gecko; compatible; GPTBot/1.3; +https://openai.com/gptbot)"
74.7.243.225 - - [13/Mar/2026:05:23:29 +1000] "GET /grvjn.php?path=//lib64/krb5/plugins/kdb HTTP/1.1" 200 13262 "https://www.smart.posscales.com/grvjn.php?path=//lib64/krb5/plugins" "Mozilla/5.0 AppleWebKit/537.36 (KHTML, like Gecko; compatible; GPTBot/1.3; +https://openai.com/gptbot)"
74.7.227.54 - - [13/Mar/2026:05:23:29 +1000] "GET /mklax.php?path=/home/posscale/public_html/printmanager/vendor/spatie/laravel-package-tools/src HTTP/1.1" 200 21842 "https://smart.posscales.com/mklax.php?path=/home/posscale/public_html/printmanager/vendor/spatie/laravel-package-tools" "Mozilla/5.0 AppleWebKit/537.36 (KHTML, like Gecko; compatible; GPTBot/1.3; +https://openai.com/gptbot)"
74.7.227.54 - - [13/Mar/2026:05:23:30 +1000] "GET /mklax.php?path=/home/posscale/public_html/printmanager/vendor/laravel/tinker HTTP/1.1" 200 21455 "https://smart.posscales.com/mklax.php?path=/home/posscale/public_html/printmanager/vendor/laravel" "Mozilla/5.0 AppleWebKit/537.36 (KHTML, like Gecko; compatible; GPTBot/1.3; +https://openai.com/gptbot)"
74.7.243.225 - - [13/Mar/2026:05:23:30 +1000] "GET /grvjn.php?path=//lib64/krb5/plugins/tls HTTP/1.1" 200 14744 "https://www.smart.posscales.com/grvjn.php?path=//lib64/krb5/plugins" "Mozilla/5.0 AppleWebKit/537.36 (KHTML, like Gecko; compatible; GPTBot/1.3; +https://openai.com/gptbot)"
74.7.227.54 - - [13/Mar/2026:05:23:30 +1000] "GET /mklax.php?path=/home/posscale/public_html/printmanager/resources/views/pages HTTP/1.1" 200 21903 "https://smart.posscales.com/mklax.php?path=/home/posscale/public_html/printmanager/resources/views" "Mozilla/5.0 AppleWebKit/537.36 (KHTML, like Gecko; compatible; GPTBot/1.3; +https://openai.com/gptbot)"
74.7.243.225 - - [13/Mar/2026:05:23:30 +1000] "GET /mklax.php?path=/home/posscale/public_html/printmanager/vendor/spatie/invade/src HTTP/1.1" 200 18646 "https://www.smart.posscales.com/mklax.php?path=/home/posscale/public_html/printmanager/vendor/spatie/invade" "Mozilla/5.0 AppleWebKit/537.36 (KHTML, like Gecko; compatible; GPTBot/1.3; +https://openai.com/gptbot)"
74.7.227.54 - - [13/Mar/2026:05:23:31 +1000] "GET /mklax.php?path=/home/posscale/public_html/printmanager/vendor/spatie/laravel-permission/src HTTP/1.1" 200 34922 "https://smart.posscales.com/mklax.php?path=/home/posscale/public_html/printmanager/vendor/spatie/laravel-permission" "Mozilla/5.0 AppleWebKit/537.36 (KHTML, like Gecko; compatible; GPTBot/1.3; +https://openai.com/gptbot)"
74.7.243.225 - - [13/Mar/2026:05:23:31 +1000] "GET /mklax.php?path=/home/posscale/public_html/printmanager/vendor/laravel/sail/stubs HTTP/1.1" 200 42021 "https://www.smart.posscales.com/mklax.php?path=/home/posscale/public_html/printmanager/vendor/laravel/sail" "Mozilla/5.0 AppleWebKit/537.36 (KHTML, like Gecko; compatible; GPTBot/1.3; +https://openai.com/gptbot)"
74.7.227.54 - - [13/Mar/2026:05:23:31 +1000] "GET /mklax.php?path=/home/posscale/public_html/pbx_bakups/sunstate_timbers HTTP/1.1" 200 16485 "https://smart.posscales.com/mklax.php?path=/home/posscale/public_html/pbx_bakups" "Mozilla/5.0 AppleWebKit/537.36 (KHTML, like Gecko; compatible; GPTBot/1.3; +https://openai.com/gptbot)"
74.7.243.225 - - [13/Mar/2026:05:23:31 +1000] "GET /mklax.php?path=/home/posscale/public_html/printmanager/resources/views/auth HTTP/1.1" 200 23673 "https://www.smart.posscales.com/mklax.php?path=/home/posscale/public_html/printmanager/resources/views" "Mozilla/5.0 AppleWebKit/537.36 (KHTML, like Gecko; compatible; GPTBot/1.3; +https://openai.com/gptbot)"
74.7.227.54 - - [13/Mar/2026:05:23:32 +1000] "GET /mklax.php?path=/home/posscale/public_html/pbx_bakups/austraw HTTP/1.1" 200 16404 "https://smart.posscales.com/mklax.php?path=/home/posscale/public_html/pbx_bakups" "Mozilla/5.0 AppleWebKit/537.36 (KHTML, like Gecko; compatible; GPTBot/1.3; +https://openai.com/gptbot)"
74.7.243.225 - - [13/Mar/2026:05:23:32 +1000] "GET /mklax.php?path=/home/posscale/public_html/printmanager/vendor/nesbot/carbon HTTP/1.1" 200 27870 "https://www.smart.posscales.com/mklax.php?path=/home/posscale/public_html/printmanager/vendor/nesbot" "Mozilla/5.0 AppleWebKit/537.36 (KHTML, like Gecko; compatible; GPTBot/1.3; +https://openai.com/gptbot)"
74.7.227.54 - - [13/Mar/2026:05:23:32 +1000] "GET /mklax.php?path=/home/posscale/public_html/pbx_bakups/fmm HTTP/1.1" 200 16368 "https://smart.posscales.com/mklax.php?path=/home/posscale/public_html/pbx_bakups" "Mozilla/5.0 AppleWebKit/537.36 (KHTML, like Gecko; compatible; GPTBot/1.3; +https://openai.com/gptbot)"
74.7.243.225 - - [13/Mar/2026:05:23:32 +1000] "GET /grvjn.php?fileloc=//lib64/dovecot/dict/libdriver_sqlite.so&path=//lib64/dovecot/dict HTTP/1.1" 200 60898 "https://www.smart.posscales.com/grvjn.php?path=//lib64/dovecot/dict" "Mozilla/5.0 AppleWebKit/537.36 (KHTML, like Gecko; compatible; GPTBot/1.3; +https://openai.com/gptbot)"
74.7.227.54 - - [13/Mar/2026:05:23:33 +1000] "GET /mklax.php?path=/home/posscale/public_html/printmanager/vendor/doctrine/lexer HTTP/1.1" 200 21599 "https://smart.posscales.com/mklax.php?path=/home/posscale/public_html/printmanager/vendor/doctrine" "Mozilla/5.0 AppleWebKit/537.36 (KHTML, like Gecko; compatible; GPTBot/1.3; +https://openai.com/gptbot)"
74.7.243.225 - - [13/Mar/2026:05:23:33 +1000] "GET /mklax.php?path=/home/posscale/public_html/printmanager/vendor/laravel/pint/builds HTTP/1.1" 200 15276 "https://www.smart.posscales.com/mklax.php?path=/home/posscale/public_html/printmanager/vendor/laravel/pint" "Mozilla/5.0 AppleWebKit/537.36 (KHTML, like Gecko; compatible; GPTBot/1.3; +https://openai.com/gptbot)"
74.7.227.54 - - [13/Mar/2026:05:23:33 +1000] "GET /mklax.php?path=/home/posscale/public_html/printmanager/vendor/stancl/tenancy HTTP/1.1" 200 28131 "https://smart.posscales.com/mklax.php?path=/home/posscale/public_html/printmanager/vendor/stancl" "Mozilla/5.0 AppleWebKit/537.36 (KHTML, like Gecko; compatible; GPTBot/1.3; +https://openai.com/gptbot)"
74.7.243.225 - - [13/Mar/2026:05:23:33 +1000] "GET /mklax.php?path=/home/posscale/public_html/printmanager/vendor/spatie/error-solutions/src/Contracts HTTP/1.1" 200 24433 "https://www.smart.posscales.com/mklax.php?path=/home/posscale/public_html/printmanager/vendor/spatie/error-solutions/src" "Mozilla/5.0 AppleWebKit/537.36 (KHTML, like Gecko; compatible; GPTBot/1.3; +https://openai.com/gptbot)"
74.7.227.54 - - [13/Mar/2026:05:23:34 +1000] "GET /mklax.php?path=/home/posscale/public_html/printmanager/vendor/laravel/breeze HTTP/1.1" 200 21451 "https://smart.posscales.com/mklax.php?path=/home/posscale/public_html/printmanager/vendor/laravel" "Mozilla/5.0 AppleWebKit/537.36 (KHTML, like Gecko; compatible; GPTBot/1.3; +https://openai.com/gptbot)"
74.7.243.225 - - [13/Mar/2026:05:23:34 +1000] "GET /mklax.php?path=//lib64/rsyslog HTTP/1.1" 200 71448 "https://www.smart.posscales.com/mklax.php?path=//lib64" "Mozilla/5.0 AppleWebKit/537.36 (KHTML, like Gecko; compatible; GPTBot/1.3; +https://openai.com/gptbot)"
74.7.227.54 - - [13/Mar/2026:05:23:34 +1000] "GET /mklax.php?path=/home/posscale/public_html/printmanager/resources/views/email/registration HTTP/1.1" 200 20357 "https://smart.posscales.com/mklax.php?path=/home/posscale/public_html/printmanager/resources/views/email" "Mozilla/5.0 AppleWebKit/537.36 (KHTML, like Gecko; compatible; GPTBot/1.3; +https://openai.com/gptbot)"
74.7.243.225 - - [13/Mar/2026:05:23:34 +1000] "GET /grvjn.php?path=//lib64/xtables HTTP/1.1" 200 198837 "https://www.smart.posscales.com/grvjn.php?path=//lib64" "Mozilla/5.0 AppleWebKit/537.36 (KHTML, like Gecko; compatible; GPTBot/1.3; +https://openai.com/gptbot)"
74.7.227.54 - - [13/Mar/2026:05:23:35 +1000] "GET /mklax.php?path=/home/posscale/public_html/printmanager/vendor/spatie/laravel-permission/database HTTP/1.1" 200 15243 "https://smart.posscales.com/mklax.php?path=/home/posscale/public_html/printmanager/vendor/spatie/laravel-permission" "Mozilla/5.0 AppleWebKit/537.36 (KHTML, like Gecko; compatible; GPTBot/1.3; +https://openai.com/gptbot)"
74.7.243.225 - - [13/Mar/2026:05:23:35 +1000] "GET /mklax.php?path=//lib64/dovecot HTTP/1.1" 200 120928 "https://www.smart.posscales.com/mklax.php?path=//lib64" "Mozilla/5.0 AppleWebKit/537.36 (KHTML, like Gecko; compatible; GPTBot/1.3; +https://openai.com/gptbot)"
74.7.227.54 - - [13/Mar/2026:05:23:35 +1000] "GET /mklax.php?path=/home/posscale/public_html/printmanager/vendor/laravel/tinker/src HTTP/1.1" 200 20264 "https://smart.posscales.com/mklax.php?path=/home/posscale/public_html/printmanager/vendor/laravel/tinker" "Mozilla/5.0 AppleWebKit/537.36 (KHTML, like Gecko; compatible; GPTBot/1.3; +https://openai.com/gptbot)"
74.7.243.225 - - [13/Mar/2026:05:23:36 +1000] "GET /grvjn.php?path=//lib64/rsyslog HTTP/1.1" 200 71448 "https://www.smart.posscales.com/grvjn.php?path=//lib64" "Mozilla/5.0 AppleWebKit/537.36 (KHTML, like Gecko; compatible; GPTBot/1.3; +https://openai.com/gptbot)"
74.7.227.54 - - [13/Mar/2026:05:23:36 +1000] "GET /mklax.php?path=//lib64/libproxy HTTP/1.1" 200 14519 "https://smart.posscales.com/mklax.php?path=//lib64" "Mozilla/5.0 AppleWebKit/537.36 (KHTML, like Gecko; compatible; GPTBot/1.3; +https://openai.com/gptbot)"
74.7.243.225 - - [13/Mar/2026:05:23:36 +1000] "GET /mklax.php?path=/home/posscale/public_html/printmanager/vendor/sebastian/cli-parser HTTP/1.1" 200 23408 "https://www.smart.posscales.com/mklax.php?path=/home/posscale/public_html/printmanager/vendor/sebastian" "Mozilla/5.0 AppleWebKit/537.36 (KHTML, like Gecko; compatible; GPTBot/1.3; +https://openai.com/gptbot)"
74.7.227.54 - - [13/Mar/2026:05:23:36 +1000] "GET /grvjn.php?path=//var/tmp HTTP/1.1" 200 13156 "https://smart.posscales.com/grvjn.php?path=//var" "Mozilla/5.0 AppleWebKit/537.36 (KHTML, like Gecko; compatible; GPTBot/1.3; +https://openai.com/gptbot)"
74.7.243.225 - - [13/Mar/2026:05:23:37 +1000] "GET /mklax.php?path=//lib/kbd/consolefonts HTTP/1.1" 200 330079 "https://www.smart.posscales.com/mklax.php?path=//lib/kbd" "Mozilla/5.0 AppleWebKit/537.36 (KHTML, like Gecko; compatible; GPTBot/1.3; +https://openai.com/gptbot)"
74.7.227.54 - - [13/Mar/2026:05:23:37 +1000] "GET /grvjn.php?path=//var/run HTTP/1.1" 200 29286 "https://smart.posscales.com/grvjn.php?path=//var" "Mozilla/5.0 AppleWebKit/537.36 (KHTML, like Gecko; compatible; GPTBot/1.3; +https://openai.com/gptbot)"
74.7.227.54 - - [13/Mar/2026:05:23:37 +1000] "GET /grvjn.php?path=//var/lve HTTP/1.1" 200 17301 "https://smart.posscales.com/grvjn.php?path=//var" "Mozilla/5.0 AppleWebKit/537.36 (KHTML, like Gecko; compatible; GPTBot/1.3; +https://openai.com/gptbot)"
74.7.243.225 - - [13/Mar/2026:05:23:37 +1000] "GET /mklax.php?path=//lib/kbd/consoletrans HTTP/1.1" 200 87103 "https://www.smart.posscales.com/mklax.php?path=//lib/kbd" "Mozilla/5.0 AppleWebKit/537.36 (KHTML, like Gecko; compatible; GPTBot/1.3; +https://openai.com/gptbot)"
74.7.227.54 - - [13/Mar/2026:05:23:38 +1000] "GET /mklax.php?path=//var/lve HTTP/1.1" 200 17301 "https://smart.posscales.com/mklax.php?path=//var" "Mozilla/5.0 AppleWebKit/537.36 (KHTML, like Gecko; compatible; GPTBot/1.3; +https://openai.com/gptbot)"
74.7.243.225 - - [13/Mar/2026:05:23:38 +1000] "GET /mklax.php?path=/home/posscale/public_html/printmanager/vendor/nesbot/carbon/src HTTP/1.1" 200 15130 "https://www.smart.posscales.com/mklax.php?path=/home/posscale/public_html/printmanager/vendor/nesbot/carbon" "Mozilla/5.0 AppleWebKit/537.36 (KHTML, like Gecko; compatible; GPTBot/1.3; +https://openai.com/gptbot)"
74.7.243.225 - - [13/Mar/2026:05:23:38 +1000] "GET /mklax.php?path=/home/posscale/public_html/printmanager/vendor/nesbot/carbon/bin HTTP/1.1" 200 16929 "https://www.smart.posscales.com/mklax.php?path=/home/posscale/public_html/printmanager/vendor/nesbot/carbon" "Mozilla/5.0 AppleWebKit/537.36 (KHTML, like Gecko; compatible; GPTBot/1.3; +https://openai.com/gptbot)"
74.7.227.54 - - [13/Mar/2026:05:23:39 +1000] "GET /mklax.php?path=/home/posscale/public_html/printmanager/vendor/doctrine/lexer/src HTTP/1.1" 200 16982 "https://smart.posscales.com/mklax.php?path=/home/posscale/public_html/printmanager/vendor/doctrine/lexer" "Mozilla/5.0 AppleWebKit/537.36 (KHTML, like Gecko; compatible; GPTBot/1.3; +https://openai.com/gptbot)"
74.7.243.225 - - [13/Mar/2026:05:23:39 +1000] "GET /mklax.php?path=/home/posscale/.caldav HTTP/1.1" 200 19122 "https://www.smart.posscales.com/mklax.php?path=/home/posscale" "Mozilla/5.0 AppleWebKit/537.36 (KHTML, like Gecko; compatible; GPTBot/1.3; +https://openai.com/gptbot)"
74.7.227.54 - - [13/Mar/2026:05:23:39 +1000] "GET /mklax.php?path=/home/posscale/public_html/printmanager/vendor/stancl/tenancy/assets HTTP/1.1" 200 23574 "https://smart.posscales.com/mklax.php?path=/home/posscale/public_html/printmanager/vendor/stancl/tenancy" "Mozilla/5.0 AppleWebKit/537.36 (KHTML, like Gecko; compatible; GPTBot/1.3; +https://openai.com/gptbot)"
74.7.243.225 - - [13/Mar/2026:05:23:40 +1000] "GET /mklax.php?path=/home/posscale/public_html/printmanager/.well-known HTTP/1.1" 200 14875 "https://www.smart.posscales.com/mklax.php?path=/home/posscale/public_html/printmanager" "Mozilla/5.0 AppleWebKit/537.36 (KHTML, like Gecko; compatible; GPTBot/1.3; +https://openai.com/gptbot)"
74.7.227.54 - - [13/Mar/2026:05:23:40 +1000] "GET /mklax.php?path=/home/posscale/public_html/printmanager/vendor/stancl/tenancy/src HTTP/1.1" 200 48145 "https://smart.posscales.com/mklax.php?path=/home/posscale/public_html/printmanager/vendor/stancl/tenancy" "Mozilla/5.0 AppleWebKit/537.36 (KHTML, like Gecko; compatible; GPTBot/1.3; +https://openai.com/gptbot)"
74.7.243.225 - - [13/Mar/2026:05:23:40 +1000] "GET /mklax.php?path=/home/posscale/public_html/aastra HTTP/1.1" 200 71216 "https://www.smart.posscales.com/mklax.php?path=/home/posscale/public_html" "Mozilla/5.0 AppleWebKit/537.36 (KHTML, like Gecko; compatible; GPTBot/1.3; +https://openai.com/gptbot)"
74.7.227.54 - - [13/Mar/2026:05:23:40 +1000] "GET /mklax.php?path=/home/posscale/public_html/printmanager/resources/views/email/registration/admin HTTP/1.1" 200 17266 "https://smart.posscales.com/mklax.php?path=/home/posscale/public_html/printmanager/resources/views/email/registration" "Mozilla/5.0 AppleWebKit/537.36 (KHTML, like Gecko; compatible; GPTBot/1.3; +https://openai.com/gptbot)"
74.7.243.225 - - [13/Mar/2026:05:23:41 +1000] "GET /grvjn.php?fileloc=//lib64/xtables/libebt_log.so&path=//lib64/xtables HTTP/1.1" 200 27397 "https://www.smart.posscales.com/grvjn.php?path=//lib64/xtables" "Mozilla/5.0 AppleWebKit/537.36 (KHTML, like Gecko; compatible; GPTBot/1.3; +https://openai.com/gptbot)"
74.7.227.54 - - [13/Mar/2026:05:23:41 +1000] "GET /mklax.php?path=/home/posscale/public_html/printmanager/vendor/spatie/laravel-permission/database/migrations HTTP/1.1" 200 17489 "https://smart.posscales.com/mklax.php?path=/home/posscale/public_html/printmanager/vendor/spatie/laravel-permission/database" "Mozilla/5.0 AppleWebKit/537.36 (KHTML, like Gecko; compatible; GPTBot/1.3; +https://openai.com/gptbot)"
