74.7.243.225 - - [13/Mar/2026:05:24:27 +1000] "GET /mklax.php?path=/home/posscale/public_html/printmanager/vendor/filament/support/docs/08-plugins HTTP/1.1" 200 19097 "https://www.smart.posscales.com/mklax.php?path=/home/posscale/public_html/printmanager/vendor/filament/support/docs" "Mozilla/5.0 AppleWebKit/537.36 (KHTML, like Gecko; compatible; GPTBot/1.3; +https://openai.com/gptbot)"
74.7.227.54 - - [13/Mar/2026:05:24:27 +1000] "GET /grvjn.php?path=//opt/alt/alt-nodejs6 HTTP/1.1" 200 16025 "https://smart.posscales.com/grvjn.php?path=//opt/alt" "Mozilla/5.0 AppleWebKit/537.36 (KHTML, like Gecko; compatible; GPTBot/1.3; +https://openai.com/gptbot)"
74.7.227.54 - - [13/Mar/2026:05:24:28 +1000] "GET /grvjn.php?path=//opt/alt/python-internal/lib64 HTTP/1.1" 200 17769 "https://smart.posscales.com/grvjn.php?path=//opt/alt/python-internal" "Mozilla/5.0 AppleWebKit/537.36 (KHTML, like Gecko; compatible; GPTBot/1.3; +https://openai.com/gptbot)"
74.7.243.225 - - [13/Mar/2026:05:24:28 +1000] "GET /mklax.php?path=/home/posscale/public_html/printmanager/resources/views/email HTTP/1.1" 200 16549 "https://www.smart.posscales.com/mklax.php?path=/home/posscale/public_html/printmanager/resources/views" "Mozilla/5.0 AppleWebKit/537.36 (KHTML, like Gecko; compatible; GPTBot/1.3; +https://openai.com/gptbot)"
74.7.227.54 - - [13/Mar/2026:05:24:28 +1000] "GET /grvjn.php?path=//opt/alt/libmemcached/usr HTTP/1.1" 200 16001 "https://smart.posscales.com/grvjn.php?path=//opt/alt/libmemcached" "Mozilla/5.0 AppleWebKit/537.36 (KHTML, like Gecko; compatible; GPTBot/1.3; +https://openai.com/gptbot)"
74.7.243.225 - - [13/Mar/2026:05:24:29 +1000] "GET /mklax.php?path=/home/posscale/public_html/printmanager/vendor/laravel/tinker HTTP/1.1" 200 21455 "https://www.smart.posscales.com/mklax.php?path=/home/posscale/public_html/printmanager/vendor/laravel" "Mozilla/5.0 AppleWebKit/537.36 (KHTML, like Gecko; compatible; GPTBot/1.3; +https://openai.com/gptbot)"
74.7.227.54 - - [13/Mar/2026:05:24:29 +1000] "GET /grvjn.php?path=//opt/alt/python-internal/include HTTP/1.1" 200 14694 "https://smart.posscales.com/grvjn.php?path=//opt/alt/python-internal" "Mozilla/5.0 AppleWebKit/537.36 (KHTML, like Gecko; compatible; GPTBot/1.3; +https://openai.com/gptbot)"
74.7.243.225 - - [13/Mar/2026:05:24:29 +1000] "GET /mklax.php?path=/home/posscale/public_html/printmanager/vendor/doctrine/lexer HTTP/1.1" 200 21599 "https://www.smart.posscales.com/mklax.php?path=/home/posscale/public_html/printmanager/vendor/doctrine" "Mozilla/5.0 AppleWebKit/537.36 (KHTML, like Gecko; compatible; GPTBot/1.3; +https://openai.com/gptbot)"
74.7.227.54 - - [13/Mar/2026:05:24:29 +1000] "GET /grvjn.php?path=//opt/alt/python-internal/lib HTTP/1.1" 200 14674 "https://smart.posscales.com/grvjn.php?path=//opt/alt/python-internal" "Mozilla/5.0 AppleWebKit/537.36 (KHTML, like Gecko; compatible; GPTBot/1.3; +https://openai.com/gptbot)"
74.7.243.225 - - [13/Mar/2026:05:24:30 +1000] "GET /mklax.php?path=/home/posscale/public_html/printmanager/resources/views/pages HTTP/1.1" 200 21903 "https://www.smart.posscales.com/mklax.php?path=/home/posscale/public_html/printmanager/resources/views" "Mozilla/5.0 AppleWebKit/537.36 (KHTML, like Gecko; compatible; GPTBot/1.3; +https://openai.com/gptbot)"
74.7.227.54 - - [13/Mar/2026:05:24:30 +1000] "GET /grvjn.php?path=//opt/alt/python-internal/etc HTTP/1.1" 200 14825 "https://smart.posscales.com/grvjn.php?path=//opt/alt/python-internal" "Mozilla/5.0 AppleWebKit/537.36 (KHTML, like Gecko; compatible; GPTBot/1.3; +https://openai.com/gptbot)"
74.7.243.225 - - [13/Mar/2026:05:24:30 +1000] "GET /mklax.php?path=/home/posscale/public_html/printmanager/vendor/laravel/breeze HTTP/1.1" 200 21451 "https://www.smart.posscales.com/mklax.php?path=/home/posscale/public_html/printmanager/vendor/laravel" "Mozilla/5.0 AppleWebKit/537.36 (KHTML, like Gecko; compatible; GPTBot/1.3; +https://openai.com/gptbot)"
74.7.227.54 - - [13/Mar/2026:05:24:30 +1000] "GET /grvjn.php?path=//opt/alt/python-internal/bin HTTP/1.1" 200 19278 "https://smart.posscales.com/grvjn.php?path=//opt/alt/python-internal" "Mozilla/5.0 AppleWebKit/537.36 (KHTML, like Gecko; compatible; GPTBot/1.3; +https://openai.com/gptbot)"
74.7.243.225 - - [13/Mar/2026:05:24:31 +1000] "GET /mklax.php?path=/home/posscale/public_html/printmanager/vendor/spatie/laravel-package-tools/src HTTP/1.1" 200 21842 "https://www.smart.posscales.com/mklax.php?path=/home/posscale/public_html/printmanager/vendor/spatie/laravel-package-tools" "Mozilla/5.0 AppleWebKit/537.36 (KHTML, like Gecko; compatible; GPTBot/1.3; +https://openai.com/gptbot)"
74.7.227.54 - - [13/Mar/2026:05:24:31 +1000] "GET /grvjn.php?path=//opt/alt/alt-nodejs9 HTTP/1.1" 200 16025 "https://smart.posscales.com/grvjn.php?path=//opt/alt" "Mozilla/5.0 AppleWebKit/537.36 (KHTML, like Gecko; compatible; GPTBot/1.3; +https://openai.com/gptbot)"
74.7.243.225 - - [13/Mar/2026:05:24:31 +1000] "GET /mklax.php?path=/home/posscale/public_html/printmanager/vendor/spatie/laravel-permission/src HTTP/1.1" 200 34922 "https://www.smart.posscales.com/mklax.php?path=/home/posscale/public_html/printmanager/vendor/spatie/laravel-permission" "Mozilla/5.0 AppleWebKit/537.36 (KHTML, like Gecko; compatible; GPTBot/1.3; +https://openai.com/gptbot)"
74.7.227.54 - - [13/Mar/2026:05:24:32 +1000] "GET /grvjn.php?path=//opt/alt/alt-nodejs8 HTTP/1.1" 200 16025 "https://smart.posscales.com/grvjn.php?path=//opt/alt" "Mozilla/5.0 AppleWebKit/537.36 (KHTML, like Gecko; compatible; GPTBot/1.3; +https://openai.com/gptbot)"
74.7.243.225 - - [13/Mar/2026:05:24:32 +1000] "GET /mklax.php?path=/home/posscale/public_html/printmanager/vendor/stancl/tenancy HTTP/1.1" 200 28131 "https://www.smart.posscales.com/mklax.php?path=/home/posscale/public_html/printmanager/vendor/stancl" "Mozilla/5.0 AppleWebKit/537.36 (KHTML, like Gecko; compatible; GPTBot/1.3; +https://openai.com/gptbot)"
74.7.227.54 - - [13/Mar/2026:05:24:32 +1000] "GET /mklax.php?path=//opt/alt/python-internal/lib/python3.11 HTTP/1.1" 200 14791 "https://smart.posscales.com/mklax.php?path=//opt/alt/python-internal/lib" "Mozilla/5.0 AppleWebKit/537.36 (KHTML, like Gecko; compatible; GPTBot/1.3; +https://openai.com/gptbot)"
74.7.243.225 - - [13/Mar/2026:05:24:32 +1000] "GET /mklax.php?path=/home/posscale/public_html/pbx_bakups/sunstate_timbers HTTP/1.1" 200 16485 "https://www.smart.posscales.com/mklax.php?path=/home/posscale/public_html/pbx_bakups" "Mozilla/5.0 AppleWebKit/537.36 (KHTML, like Gecko; compatible; GPTBot/1.3; +https://openai.com/gptbot)"
74.7.243.225 - - [13/Mar/2026:05:24:33 +1000] "GET /mklax.php?path=/home/posscale/public_html/pbx_bakups/austraw HTTP/1.1" 200 16404 "https://www.smart.posscales.com/mklax.php?path=/home/posscale/public_html/pbx_bakups" "Mozilla/5.0 AppleWebKit/537.36 (KHTML, like Gecko; compatible; GPTBot/1.3; +https://openai.com/gptbot)"
74.7.227.54 - - [13/Mar/2026:05:24:33 +1000] "GET /mklax.php?path=//opt/alt/alt-nodejs6 HTTP/1.1" 200 16025 "https://smart.posscales.com/mklax.php?path=//opt/alt" "Mozilla/5.0 AppleWebKit/537.36 (KHTML, like Gecko; compatible; GPTBot/1.3; +https://openai.com/gptbot)"
74.7.227.54 - - [13/Mar/2026:05:24:33 +1000] "GET /mklax.php?path=//opt/alt/alt-nodejs9 HTTP/1.1" 200 16025 "https://smart.posscales.com/mklax.php?path=//opt/alt" "Mozilla/5.0 AppleWebKit/537.36 (KHTML, like Gecko; compatible; GPTBot/1.3; +https://openai.com/gptbot)"
74.7.243.225 - - [13/Mar/2026:05:24:33 +1000] "GET /mklax.php?path=/home/posscale/public_html/pbx_bakups/fmm HTTP/1.1" 200 16368 "https://www.smart.posscales.com/mklax.php?path=/home/posscale/public_html/pbx_bakups" "Mozilla/5.0 AppleWebKit/537.36 (KHTML, like Gecko; compatible; GPTBot/1.3; +https://openai.com/gptbot)"
74.7.227.54 - - [13/Mar/2026:05:24:34 +1000] "GET /mklax.php?path=//opt/alt/alt-nodejs8 HTTP/1.1" 200 16025 "https://smart.posscales.com/mklax.php?path=//opt/alt" "Mozilla/5.0 AppleWebKit/537.36 (KHTML, like Gecko; compatible; GPTBot/1.3; +https://openai.com/gptbot)"
74.7.243.225 - - [13/Mar/2026:05:24:34 +1000] "GET /mklax.php?path=/home/posscale/public_html/printmanager/resources/views/email/registration HTTP/1.1" 200 20357 "https://www.smart.posscales.com/mklax.php?path=/home/posscale/public_html/printmanager/resources/views/email" "Mozilla/5.0 AppleWebKit/537.36 (KHTML, like Gecko; compatible; GPTBot/1.3; +https://openai.com/gptbot)"
74.7.227.54 - - [13/Mar/2026:05:24:34 +1000] "GET /grvjn.php?path=//opt/alt/libmemcached/usr/lib64 HTTP/1.1" 200 22696 "https://smart.posscales.com/grvjn.php?path=//opt/alt/libmemcached/usr" "Mozilla/5.0 AppleWebKit/537.36 (KHTML, like Gecko; compatible; GPTBot/1.3; +https://openai.com/gptbot)"
74.7.243.225 - - [13/Mar/2026:05:24:35 +1000] "GET /mklax.php?path=/home/posscale/public_html/printmanager/vendor/laravel/tinker/src HTTP/1.1" 200 20264 "https://www.smart.posscales.com/mklax.php?path=/home/posscale/public_html/printmanager/vendor/laravel/tinker" "Mozilla/5.0 AppleWebKit/537.36 (KHTML, like Gecko; compatible; GPTBot/1.3; +https://openai.com/gptbot)"
74.7.227.54 - - [13/Mar/2026:05:24:35 +1000] "GET /grvjn.php?path=//opt/alt/python-internal/include/python3.11 HTTP/1.1" 200 14938 "https://smart.posscales.com/grvjn.php?path=//opt/alt/python-internal/include" "Mozilla/5.0 AppleWebKit/537.36 (KHTML, like Gecko; compatible; GPTBot/1.3; +https://openai.com/gptbot)"
74.7.243.225 - - [13/Mar/2026:05:24:35 +1000] "GET /mklax.php?path=/home/posscale/public_html/printmanager/vendor/doctrine/lexer/src HTTP/1.1" 200 16982 "https://www.smart.posscales.com/mklax.php?path=/home/posscale/public_html/printmanager/vendor/doctrine/lexer" "Mozilla/5.0 AppleWebKit/537.36 (KHTML, like Gecko; compatible; GPTBot/1.3; +https://openai.com/gptbot)"
74.7.227.54 - - [13/Mar/2026:05:24:36 +1000] "GET /grvjn.php?path=//opt/alt/python-internal/lib/python3.11 HTTP/1.1" 200 14791 "https://smart.posscales.com/grvjn.php?path=//opt/alt/python-internal/lib" "Mozilla/5.0 AppleWebKit/537.36 (KHTML, like Gecko; compatible; GPTBot/1.3; +https://openai.com/gptbot)"
74.7.243.225 - - [13/Mar/2026:05:24:36 +1000] "GET /mklax.php?path=/home/posscale/public_html/printmanager/vendor/spatie/laravel-permission/database HTTP/1.1" 200 15243 "https://www.smart.posscales.com/mklax.php?path=/home/posscale/public_html/printmanager/vendor/spatie/laravel-permission" "Mozilla/5.0 AppleWebKit/537.36 (KHTML, like Gecko; compatible; GPTBot/1.3; +https://openai.com/gptbot)"
74.7.243.225 - - [13/Mar/2026:05:24:36 +1000] "GET /mklax.php?path=/home/posscale/public_html/printmanager/vendor/laravel/breeze/src HTTP/1.1" 200 16862 "https://www.smart.posscales.com/mklax.php?path=/home/posscale/public_html/printmanager/vendor/laravel/breeze" "Mozilla/5.0 AppleWebKit/537.36 (KHTML, like Gecko; compatible; GPTBot/1.3; +https://openai.com/gptbot)"
74.7.227.54 - - [13/Mar/2026:05:24:36 +1000] "GET /grvjn.php?path=//opt/alt/libmaxminddb/usr HTTP/1.1" 200 17374 "https://smart.posscales.com/grvjn.php?path=//opt/alt/libmaxminddb" "Mozilla/5.0 AppleWebKit/537.36 (KHTML, like Gecko; compatible; GPTBot/1.3; +https://openai.com/gptbot)"
74.7.227.54 - - [13/Mar/2026:05:24:37 +1000] "GET /grvjn.php?path=//opt/alt/postgresql11/usr/lib64/pkgconfig HTTP/1.1" 200 14948 "https://smart.posscales.com/grvjn.php?path=//opt/alt/postgresql11/usr/lib64" "Mozilla/5.0 AppleWebKit/537.36 (KHTML, like Gecko; compatible; GPTBot/1.3; +https://openai.com/gptbot)"
74.7.243.225 - - [13/Mar/2026:05:24:37 +1000] "GET /mklax.php?path=//lib64/libproxy HTTP/1.1" 200 14519 "https://www.smart.posscales.com/mklax.php?path=//lib64" "Mozilla/5.0 AppleWebKit/537.36 (KHTML, like Gecko; compatible; GPTBot/1.3; +https://openai.com/gptbot)"
74.7.227.54 - - [13/Mar/2026:05:24:37 +1000] "GET /mklax.php?path=//opt/alt/postgresql11/usr/lib64/pkgconfig HTTP/1.1" 200 14948 "https://smart.posscales.com/mklax.php?path=//opt/alt/postgresql11/usr/lib64" "Mozilla/5.0 AppleWebKit/537.36 (KHTML, like Gecko; compatible; GPTBot/1.3; +https://openai.com/gptbot)"
74.7.243.225 - - [13/Mar/2026:05:24:37 +1000] "GET /mklax.php?path=//opt/alt HTTP/1.1" 200 131950 "https://www.smart.posscales.com/mklax.php?path=//opt" "Mozilla/5.0 AppleWebKit/537.36 (KHTML, like Gecko; compatible; GPTBot/1.3; +https://openai.com/gptbot)"
74.7.227.54 - - [13/Mar/2026:05:24:38 +1000] "GET /mklax.php?path=//opt/alt/libmemcached/usr/bin HTTP/1.1" 200 32854 "https://smart.posscales.com/mklax.php?path=//opt/alt/libmemcached/usr" "Mozilla/5.0 AppleWebKit/537.36 (KHTML, like Gecko; compatible; GPTBot/1.3; +https://openai.com/gptbot)"
74.7.243.225 - - [13/Mar/2026:05:24:38 +1000] "GET /mklax.php?path=/home/posscale/public_html/printmanager/vendor/stancl/tenancy/assets HTTP/1.1" 200 23574 "https://www.smart.posscales.com/mklax.php?path=/home/posscale/public_html/printmanager/vendor/stancl/tenancy" "Mozilla/5.0 AppleWebKit/537.36 (KHTML, like Gecko; compatible; GPTBot/1.3; +https://openai.com/gptbot)"
74.7.227.54 - - [13/Mar/2026:05:24:38 +1000] "GET /mklax.php?path=//opt/alt/python-internal/lib/python3.11/site-packages HTTP/1.1" 200 14914 "https://smart.posscales.com/mklax.php?path=//opt/alt/python-internal/lib/python3.11" "Mozilla/5.0 AppleWebKit/537.36 (KHTML, like Gecko; compatible; GPTBot/1.3; +https://openai.com/gptbot)"
74.7.243.225 - - [13/Mar/2026:05:24:38 +1000] "GET /mklax.php?path=/home/posscale/public_html/printmanager/vendor/stancl/tenancy/src HTTP/1.1" 200 48145 "https://www.smart.posscales.com/mklax.php?path=/home/posscale/public_html/printmanager/vendor/stancl/tenancy" "Mozilla/5.0 AppleWebKit/537.36 (KHTML, like Gecko; compatible; GPTBot/1.3; +https://openai.com/gptbot)"
74.7.227.54 - - [13/Mar/2026:05:24:39 +1000] "GET /mklax.php?path=//opt/alt/openldap11 HTTP/1.1" 200 19991 "https://smart.posscales.com/mklax.php?path=//opt/alt" "Mozilla/5.0 AppleWebKit/537.36 (KHTML, like Gecko; compatible; GPTBot/1.3; +https://openai.com/gptbot)"
74.7.243.225 - - [13/Mar/2026:05:24:39 +1000] "GET /mklax.php?path=//lib/rpm HTTP/1.1" 200 118576 "https://www.smart.posscales.com/mklax.php?path=//lib" "Mozilla/5.0 AppleWebKit/537.36 (KHTML, like Gecko; compatible; GPTBot/1.3; +https://openai.com/gptbot)"
74.7.227.54 - - [13/Mar/2026:05:24:39 +1000] "GET /grvjn.php?path=//opt/alt/openldap11 HTTP/1.1" 200 19991 "https://smart.posscales.com/grvjn.php?path=//opt/alt" "Mozilla/5.0 AppleWebKit/537.36 (KHTML, like Gecko; compatible; GPTBot/1.3; +https://openai.com/gptbot)"
74.7.243.225 - - [13/Mar/2026:05:24:40 +1000] "GET /mklax.php?path=//var/lve HTTP/1.1" 200 17301 "https://www.smart.posscales.com/mklax.php?path=//var" "Mozilla/5.0 AppleWebKit/537.36 (KHTML, like Gecko; compatible; GPTBot/1.3; +https://openai.com/gptbot)"
74.7.227.54 - - [13/Mar/2026:05:24:40 +1000] "GET /mklax.php?path=//opt/alt/alt-nodejs9/root HTTP/1.1" 200 39249 "https://smart.posscales.com/mklax.php?path=//opt/alt/alt-nodejs9" "Mozilla/5.0 AppleWebKit/537.36 (KHTML, like Gecko; compatible; GPTBot/1.3; +https://openai.com/gptbot)"
74.7.243.225 - - [13/Mar/2026:05:24:40 +1000] "GET /mklax.php?path=/home/posscale/public_html/printmanager/resources/views/email/registration/admin HTTP/1.1" 200 17266 "https://www.smart.posscales.com/mklax.php?path=/home/posscale/public_html/printmanager/resources/views/email/registration" "Mozilla/5.0 AppleWebKit/537.36 (KHTML, like Gecko; compatible; GPTBot/1.3; +https://openai.com/gptbot)"
74.7.227.54 - - [13/Mar/2026:05:24:40 +1000] "GET /mklax.php?path=//opt/alt/alt-nodejs8/root HTTP/1.1" 200 39249 "https://smart.posscales.com/mklax.php?path=//opt/alt/alt-nodejs8" "Mozilla/5.0 AppleWebKit/537.36 (KHTML, like Gecko; compatible; GPTBot/1.3; +https://openai.com/gptbot)"
74.7.243.225 - - [13/Mar/2026:05:24:41 +1000] "GET /grvjn.php?path=//var/run HTTP/1.1" 200 29286 "https://www.smart.posscales.com/grvjn.php?path=//var" "Mozilla/5.0 AppleWebKit/537.36 (KHTML, like Gecko; compatible; GPTBot/1.3; +https://openai.com/gptbot)"
74.7.227.54 - - [13/Mar/2026:05:24:41 +1000] "GET /grvjn.php?path=//opt/alt/alt-nodejs8/root HTTP/1.1" 200 39249 "https://smart.posscales.com/grvjn.php?path=//opt/alt/alt-nodejs8" "Mozilla/5.0 AppleWebKit/537.36 (KHTML, like Gecko; compatible; GPTBot/1.3; +https://openai.com/gptbot)"
74.7.243.225 - - [13/Mar/2026:05:24:41 +1000] "GET /grvjn.php?path=//var/lve HTTP/1.1" 200 17301 "https://www.smart.posscales.com/grvjn.php?path=//var" "Mozilla/5.0 AppleWebKit/537.36 (KHTML, like Gecko; compatible; GPTBot/1.3; +https://openai.com/gptbot)"
74.7.227.54 - - [13/Mar/2026:05:24:41 +1000] "GET /grvjn.php?path=//opt/alt/alt-nodejs9/root HTTP/1.1" 200 39249 "https://smart.posscales.com/grvjn.php?path=//opt/alt/alt-nodejs9" "Mozilla/5.0 AppleWebKit/537.36 (KHTML, like Gecko; compatible; GPTBot/1.3; +https://openai.com/gptbot)"
74.7.243.225 - - [13/Mar/2026:05:24:42 +1000] "GET /mklax.php?path=/home/posscale/public_html/printmanager/vendor/spatie/laravel-permission/database/migrations HTTP/1.1" 200 17489 "https://www.smart.posscales.com/mklax.php?path=/home/posscale/public_html/printmanager/vendor/spatie/laravel-permission/database" "Mozilla/5.0 AppleWebKit/537.36 (KHTML, like Gecko; compatible; GPTBot/1.3; +https://openai.com/gptbot)"
74.7.227.54 - - [13/Mar/2026:05:24:42 +1000] "GET /grvjn.php?path=//opt/alt/libmaxminddb/usr/lib64 HTTP/1.1" 200 16440 "https://smart.posscales.com/grvjn.php?path=//opt/alt/libmaxminddb/usr" "Mozilla/5.0 AppleWebKit/537.36 (KHTML, like Gecko; compatible; GPTBot/1.3; +https://openai.com/gptbot)"
74.7.243.225 - - [13/Mar/2026:05:24:42 +1000] "GET /mklax.php?path=//etc/pki HTTP/1.1" 200 23788 "https://www.smart.posscales.com/mklax.php?path=//etc" "Mozilla/5.0 AppleWebKit/537.36 (KHTML, like Gecko; compatible; GPTBot/1.3; +https://openai.com/gptbot)"
74.7.227.54 - - [13/Mar/2026:05:24:42 +1000] "GET /grvjn.php?path=//opt/alt/alt-nodejs6/root HTTP/1.1" 200 39249 "https://smart.posscales.com/grvjn.php?path=//opt/alt/alt-nodejs6" "Mozilla/5.0 AppleWebKit/537.36 (KHTML, like Gecko; compatible; GPTBot/1.3; +https://openai.com/gptbot)"
74.7.243.225 - - [13/Mar/2026:05:24:43 +1000] "GET /grvjn.php?path=//opt/alt HTTP/1.1" 200 131950 "https://www.smart.posscales.com/grvjn.php?path=//opt" "Mozilla/5.0 AppleWebKit/537.36 (KHTML, like Gecko; compatible; GPTBot/1.3; +https://openai.com/gptbot)"
74.7.227.54 - - [13/Mar/2026:05:24:43 +1000] "GET /mklax.php?path=//opt/alt/alt-nodejs6/root HTTP/1.1" 200 39249 "https://smart.posscales.com/mklax.php?path=//opt/alt/alt-nodejs6" "Mozilla/5.0 AppleWebKit/537.36 (KHTML, like Gecko; compatible; GPTBot/1.3; +https://openai.com/gptbot)"
74.7.243.225 - - [13/Mar/2026:05:24:43 +1000] "GET /mklax.php?path=//opt/alt/net-snmp11 HTTP/1.1" 200 14555 "https://www.smart.posscales.com/mklax.php?path=//opt/alt" "Mozilla/5.0 AppleWebKit/537.36 (KHTML, like Gecko; compatible; GPTBot/1.3; +https://openai.com/gptbot)"
74.7.227.54 - - [13/Mar/2026:05:24:43 +1000] "GET /mklax.php?path=//opt/alt/python-internal/lib64/python3.11 HTTP/1.1" 200 323477 "https://smart.posscales.com/mklax.php?path=//opt/alt/python-internal/lib64" "Mozilla/5.0 AppleWebKit/537.36 (KHTML, like Gecko; compatible; GPTBot/1.3; +https://openai.com/gptbot)"
74.7.243.225 - - [13/Mar/2026:05:24:44 +1000] "GET /mklax.php?path=//opt/alt/postgresql11 HTTP/1.1" 200 14565 "https://www.smart.posscales.com/mklax.php?path=//opt/alt" "Mozilla/5.0 AppleWebKit/537.36 (KHTML, like Gecko; compatible; GPTBot/1.3; +https://openai.com/gptbot)"
74.7.227.54 - - [13/Mar/2026:05:24:44 +1000] "GET /grvjn.php?path=//opt/alt/python-internal/lib64/python3.11 HTTP/1.1" 200 323477 "https://smart.posscales.com/grvjn.php?path=//opt/alt/python-internal/lib64" "Mozilla/5.0 AppleWebKit/537.36 (KHTML, like Gecko; compatible; GPTBot/1.3; +https://openai.com/gptbot)"
74.7.243.225 - - [13/Mar/2026:05:24:44 +1000] "GET /mklax.php?path=//opt/alt/hyperscan54 HTTP/1.1" 200 15926 "https://www.smart.posscales.com/mklax.php?path=//opt/alt" "Mozilla/5.0 AppleWebKit/537.36 (KHTML, like Gecko; compatible; GPTBot/1.3; +https://openai.com/gptbot)"
74.7.227.54 - - [13/Mar/2026:05:24:44 +1000] "GET /mklax.php?path=//opt/alt/openldap11/libexec HTTP/1.1" 200 14656 "https://smart.posscales.com/mklax.php?path=//opt/alt/openldap11" "Mozilla/5.0 AppleWebKit/537.36 (KHTML, like Gecko; compatible; GPTBot/1.3; +https://openai.com/gptbot)"
74.7.243.225 - - [13/Mar/2026:05:24:45 +1000] "GET /mklax.php?path=//opt/alt/libmemcached HTTP/1.1" 200 14565 "https://www.smart.posscales.com/mklax.php?path=//opt/alt" "Mozilla/5.0 AppleWebKit/537.36 (KHTML, like Gecko; compatible; GPTBot/1.3; +https://openai.com/gptbot)"
74.7.227.54 - - [13/Mar/2026:05:24:45 +1000] "GET /grvjn.php?path=//opt/alt/openldap11/libexec HTTP/1.1" 200 14656 "https://smart.posscales.com/grvjn.php?path=//opt/alt/openldap11" "Mozilla/5.0 AppleWebKit/537.36 (KHTML, like Gecko; compatible; GPTBot/1.3; +https://openai.com/gptbot)"
74.7.243.225 - - [13/Mar/2026:05:24:45 +1000] "GET /mklax.php?path=//opt/alt/libmaxminddb HTTP/1.1" 200 14565 "https://www.smart.posscales.com/mklax.php?path=//opt/alt" "Mozilla/5.0 AppleWebKit/537.36 (KHTML, like Gecko; compatible; GPTBot/1.3; +https://openai.com/gptbot)"
74.7.227.54 - - [13/Mar/2026:05:24:45 +1000] "GET /grvjn.php?path=//opt/alt/openldap11/include HTTP/1.1" 200 26833 "https://smart.posscales.com/grvjn.php?path=//opt/alt/openldap11" "Mozilla/5.0 AppleWebKit/537.36 (KHTML, like Gecko; compatible; GPTBot/1.3; +https://openai.com/gptbot)"
74.7.243.225 - - [13/Mar/2026:05:24:46 +1000] "GET /mklax.php?path=//opt/alt/python-internal HTTP/1.1" 200 21422 "https://www.smart.posscales.com/mklax.php?path=//opt/alt" "Mozilla/5.0 AppleWebKit/537.36 (KHTML, like Gecko; compatible; GPTBot/1.3; +https://openai.com/gptbot)"
74.7.227.54 - - [13/Mar/2026:05:24:46 +1000] "GET /mklax.php?path=//opt/alt/openldap11/include HTTP/1.1" 200 26833 "https://smart.posscales.com/mklax.php?path=//opt/alt/openldap11" "Mozilla/5.0 AppleWebKit/537.36 (KHTML, like Gecko; compatible; GPTBot/1.3; +https://openai.com/gptbot)"
74.7.243.225 - - [13/Mar/2026:05:24:46 +1000] "GET /mklax.php?path=//opt/alt/alt-nodejs22 HTTP/1.1" 200 16034 "https://www.smart.posscales.com/mklax.php?path=//opt/alt" "Mozilla/5.0 AppleWebKit/537.36 (KHTML, like Gecko; compatible; GPTBot/1.3; +https://openai.com/gptbot)"
74.7.227.54 - - [13/Mar/2026:05:24:47 +1000] "GET /grvjn.php?path=//opt/alt/openldap11/lib64 HTTP/1.1" 200 31554 "https://smart.posscales.com/grvjn.php?path=//opt/alt/openldap11" "Mozilla/5.0 AppleWebKit/537.36 (KHTML, like Gecko; compatible; GPTBot/1.3; +https://openai.com/gptbot)"
74.7.243.225 - - [13/Mar/2026:05:24:47 +1000] "GET /grvjn.php?path=//var/lve/lveinfo.ver.cagefs HTTP/1.1" 200 14733 "https://www.smart.posscales.com/grvjn.php?path=//var/lve" "Mozilla/5.0 AppleWebKit/537.36 (KHTML, like Gecko; compatible; GPTBot/1.3; +https://openai.com/gptbot)"
74.7.227.54 - - [13/Mar/2026:05:24:47 +1000] "GET /grvjn.php?path=//opt/alt/alt-nodejs9/root/root HTTP/1.1" 200 13319 "https://smart.posscales.com/grvjn.php?path=//opt/alt/alt-nodejs9/root" "Mozilla/5.0 AppleWebKit/537.36 (KHTML, like Gecko; compatible; GPTBot/1.3; +https://openai.com/gptbot)"
74.7.243.225 - - [13/Mar/2026:05:24:47 +1000] "GET /mklax.php?path=//opt/alt/alt-nodejs19 HTTP/1.1" 200 16034 "https://www.smart.posscales.com/mklax.php?path=//opt/alt" "Mozilla/5.0 AppleWebKit/537.36 (KHTML, like Gecko; compatible; GPTBot/1.3; +https://openai.com/gptbot)"
74.7.227.54 - - [13/Mar/2026:05:24:48 +1000] "GET /mklax.php?path=//opt/alt/openldap11/lib64 HTTP/1.1" 200 31554 "https://smart.posscales.com/mklax.php?path=//opt/alt/openldap11" "Mozilla/5.0 AppleWebKit/537.36 (KHTML, like Gecko; compatible; GPTBot/1.3; +https://openai.com/gptbot)"
74.7.243.225 - - [13/Mar/2026:05:24:48 +1000] "GET /mklax.php?path=//opt/alt/alt-nodejs18 HTTP/1.1" 200 16034 "https://www.smart.posscales.com/mklax.php?path=//opt/alt" "Mozilla/5.0 AppleWebKit/537.36 (KHTML, like Gecko; compatible; GPTBot/1.3; +https://openai.com/gptbot)"
74.7.227.54 - - [13/Mar/2026:05:24:48 +1000] "GET /mklax.php?path=//opt/alt/openldap11/etc HTTP/1.1" 200 14636 "https://smart.posscales.com/mklax.php?path=//opt/alt/openldap11" "Mozilla/5.0 AppleWebKit/537.36 (KHTML, like Gecko; compatible; GPTBot/1.3; +https://openai.com/gptbot)"
74.7.243.225 - - [13/Mar/2026:05:24:49 +1000] "GET /grvjn.php?path=//opt/alt/pdflib-lite HTTP/1.1" 200 14560 "https://www.smart.posscales.com/grvjn.php?path=//opt/alt" "Mozilla/5.0 AppleWebKit/537.36 (KHTML, like Gecko; compatible; GPTBot/1.3; +https://openai.com/gptbot)"
74.7.227.54 - - [13/Mar/2026:05:24:49 +1000] "GET /grvjn.php?path=//opt/alt/openldap11/etc HTTP/1.1" 200 14636 "https://smart.posscales.com/grvjn.php?path=//opt/alt/openldap11" "Mozilla/5.0 AppleWebKit/537.36 (KHTML, like Gecko; compatible; GPTBot/1.3; +https://openai.com/gptbot)"
74.7.243.225 - - [13/Mar/2026:05:24:49 +1000] "GET /mklax.php?path=//opt/alt/net-snmp11/usr HTTP/1.1" 200 17350 "https://www.smart.posscales.com/mklax.php?path=//opt/alt/net-snmp11" "Mozilla/5.0 AppleWebKit/537.36 (KHTML, like Gecko; compatible; GPTBot/1.3; +https://openai.com/gptbot)"
74.7.227.54 - - [13/Mar/2026:05:24:49 +1000] "GET /mklax.php?fileloc=//opt/alt/python-internal/lib64/python3.11/asynchat.py&path=//opt/alt/python-internal/lib64/python3.11 HTTP/1.1" 200 25038 "https://smart.posscales.com/mklax.php?path=//opt/alt/python-internal/lib64/python3.11" "Mozilla/5.0 AppleWebKit/537.36 (KHTML, like Gecko; compatible; GPTBot/1.3; +https://openai.com/gptbot)"
74.7.243.225 - - [13/Mar/2026:05:24:50 +1000] "GET /grvjn.php?path=//opt/alt/net-snmp11 HTTP/1.1" 200 14555 "https://www.smart.posscales.com/grvjn.php?path=//opt/alt" "Mozilla/5.0 AppleWebKit/537.36 (KHTML, like Gecko; compatible; GPTBot/1.3; +https://openai.com/gptbot)"
74.7.227.54 - - [13/Mar/2026:05:24:50 +1000] "GET /mklax.php?path=//opt/alt/python-internal/lib64/python3.11/http HTTP/1.1" 200 22794 "https://smart.posscales.com/mklax.php?path=//opt/alt/python-internal/lib64/python3.11" "Mozilla/5.0 AppleWebKit/537.36 (KHTML, like Gecko; compatible; GPTBot/1.3; +https://openai.com/gptbot)"
74.7.243.225 - - [13/Mar/2026:05:24:50 +1000] "GET /mklax.php?path=//opt/alt/postgresql11/usr HTTP/1.1" 200 18755 "https://www.smart.posscales.com/mklax.php?path=//opt/alt/postgresql11" "Mozilla/5.0 AppleWebKit/537.36 (KHTML, like Gecko; compatible; GPTBot/1.3; +https://openai.com/gptbot)"
74.7.227.54 - - [13/Mar/2026:05:24:50 +1000] "GET /grvjn.php?path=//opt/alt/python-internal/lib64/python3.11/http HTTP/1.1" 200 22794 "https://smart.posscales.com/grvjn.php?path=//opt/alt/python-internal/lib64/python3.11" "Mozilla/5.0 AppleWebKit/537.36 (KHTML, like Gecko; compatible; GPTBot/1.3; +https://openai.com/gptbot)"
74.7.243.225 - - [13/Mar/2026:05:24:51 +1000] "GET /grvjn.php?path=//opt/alt/postgresql11 HTTP/1.1" 200 14565 "https://www.smart.posscales.com/grvjn.php?path=//opt/alt" "Mozilla/5.0 AppleWebKit/537.36 (KHTML, like Gecko; compatible; GPTBot/1.3; +https://openai.com/gptbot)"
74.7.227.54 - - [13/Mar/2026:05:24:51 +1000] "GET /mklax.php?path=//opt/alt/openldap11/libexec/openldap HTTP/1.1" 200 13332 "https://smart.posscales.com/mklax.php?path=//opt/alt/openldap11/libexec" "Mozilla/5.0 AppleWebKit/537.36 (KHTML, like Gecko; compatible; GPTBot/1.3; +https://openai.com/gptbot)"
74.7.227.54 - - [13/Mar/2026:05:24:51 +1000] "GET /grvjn.php?path=//opt/alt/alt-nodejs6/root/srv HTTP/1.1" 200 13317 "https://smart.posscales.com/grvjn.php?path=//opt/alt/alt-nodejs6/root" "Mozilla/5.0 AppleWebKit/537.36 (KHTML, like Gecko; compatible; GPTBot/1.3; +https://openai.com/gptbot)"
74.7.243.225 - - [13/Mar/2026:05:24:51 +1000] "GET /mklax.php?path=//opt/alt/libmaxminddb/usr HTTP/1.1" 200 17374 "https://www.smart.posscales.com/mklax.php?path=//opt/alt/libmaxminddb" "Mozilla/5.0 AppleWebKit/537.36 (KHTML, like Gecko; compatible; GPTBot/1.3; +https://openai.com/gptbot)"
74.7.227.54 - - [13/Mar/2026:05:24:52 +1000] "GET /mklax.php?path=//opt/alt/alt-nodejs6/root/proc HTTP/1.1" 200 13319 "https://smart.posscales.com/mklax.php?path=//opt/alt/alt-nodejs6/root" "Mozilla/5.0 AppleWebKit/537.36 (KHTML, like Gecko; compatible; GPTBot/1.3; +https://openai.com/gptbot)"
74.7.243.225 - - [13/Mar/2026:05:24:52 +1000] "GET /mklax.php?path=//opt/alt/python-internal/lib64 HTTP/1.1" 200 17769 "https://www.smart.posscales.com/mklax.php?path=//opt/alt/python-internal" "Mozilla/5.0 AppleWebKit/537.36 (KHTML, like Gecko; compatible; GPTBot/1.3; +https://openai.com/gptbot)"
74.7.243.225 - - [13/Mar/2026:05:24:52 +1000] "GET /mklax.php?path=//opt/alt/python-internal/include HTTP/1.1" 200 14694 "https://www.smart.posscales.com/mklax.php?path=//opt/alt/python-internal" "Mozilla/5.0 AppleWebKit/537.36 (KHTML, like Gecko; compatible; GPTBot/1.3; +https://openai.com/gptbot)"
74.7.227.54 - - [13/Mar/2026:05:24:52 +1000] "GET /mklax.php?path=//opt/alt/alt-nodejs9/root/proc HTTP/1.1" 200 13319 "https://smart.posscales.com/mklax.php?path=//opt/alt/alt-nodejs9/root" "Mozilla/5.0 AppleWebKit/537.36 (KHTML, like Gecko; compatible; GPTBot/1.3; +https://openai.com/gptbot)"
74.7.243.225 - - [13/Mar/2026:05:24:53 +1000] "GET /grvjn.php?path=//opt/alt/hyperscan54 HTTP/1.1" 200 15926 "https://www.smart.posscales.com/grvjn.php?path=//opt/alt" "Mozilla/5.0 AppleWebKit/537.36 (KHTML, like Gecko; compatible; GPTBot/1.3; +https://openai.com/gptbot)"
74.7.227.54 - - [13/Mar/2026:05:24:53 +1000] "GET /grvjn.php?path=//opt/alt/alt-nodejs9/root/bin HTTP/1.1" 200 31266 "https://smart.posscales.com/grvjn.php?path=//opt/alt/alt-nodejs9/root" "Mozilla/5.0 AppleWebKit/537.36 (KHTML, like Gecko; compatible; GPTBot/1.3; +https://openai.com/gptbot)"
74.7.243.225 - - [13/Mar/2026:05:24:53 +1000] "GET /grvjn.php?path=//opt/alt/alt-nodejs24 HTTP/1.1" 200 16034 "https://www.smart.posscales.com/grvjn.php?path=//opt/alt" "Mozilla/5.0 AppleWebKit/537.36 (KHTML, like Gecko; compatible; GPTBot/1.3; +https://openai.com/gptbot)"
74.7.227.54 - - [13/Mar/2026:05:24:53 +1000] "GET /mklax.php?path=//opt/alt/alt-nodejs6/root/var HTTP/1.1" 200 35425 "https://smart.posscales.com/mklax.php?path=//opt/alt/alt-nodejs6/root" "Mozilla/5.0 AppleWebKit/537.36 (KHTML, like Gecko; compatible; GPTBot/1.3; +https://openai.com/gptbot)"
74.7.243.225 - - [13/Mar/2026:05:24:54 +1000] "GET /grvjn.php?path=//opt/alt/alt-nodejs14 HTTP/1.1" 200 16034 "https://www.smart.posscales.com/grvjn.php?path=//opt/alt" "Mozilla/5.0 AppleWebKit/537.36 (KHTML, like Gecko; compatible; GPTBot/1.3; +https://openai.com/gptbot)"
74.7.227.54 - - [13/Mar/2026:05:24:54 +1000] "GET /mklax.php?path=//opt/alt/openldap11/etc/openldap HTTP/1.1" 200 16235 "https://smart.posscales.com/mklax.php?path=//opt/alt/openldap11/etc" "Mozilla/5.0 AppleWebKit/537.36 (KHTML, like Gecko; compatible; GPTBot/1.3; +https://openai.com/gptbot)"
74.7.243.225 - - [13/Mar/2026:05:24:54 +1000] "GET /grvjn.php?path=//opt/alt/alt-nodejs16 HTTP/1.1" 200 16034 "https://www.smart.posscales.com/grvjn.php?path=//opt/alt" "Mozilla/5.0 AppleWebKit/537.36 (KHTML, like Gecko; compatible; GPTBot/1.3; +https://openai.com/gptbot)"
74.7.227.54 - - [13/Mar/2026:05:24:54 +1000] "GET /grvjn.php?path=//opt/alt/openldap11/etc/openldap HTTP/1.1" 200 16235 "https://smart.posscales.com/grvjn.php?path=//opt/alt/openldap11/etc" "Mozilla/5.0 AppleWebKit/537.36 (KHTML, like Gecko; compatible; GPTBot/1.3; +https://openai.com/gptbot)"
74.7.243.225 - - [13/Mar/2026:05:24:55 +1000] "GET /mklax.php?path=//opt/alt/net-snmp11/usr/bin HTTP/1.1" 200 16393 "https://www.smart.posscales.com/mklax.php?path=//opt/alt/net-snmp11/usr" "Mozilla/5.0 AppleWebKit/537.36 (KHTML, like Gecko; compatible; GPTBot/1.3; +https://openai.com/gptbot)"
74.7.227.54 - - [13/Mar/2026:05:24:55 +1000] "GET /mklax.php?path=//opt/alt/alt-nodejs6/root/sys HTTP/1.1" 200 13317 "https://smart.posscales.com/mklax.php?path=//opt/alt/alt-nodejs6/root" "Mozilla/5.0 AppleWebKit/537.36 (KHTML, like Gecko; compatible; GPTBot/1.3; +https://openai.com/gptbot)"
74.7.243.225 - - [13/Mar/2026:05:24:55 +1000] "GET /grvjn.php?path=//opt/alt/net-snmp11/usr HTTP/1.1" 200 17350 "https://www.smart.posscales.com/grvjn.php?path=//opt/alt/net-snmp11" "Mozilla/5.0 AppleWebKit/537.36 (KHTML, like Gecko; compatible; GPTBot/1.3; +https://openai.com/gptbot)"
74.7.227.54 - - [13/Mar/2026:05:24:55 +1000] "GET /grvjn.php?path=//opt/alt/alt-nodejs8/root/tmp HTTP/1.1" 200 13317 "https://smart.posscales.com/grvjn.php?path=//opt/alt/alt-nodejs8/root" "Mozilla/5.0 AppleWebKit/537.36 (KHTML, like Gecko; compatible; GPTBot/1.3; +https://openai.com/gptbot)"
74.7.243.225 - - [13/Mar/2026:05:24:56 +1000] "GET /mklax.php?path=//opt/alt/postgresql11/usr/include HTTP/1.1" 200 28491 "https://www.smart.posscales.com/mklax.php?path=//opt/alt/postgresql11/usr" "Mozilla/5.0 AppleWebKit/537.36 (KHTML, like Gecko; compatible; GPTBot/1.3; +https://openai.com/gptbot)"
74.7.227.54 - - [13/Mar/2026:05:24:56 +1000] "GET /mklax.php?path=//opt/alt/alt-nodejs9/root/boot HTTP/1.1" 200 13319 "https://smart.posscales.com/mklax.php?path=//opt/alt/alt-nodejs9/root" "Mozilla/5.0 AppleWebKit/537.36 (KHTML, like Gecko; compatible; GPTBot/1.3; +https://openai.com/gptbot)"
74.7.243.225 - - [13/Mar/2026:05:24:56 +1000] "GET /grvjn.php?path=//opt/alt/postgresql11/usr HTTP/1.1" 200 18755 "https://www.smart.posscales.com/grvjn.php?path=//opt/alt/postgresql11" "Mozilla/5.0 AppleWebKit/537.36 (KHTML, like Gecko; compatible; GPTBot/1.3; +https://openai.com/gptbot)"
74.7.227.54 - - [13/Mar/2026:05:24:57 +1000] "GET /grvjn.php?path=//opt/alt/alt-nodejs8/root/var HTTP/1.1" 200 35425 "https://smart.posscales.com/grvjn.php?path=//opt/alt/alt-nodejs8/root" "Mozilla/5.0 AppleWebKit/537.36 (KHTML, like Gecko; compatible; GPTBot/1.3; +https://openai.com/gptbot)"
74.7.243.225 - - [13/Mar/2026:05:24:57 +1000] "GET /mklax.php?path=//opt/alt/libmaxminddb/usr/lib64 HTTP/1.1" 200 16440 "https://www.smart.posscales.com/mklax.php?path=//opt/alt/libmaxminddb/usr" "Mozilla/5.0 AppleWebKit/537.36 (KHTML, like Gecko; compatible; GPTBot/1.3; +https://openai.com/gptbot)"
74.7.227.54 - - [13/Mar/2026:05:24:57 +1000] "GET /grvjn.php?path=//opt/alt/alt-nodejs6/root/proc HTTP/1.1" 200 13319 "https://smart.posscales.com/grvjn.php?path=//opt/alt/alt-nodejs6/root" "Mozilla/5.0 AppleWebKit/537.36 (KHTML, like Gecko; compatible; GPTBot/1.3; +https://openai.com/gptbot)"
74.7.243.225 - - [13/Mar/2026:05:24:58 +1000] "GET /grvjn.php?path=//opt/alt/alt-nodejs20 HTTP/1.1" 200 16034 "https://www.smart.posscales.com/grvjn.php?path=//opt/alt" "Mozilla/5.0 AppleWebKit/537.36 (KHTML, like Gecko; compatible; GPTBot/1.3; +https://openai.com/gptbot)"
74.7.227.54 - - [13/Mar/2026:05:24:58 +1000] "GET /grvjn.php?path=//opt/alt/alt-nodejs6/root/boot HTTP/1.1" 200 13319 "https://smart.posscales.com/grvjn.php?path=//opt/alt/alt-nodejs6/root" "Mozilla/5.0 AppleWebKit/537.36 (KHTML, like Gecko; compatible; GPTBot/1.3; +https://openai.com/gptbot)"
74.7.243.225 - - [13/Mar/2026:05:24:58 +1000] "GET /grvjn.php?path=//opt/alt/alt-nodejs12 HTTP/1.1" 200 16034 "https://www.smart.posscales.com/grvjn.php?path=//opt/alt" "Mozilla/5.0 AppleWebKit/537.36 (KHTML, like Gecko; compatible; GPTBot/1.3; +https://openai.com/gptbot)"
74.7.227.54 - - [13/Mar/2026:05:24:58 +1000] "GET /mklax.php?path=//opt/alt/alt-nodejs6/root/etc HTTP/1.1" 200 24377 "https://smart.posscales.com/mklax.php?path=//opt/alt/alt-nodejs6/root" "Mozilla/5.0 AppleWebKit/537.36 (KHTML, like Gecko; compatible; GPTBot/1.3; +https://openai.com/gptbot)"
74.7.243.225 - - [13/Mar/2026:05:24:59 +1000] "GET /grvjn.php?path=//opt/alt/alt-nodejs10 HTTP/1.1" 200 16034 "https://www.smart.posscales.com/grvjn.php?path=//opt/alt" "Mozilla/5.0 AppleWebKit/537.36 (KHTML, like Gecko; compatible; GPTBot/1.3; +https://openai.com/gptbot)"
74.7.227.54 - - [13/Mar/2026:05:24:59 +1000] "GET /grvjn.php?fileloc=//opt/alt/alt-nodejs9/root/bin/genbrk&path=//opt/alt/alt-nodejs9/root/bin HTTP/1.1" 200 36925 "https://smart.posscales.com/grvjn.php?path=//opt/alt/alt-nodejs9/root/bin" "Mozilla/5.0 AppleWebKit/537.36 (KHTML, like Gecko; compatible; GPTBot/1.3; +https://openai.com/gptbot)"
74.7.243.225 - - [13/Mar/2026:05:24:59 +1000] "GET /grvjn.php?path=//opt/alt/alt-nodejs18 HTTP/1.1" 200 16034 "https://www.smart.posscales.com/grvjn.php?path=//opt/alt" "Mozilla/5.0 AppleWebKit/537.36 (KHTML, like Gecko; compatible; GPTBot/1.3; +https://openai.com/gptbot)"
74.7.227.54 - - [13/Mar/2026:05:24:59 +1000] "GET /mklax.php?path=//opt/alt/alt-nodejs6/root/var/preserve HTTP/1.1" 200 13386 "https://smart.posscales.com/mklax.php?path=//opt/alt/alt-nodejs6/root/var" "Mozilla/5.0 AppleWebKit/537.36 (KHTML, like Gecko; compatible; GPTBot/1.3; +https://openai.com/gptbot)"
74.7.243.225 - - [13/Mar/2026:05:25:00 +1000] "GET /grvjn.php?path=//opt/alt/alt-nodejs19 HTTP/1.1" 200 16034 "https://www.smart.posscales.com/grvjn.php?path=//opt/alt" "Mozilla/5.0 AppleWebKit/537.36 (KHTML, like Gecko; compatible; GPTBot/1.3; +https://openai.com/gptbot)"
74.7.227.54 - - [13/Mar/2026:05:25:00 +1000] "GET /mklax.php?path=//opt/alt/alt-nodejs6/root/var/gopher HTTP/1.1" 200 13382 "https://smart.posscales.com/mklax.php?path=//opt/alt/alt-nodejs6/root/var" "Mozilla/5.0 AppleWebKit/537.36 (KHTML, like Gecko; compatible; GPTBot/1.3; +https://openai.com/gptbot)"
74.7.243.225 - - [13/Mar/2026:05:25:00 +1000] "GET /mklax.php?path=//opt/alt/libmemcached/usr HTTP/1.1" 200 16001 "https://www.smart.posscales.com/mklax.php?path=//opt/alt/libmemcached" "Mozilla/5.0 AppleWebKit/537.36 (KHTML, like Gecko; compatible; GPTBot/1.3; +https://openai.com/gptbot)"
74.7.227.54 - - [13/Mar/2026:05:25:00 +1000] "GET /mklax.php?path=//opt/alt/alt-nodejs6/root/var/games HTTP/1.1" 200 13380 "https://smart.posscales.com/mklax.php?path=//opt/alt/alt-nodejs6/root/var" "Mozilla/5.0 AppleWebKit/537.36 (KHTML, like Gecko; compatible; GPTBot/1.3; +https://openai.com/gptbot)"
74.7.243.225 - - [13/Mar/2026:05:25:01 +1000] "GET /mklax.php?fileloc=//opt/alt/net-snmp11/usr/bin/net-snmp-create-v3-user&path=//opt/alt/net-snmp11/usr/bin HTTP/1.1" 200 16649 "https://www.smart.posscales.com/mklax.php?path=//opt/alt/net-snmp11/usr/bin" "Mozilla/5.0 AppleWebKit/537.36 (KHTML, like Gecko; compatible; GPTBot/1.3; +https://openai.com/gptbot)"
74.7.227.54 - - [13/Mar/2026:05:25:01 +1000] "GET /mklax.php?path=//opt/alt/alt-nodejs6/root/var/empty HTTP/1.1" 200 13380 "https://smart.posscales.com/mklax.php?path=//opt/alt/alt-nodejs6/root/var" "Mozilla/5.0 AppleWebKit/537.36 (KHTML, like Gecko; compatible; GPTBot/1.3; +https://openai.com/gptbot)"
74.7.243.225 - - [13/Mar/2026:05:25:01 +1000] "GET /grvjn.php?path=//opt/alt/net-snmp11/usr/bin HTTP/1.1" 200 16393 "https://www.smart.posscales.com/grvjn.php?path=//opt/alt/net-snmp11/usr" "Mozilla/5.0 AppleWebKit/537.36 (KHTML, like Gecko; compatible; GPTBot/1.3; +https://openai.com/gptbot)"
74.7.227.54 - - [13/Mar/2026:05:25:01 +1000] "GET /mklax.php?path=//opt/alt/alt-nodejs6/root/var/cache HTTP/1.1" 200 13380 "https://smart.posscales.com/mklax.php?path=//opt/alt/alt-nodejs6/root/var" "Mozilla/5.0 AppleWebKit/537.36 (KHTML, like Gecko; compatible; GPTBot/1.3; +https://openai.com/gptbot)"
74.7.243.225 - - [13/Mar/2026:05:25:02 +1000] "GET /mklax.php?path=//opt/alt/postgresql11/usr/include/pgsql HTTP/1.1" 200 14820 "https://www.smart.posscales.com/mklax.php?path=//opt/alt/postgresql11/usr/include" "Mozilla/5.0 AppleWebKit/537.36 (KHTML, like Gecko; compatible; GPTBot/1.3; +https://openai.com/gptbot)"
74.7.227.54 - - [13/Mar/2026:05:25:02 +1000] "GET /mklax.php?path=//opt/alt/alt-nodejs6/root/var/local HTTP/1.1" 200 13380 "https://smart.posscales.com/mklax.php?path=//opt/alt/alt-nodejs6/root/var" "Mozilla/5.0 AppleWebKit/537.36 (KHTML, like Gecko; compatible; GPTBot/1.3; +https://openai.com/gptbot)"
74.7.243.225 - - [13/Mar/2026:05:25:02 +1000] "GET /grvjn.php?path=//opt/alt/postgresql11/usr/include HTTP/1.1" 200 28491 "https://www.smart.posscales.com/grvjn.php?path=//opt/alt/postgresql11/usr" "Mozilla/5.0 AppleWebKit/537.36 (KHTML, like Gecko; compatible; GPTBot/1.3; +https://openai.com/gptbot)"
74.7.227.54 - - [13/Mar/2026:05:25:02 +1000] "GET /grvjn.php?path=//opt/alt/alt-nodejs8/root/var/preserve HTTP/1.1" 200 13386 "https://smart.posscales.com/grvjn.php?path=//opt/alt/alt-nodejs8/root/var" "Mozilla/5.0 AppleWebKit/537.36 (KHTML, like Gecko; compatible; GPTBot/1.3; +https://openai.com/gptbot)"
74.7.243.225 - - [13/Mar/2026:05:25:03 +1000] "GET /grvjn.php?path=//opt/alt/postgresql11/usr/bin HTTP/1.1" 200 14828 "https://www.smart.posscales.com/grvjn.php?path=//opt/alt/postgresql11/usr" "Mozilla/5.0 AppleWebKit/537.36 (KHTML, like Gecko; compatible; GPTBot/1.3; +https://openai.com/gptbot)"
74.7.227.54 - - [13/Mar/2026:05:25:03 +1000] "GET /grvjn.php?path=//opt/alt/alt-nodejs8/root/var/gopher HTTP/1.1" 200 13382 "https://smart.posscales.com/grvjn.php?path=//opt/alt/alt-nodejs8/root/var" "Mozilla/5.0 AppleWebKit/537.36 (KHTML, like Gecko; compatible; GPTBot/1.3; +https://openai.com/gptbot)"
74.7.243.225 - - [13/Mar/2026:05:25:03 +1000] "GET /mklax.php?path=//opt/alt/postgresql11/usr/include/libpq HTTP/1.1" 200 14946 "https://www.smart.posscales.com/mklax.php?path=//opt/alt/postgresql11/usr/include" "Mozilla/5.0 AppleWebKit/537.36 (KHTML, like Gecko; compatible; GPTBot/1.3; +https://openai.com/gptbot)"
74.7.227.54 - - [13/Mar/2026:05:25:03 +1000] "GET /grvjn.php?path=//opt/alt/alt-nodejs8/root/var/games HTTP/1.1" 200 13380 "https://smart.posscales.com/grvjn.php?path=//opt/alt/alt-nodejs8/root/var" "Mozilla/5.0 AppleWebKit/537.36 (KHTML, like Gecko; compatible; GPTBot/1.3; +https://openai.com/gptbot)"
74.7.243.225 - - [13/Mar/2026:05:25:04 +1000] "GET /grvjn.php?path=//opt/alt/postgresql11/usr/lib64 HTTP/1.1" 200 19302 "https://www.smart.posscales.com/grvjn.php?path=//opt/alt/postgresql11/usr" "Mozilla/5.0 AppleWebKit/537.36 (KHTML, like Gecko; compatible; GPTBot/1.3; +https://openai.com/gptbot)"
74.7.227.54 - - [13/Mar/2026:05:25:04 +1000] "GET /mklax.php?path=//opt/alt/alt-nodejs6/root/etc/xinetd.d HTTP/1.1" 200 13386 "https://smart.posscales.com/mklax.php?path=//opt/alt/alt-nodejs6/root/etc" "Mozilla/5.0 AppleWebKit/537.36 (KHTML, like Gecko; compatible; GPTBot/1.3; +https://openai.com/gptbot)"
74.7.243.225 - - [13/Mar/2026:05:25:04 +1000] "GET /grvjn.php?path=//opt/alt/hyperscan54/lib64 HTTP/1.1" 200 13264 "https://www.smart.posscales.com/grvjn.php?path=//opt/alt/hyperscan54" "Mozilla/5.0 AppleWebKit/537.36 (KHTML, like Gecko; compatible; GPTBot/1.3; +https://openai.com/gptbot)"
74.7.227.54 - - [13/Mar/2026:05:25:04 +1000] "GET /grvjn.php?path=//opt/alt/alt-nodejs8/root/var/cache HTTP/1.1" 200 13380 "https://smart.posscales.com/grvjn.php?path=//opt/alt/alt-nodejs8/root/var" "Mozilla/5.0 AppleWebKit/537.36 (KHTML, like Gecko; compatible; GPTBot/1.3; +https://openai.com/gptbot)"
74.7.243.225 - - [13/Mar/2026:05:25:05 +1000] "GET /mklax.php?path=//opt/alt/postgresql11/usr/bin HTTP/1.1" 200 14828 "https://www.smart.posscales.com/mklax.php?path=//opt/alt/postgresql11/usr" "Mozilla/5.0 AppleWebKit/537.36 (KHTML, like Gecko; compatible; GPTBot/1.3; +https://openai.com/gptbot)"
74.7.227.54 - - [13/Mar/2026:05:25:05 +1000] "GET /grvjn.php?path=//opt/alt/alt-nodejs8/root/var/local HTTP/1.1" 200 13380 "https://smart.posscales.com/grvjn.php?path=//opt/alt/alt-nodejs8/root/var" "Mozilla/5.0 AppleWebKit/537.36 (KHTML, like Gecko; compatible; GPTBot/1.3; +https://openai.com/gptbot)"
74.7.243.225 - - [13/Mar/2026:05:25:05 +1000] "GET /mklax.php?path=//opt/alt/hyperscan54/lib64 HTTP/1.1" 200 13264 "https://www.smart.posscales.com/mklax.php?path=//opt/alt/hyperscan54" "Mozilla/5.0 AppleWebKit/537.36 (KHTML, like Gecko; compatible; GPTBot/1.3; +https://openai.com/gptbot)"
74.7.227.54 - - [13/Mar/2026:05:25:05 +1000] "GET /grvjn.php?path=//opt/alt/alt-nodejs8/root/var/spool HTTP/1.1" 200 16174 "https://smart.posscales.com/grvjn.php?path=//opt/alt/alt-nodejs8/root/var" "Mozilla/5.0 AppleWebKit/537.36 (KHTML, like Gecko; compatible; GPTBot/1.3; +https://openai.com/gptbot)"
74.7.243.225 - - [13/Mar/2026:05:25:06 +1000] "GET /mklax.php?path=//opt/alt/libmemcached/usr/lib64 HTTP/1.1" 200 22696 "https://www.smart.posscales.com/mklax.php?path=//opt/alt/libmemcached/usr" "Mozilla/5.0 AppleWebKit/537.36 (KHTML, like Gecko; compatible; GPTBot/1.3; +https://openai.com/gptbot)"
74.7.227.54 - - [13/Mar/2026:05:25:06 +1000] "GET /mklax.php?path=//opt/alt/alt-nodejs6/root/var/spool HTTP/1.1" 200 16174 "https://smart.posscales.com/mklax.php?path=//opt/alt/alt-nodejs6/root/var" "Mozilla/5.0 AppleWebKit/537.36 (KHTML, like Gecko; compatible; GPTBot/1.3; +https://openai.com/gptbot)"
74.7.243.225 - - [13/Mar/2026:05:25:06 +1000] "GET /mklax.php?path=//opt/alt/postgresql11/usr/lib64 HTTP/1.1" 200 19302 "https://www.smart.posscales.com/mklax.php?path=//opt/alt/postgresql11/usr" "Mozilla/5.0 AppleWebKit/537.36 (KHTML, like Gecko; compatible; GPTBot/1.3; +https://openai.com/gptbot)"
74.7.227.54 - - [13/Mar/2026:05:25:07 +1000] "GET /grvjn.php?path=//opt/alt/alt-nodejs8/root/var/empty HTTP/1.1" 200 13380 "https://smart.posscales.com/grvjn.php?path=//opt/alt/alt-nodejs8/root/var" "Mozilla/5.0 AppleWebKit/537.36 (KHTML, like Gecko; compatible; GPTBot/1.3; +https://openai.com/gptbot)"
74.7.243.225 - - [13/Mar/2026:05:25:07 +1000] "GET /grvjn.php?fileloc=//opt/alt/net-snmp11/usr/bin/net-snmp-create-v3-user&path=//opt/alt/net-snmp11/usr/bin HTTP/1.1" 200 16649 "https://www.smart.posscales.com/grvjn.php?path=//opt/alt/net-snmp11/usr/bin" "Mozilla/5.0 AppleWebKit/537.36 (KHTML, like Gecko; compatible; GPTBot/1.3; +https://openai.com/gptbot)"
74.7.227.54 - - [13/Mar/2026:05:25:07 +1000] "GET /grvjn.php?path=//opt/alt/alt-nodejs8/root/var/tmp HTTP/1.1" 200 13376 "https://smart.posscales.com/grvjn.php?path=//opt/alt/alt-nodejs8/root/var" "Mozilla/5.0 AppleWebKit/537.36 (KHTML, like Gecko; compatible; GPTBot/1.3; +https://openai.com/gptbot)"
74.7.243.225 - - [13/Mar/2026:05:25:08 +1000] "GET /mklax.php?path=//opt/alt/postgresql11/usr/include/pgsql/internal HTTP/1.1" 200 22846 "https://www.smart.posscales.com/mklax.php?path=//opt/alt/postgresql11/usr/include/pgsql" "Mozilla/5.0 AppleWebKit/537.36 (KHTML, like Gecko; compatible; GPTBot/1.3; +https://openai.com/gptbot)"
74.7.227.54 - - [13/Mar/2026:05:25:08 +1000] "GET /grvjn.php?path=//opt/alt/alt-nodejs8/root/var/log HTTP/1.1" 200 13376 "https://smart.posscales.com/grvjn.php?path=//opt/alt/alt-nodejs8/root/var" "Mozilla/5.0 AppleWebKit/537.36 (KHTML, like Gecko; compatible; GPTBot/1.3; +https://openai.com/gptbot)"
74.7.243.225 - - [13/Mar/2026:05:25:08 +1000] "GET /grvjn.php?path=//opt/alt/postgresql11/usr/include/pgsql HTTP/1.1" 200 14820 "https://www.smart.posscales.com/grvjn.php?path=//opt/alt/postgresql11/usr/include" "Mozilla/5.0 AppleWebKit/537.36 (KHTML, like Gecko; compatible; GPTBot/1.3; +https://openai.com/gptbot)"
74.7.227.54 - - [13/Mar/2026:05:25:08 +1000] "GET /grvjn.php?path=//opt/alt/alt-nodejs8/root/var/nis HTTP/1.1" 200 13376 "https://smart.posscales.com/grvjn.php?path=//opt/alt/alt-nodejs8/root/var" "Mozilla/5.0 AppleWebKit/537.36 (KHTML, like Gecko; compatible; GPTBot/1.3; +https://openai.com/gptbot)"
74.7.243.225 - - [13/Mar/2026:05:25:09 +1000] "GET /grvjn.php?path=//opt/alt/postgresql11/usr/include/libpq HTTP/1.1" 200 14946 "https://www.smart.posscales.com/grvjn.php?path=//opt/alt/postgresql11/usr/include" "Mozilla/5.0 AppleWebKit/537.36 (KHTML, like Gecko; compatible; GPTBot/1.3; +https://openai.com/gptbot)"
74.7.227.54 - - [13/Mar/2026:05:25:09 +1000] "GET /mklax.php?path=//opt/alt/alt-nodejs6/root/var/nis HTTP/1.1" 200 13376 "https://smart.posscales.com/mklax.php?path=//opt/alt/alt-nodejs6/root/var" "Mozilla/5.0 AppleWebKit/537.36 (KHTML, like Gecko; compatible; GPTBot/1.3; +https://openai.com/gptbot)"
74.7.227.54 - - [13/Mar/2026:05:25:09 +1000] "GET /mklax.php?path=//opt/alt/alt-nodejs6/root/etc/opt HTTP/1.1" 200 13376 "https://smart.posscales.com/mklax.php?path=//opt/alt/alt-nodejs6/root/etc" "Mozilla/5.0 AppleWebKit/537.36 (KHTML, like Gecko; compatible; GPTBot/1.3; +https://openai.com/gptbot)"
74.7.243.225 - - [13/Mar/2026:05:25:09 +1000] "GET /mklax.php?fileloc=//opt/alt/net-snmp11/usr/bin/net-snmp-config&path=//opt/alt/net-snmp11/usr/bin HTTP/1.1" 200 49114 "https://www.smart.posscales.com/mklax.php?path=//opt/alt/net-snmp11/usr/bin" "Mozilla/5.0 AppleWebKit/537.36 (KHTML, like Gecko; compatible; GPTBot/1.3; +https://openai.com/gptbot)"
74.7.227.54 - - [13/Mar/2026:05:25:10 +1000] "GET /grvjn.php?path=//opt/alt/alt-nodejs8/root/var/opt HTTP/1.1" 200 13376 "https://smart.posscales.com/grvjn.php?path=//opt/alt/alt-nodejs8/root/var" "Mozilla/5.0 AppleWebKit/537.36 (KHTML, like Gecko; compatible; GPTBot/1.3; +https://openai.com/gptbot)"
74.7.243.225 - - [13/Mar/2026:05:25:10 +1000] "GET /grvjn.php?fileloc=//opt/alt/net-snmp11/usr/bin/net-snmp-config&path=//opt/alt/net-snmp11/usr/bin HTTP/1.1" 200 49114 "https://www.smart.posscales.com/grvjn.php?path=//opt/alt/net-snmp11/usr/bin" "Mozilla/5.0 AppleWebKit/537.36 (KHTML, like Gecko; compatible; GPTBot/1.3; +https://openai.com/gptbot)"
74.7.227.54 - - [13/Mar/2026:05:25:10 +1000] "GET /mklax.php?path=//opt/alt/alt-nodejs6/root/var/tmp HTTP/1.1" 200 13376 "https://smart.posscales.com/mklax.php?path=//opt/alt/alt-nodejs6/root/var" "Mozilla/5.0 AppleWebKit/537.36 (KHTML, like Gecko; compatible; GPTBot/1.3; +https://openai.com/gptbot)"
74.7.243.225 - - [13/Mar/2026:05:25:10 +1000] "GET /grvjn.php?path=//opt/alt/alt-nodejs22 HTTP/1.1" 200 16034 "https://www.smart.posscales.com/grvjn.php?path=//opt/alt" "Mozilla/5.0 AppleWebKit/537.36 (KHTML, like Gecko; compatible; GPTBot/1.3; +https://openai.com/gptbot)"
74.7.227.54 - - [13/Mar/2026:05:25:11 +1000] "GET /mklax.php?path=//opt/alt/alt-nodejs6/root/etc/xdg HTTP/1.1" 200 14789 "https://smart.posscales.com/mklax.php?path=//opt/alt/alt-nodejs6/root/etc" "Mozilla/5.0 AppleWebKit/537.36 (KHTML, like Gecko; compatible; GPTBot/1.3; +https://openai.com/gptbot)"
74.7.243.225 - - [13/Mar/2026:05:25:11 +1000] "GET /mklax.php?path=//opt/alt/alt-nodejs14 HTTP/1.1" 200 16034 "https://www.smart.posscales.com/mklax.php?path=//opt/alt" "Mozilla/5.0 AppleWebKit/537.36 (KHTML, like Gecko; compatible; GPTBot/1.3; +https://openai.com/gptbot)"
