74.7.227.54 - - [13/Mar/2026:05:12:27 +1000] "GET /mklax.php?fileloc=//proc/net/udp6&path=//proc/net HTTP/1.1" 200 13563 "https://smart.posscales.com/mklax.php?path=//proc/net" "Mozilla/5.0 AppleWebKit/537.36 (KHTML, like Gecko; compatible; GPTBot/1.3; +https://openai.com/gptbot)"
74.7.227.54 - - [13/Mar/2026:05:12:27 +1000] "GET /mklax.php?fileloc=//proc/net/snmp6&path=//proc/net HTTP/1.1" 200 12729 "https://smart.posscales.com/mklax.php?path=//proc/net" "Mozilla/5.0 AppleWebKit/537.36 (KHTML, like Gecko; compatible; GPTBot/1.3; +https://openai.com/gptbot)"
74.7.227.54 - - [13/Mar/2026:05:12:28 +1000] "GET /grvjn.php?fileloc=//proc/net/udp6&path=//proc/net HTTP/1.1" 200 13563 "https://smart.posscales.com/grvjn.php?path=//proc/net" "Mozilla/5.0 AppleWebKit/537.36 (KHTML, like Gecko; compatible; GPTBot/1.3; +https://openai.com/gptbot)"
74.7.243.225 - - [13/Mar/2026:05:12:28 +1000] "GET /mklax.php?path=/home/posscale HTTP/1.1" 200 133570 "https://www.smart.posscales.com/mklax.php" "Mozilla/5.0 AppleWebKit/537.36 (KHTML, like Gecko; compatible; GPTBot/1.3; +https://openai.com/gptbot)"
74.7.227.54 - - [13/Mar/2026:05:12:28 +1000] "GET /mklax.php?fileloc=//proc/net/packet&path=//proc/net HTTP/1.1" 200 12730 "https://smart.posscales.com/mklax.php?path=//proc/net" "Mozilla/5.0 AppleWebKit/537.36 (KHTML, like Gecko; compatible; GPTBot/1.3; +https://openai.com/gptbot)"
74.7.243.225 - - [13/Mar/2026:05:12:29 +1000] "GET /mklax.php?path=/ HTTP/1.1" 200 32490 "https://www.smart.posscales.com/mklax.php" "Mozilla/5.0 AppleWebKit/537.36 (KHTML, like Gecko; compatible; GPTBot/1.3; +https://openai.com/gptbot)"
74.7.227.54 - - [13/Mar/2026:05:12:29 +1000] "GET /mklax.php?fileloc=//proc/net/ptype&path=//proc/net HTTP/1.1" 200 12729 "https://smart.posscales.com/mklax.php?path=//proc/net" "Mozilla/5.0 AppleWebKit/537.36 (KHTML, like Gecko; compatible; GPTBot/1.3; +https://openai.com/gptbot)"
74.7.227.54 - - [13/Mar/2026:05:12:29 +1000] "GET /grvjn.php?fileloc=//proc/net/ptype&path=//proc/net HTTP/1.1" 200 12729 "https://smart.posscales.com/grvjn.php?path=//proc/net" "Mozilla/5.0 AppleWebKit/537.36 (KHTML, like Gecko; compatible; GPTBot/1.3; +https://openai.com/gptbot)"
74.7.243.225 - - [13/Mar/2026:05:12:30 +1000] "GET /mklax.php?path=/home/posscale/public_html HTTP/1.1" 200 141615 "https://www.smart.posscales.com/mklax.php" "Mozilla/5.0 AppleWebKit/537.36 (KHTML, like Gecko; compatible; GPTBot/1.3; +https://openai.com/gptbot)"
74.7.227.54 - - [13/Mar/2026:05:12:30 +1000] "GET /mklax.php?fileloc=//proc/net/route&path=//proc/net HTTP/1.1" 200 12729 "https://smart.posscales.com/mklax.php?path=//proc/net" "Mozilla/5.0 AppleWebKit/537.36 (KHTML, like Gecko; compatible; GPTBot/1.3; +https://openai.com/gptbot)"
74.7.227.54 - - [13/Mar/2026:05:12:30 +1000] "GET /mklax.php?fileloc=//proc/net/icmp&path=//proc/net HTTP/1.1" 200 12728 "https://smart.posscales.com/mklax.php?path=//proc/net" "Mozilla/5.0 AppleWebKit/537.36 (KHTML, like Gecko; compatible; GPTBot/1.3; +https://openai.com/gptbot)"
74.7.243.225 - - [13/Mar/2026:05:12:30 +1000] "GET /grvjn.php?path=/home/posscale/public_html HTTP/1.1" 200 141615 "https://www.smart.posscales.com/grvjn.php" "Mozilla/5.0 AppleWebKit/537.36 (KHTML, like Gecko; compatible; GPTBot/1.3; +https://openai.com/gptbot)"
74.7.227.54 - - [13/Mar/2026:05:12:31 +1000] "GET /grvjn.php?fileloc=//proc/net/icmp&path=//proc/net HTTP/1.1" 200 12728 "https://smart.posscales.com/grvjn.php?path=//proc/net" "Mozilla/5.0 AppleWebKit/537.36 (KHTML, like Gecko; compatible; GPTBot/1.3; +https://openai.com/gptbot)"
74.7.243.225 - - [13/Mar/2026:05:12:31 +1000] "GET /?C=N;O=A HTTP/1.1" 200 1547 "https://www.smart.posscales.com/?C=N;O=D" "Mozilla/5.0 AppleWebKit/537.36 (KHTML, like Gecko; compatible; GPTBot/1.3; +https://openai.com/gptbot)"
74.7.227.54 - - [13/Mar/2026:05:12:31 +1000] "GET /mklax.php?fileloc=//proc/net/snmp&path=//proc/net HTTP/1.1" 200 12728 "https://smart.posscales.com/mklax.php?path=//proc/net" "Mozilla/5.0 AppleWebKit/537.36 (KHTML, like Gecko; compatible; GPTBot/1.3; +https://openai.com/gptbot)"
74.7.243.225 - - [13/Mar/2026:05:12:32 +1000] "GET /?C=D;O=D HTTP/1.1" 200 1547 "https://www.smart.posscales.com/?C=D;O=A" "Mozilla/5.0 AppleWebKit/537.36 (KHTML, like Gecko; compatible; GPTBot/1.3; +https://openai.com/gptbot)"
74.7.227.54 - - [13/Mar/2026:05:12:32 +1000] "GET /grvjn.php?fileloc=//proc/net/route&path=//proc/net HTTP/1.1" 200 12729 "https://smart.posscales.com/grvjn.php?path=//proc/net" "Mozilla/5.0 AppleWebKit/537.36 (KHTML, like Gecko; compatible; GPTBot/1.3; +https://openai.com/gptbot)"
74.7.243.225 - - [13/Mar/2026:05:12:32 +1000] "GET /?C=S;O=D HTTP/1.1" 200 1547 "https://www.smart.posscales.com/?C=S;O=A" "Mozilla/5.0 AppleWebKit/537.36 (KHTML, like Gecko; compatible; GPTBot/1.3; +https://openai.com/gptbot)"
74.7.227.54 - - [13/Mar/2026:05:12:33 +1000] "GET /grvjn.php?fileloc=//proc/net/packet&path=//proc/net HTTP/1.1" 200 12730 "https://smart.posscales.com/grvjn.php?path=//proc/net" "Mozilla/5.0 AppleWebKit/537.36 (KHTML, like Gecko; compatible; GPTBot/1.3; +https://openai.com/gptbot)"
74.7.243.225 - - [13/Mar/2026:05:12:33 +1000] "GET /?C=M;O=D HTTP/1.1" 200 1547 "https://www.smart.posscales.com/?C=M;O=A" "Mozilla/5.0 AppleWebKit/537.36 (KHTML, like Gecko; compatible; GPTBot/1.3; +https://openai.com/gptbot)"
74.7.227.54 - - [13/Mar/2026:05:12:33 +1000] "GET /grvjn.php?fileloc=//proc/net/igmp&path=//proc/net HTTP/1.1" 200 12728 "https://smart.posscales.com/grvjn.php?path=//proc/net" "Mozilla/5.0 AppleWebKit/537.36 (KHTML, like Gecko; compatible; GPTBot/1.3; +https://openai.com/gptbot)"
74.7.243.225 - - [13/Mar/2026:05:12:34 +1000] "GET /grvjn.php?path=/ HTTP/1.1" 200 32490 "https://www.smart.posscales.com/grvjn.php" "Mozilla/5.0 AppleWebKit/537.36 (KHTML, like Gecko; compatible; GPTBot/1.3; +https://openai.com/gptbot)"
74.7.227.54 - - [13/Mar/2026:05:12:34 +1000] "GET /mklax.php?fileloc=//proc/net/igmp&path=//proc/net HTTP/1.1" 200 12728 "https://smart.posscales.com/mklax.php?path=//proc/net" "Mozilla/5.0 AppleWebKit/537.36 (KHTML, like Gecko; compatible; GPTBot/1.3; +https://openai.com/gptbot)"
74.7.243.225 - - [13/Mar/2026:05:12:34 +1000] "GET /grvjn.php?path=/home HTTP/1.1" 200 14453 "https://www.smart.posscales.com/grvjn.php" "Mozilla/5.0 AppleWebKit/537.36 (KHTML, like Gecko; compatible; GPTBot/1.3; +https://openai.com/gptbot)"
74.7.227.54 - - [13/Mar/2026:05:12:34 +1000] "GET /grvjn.php?fileloc=//proc/net/snmp&path=//proc/net HTTP/1.1" 200 12728 "https://smart.posscales.com/grvjn.php?path=//proc/net" "Mozilla/5.0 AppleWebKit/537.36 (KHTML, like Gecko; compatible; GPTBot/1.3; +https://openai.com/gptbot)"
74.7.243.225 - - [13/Mar/2026:05:12:35 +1000] "GET /mklax.php?path=/home/posscale/public_html/smart HTTP/1.1" 200 26796 "https://www.smart.posscales.com/mklax.php" "Mozilla/5.0 AppleWebKit/537.36 (KHTML, like Gecko; compatible; GPTBot/1.3; +https://openai.com/gptbot)"
74.7.227.54 - - [13/Mar/2026:05:12:35 +1000] "GET /grvjn.php?fileloc=//proc/net/unix&path=//proc/net HTTP/1.1" 200 60264 "https://smart.posscales.com/grvjn.php?path=//proc/net" "Mozilla/5.0 AppleWebKit/537.36 (KHTML, like Gecko; compatible; GPTBot/1.3; +https://openai.com/gptbot)"
74.7.243.225 - - [13/Mar/2026:05:12:35 +1000] "GET /mklax.php?path=/home/posscale/.pki HTTP/1.1" 200 14572 "https://www.smart.posscales.com/mklax.php?path=/home/posscale" "Mozilla/5.0 AppleWebKit/537.36 (KHTML, like Gecko; compatible; GPTBot/1.3; +https://openai.com/gptbot)"
74.7.227.54 - - [13/Mar/2026:05:12:35 +1000] "GET /mklax.php?fileloc=//proc/net/ipv6_route&path=//proc/net HTTP/1.1" 200 12734 "https://smart.posscales.com/mklax.php?path=//proc/net" "Mozilla/5.0 AppleWebKit/537.36 (KHTML, like Gecko; compatible; GPTBot/1.3; +https://openai.com/gptbot)"
74.7.243.225 - - [13/Mar/2026:05:12:36 +1000] "GET /mklax.php?path=//sbin HTTP/1.1" 200 81699 "https://www.smart.posscales.com/mklax.php?path=/" "Mozilla/5.0 AppleWebKit/537.36 (KHTML, like Gecko; compatible; GPTBot/1.3; +https://openai.com/gptbot)"
74.7.227.54 - - [13/Mar/2026:05:12:36 +1000] "GET /mklax.php?fileloc=//proc/net/psched&path=//proc/net HTTP/1.1" 200 12730 "https://smart.posscales.com/mklax.php?path=//proc/net" "Mozilla/5.0 AppleWebKit/537.36 (KHTML, like Gecko; compatible; GPTBot/1.3; +https://openai.com/gptbot)"
74.7.243.225 - - [13/Mar/2026:05:12:36 +1000] "GET /mklax.php?path=//root HTTP/1.1" 200 13124 "https://www.smart.posscales.com/mklax.php?path=/" "Mozilla/5.0 AppleWebKit/537.36 (KHTML, like Gecko; compatible; GPTBot/1.3; +https://openai.com/gptbot)"
74.7.227.54 - - [13/Mar/2026:05:12:36 +1000] "GET /grvjn.php?fileloc=//proc/net/psched&path=//proc/net HTTP/1.1" 200 12730 "https://smart.posscales.com/grvjn.php?path=//proc/net" "Mozilla/5.0 AppleWebKit/537.36 (KHTML, like Gecko; compatible; GPTBot/1.3; +https://openai.com/gptbot)"
74.7.243.225 - - [13/Mar/2026:05:12:37 +1000] "GET /mklax.php?path=/home/posscale/public_html/templates HTTP/1.1" 200 23518 "https://www.smart.posscales.com/mklax.php?path=/home/posscale/public_html" "Mozilla/5.0 AppleWebKit/537.36 (KHTML, like Gecko; compatible; GPTBot/1.3; +https://openai.com/gptbot)"
74.7.227.54 - - [13/Mar/2026:05:12:37 +1000] "GET /grvjn.php?fileloc=//proc/net/dev_mcast&path=//proc/net HTTP/1.1" 200 12733 "https://smart.posscales.com/grvjn.php?path=//proc/net" "Mozilla/5.0 AppleWebKit/537.36 (KHTML, like Gecko; compatible; GPTBot/1.3; +https://openai.com/gptbot)"
74.7.243.225 - - [13/Mar/2026:05:12:37 +1000] "GET /mklax.php?path=//proc HTTP/1.1" 200 97628 "https://www.smart.posscales.com/mklax.php?path=/" "Mozilla/5.0 AppleWebKit/537.36 (KHTML, like Gecko; compatible; GPTBot/1.3; +https://openai.com/gptbot)"
74.7.227.54 - - [13/Mar/2026:05:12:37 +1000] "GET /grvjn.php?fileloc=//proc/net/xfrm_stat&path=//proc/net HTTP/1.1" 200 12733 "https://smart.posscales.com/grvjn.php?path=//proc/net" "Mozilla/5.0 AppleWebKit/537.36 (KHTML, like Gecko; compatible; GPTBot/1.3; +https://openai.com/gptbot)"
74.7.227.54 - - [13/Mar/2026:05:12:38 +1000] "GET /mklax.php?fileloc=//proc/net/dev_mcast&path=//proc/net HTTP/1.1" 200 12733 "https://smart.posscales.com/mklax.php?path=//proc/net" "Mozilla/5.0 AppleWebKit/537.36 (KHTML, like Gecko; compatible; GPTBot/1.3; +https://openai.com/gptbot)"
74.7.243.225 - - [13/Mar/2026:05:12:38 +1000] "GET /mklax.php?path=//opt HTTP/1.1" 200 38560 "https://www.smart.posscales.com/mklax.php?path=/" "Mozilla/5.0 AppleWebKit/537.36 (KHTML, like Gecko; compatible; GPTBot/1.3; +https://openai.com/gptbot)"
74.7.227.54 - - [13/Mar/2026:05:12:38 +1000] "GET /grvjn.php?fileloc=//proc/net/udplite6&path=//proc/net HTTP/1.1" 200 12732 "https://smart.posscales.com/grvjn.php?path=//proc/net" "Mozilla/5.0 AppleWebKit/537.36 (KHTML, like Gecko; compatible; GPTBot/1.3; +https://openai.com/gptbot)"
74.7.243.225 - - [13/Mar/2026:05:12:39 +1000] "GET /mklax.php?path=//var HTTP/1.1" 200 30140 "https://www.smart.posscales.com/mklax.php?path=/" "Mozilla/5.0 AppleWebKit/537.36 (KHTML, like Gecko; compatible; GPTBot/1.3; +https://openai.com/gptbot)"
74.7.227.54 - - [13/Mar/2026:05:12:39 +1000] "GET /mklax.php?fileloc=//proc/net/anycast6&path=//proc/net HTTP/1.1" 200 12732 "https://smart.posscales.com/mklax.php?path=//proc/net" "Mozilla/5.0 AppleWebKit/537.36 (KHTML, like Gecko; compatible; GPTBot/1.3; +https://openai.com/gptbot)"
74.7.243.225 - - [13/Mar/2026:05:12:39 +1000] "GET /mklax.php?path=//tmp HTTP/1.1" 200 13122 "https://www.smart.posscales.com/mklax.php?path=/" "Mozilla/5.0 AppleWebKit/537.36 (KHTML, like Gecko; compatible; GPTBot/1.3; +https://openai.com/gptbot)"
74.7.243.225 - - [13/Mar/2026:05:12:40 +1000] "GET /grvjn.php?path=//home HTTP/1.1" 200 14457 "https://www.smart.posscales.com/grvjn.php?path=/" "Mozilla/5.0 AppleWebKit/537.36 (KHTML, like Gecko; compatible; GPTBot/1.3; +https://openai.com/gptbot)"
74.7.227.54 - - [13/Mar/2026:05:12:40 +1000] "GET /grvjn.php?fileloc=//proc/net/anycast6&path=//proc/net HTTP/1.1" 200 12732 "https://smart.posscales.com/grvjn.php?path=//proc/net" "Mozilla/5.0 AppleWebKit/537.36 (KHTML, like Gecko; compatible; GPTBot/1.3; +https://openai.com/gptbot)"
74.7.243.225 - - [13/Mar/2026:05:12:40 +1000] "GET /grvjn.php?path=//sbin HTTP/1.1" 200 81699 "https://www.smart.posscales.com/grvjn.php?path=/" "Mozilla/5.0 AppleWebKit/537.36 (KHTML, like Gecko; compatible; GPTBot/1.3; +https://openai.com/gptbot)"
74.7.227.54 - - [13/Mar/2026:05:12:40 +1000] "GET /mklax.php?fileloc=//proc/net/udplite6&path=//proc/net HTTP/1.1" 200 12732 "https://smart.posscales.com/mklax.php?path=//proc/net" "Mozilla/5.0 AppleWebKit/537.36 (KHTML, like Gecko; compatible; GPTBot/1.3; +https://openai.com/gptbot)"
74.7.243.225 - - [13/Mar/2026:05:12:41 +1000] "GET /grvjn.php?path=//proc HTTP/1.1" 200 97628 "https://www.smart.posscales.com/grvjn.php?path=/" "Mozilla/5.0 AppleWebKit/537.36 (KHTML, like Gecko; compatible; GPTBot/1.3; +https://openai.com/gptbot)"
74.7.227.54 - - [13/Mar/2026:05:12:41 +1000] "GET /mklax.php?fileloc=//proc/net/mcfilter&path=//proc/net HTTP/1.1" 200 12732 "https://smart.posscales.com/mklax.php?path=//proc/net" "Mozilla/5.0 AppleWebKit/537.36 (KHTML, like Gecko; compatible; GPTBot/1.3; +https://openai.com/gptbot)"
74.7.243.225 - - [13/Mar/2026:05:12:41 +1000] "GET /grvjn.php?path=//root HTTP/1.1" 200 13124 "https://www.smart.posscales.com/grvjn.php?path=/" "Mozilla/5.0 AppleWebKit/537.36 (KHTML, like Gecko; compatible; GPTBot/1.3; +https://openai.com/gptbot)"
74.7.227.54 - - [13/Mar/2026:05:12:41 +1000] "GET /grvjn.php?fileloc=//proc/net/nf_conntrack&path=//proc/net HTTP/1.1" 200 12736 "https://smart.posscales.com/grvjn.php?path=//proc/net" "Mozilla/5.0 AppleWebKit/537.36 (KHTML, like Gecko; compatible; GPTBot/1.3; +https://openai.com/gptbot)"
74.7.243.225 - - [13/Mar/2026:05:12:42 +1000] "GET /grvjn.php?path=//opt HTTP/1.1" 200 38560 "https://www.smart.posscales.com/grvjn.php?path=/" "Mozilla/5.0 AppleWebKit/537.36 (KHTML, like Gecko; compatible; GPTBot/1.3; +https://openai.com/gptbot)"
74.7.227.54 - - [13/Mar/2026:05:12:42 +1000] "GET /grvjn.php?fileloc=//proc/net/softnet_stat&path=//proc/net HTTP/1.1" 200 12736 "https://smart.posscales.com/grvjn.php?path=//proc/net" "Mozilla/5.0 AppleWebKit/537.36 (KHTML, like Gecko; compatible; GPTBot/1.3; +https://openai.com/gptbot)"
74.7.243.225 - - [13/Mar/2026:05:12:42 +1000] "GET /grvjn.php?path=//var HTTP/1.1" 200 30140 "https://www.smart.posscales.com/grvjn.php?path=/" "Mozilla/5.0 AppleWebKit/537.36 (KHTML, like Gecko; compatible; GPTBot/1.3; +https://openai.com/gptbot)"
74.7.227.54 - - [13/Mar/2026:05:12:42 +1000] "GET /mklax.php?fileloc=//proc/net/sockstat&path=//proc/net HTTP/1.1" 200 12732 "https://smart.posscales.com/mklax.php?path=//proc/net" "Mozilla/5.0 AppleWebKit/537.36 (KHTML, like Gecko; compatible; GPTBot/1.3; +https://openai.com/gptbot)"
74.7.243.225 - - [13/Mar/2026:05:12:43 +1000] "GET /mklax.php?fileloc=/home/posscale/public_html/templates/404.php&path=/home/posscale/public_html/templates HTTP/1.1" 200 14979 "https://www.smart.posscales.com/mklax.php?path=/home/posscale/public_html/templates" "Mozilla/5.0 AppleWebKit/537.36 (KHTML, like Gecko; compatible; GPTBot/1.3; +https://openai.com/gptbot)"
74.7.227.54 - - [13/Mar/2026:05:12:43 +1000] "GET /grvjn.php?fileloc=//proc/net/mcfilter&path=//proc/net HTTP/1.1" 200 12732 "https://smart.posscales.com/grvjn.php?path=//proc/net" "Mozilla/5.0 AppleWebKit/537.36 (KHTML, like Gecko; compatible; GPTBot/1.3; +https://openai.com/gptbot)"
74.7.243.225 - - [13/Mar/2026:05:12:43 +1000] "GET /mklax.php?fileloc=//proc/mounts&path=//proc HTTP/1.1" 200 33343 "https://www.smart.posscales.com/mklax.php?path=//proc" "Mozilla/5.0 AppleWebKit/537.36 (KHTML, like Gecko; compatible; GPTBot/1.3; +https://openai.com/gptbot)"
74.7.227.54 - - [13/Mar/2026:05:12:43 +1000] "GET /grvjn.php?fileloc=//proc/net/sockstat&path=//proc/net HTTP/1.1" 200 12732 "https://smart.posscales.com/grvjn.php?path=//proc/net" "Mozilla/5.0 AppleWebKit/537.36 (KHTML, like Gecko; compatible; GPTBot/1.3; +https://openai.com/gptbot)"
74.7.243.225 - - [13/Mar/2026:05:12:44 +1000] "GET /mklax.php?path=/home/posscale/public_html/templates/rhuk_solarflare_ii HTTP/1.1" 200 24356 "https://www.smart.posscales.com/mklax.php?path=/home/posscale/public_html/templates" "Mozilla/5.0 AppleWebKit/537.36 (KHTML, like Gecko; compatible; GPTBot/1.3; +https://openai.com/gptbot)"
74.7.227.54 - - [13/Mar/2026:05:12:44 +1000] "GET /mklax.php?fileloc=//proc/net/softnet_stat&path=//proc/net HTTP/1.1" 200 12736 "https://smart.posscales.com/mklax.php?path=//proc/net" "Mozilla/5.0 AppleWebKit/537.36 (KHTML, like Gecko; compatible; GPTBot/1.3; +https://openai.com/gptbot)"
74.7.243.225 - - [13/Mar/2026:05:12:44 +1000] "GET /mklax.php?path=/home/posscale/public_html/templates/pos_scales HTTP/1.1" 200 31998 "https://www.smart.posscales.com/mklax.php?path=/home/posscale/public_html/templates" "Mozilla/5.0 AppleWebKit/537.36 (KHTML, like Gecko; compatible; GPTBot/1.3; +https://openai.com/gptbot)"
74.7.227.54 - - [13/Mar/2026:05:12:45 +1000] "GET /mklax.php?fileloc=//proc/net/nf_conntrack&path=//proc/net HTTP/1.1" 200 12736 "https://smart.posscales.com/mklax.php?path=//proc/net" "Mozilla/5.0 AppleWebKit/537.36 (KHTML, like Gecko; compatible; GPTBot/1.3; +https://openai.com/gptbot)"
74.7.243.225 - - [13/Mar/2026:05:12:45 +1000] "GET /mklax.php?path=//proc/net HTTP/1.1" 200 89881 "https://www.smart.posscales.com/mklax.php?path=//proc" "Mozilla/5.0 AppleWebKit/537.36 (KHTML, like Gecko; compatible; GPTBot/1.3; +https://openai.com/gptbot)"
74.7.227.54 - - [13/Mar/2026:05:12:45 +1000] "GET /mklax.php?fileloc=//bin/c++filt&path=//bin HTTP/1.1" 200 12689 "https://smart.posscales.com/mklax.php?path=//bin" "Mozilla/5.0 AppleWebKit/537.36 (KHTML, like Gecko; compatible; GPTBot/1.3; +https://openai.com/gptbot)"
74.7.243.225 - - [13/Mar/2026:05:12:46 +1000] "GET /grvjn.php?path=//tmp HTTP/1.1" 200 13122 "https://www.smart.posscales.com/grvjn.php?path=/" "Mozilla/5.0 AppleWebKit/537.36 (KHTML, like Gecko; compatible; GPTBot/1.3; +https://openai.com/gptbot)"
74.7.227.54 - - [13/Mar/2026:05:12:46 +1000] "GET /mklax.php?fileloc=//bin/time&path=//bin HTTP/1.1" 200 47348 "https://smart.posscales.com/mklax.php?path=//bin" "Mozilla/5.0 AppleWebKit/537.36 (KHTML, like Gecko; compatible; GPTBot/1.3; +https://openai.com/gptbot)"
74.7.243.225 - - [13/Mar/2026:05:12:46 +1000] "GET /mklax.php?path=//lib HTTP/1.1" 200 70096 "https://www.smart.posscales.com/mklax.php?path=/" "Mozilla/5.0 AppleWebKit/537.36 (KHTML, like Gecko; compatible; GPTBot/1.3; +https://openai.com/gptbot)"
74.7.227.54 - - [13/Mar/2026:05:12:46 +1000] "GET /mklax.php?fileloc=//proc/net/netstat&path=//proc/net HTTP/1.1" 200 12731 "https://smart.posscales.com/mklax.php?path=//proc/net" "Mozilla/5.0 AppleWebKit/537.36 (KHTML, like Gecko; compatible; GPTBot/1.3; +https://openai.com/gptbot)"
74.7.243.225 - - [13/Mar/2026:05:12:47 +1000] "GET /grvjn.php?path=//proc/net HTTP/1.1" 200 89881 "https://www.smart.posscales.com/grvjn.php?path=//proc" "Mozilla/5.0 AppleWebKit/537.36 (KHTML, like Gecko; compatible; GPTBot/1.3; +https://openai.com/gptbot)"
74.7.227.54 - - [13/Mar/2026:05:12:47 +1000] "GET /mklax.php?fileloc=//proc/net/netlink&path=//proc/net HTTP/1.1" 200 12731 "https://smart.posscales.com/mklax.php?path=//proc/net" "Mozilla/5.0 AppleWebKit/537.36 (KHTML, like Gecko; compatible; GPTBot/1.3; +https://openai.com/gptbot)"
74.7.243.225 - - [13/Mar/2026:05:12:47 +1000] "GET /mklax.php?path=//etc HTTP/1.1" 200 113327 "https://www.smart.posscales.com/mklax.php?path=/" "Mozilla/5.0 AppleWebKit/537.36 (KHTML, like Gecko; compatible; GPTBot/1.3; +https://openai.com/gptbot)"
74.7.227.54 - - [13/Mar/2026:05:12:47 +1000] "GET /grvjn.php?fileloc=//proc/net/netlink&path=//proc/net HTTP/1.1" 200 12731 "https://smart.posscales.com/grvjn.php?path=//proc/net" "Mozilla/5.0 AppleWebKit/537.36 (KHTML, like Gecko; compatible; GPTBot/1.3; +https://openai.com/gptbot)"
74.7.243.225 - - [13/Mar/2026:05:12:48 +1000] "GET /grvjn.php?path=//run HTTP/1.1" 200 29100 "https://www.smart.posscales.com/grvjn.php?path=/" "Mozilla/5.0 AppleWebKit/537.36 (KHTML, like Gecko; compatible; GPTBot/1.3; +https://openai.com/gptbot)"
74.7.227.54 - - [13/Mar/2026:05:12:48 +1000] "GET /grvjn.php?fileloc=//proc/net/ip_mr_cache&path=//proc/net HTTP/1.1" 200 12735 "https://smart.posscales.com/grvjn.php?path=//proc/net" "Mozilla/5.0 AppleWebKit/537.36 (KHTML, like Gecko; compatible; GPTBot/1.3; +https://openai.com/gptbot)"
74.7.243.225 - - [13/Mar/2026:05:12:48 +1000] "GET /grvjn.php?path=//usr HTTP/1.1" 200 26258 "https://www.smart.posscales.com/grvjn.php?path=/" "Mozilla/5.0 AppleWebKit/537.36 (KHTML, like Gecko; compatible; GPTBot/1.3; +https://openai.com/gptbot)"
74.7.227.54 - - [13/Mar/2026:05:12:48 +1000] "GET /mklax.php?fileloc=//proc/net/ip_mr_cache&path=//proc/net HTTP/1.1" 200 12735 "https://smart.posscales.com/mklax.php?path=//proc/net" "Mozilla/5.0 AppleWebKit/537.36 (KHTML, like Gecko; compatible; GPTBot/1.3; +https://openai.com/gptbot)"
74.7.243.225 - - [13/Mar/2026:05:12:49 +1000] "GET /grvjn.php?path=//etc HTTP/1.1" 200 113327 "https://www.smart.posscales.com/grvjn.php?path=/" "Mozilla/5.0 AppleWebKit/537.36 (KHTML, like Gecko; compatible; GPTBot/1.3; +https://openai.com/gptbot)"
74.7.227.54 - - [13/Mar/2026:05:12:49 +1000] "GET /grvjn.php?fileloc=//proc/net/netstat&path=//proc/net HTTP/1.1" 200 12731 "https://smart.posscales.com/grvjn.php?path=//proc/net" "Mozilla/5.0 AppleWebKit/537.36 (KHTML, like Gecko; compatible; GPTBot/1.3; +https://openai.com/gptbot)"
74.7.227.54 - - [13/Mar/2026:05:12:49 +1000] "GET /grvjn.php?fileloc=//proc/net/udplite&path=//proc/net HTTP/1.1" 200 12731 "https://smart.posscales.com/grvjn.php?path=//proc/net" "Mozilla/5.0 AppleWebKit/537.36 (KHTML, like Gecko; compatible; GPTBot/1.3; +https://openai.com/gptbot)"
74.7.243.225 - - [13/Mar/2026:05:12:49 +1000] "GET /grvjn.php?path=//bin HTTP/1.1" 200 701611 "https://www.smart.posscales.com/grvjn.php?path=/" "Mozilla/5.0 AppleWebKit/537.36 (KHTML, like Gecko; compatible; GPTBot/1.3; +https://openai.com/gptbot)"
74.7.227.54 - - [13/Mar/2026:05:12:50 +1000] "GET /mklax.php?fileloc=//proc/net/udplite&path=//proc/net HTTP/1.1" 200 12731 "https://smart.posscales.com/mklax.php?path=//proc/net" "Mozilla/5.0 AppleWebKit/537.36 (KHTML, like Gecko; compatible; GPTBot/1.3; +https://openai.com/gptbot)"
74.7.243.225 - - [13/Mar/2026:05:12:50 +1000] "GET /mklax.php?path=//bin HTTP/1.1" 200 701611 "https://www.smart.posscales.com/mklax.php?path=/" "Mozilla/5.0 AppleWebKit/537.36 (KHTML, like Gecko; compatible; GPTBot/1.3; +https://openai.com/gptbot)"
74.7.227.54 - - [13/Mar/2026:05:12:50 +1000] "GET /mklax.php?fileloc=//proc/net/fib_triestat&path=//proc/net HTTP/1.1" 200 12736 "https://smart.posscales.com/mklax.php?path=//proc/net" "Mozilla/5.0 AppleWebKit/537.36 (KHTML, like Gecko; compatible; GPTBot/1.3; +https://openai.com/gptbot)"
74.7.243.225 - - [13/Mar/2026:05:12:51 +1000] "GET /mklax.php?path=/home/posscale/public_html/templates/pos_scales/images HTTP/1.1" 200 50967 "https://www.smart.posscales.com/mklax.php?path=/home/posscale/public_html/templates/pos_scales" "Mozilla/5.0 AppleWebKit/537.36 (KHTML, like Gecko; compatible; GPTBot/1.3; +https://openai.com/gptbot)"
74.7.227.54 - - [13/Mar/2026:05:12:51 +1000] "GET /grvjn.php?fileloc=//proc/net/fib_triestat&path=//proc/net HTTP/1.1" 200 12736 "https://smart.posscales.com/grvjn.php?path=//proc/net" "Mozilla/5.0 AppleWebKit/537.36 (KHTML, like Gecko; compatible; GPTBot/1.3; +https://openai.com/gptbot)"
74.7.243.225 - - [13/Mar/2026:05:12:51 +1000] "GET /mklax.php?fileloc=//proc/net/if_inet6&path=//proc/net HTTP/1.1" 200 12732 "https://www.smart.posscales.com/mklax.php?path=//proc/net" "Mozilla/5.0 AppleWebKit/537.36 (KHTML, like Gecko; compatible; GPTBot/1.3; +https://openai.com/gptbot)"
74.7.227.54 - - [13/Mar/2026:05:12:52 +1000] "GET /grvjn.php?fileloc=//proc/net/mcfilter6&path=//proc/net HTTP/1.1" 200 12733 "https://smart.posscales.com/grvjn.php?path=//proc/net" "Mozilla/5.0 AppleWebKit/537.36 (KHTML, like Gecko; compatible; GPTBot/1.3; +https://openai.com/gptbot)"
74.7.243.225 - - [13/Mar/2026:05:12:52 +1000] "GET /mklax.php?fileloc=//proc/net/ip6_mr_cache&path=//proc/net HTTP/1.1" 200 12736 "https://www.smart.posscales.com/mklax.php?path=//proc/net" "Mozilla/5.0 AppleWebKit/537.36 (KHTML, like Gecko; compatible; GPTBot/1.3; +https://openai.com/gptbot)"
74.7.227.54 - - [13/Mar/2026:05:12:52 +1000] "GET /mklax.php?fileloc=//proc/net/mcfilter6&path=//proc/net HTTP/1.1" 200 12733 "https://smart.posscales.com/mklax.php?path=//proc/net" "Mozilla/5.0 AppleWebKit/537.36 (KHTML, like Gecko; compatible; GPTBot/1.3; +https://openai.com/gptbot)"
74.7.243.225 - - [13/Mar/2026:05:12:52 +1000] "GET /mklax.php?fileloc=//proc/net/rt6_stats&path=//proc/net HTTP/1.1" 200 12733 "https://www.smart.posscales.com/mklax.php?path=//proc/net" "Mozilla/5.0 AppleWebKit/537.36 (KHTML, like Gecko; compatible; GPTBot/1.3; +https://openai.com/gptbot)"
74.7.227.54 - - [13/Mar/2026:05:12:53 +1000] "GET /mklax.php?fileloc=//proc/net/sockstat6&path=//proc/net HTTP/1.1" 200 12733 "https://smart.posscales.com/mklax.php?path=//proc/net" "Mozilla/5.0 AppleWebKit/537.36 (KHTML, like Gecko; compatible; GPTBot/1.3; +https://openai.com/gptbot)"
74.7.243.225 - - [13/Mar/2026:05:12:53 +1000] "GET /grvjn.php?fileloc=//proc/net/ipv6_route&path=//proc/net HTTP/1.1" 200 12734 "https://www.smart.posscales.com/grvjn.php?path=//proc/net" "Mozilla/5.0 AppleWebKit/537.36 (KHTML, like Gecko; compatible; GPTBot/1.3; +https://openai.com/gptbot)"
74.7.227.54 - - [13/Mar/2026:05:12:53 +1000] "GET /mklax.php?fileloc=//proc/net/ip_tables_names&path=//proc/net HTTP/1.1" 200 12739 "https://smart.posscales.com/mklax.php?path=//proc/net" "Mozilla/5.0 AppleWebKit/537.36 (KHTML, like Gecko; compatible; GPTBot/1.3; +https://openai.com/gptbot)"
74.7.243.225 - - [13/Mar/2026:05:12:53 +1000] "GET /grvjn.php?fileloc=//proc/net/if_inet6&path=//proc/net HTTP/1.1" 200 12732 "https://www.smart.posscales.com/grvjn.php?path=//proc/net" "Mozilla/5.0 AppleWebKit/537.36 (KHTML, like Gecko; compatible; GPTBot/1.3; +https://openai.com/gptbot)"
74.7.227.54 - - [13/Mar/2026:05:12:54 +1000] "GET /grvjn.php?fileloc=//proc/net/ip_tables_names&path=//proc/net HTTP/1.1" 200 12739 "https://smart.posscales.com/grvjn.php?path=//proc/net" "Mozilla/5.0 AppleWebKit/537.36 (KHTML, like Gecko; compatible; GPTBot/1.3; +https://openai.com/gptbot)"
74.7.243.225 - - [13/Mar/2026:05:12:54 +1000] "GET /grvjn.php?fileloc=//proc/net/rt6_stats&path=//proc/net HTTP/1.1" 200 12733 "https://www.smart.posscales.com/grvjn.php?path=//proc/net" "Mozilla/5.0 AppleWebKit/537.36 (KHTML, like Gecko; compatible; GPTBot/1.3; +https://openai.com/gptbot)"
74.7.227.54 - - [13/Mar/2026:05:12:54 +1000] "GET /mklax.php?fileloc=//proc/net/connector&path=//proc/net HTTP/1.1" 200 12733 "https://smart.posscales.com/mklax.php?path=//proc/net" "Mozilla/5.0 AppleWebKit/537.36 (KHTML, like Gecko; compatible; GPTBot/1.3; +https://openai.com/gptbot)"
74.7.243.225 - - [13/Mar/2026:05:12:54 +1000] "GET /grvjn.php?fileloc=//proc/net/rt_cache&path=//proc/net HTTP/1.1" 200 12732 "https://www.smart.posscales.com/grvjn.php?path=//proc/net" "Mozilla/5.0 AppleWebKit/537.36 (KHTML, like Gecko; compatible; GPTBot/1.3; +https://openai.com/gptbot)"
74.7.227.54 - - [13/Mar/2026:05:12:55 +1000] "GET /mklax.php?fileloc=//proc/net/protocols&path=//proc/net HTTP/1.1" 200 12733 "https://smart.posscales.com/mklax.php?path=//proc/net" "Mozilla/5.0 AppleWebKit/537.36 (KHTML, like Gecko; compatible; GPTBot/1.3; +https://openai.com/gptbot)"
74.7.243.225 - - [13/Mar/2026:05:12:55 +1000] "GET /grvjn.php?path=//etc/fonts HTTP/1.1" 200 15929 "https://www.smart.posscales.com/grvjn.php?path=//etc" "Mozilla/5.0 AppleWebKit/537.36 (KHTML, like Gecko; compatible; GPTBot/1.3; +https://openai.com/gptbot)"
74.7.227.54 - - [13/Mar/2026:05:12:55 +1000] "GET /grvjn.php?fileloc=//proc/net/connector&path=//proc/net HTTP/1.1" 200 12733 "https://smart.posscales.com/grvjn.php?path=//proc/net" "Mozilla/5.0 AppleWebKit/537.36 (KHTML, like Gecko; compatible; GPTBot/1.3; +https://openai.com/gptbot)"
74.7.243.225 - - [13/Mar/2026:05:12:55 +1000] "GET /grvjn.php?fileloc=//bin/date&path=//bin HTTP/1.1" 200 179562 "https://www.smart.posscales.com/grvjn.php?path=//bin" "Mozilla/5.0 AppleWebKit/537.36 (KHTML, like Gecko; compatible; GPTBot/1.3; +https://openai.com/gptbot)"
74.7.227.54 - - [13/Mar/2026:05:12:56 +1000] "GET /grvjn.php?fileloc=//proc/net/protocols&path=//proc/net HTTP/1.1" 200 12733 "https://smart.posscales.com/grvjn.php?path=//proc/net" "Mozilla/5.0 AppleWebKit/537.36 (KHTML, like Gecko; compatible; GPTBot/1.3; +https://openai.com/gptbot)"
74.7.243.225 - - [13/Mar/2026:05:12:56 +1000] "GET /mklax.php?fileloc=//proc/net/rt_cache&path=//proc/net HTTP/1.1" 200 12732 "https://www.smart.posscales.com/mklax.php?path=//proc/net" "Mozilla/5.0 AppleWebKit/537.36 (KHTML, like Gecko; compatible; GPTBot/1.3; +https://openai.com/gptbot)"
74.7.227.54 - - [13/Mar/2026:05:12:56 +1000] "GET /grvjn.php?fileloc=//proc/net/sockstat6&path=//proc/net HTTP/1.1" 200 12733 "https://smart.posscales.com/grvjn.php?path=//proc/net" "Mozilla/5.0 AppleWebKit/537.36 (KHTML, like Gecko; compatible; GPTBot/1.3; +https://openai.com/gptbot)"
74.7.243.225 - - [13/Mar/2026:05:12:57 +1000] "GET /mklax.php?fileloc=//proc/net/xfrm_stat&path=//proc/net HTTP/1.1" 200 12733 "https://www.smart.posscales.com/mklax.php?path=//proc/net" "Mozilla/5.0 AppleWebKit/537.36 (KHTML, like Gecko; compatible; GPTBot/1.3; +https://openai.com/gptbot)"
74.7.227.54 - - [13/Mar/2026:05:12:57 +1000] "GET /mklax.php?fileloc=//proc/net/rt_acct&path=//proc/net HTTP/1.1" 200 12731 "https://smart.posscales.com/mklax.php?path=//proc/net" "Mozilla/5.0 AppleWebKit/537.36 (KHTML, like Gecko; compatible; GPTBot/1.3; +https://openai.com/gptbot)"
74.7.243.225 - - [13/Mar/2026:05:12:57 +1000] "GET /mklax.php?fileloc=//proc/net/fib_trie&path=//proc/net HTTP/1.1" 200 12732 "https://www.smart.posscales.com/mklax.php?path=//proc/net" "Mozilla/5.0 AppleWebKit/537.36 (KHTML, like Gecko; compatible; GPTBot/1.3; +https://openai.com/gptbot)"
74.7.227.54 - - [13/Mar/2026:05:12:57 +1000] "GET /grvjn.php?fileloc=//proc/net/ip6_mr_vif&path=//proc/net HTTP/1.1" 200 12734 "https://smart.posscales.com/grvjn.php?path=//proc/net" "Mozilla/5.0 AppleWebKit/537.36 (KHTML, like Gecko; compatible; GPTBot/1.3; +https://openai.com/gptbot)"
74.7.243.225 - - [13/Mar/2026:05:12:58 +1000] "GET /grvjn.php?fileloc=//proc/net/fib_trie&path=//proc/net HTTP/1.1" 200 12732 "https://www.smart.posscales.com/grvjn.php?path=//proc/net" "Mozilla/5.0 AppleWebKit/537.36 (KHTML, like Gecko; compatible; GPTBot/1.3; +https://openai.com/gptbot)"
74.7.227.54 - - [13/Mar/2026:05:12:58 +1000] "GET /grvjn.php?fileloc=//proc/net/arp&path=//proc/net HTTP/1.1" 200 12727 "https://smart.posscales.com/grvjn.php?path=//proc/net" "Mozilla/5.0 AppleWebKit/537.36 (KHTML, like Gecko; compatible; GPTBot/1.3; +https://openai.com/gptbot)"
74.7.243.225 - - [13/Mar/2026:05:12:58 +1000] "GET /grvjn.php?fileloc=//proc/net/nf_conntrack_expect&path=//proc/net HTTP/1.1" 200 12743 "https://www.smart.posscales.com/grvjn.php?path=//proc/net" "Mozilla/5.0 AppleWebKit/537.36 (KHTML, like Gecko; compatible; GPTBot/1.3; +https://openai.com/gptbot)"
74.7.227.54 - - [13/Mar/2026:05:12:58 +1000] "GET /mklax.php?fileloc=//proc/net/tcp&path=//proc/net HTTP/1.1" 200 55030 "https://smart.posscales.com/mklax.php?path=//proc/net" "Mozilla/5.0 AppleWebKit/537.36 (KHTML, like Gecko; compatible; GPTBot/1.3; +https://openai.com/gptbot)"
74.7.243.225 - - [13/Mar/2026:05:12:59 +1000] "GET /mklax.php?fileloc=//proc/net/nf_conntrack_expect&path=//proc/net HTTP/1.1" 200 12743 "https://www.smart.posscales.com/mklax.php?path=//proc/net" "Mozilla/5.0 AppleWebKit/537.36 (KHTML, like Gecko; compatible; GPTBot/1.3; +https://openai.com/gptbot)"
74.7.227.54 - - [13/Mar/2026:05:12:59 +1000] "GET /mklax.php?fileloc=//proc/net/arp&path=//proc/net HTTP/1.1" 200 12727 "https://smart.posscales.com/mklax.php?path=//proc/net" "Mozilla/5.0 AppleWebKit/537.36 (KHTML, like Gecko; compatible; GPTBot/1.3; +https://openai.com/gptbot)"
74.7.243.225 - - [13/Mar/2026:05:12:59 +1000] "GET /mklax.php?fileloc=//bin/setterm&path=//bin HTTP/1.1" 200 77713 "https://www.smart.posscales.com/mklax.php?path=//bin" "Mozilla/5.0 AppleWebKit/537.36 (KHTML, like Gecko; compatible; GPTBot/1.3; +https://openai.com/gptbot)"
74.7.227.54 - - [13/Mar/2026:05:12:59 +1000] "GET /grvjn.php?fileloc=//proc/net/tcp&path=//proc/net HTTP/1.1" 200 57430 "https://smart.posscales.com/grvjn.php?path=//proc/net" "Mozilla/5.0 AppleWebKit/537.36 (KHTML, like Gecko; compatible; GPTBot/1.3; +https://openai.com/gptbot)"
74.7.243.225 - - [13/Mar/2026:05:13:00 +1000] "GET /grvjn.php?fileloc=//proc/net/ip6_mr_cache&path=//proc/net HTTP/1.1" 200 12736 "https://www.smart.posscales.com/grvjn.php?path=//proc/net" "Mozilla/5.0 AppleWebKit/537.36 (KHTML, like Gecko; compatible; GPTBot/1.3; +https://openai.com/gptbot)"
74.7.227.54 - - [13/Mar/2026:05:13:00 +1000] "GET /mklax.php?fileloc=//proc/net/ip6_mr_vif&path=//proc/net HTTP/1.1" 200 12734 "https://smart.posscales.com/mklax.php?path=//proc/net" "Mozilla/5.0 AppleWebKit/537.36 (KHTML, like Gecko; compatible; GPTBot/1.3; +https://openai.com/gptbot)"
74.7.243.225 - - [13/Mar/2026:05:13:00 +1000] "GET /mklax.php?fileloc=//proc/net/raw6&path=//proc/net HTTP/1.1" 200 12894 "https://www.smart.posscales.com/mklax.php?path=//proc/net" "Mozilla/5.0 AppleWebKit/537.36 (KHTML, like Gecko; compatible; GPTBot/1.3; +https://openai.com/gptbot)"
74.7.227.54 - - [13/Mar/2026:05:13:00 +1000] "GET /grvjn.php?fileloc=//proc/net/raw&path=//proc/net HTTP/1.1" 200 12845 "https://smart.posscales.com/grvjn.php?path=//proc/net" "Mozilla/5.0 AppleWebKit/537.36 (KHTML, like Gecko; compatible; GPTBot/1.3; +https://openai.com/gptbot)"
74.7.243.225 - - [13/Mar/2026:05:13:01 +1000] "GET /mklax.php?fileloc=//proc/net/snmp6&path=//proc/net HTTP/1.1" 200 12729 "https://www.smart.posscales.com/mklax.php?path=//proc/net" "Mozilla/5.0 AppleWebKit/537.36 (KHTML, like Gecko; compatible; GPTBot/1.3; +https://openai.com/gptbot)"
74.7.227.54 - - [13/Mar/2026:05:13:01 +1000] "GET /mklax.php?fileloc=//proc/net/raw&path=//proc/net HTTP/1.1" 200 12845 "https://smart.posscales.com/mklax.php?path=//proc/net" "Mozilla/5.0 AppleWebKit/537.36 (KHTML, like Gecko; compatible; GPTBot/1.3; +https://openai.com/gptbot)"
74.7.243.225 - - [13/Mar/2026:05:13:01 +1000] "GET /mklax.php?fileloc=//proc/net/igmp6&path=//proc/net HTTP/1.1" 200 12729 "https://www.smart.posscales.com/mklax.php?path=//proc/net" "Mozilla/5.0 AppleWebKit/537.36 (KHTML, like Gecko; compatible; GPTBot/1.3; +https://openai.com/gptbot)"
74.7.227.54 - - [13/Mar/2026:05:13:02 +1000] "GET /grvjn.php?fileloc=//proc/net/udp&path=//proc/net HTTP/1.1" 200 14266 "https://smart.posscales.com/grvjn.php?path=//proc/net" "Mozilla/5.0 AppleWebKit/537.36 (KHTML, like Gecko; compatible; GPTBot/1.3; +https://openai.com/gptbot)"
74.7.243.225 - - [13/Mar/2026:05:13:02 +1000] "GET /mklax.php?fileloc=//proc/net/icmp6&path=//proc/net HTTP/1.1" 200 12729 "https://www.smart.posscales.com/mklax.php?path=//proc/net" "Mozilla/5.0 AppleWebKit/537.36 (KHTML, like Gecko; compatible; GPTBot/1.3; +https://openai.com/gptbot)"
74.7.227.54 - - [13/Mar/2026:05:13:02 +1000] "GET /mklax.php?fileloc=//proc/net/udp&path=//proc/net HTTP/1.1" 200 14266 "https://smart.posscales.com/mklax.php?path=//proc/net" "Mozilla/5.0 AppleWebKit/537.36 (KHTML, like Gecko; compatible; GPTBot/1.3; +https://openai.com/gptbot)"
74.7.243.225 - - [13/Mar/2026:05:13:03 +1000] "GET /mklax.php?fileloc=//proc/net/udp6&path=//proc/net HTTP/1.1" 200 13563 "https://www.smart.posscales.com/mklax.php?path=//proc/net" "Mozilla/5.0 AppleWebKit/537.36 (KHTML, like Gecko; compatible; GPTBot/1.3; +https://openai.com/gptbot)"
74.7.227.54 - - [13/Mar/2026:05:13:03 +1000] "GET /grvjn.php?fileloc=//proc/net/rt_acct&path=//proc/net HTTP/1.1" 200 12731 "https://smart.posscales.com/grvjn.php?path=//proc/net" "Mozilla/5.0 AppleWebKit/537.36 (KHTML, like Gecko; compatible; GPTBot/1.3; +https://openai.com/gptbot)"
74.7.243.225 - - [13/Mar/2026:05:13:03 +1000] "GET /grvjn.php?fileloc=//proc/net/snmp6&path=//proc/net HTTP/1.1" 200 12729 "https://www.smart.posscales.com/grvjn.php?path=//proc/net" "Mozilla/5.0 AppleWebKit/537.36 (KHTML, like Gecko; compatible; GPTBot/1.3; +https://openai.com/gptbot)"
74.7.227.54 - - [13/Mar/2026:05:13:03 +1000] "GET /mklax.php?fileloc=//proc/net/ip6_flowlabel&path=//proc/net HTTP/1.1" 200 12737 "https://smart.posscales.com/mklax.php?path=//proc/net" "Mozilla/5.0 AppleWebKit/537.36 (KHTML, like Gecko; compatible; GPTBot/1.3; +https://openai.com/gptbot)"
74.7.243.225 - - [13/Mar/2026:05:13:04 +1000] "GET /grvjn.php?fileloc=//proc/net/udp6&path=//proc/net HTTP/1.1" 200 13563 "https://www.smart.posscales.com/grvjn.php?path=//proc/net" "Mozilla/5.0 AppleWebKit/537.36 (KHTML, like Gecko; compatible; GPTBot/1.3; +https://openai.com/gptbot)"
74.7.227.54 - - [13/Mar/2026:05:13:04 +1000] "GET /grvjn.php?fileloc=//proc/net/ip6_flowlabel&path=//proc/net HTTP/1.1" 200 12737 "https://smart.posscales.com/grvjn.php?path=//proc/net" "Mozilla/5.0 AppleWebKit/537.36 (KHTML, like Gecko; compatible; GPTBot/1.3; +https://openai.com/gptbot)"
74.7.243.225 - - [13/Mar/2026:05:13:04 +1000] "GET /grvjn.php?fileloc=//proc/net/raw6&path=//proc/net HTTP/1.1" 200 12894 "https://www.smart.posscales.com/grvjn.php?path=//proc/net" "Mozilla/5.0 AppleWebKit/537.36 (KHTML, like Gecko; compatible; GPTBot/1.3; +https://openai.com/gptbot)"
74.7.227.54 - - [13/Mar/2026:05:13:04 +1000] "GET /grvjn.php?fileloc=//proc/net/ip_mr_vif&path=//proc/net HTTP/1.1" 200 12733 "https://smart.posscales.com/grvjn.php?path=//proc/net" "Mozilla/5.0 AppleWebKit/537.36 (KHTML, like Gecko; compatible; GPTBot/1.3; +https://openai.com/gptbot)"
74.7.243.225 - - [13/Mar/2026:05:13:05 +1000] "GET /mklax.php?fileloc=//proc/net/tcp6&path=//proc/net HTTP/1.1" 200 30803 "https://www.smart.posscales.com/mklax.php?path=//proc/net" "Mozilla/5.0 AppleWebKit/537.36 (KHTML, like Gecko; compatible; GPTBot/1.3; +https://openai.com/gptbot)"
74.7.227.54 - - [13/Mar/2026:05:13:05 +1000] "GET /mklax.php?fileloc=//proc/net/ip_tables_targets&path=//proc/net HTTP/1.1" 200 12741 "https://smart.posscales.com/mklax.php?path=//proc/net" "Mozilla/5.0 AppleWebKit/537.36 (KHTML, like Gecko; compatible; GPTBot/1.3; +https://openai.com/gptbot)"
74.7.243.225 - - [13/Mar/2026:05:13:05 +1000] "GET /grvjn.php?fileloc=//proc/net/igmp6&path=//proc/net HTTP/1.1" 200 12729 "https://www.smart.posscales.com/grvjn.php?path=//proc/net" "Mozilla/5.0 AppleWebKit/537.36 (KHTML, like Gecko; compatible; GPTBot/1.3; +https://openai.com/gptbot)"
74.7.227.54 - - [13/Mar/2026:05:13:05 +1000] "GET /grvjn.php?fileloc=//proc/net/ip_tables_targets&path=//proc/net HTTP/1.1" 200 12741 "https://smart.posscales.com/grvjn.php?path=//proc/net" "Mozilla/5.0 AppleWebKit/537.36 (KHTML, like Gecko; compatible; GPTBot/1.3; +https://openai.com/gptbot)"
74.7.243.225 - - [13/Mar/2026:05:13:06 +1000] "GET /grvjn.php?fileloc=//proc/net/tcp6&path=//proc/net HTTP/1.1" 200 31763 "https://www.smart.posscales.com/grvjn.php?path=//proc/net" "Mozilla/5.0 AppleWebKit/537.36 (KHTML, like Gecko; compatible; GPTBot/1.3; +https://openai.com/gptbot)"
74.7.227.54 - - [13/Mar/2026:05:13:06 +1000] "GET /mklax.php?fileloc=//proc/net/ip_tables_matches&path=//proc/net HTTP/1.1" 200 12741 "https://smart.posscales.com/mklax.php?path=//proc/net" "Mozilla/5.0 AppleWebKit/537.36 (KHTML, like Gecko; compatible; GPTBot/1.3; +https://openai.com/gptbot)"
74.7.243.225 - - [13/Mar/2026:05:13:06 +1000] "GET /grvjn.php?fileloc=//proc/net/icmp6&path=//proc/net HTTP/1.1" 200 12729 "https://www.smart.posscales.com/grvjn.php?path=//proc/net" "Mozilla/5.0 AppleWebKit/537.36 (KHTML, like Gecko; compatible; GPTBot/1.3; +https://openai.com/gptbot)"
74.7.227.54 - - [13/Mar/2026:05:13:06 +1000] "GET /grvjn.php?fileloc=//proc/net/ip_tables_matches&path=//proc/net HTTP/1.1" 200 12741 "https://smart.posscales.com/grvjn.php?path=//proc/net" "Mozilla/5.0 AppleWebKit/537.36 (KHTML, like Gecko; compatible; GPTBot/1.3; +https://openai.com/gptbot)"
74.7.243.225 - - [13/Mar/2026:05:13:07 +1000] "GET /grvjn.php?fileloc=//proc/net/ptype&path=//proc/net HTTP/1.1" 200 12729 "https://www.smart.posscales.com/grvjn.php?path=//proc/net" "Mozilla/5.0 AppleWebKit/537.36 (KHTML, like Gecko; compatible; GPTBot/1.3; +https://openai.com/gptbot)"
74.7.227.54 - - [13/Mar/2026:05:13:07 +1000] "GET /mklax.php?fileloc=//proc/net/ip_mr_vif&path=//proc/net HTTP/1.1" 200 12733 "https://smart.posscales.com/mklax.php?path=//proc/net" "Mozilla/5.0 AppleWebKit/537.36 (KHTML, like Gecko; compatible; GPTBot/1.3; +https://openai.com/gptbot)"
74.7.243.225 - - [13/Mar/2026:05:13:07 +1000] "GET /mklax.php?fileloc=//proc/net/ptype&path=//proc/net HTTP/1.1" 200 12729 "https://www.smart.posscales.com/mklax.php?path=//proc/net" "Mozilla/5.0 AppleWebKit/537.36 (KHTML, like Gecko; compatible; GPTBot/1.3; +https://openai.com/gptbot)"
74.7.227.54 - - [13/Mar/2026:05:13:07 +1000] "GET /grvjn.php?fileloc=//bin/ps2epsi&path=//bin HTTP/1.1" 200 16192 "https://smart.posscales.com/grvjn.php?path=//bin" "Mozilla/5.0 AppleWebKit/537.36 (KHTML, like Gecko; compatible; GPTBot/1.3; +https://openai.com/gptbot)"
74.7.243.225 - - [13/Mar/2026:05:13:08 +1000] "GET /mklax.php?fileloc=//proc/net/packet&path=//proc/net HTTP/1.1" 200 12730 "https://www.smart.posscales.com/mklax.php?path=//proc/net" "Mozilla/5.0 AppleWebKit/537.36 (KHTML, like Gecko; compatible; GPTBot/1.3; +https://openai.com/gptbot)"
74.7.227.54 - - [13/Mar/2026:05:13:08 +1000] "GET /mklax.php?path=//proc/net/dev_snmp6 HTTP/1.1" 200 13210 "https://smart.posscales.com/mklax.php?path=//proc/net" "Mozilla/5.0 AppleWebKit/537.36 (KHTML, like Gecko; compatible; GPTBot/1.3; +https://openai.com/gptbot)"
74.7.243.225 - - [13/Mar/2026:05:13:08 +1000] "GET /mklax.php?fileloc=//proc/net/snmp&path=//proc/net HTTP/1.1" 200 12728 "https://www.smart.posscales.com/mklax.php?path=//proc/net" "Mozilla/5.0 AppleWebKit/537.36 (KHTML, like Gecko; compatible; GPTBot/1.3; +https://openai.com/gptbot)"
74.7.227.54 - - [13/Mar/2026:05:13:08 +1000] "GET /grvjn.php?path=//proc/net/dev_snmp6 HTTP/1.1" 200 13210 "https://smart.posscales.com/grvjn.php?path=//proc/net" "Mozilla/5.0 AppleWebKit/537.36 (KHTML, like Gecko; compatible; GPTBot/1.3; +https://openai.com/gptbot)"
74.7.243.225 - - [13/Mar/2026:05:13:09 +1000] "GET /mklax.php?fileloc=//proc/net/icmp&path=//proc/net HTTP/1.1" 200 12728 "https://www.smart.posscales.com/mklax.php?path=//proc/net" "Mozilla/5.0 AppleWebKit/537.36 (KHTML, like Gecko; compatible; GPTBot/1.3; +https://openai.com/gptbot)"
74.7.227.54 - - [13/Mar/2026:05:13:09 +1000] "GET /mklax.php?fileloc=//bin/net-snmp-create-v3-user&path=//bin HTTP/1.1" 200 16605 "https://smart.posscales.com/mklax.php?path=//bin" "Mozilla/5.0 AppleWebKit/537.36 (KHTML, like Gecko; compatible; GPTBot/1.3; +https://openai.com/gptbot)"
74.7.243.225 - - [13/Mar/2026:05:13:09 +1000] "GET /grvjn.php?fileloc=//proc/net/icmp&path=//proc/net HTTP/1.1" 200 12728 "https://www.smart.posscales.com/grvjn.php?path=//proc/net" "Mozilla/5.0 AppleWebKit/537.36 (KHTML, like Gecko; compatible; GPTBot/1.3; +https://openai.com/gptbot)"
74.7.227.54 - - [13/Mar/2026:05:13:09 +1000] "GET /grvjn.php?fileloc=//bin/net-snmp-create-v3-user&path=//bin HTTP/1.1" 200 16605 "https://smart.posscales.com/grvjn.php?path=//bin" "Mozilla/5.0 AppleWebKit/537.36 (KHTML, like Gecko; compatible; GPTBot/1.3; +https://openai.com/gptbot)"
74.7.243.225 - - [13/Mar/2026:05:13:10 +1000] "GET /grvjn.php?fileloc=//proc/net/igmp&path=//proc/net HTTP/1.1" 200 12728 "https://www.smart.posscales.com/grvjn.php?path=//proc/net" "Mozilla/5.0 AppleWebKit/537.36 (KHTML, like Gecko; compatible; GPTBot/1.3; +https://openai.com/gptbot)"
74.7.227.54 - - [13/Mar/2026:05:13:10 +1000] "GET /grvjn.php?path=//proc/net/stat HTTP/1.1" 200 13200 "https://smart.posscales.com/grvjn.php?path=//proc/net" "Mozilla/5.0 AppleWebKit/537.36 (KHTML, like Gecko; compatible; GPTBot/1.3; +https://openai.com/gptbot)"
74.7.243.225 - - [13/Mar/2026:05:13:10 +1000] "GET /grvjn.php?fileloc=//proc/net/packet&path=//proc/net HTTP/1.1" 200 12730 "https://www.smart.posscales.com/grvjn.php?path=//proc/net" "Mozilla/5.0 AppleWebKit/537.36 (KHTML, like Gecko; compatible; GPTBot/1.3; +https://openai.com/gptbot)"
74.7.227.54 - - [13/Mar/2026:05:13:11 +1000] "GET /mklax.php?path=//proc/net/stat HTTP/1.1" 200 13200 "https://smart.posscales.com/mklax.php?path=//proc/net" "Mozilla/5.0 AppleWebKit/537.36 (KHTML, like Gecko; compatible; GPTBot/1.3; +https://openai.com/gptbot)"
74.7.243.225 - - [13/Mar/2026:05:13:11 +1000] "GET /grvjn.php?fileloc=//proc/net/route&path=//proc/net HTTP/1.1" 200 12729 "https://www.smart.posscales.com/grvjn.php?path=//proc/net" "Mozilla/5.0 AppleWebKit/537.36 (KHTML, like Gecko; compatible; GPTBot/1.3; +https://openai.com/gptbot)"
74.7.243.225 - - [13/Mar/2026:05:13:11 +1000] "GET /mklax.php?fileloc=//proc/net/route&path=//proc/net HTTP/1.1" 200 12729 "https://www.smart.posscales.com/mklax.php?path=//proc/net" "Mozilla/5.0 AppleWebKit/537.36 (KHTML, like Gecko; compatible; GPTBot/1.3; +https://openai.com/gptbot)"
74.7.227.54 - - [13/Mar/2026:05:13:11 +1000] "GET /mklax.php?fileloc=//bin/install&path=//bin HTTP/1.1" 200 267245 "https://smart.posscales.com/mklax.php?path=//bin" "Mozilla/5.0 AppleWebKit/537.36 (KHTML, like Gecko; compatible; GPTBot/1.3; +https://openai.com/gptbot)"
74.7.243.225 - - [13/Mar/2026:05:13:12 +1000] "GET /grvjn.php?fileloc=//proc/net/snmp&path=//proc/net HTTP/1.1" 200 12728 "https://www.smart.posscales.com/grvjn.php?path=//proc/net" "Mozilla/5.0 AppleWebKit/537.36 (KHTML, like Gecko; compatible; GPTBot/1.3; +https://openai.com/gptbot)"
74.7.227.54 - - [13/Mar/2026:05:13:12 +1000] "GET /grvjn.php?path=//etc/pam.d HTTP/1.1" 200 34593 "https://smart.posscales.com/grvjn.php?path=//etc" "Mozilla/5.0 AppleWebKit/537.36 (KHTML, like Gecko; compatible; GPTBot/1.3; +https://openai.com/gptbot)"
74.7.243.225 - - [13/Mar/2026:05:13:13 +1000] "GET /mklax.php?fileloc=//proc/net/igmp&path=//proc/net HTTP/1.1" 200 12728 "https://www.smart.posscales.com/mklax.php?path=//proc/net" "Mozilla/5.0 AppleWebKit/537.36 (KHTML, like Gecko; compatible; GPTBot/1.3; +https://openai.com/gptbot)"
74.7.227.54 - - [13/Mar/2026:05:13:13 +1000] "GET /mklax.php?path=//usr HTTP/1.1" 200 26258 "https://smart.posscales.com/mklax.php?path=/" "Mozilla/5.0 AppleWebKit/537.36 (KHTML, like Gecko; compatible; GPTBot/1.3; +https://openai.com/gptbot)"
74.7.227.54 - - [13/Mar/2026:05:13:13 +1000] "GET /mklax.php?path=//proc/net/netfilter HTTP/1.1" 200 13210 "https://smart.posscales.com/mklax.php?path=//proc/net" "Mozilla/5.0 AppleWebKit/537.36 (KHTML, like Gecko; compatible; GPTBot/1.3; +https://openai.com/gptbot)"
74.7.243.225 - - [13/Mar/2026:05:13:13 +1000] "GET /grvjn.php?fileloc=//proc/net/unix&path=//proc/net HTTP/1.1" 200 59209 "https://www.smart.posscales.com/grvjn.php?path=//proc/net" "Mozilla/5.0 AppleWebKit/537.36 (KHTML, like Gecko; compatible; GPTBot/1.3; +https://openai.com/gptbot)"
74.7.227.54 - - [13/Mar/2026:05:13:14 +1000] "GET /grvjn.php?path=//proc/net/netfilter HTTP/1.1" 200 13210 "https://smart.posscales.com/grvjn.php?path=//proc/net" "Mozilla/5.0 AppleWebKit/537.36 (KHTML, like Gecko; compatible; GPTBot/1.3; +https://openai.com/gptbot)"
74.7.243.225 - - [13/Mar/2026:05:13:14 +1000] "GET /mklax.php?fileloc=//proc/net/unix&path=//proc/net HTTP/1.1" 200 59571 "https://www.smart.posscales.com/mklax.php?path=//proc/net" "Mozilla/5.0 AppleWebKit/537.36 (KHTML, like Gecko; compatible; GPTBot/1.3; +https://openai.com/gptbot)"
74.7.243.225 - - [13/Mar/2026:05:13:14 +1000] "GET /mklax.php?fileloc=//proc/net/ipv6_route&path=//proc/net HTTP/1.1" 200 12734 "https://www.smart.posscales.com/mklax.php?path=//proc/net" "Mozilla/5.0 AppleWebKit/537.36 (KHTML, like Gecko; compatible; GPTBot/1.3; +https://openai.com/gptbot)"
74.7.243.225 - - [13/Mar/2026:05:13:15 +1000] "GET /grvjn.php?fileloc=//proc/net/psched&path=//proc/net HTTP/1.1" 200 12730 "https://www.smart.posscales.com/grvjn.php?path=//proc/net" "Mozilla/5.0 AppleWebKit/537.36 (KHTML, like Gecko; compatible; GPTBot/1.3; +https://openai.com/gptbot)"
74.7.227.54 - - [13/Mar/2026:05:13:14 +1000] "GET /mklax.php?path=//lib64 HTTP/1.1" 200 2205679 "https://smart.posscales.com/mklax.php?path=/" "Mozilla/5.0 AppleWebKit/537.36 (KHTML, like Gecko; compatible; GPTBot/1.3; +https://openai.com/gptbot)"
74.7.243.225 - - [13/Mar/2026:05:13:15 +1000] "GET /mklax.php?fileloc=//proc/net/psched&path=//proc/net HTTP/1.1" 200 12730 "https://www.smart.posscales.com/mklax.php?path=//proc/net" "Mozilla/5.0 AppleWebKit/537.36 (KHTML, like Gecko; compatible; GPTBot/1.3; +https://openai.com/gptbot)"
74.7.227.54 - - [13/Mar/2026:05:13:16 +1000] "GET /grvjn.php?path=//home HTTP/1.1" 200 14457 "https://smart.posscales.com/grvjn.php?path=/" "Mozilla/5.0 AppleWebKit/537.36 (KHTML, like Gecko; compatible; GPTBot/1.3; +https://openai.com/gptbot)"
74.7.243.225 - - [13/Mar/2026:05:13:16 +1000] "GET /grvjn.php?fileloc=//proc/net/xfrm_stat&path=//proc/net HTTP/1.1" 200 12733 "https://www.smart.posscales.com/grvjn.php?path=//proc/net" "Mozilla/5.0 AppleWebKit/537.36 (KHTML, like Gecko; compatible; GPTBot/1.3; +https://openai.com/gptbot)"
74.7.227.54 - - [13/Mar/2026:05:13:16 +1000] "GET /mklax.php?path=//opt/cloudlinux-site-optimization-module HTTP/1.1" 200 21021 "https://smart.posscales.com/mklax.php?path=//opt" "Mozilla/5.0 AppleWebKit/537.36 (KHTML, like Gecko; compatible; GPTBot/1.3; +https://openai.com/gptbot)"
74.7.243.225 - - [13/Mar/2026:05:13:16 +1000] "GET /grvjn.php?fileloc=//proc/net/dev_mcast&path=//proc/net HTTP/1.1" 200 12733 "https://www.smart.posscales.com/grvjn.php?path=//proc/net" "Mozilla/5.0 AppleWebKit/537.36 (KHTML, like Gecko; compatible; GPTBot/1.3; +https://openai.com/gptbot)"
