74.7.243.225 - - [13/Mar/2026:05:22:11 +1000] "GET /grvjn.php?path=//lib/.build-id/2b HTTP/1.1" 200 33722 "https://www.smart.posscales.com/grvjn.php?path=//lib/.build-id" "Mozilla/5.0 AppleWebKit/537.36 (KHTML, like Gecko; compatible; GPTBot/1.3; +https://openai.com/gptbot)"
74.7.227.54 - - [13/Mar/2026:05:22:11 +1000] "GET /mklax.php?path=//lib/.build-id/cd HTTP/1.1" 200 43183 "https://smart.posscales.com/mklax.php?path=//lib/.build-id" "Mozilla/5.0 AppleWebKit/537.36 (KHTML, like Gecko; compatible; GPTBot/1.3; +https://openai.com/gptbot)"
74.7.243.225 - - [13/Mar/2026:05:22:12 +1000] "GET /grvjn.php?path=//lib/.build-id/a2 HTTP/1.1" 200 44769 "https://www.smart.posscales.com/grvjn.php?path=//lib/.build-id" "Mozilla/5.0 AppleWebKit/537.36 (KHTML, like Gecko; compatible; GPTBot/1.3; +https://openai.com/gptbot)"
74.7.227.54 - - [13/Mar/2026:05:22:12 +1000] "GET /mklax.php?path=//lib/.build-id/ea HTTP/1.1" 200 41608 "https://smart.posscales.com/mklax.php?path=//lib/.build-id" "Mozilla/5.0 AppleWebKit/537.36 (KHTML, like Gecko; compatible; GPTBot/1.3; +https://openai.com/gptbot)"
74.7.243.225 - - [13/Mar/2026:05:22:12 +1000] "GET /grvjn.php?path=//lib/.build-id/7a HTTP/1.1" 200 33717 "https://www.smart.posscales.com/grvjn.php?path=//lib/.build-id" "Mozilla/5.0 AppleWebKit/537.36 (KHTML, like Gecko; compatible; GPTBot/1.3; +https://openai.com/gptbot)"
74.7.227.54 - - [13/Mar/2026:05:22:12 +1000] "GET /mklax.php?path=//lib/.build-id/ca HTTP/1.1" 200 35300 "https://smart.posscales.com/mklax.php?path=//lib/.build-id" "Mozilla/5.0 AppleWebKit/537.36 (KHTML, like Gecko; compatible; GPTBot/1.3; +https://openai.com/gptbot)"
74.7.243.225 - - [13/Mar/2026:05:22:13 +1000] "GET /grvjn.php?path=//lib/.build-id/d9 HTTP/1.1" 200 35298 "https://www.smart.posscales.com/grvjn.php?path=//lib/.build-id" "Mozilla/5.0 AppleWebKit/537.36 (KHTML, like Gecko; compatible; GPTBot/1.3; +https://openai.com/gptbot)"
74.7.227.54 - - [13/Mar/2026:05:22:13 +1000] "GET /mklax.php?path=//lib/.build-id/bf HTTP/1.1" 200 30566 "https://smart.posscales.com/mklax.php?path=//lib/.build-id" "Mozilla/5.0 AppleWebKit/537.36 (KHTML, like Gecko; compatible; GPTBot/1.3; +https://openai.com/gptbot)"
74.7.243.225 - - [13/Mar/2026:05:22:13 +1000] "GET /grvjn.php?path=//lib/.build-id/a0 HTTP/1.1" 200 24253 "https://www.smart.posscales.com/grvjn.php?path=//lib/.build-id" "Mozilla/5.0 AppleWebKit/537.36 (KHTML, like Gecko; compatible; GPTBot/1.3; +https://openai.com/gptbot)"
74.7.227.54 - - [13/Mar/2026:05:22:13 +1000] "GET /grvjn.php?path=//lib/.build-id/ab HTTP/1.1" 200 35304 "https://smart.posscales.com/grvjn.php?path=//lib/.build-id" "Mozilla/5.0 AppleWebKit/537.36 (KHTML, like Gecko; compatible; GPTBot/1.3; +https://openai.com/gptbot)"
74.7.243.225 - - [13/Mar/2026:05:22:14 +1000] "GET /grvjn.php?path=//lib/.build-id/b4 HTTP/1.1" 200 33725 "https://www.smart.posscales.com/grvjn.php?path=//lib/.build-id" "Mozilla/5.0 AppleWebKit/537.36 (KHTML, like Gecko; compatible; GPTBot/1.3; +https://openai.com/gptbot)"
74.7.227.54 - - [13/Mar/2026:05:22:14 +1000] "GET /mklax.php?path=//lib/.build-id/df HTTP/1.1" 200 38456 "https://smart.posscales.com/mklax.php?path=//lib/.build-id" "Mozilla/5.0 AppleWebKit/537.36 (KHTML, like Gecko; compatible; GPTBot/1.3; +https://openai.com/gptbot)"
74.7.243.225 - - [13/Mar/2026:05:22:14 +1000] "GET /grvjn.php?path=//lib/.build-id/0a HTTP/1.1" 200 35299 "https://www.smart.posscales.com/grvjn.php?path=//lib/.build-id" "Mozilla/5.0 AppleWebKit/537.36 (KHTML, like Gecko; compatible; GPTBot/1.3; +https://openai.com/gptbot)"
74.7.227.54 - - [13/Mar/2026:05:22:15 +1000] "GET /grvjn.php?path=//lib/.build-id/db HTTP/1.1" 200 52663 "https://smart.posscales.com/grvjn.php?path=//lib/.build-id" "Mozilla/5.0 AppleWebKit/537.36 (KHTML, like Gecko; compatible; GPTBot/1.3; +https://openai.com/gptbot)"
74.7.243.225 - - [13/Mar/2026:05:22:15 +1000] "GET /grvjn.php?path=//lib/.build-id/d0 HTTP/1.1" 200 32147 "https://www.smart.posscales.com/grvjn.php?path=//lib/.build-id" "Mozilla/5.0 AppleWebKit/537.36 (KHTML, like Gecko; compatible; GPTBot/1.3; +https://openai.com/gptbot)"
74.7.227.54 - - [13/Mar/2026:05:22:15 +1000] "GET /mklax.php?path=//lib/.build-id/cb HTTP/1.1" 200 30567 "https://smart.posscales.com/mklax.php?path=//lib/.build-id" "Mozilla/5.0 AppleWebKit/537.36 (KHTML, like Gecko; compatible; GPTBot/1.3; +https://openai.com/gptbot)"
74.7.243.225 - - [13/Mar/2026:05:22:15 +1000] "GET /grvjn.php?path=//lib/.build-id/b6 HTTP/1.1" 200 33721 "https://www.smart.posscales.com/grvjn.php?path=//lib/.build-id" "Mozilla/5.0 AppleWebKit/537.36 (KHTML, like Gecko; compatible; GPTBot/1.3; +https://openai.com/gptbot)"
74.7.227.54 - - [13/Mar/2026:05:22:16 +1000] "GET /mklax.php?fileloc=//lib/.build-id/ec/fc37c84a6f5ad8fcc38f2a7141f79ade9936c2&path=//lib/.build-id/ec HTTP/1.1" 200 75495 "https://smart.posscales.com/mklax.php?path=//lib/.build-id/ec" "Mozilla/5.0 AppleWebKit/537.36 (KHTML, like Gecko; compatible; GPTBot/1.3; +https://openai.com/gptbot)"
74.7.243.225 - - [13/Mar/2026:05:22:16 +1000] "GET /grvjn.php?path=//lib/.build-id/1d HTTP/1.1" 200 27411 "https://www.smart.posscales.com/grvjn.php?path=//lib/.build-id" "Mozilla/5.0 AppleWebKit/537.36 (KHTML, like Gecko; compatible; GPTBot/1.3; +https://openai.com/gptbot)"
74.7.227.54 - - [13/Mar/2026:05:22:16 +1000] "GET /mklax.php?path=//lib/.build-id/ef HTTP/1.1" 200 38450 "https://smart.posscales.com/mklax.php?path=//lib/.build-id" "Mozilla/5.0 AppleWebKit/537.36 (KHTML, like Gecko; compatible; GPTBot/1.3; +https://openai.com/gptbot)"
74.7.243.225 - - [13/Mar/2026:05:22:16 +1000] "GET /grvjn.php?path=//lib/.build-id/8a HTTP/1.1" 200 30566 "https://www.smart.posscales.com/grvjn.php?path=//lib/.build-id" "Mozilla/5.0 AppleWebKit/537.36 (KHTML, like Gecko; compatible; GPTBot/1.3; +https://openai.com/gptbot)"
74.7.227.54 - - [13/Mar/2026:05:22:17 +1000] "GET /grvjn.php?path=//lib/.build-id/ba HTTP/1.1" 200 27413 "https://smart.posscales.com/grvjn.php?path=//lib/.build-id" "Mozilla/5.0 AppleWebKit/537.36 (KHTML, like Gecko; compatible; GPTBot/1.3; +https://openai.com/gptbot)"
74.7.243.225 - - [13/Mar/2026:05:22:17 +1000] "GET /grvjn.php?path=//lib/.build-id/4b HTTP/1.1" 200 33722 "https://www.smart.posscales.com/grvjn.php?path=//lib/.build-id" "Mozilla/5.0 AppleWebKit/537.36 (KHTML, like Gecko; compatible; GPTBot/1.3; +https://openai.com/gptbot)"
74.7.227.54 - - [13/Mar/2026:05:22:17 +1000] "GET /mklax.php?path=//lib/.build-id/ac HTTP/1.1" 200 36874 "https://smart.posscales.com/mklax.php?path=//lib/.build-id" "Mozilla/5.0 AppleWebKit/537.36 (KHTML, like Gecko; compatible; GPTBot/1.3; +https://openai.com/gptbot)"
74.7.243.225 - - [13/Mar/2026:05:22:17 +1000] "GET /grvjn.php?path=//lib/.build-id/0b HTTP/1.1" 200 32146 "https://www.smart.posscales.com/grvjn.php?path=//lib/.build-id" "Mozilla/5.0 AppleWebKit/537.36 (KHTML, like Gecko; compatible; GPTBot/1.3; +https://openai.com/gptbot)"
74.7.227.54 - - [13/Mar/2026:05:22:18 +1000] "GET /mklax.php?path=//lib/.build-id/eb HTTP/1.1" 200 24254 "https://smart.posscales.com/mklax.php?path=//lib/.build-id" "Mozilla/5.0 AppleWebKit/537.36 (KHTML, like Gecko; compatible; GPTBot/1.3; +https://openai.com/gptbot)"
74.7.227.54 - - [13/Mar/2026:05:22:18 +1000] "GET /mklax.php?fileloc=//lib/.build-id/ca/e2c02fe2c85a37a55786a75f39af617e333e19&path=//lib/.build-id/ca HTTP/1.1" 200 33305 "https://smart.posscales.com/mklax.php?path=//lib/.build-id/ca" "Mozilla/5.0 AppleWebKit/537.36 (KHTML, like Gecko; compatible; GPTBot/1.3; +https://openai.com/gptbot)"
74.7.227.54 - - [13/Mar/2026:05:22:19 +1000] "GET /grvjn.php?fileloc=//lib/.build-id/da/5bb8e18371a87309af2b4a21b73a0e906af5b3&path=//lib/.build-id/da HTTP/1.1" 200 111930 "https://smart.posscales.com/grvjn.php?path=//lib/.build-id/da" "Mozilla/5.0 AppleWebKit/537.36 (KHTML, like Gecko; compatible; GPTBot/1.3; +https://openai.com/gptbot)"
74.7.227.54 - - [13/Mar/2026:05:22:19 +1000] "GET /mklax.php?path=/home/posscale/perl HTTP/1.1" 200 14564 "https://smart.posscales.com/mklax.php?path=/home/posscale" "Mozilla/5.0 AppleWebKit/537.36 (KHTML, like Gecko; compatible; GPTBot/1.3; +https://openai.com/gptbot)"
74.7.227.54 - - [13/Mar/2026:05:22:20 +1000] "GET /grvjn.php?path=//lib/python3.12 HTTP/1.1" 200 14545 "https://smart.posscales.com/grvjn.php?path=//lib" "Mozilla/5.0 AppleWebKit/537.36 (KHTML, like Gecko; compatible; GPTBot/1.3; +https://openai.com/gptbot)"
74.7.227.54 - - [13/Mar/2026:05:22:20 +1000] "GET /grvjn.php?path=//lib64/krb5 HTTP/1.1" 200 14503 "https://smart.posscales.com/grvjn.php?path=//lib64" "Mozilla/5.0 AppleWebKit/537.36 (KHTML, like Gecko; compatible; GPTBot/1.3; +https://openai.com/gptbot)"
74.7.227.54 - - [13/Mar/2026:05:22:21 +1000] "GET /grvjn.php?path=//lib64/sasl2 HTTP/1.1" 200 35169 "https://smart.posscales.com/grvjn.php?path=//lib64" "Mozilla/5.0 AppleWebKit/537.36 (KHTML, like Gecko; compatible; GPTBot/1.3; +https://openai.com/gptbot)"
74.7.243.225 - - [13/Mar/2026:05:22:18 +1000] "GET /grvjn.php?fileloc=//lib/.build-id/7a/45a565ac10ccf9954d6ea84a731a6a15671bba&path=//lib/.build-id/7a HTTP/1.1" 200 8658391 "https://www.smart.posscales.com/grvjn.php?path=//lib/.build-id/7a" "Mozilla/5.0 AppleWebKit/537.36 (KHTML, like Gecko; compatible; GPTBot/1.3; +https://openai.com/gptbot)"
74.7.227.54 - - [13/Mar/2026:05:22:21 +1000] "GET /grvjn.php?path=//opt/imunify360/lib HTTP/1.1" 200 13215 "https://smart.posscales.com/grvjn.php?path=//opt/imunify360" "Mozilla/5.0 AppleWebKit/537.36 (KHTML, like Gecko; compatible; GPTBot/1.3; +https://openai.com/gptbot)"
74.7.243.225 - - [13/Mar/2026:05:22:22 +1000] "GET /grvjn.php?path=//lib/.build-id/4d HTTP/1.1" 200 30568 "https://www.smart.posscales.com/grvjn.php?path=//lib/.build-id" "Mozilla/5.0 AppleWebKit/537.36 (KHTML, like Gecko; compatible; GPTBot/1.3; +https://openai.com/gptbot)"
74.7.227.54 - - [13/Mar/2026:05:22:22 +1000] "GET /mklax.php?path=/home/posscale/public_html/printmanager/vendor/nette/utils HTTP/1.1" 200 21577 "https://smart.posscales.com/mklax.php?path=/home/posscale/public_html/printmanager/vendor/nette" "Mozilla/5.0 AppleWebKit/537.36 (KHTML, like Gecko; compatible; GPTBot/1.3; +https://openai.com/gptbot)"
74.7.243.225 - - [13/Mar/2026:05:22:22 +1000] "GET /grvjn.php?path=//lib/.build-id/b1 HTTP/1.1" 200 38453 "https://www.smart.posscales.com/grvjn.php?path=//lib/.build-id" "Mozilla/5.0 AppleWebKit/537.36 (KHTML, like Gecko; compatible; GPTBot/1.3; +https://openai.com/gptbot)"
74.7.227.54 - - [13/Mar/2026:05:22:22 +1000] "GET /mklax.php?path=/home/posscale/public_html/softwareupdate HTTP/1.1" 200 19194 "https://smart.posscales.com/mklax.php?path=/home/posscale/public_html" "Mozilla/5.0 AppleWebKit/537.36 (KHTML, like Gecko; compatible; GPTBot/1.3; +https://openai.com/gptbot)"
74.7.243.225 - - [13/Mar/2026:05:22:23 +1000] "GET /grvjn.php?path=//lib/.build-id/99 HTTP/1.1" 200 24256 "https://www.smart.posscales.com/grvjn.php?path=//lib/.build-id" "Mozilla/5.0 AppleWebKit/537.36 (KHTML, like Gecko; compatible; GPTBot/1.3; +https://openai.com/gptbot)"
74.7.227.54 - - [13/Mar/2026:05:22:23 +1000] "GET /mklax.php?path=//var/lib/net-snmp/mib_indexes HTTP/1.1" 200 14744 "https://smart.posscales.com/mklax.php?path=//var/lib/net-snmp" "Mozilla/5.0 AppleWebKit/537.36 (KHTML, like Gecko; compatible; GPTBot/1.3; +https://openai.com/gptbot)"
74.7.243.225 - - [13/Mar/2026:05:22:23 +1000] "GET /grvjn.php?path=//lib/.build-id/a8 HTTP/1.1" 200 33725 "https://www.smart.posscales.com/grvjn.php?path=//lib/.build-id" "Mozilla/5.0 AppleWebKit/537.36 (KHTML, like Gecko; compatible; GPTBot/1.3; +https://openai.com/gptbot)"
74.7.227.54 - - [13/Mar/2026:05:22:23 +1000] "GET /mklax.php?path=/home/posscale/public_html/printmanager/public/js/filament/forms/components HTTP/1.1" 200 29190 "https://smart.posscales.com/mklax.php?path=/home/posscale/public_html/printmanager/public/js/filament/forms" "Mozilla/5.0 AppleWebKit/537.36 (KHTML, like Gecko; compatible; GPTBot/1.3; +https://openai.com/gptbot)"
74.7.243.225 - - [13/Mar/2026:05:22:24 +1000] "GET /grvjn.php?path=//lib/.build-id/b5 HTTP/1.1" 200 33720 "https://www.smart.posscales.com/grvjn.php?path=//lib/.build-id" "Mozilla/5.0 AppleWebKit/537.36 (KHTML, like Gecko; compatible; GPTBot/1.3; +https://openai.com/gptbot)"
74.7.227.54 - - [13/Mar/2026:05:22:24 +1000] "GET /grvjn.php?path=//lib64/dovecot HTTP/1.1" 200 120928 "https://smart.posscales.com/grvjn.php?path=//lib64" "Mozilla/5.0 AppleWebKit/537.36 (KHTML, like Gecko; compatible; GPTBot/1.3; +https://openai.com/gptbot)"
74.7.243.225 - - [13/Mar/2026:05:22:24 +1000] "GET /grvjn.php?path=//lib/.build-id/a5 HTTP/1.1" 200 30563 "https://www.smart.posscales.com/grvjn.php?path=//lib/.build-id" "Mozilla/5.0 AppleWebKit/537.36 (KHTML, like Gecko; compatible; GPTBot/1.3; +https://openai.com/gptbot)"
74.7.227.54 - - [13/Mar/2026:05:22:24 +1000] "GET /mklax.php?path=/home/posscale/public_html/printmanager/public/js/filament/notifications HTTP/1.1" 200 15354 "https://smart.posscales.com/mklax.php?path=/home/posscale/public_html/printmanager/public/js/filament" "Mozilla/5.0 AppleWebKit/537.36 (KHTML, like Gecko; compatible; GPTBot/1.3; +https://openai.com/gptbot)"
74.7.243.225 - - [13/Mar/2026:05:22:25 +1000] "GET /grvjn.php?path=//lib/.build-id/a6 HTTP/1.1" 200 32177 "https://www.smart.posscales.com/grvjn.php?path=//lib/.build-id" "Mozilla/5.0 AppleWebKit/537.36 (KHTML, like Gecko; compatible; GPTBot/1.3; +https://openai.com/gptbot)"
74.7.227.54 - - [13/Mar/2026:05:22:25 +1000] "GET /mklax.php?path=/home/posscale/perl/usr HTTP/1.1" 200 13260 "https://smart.posscales.com/mklax.php?path=/home/posscale/perl" "Mozilla/5.0 AppleWebKit/537.36 (KHTML, like Gecko; compatible; GPTBot/1.3; +https://openai.com/gptbot)"
74.7.243.225 - - [13/Mar/2026:05:22:25 +1000] "GET /grvjn.php?path=//lib/.build-id/33 HTTP/1.1" 200 44820 "https://www.smart.posscales.com/grvjn.php?path=//lib/.build-id" "Mozilla/5.0 AppleWebKit/537.36 (KHTML, like Gecko; compatible; GPTBot/1.3; +https://openai.com/gptbot)"
74.7.227.54 - - [13/Mar/2026:05:22:26 +1000] "GET /mklax.php?path=/home/posscale/public_html/printmanager/vendor/spatie/error-solutions/src/Support HTTP/1.1" 200 17087 "https://smart.posscales.com/mklax.php?path=/home/posscale/public_html/printmanager/vendor/spatie/error-solutions/src" "Mozilla/5.0 AppleWebKit/537.36 (KHTML, like Gecko; compatible; GPTBot/1.3; +https://openai.com/gptbot)"
74.7.243.225 - - [13/Mar/2026:05:22:26 +1000] "GET /grvjn.php?path=//lib/.build-id/a1 HTTP/1.1" 200 32145 "https://www.smart.posscales.com/grvjn.php?path=//lib/.build-id" "Mozilla/5.0 AppleWebKit/537.36 (KHTML, like Gecko; compatible; GPTBot/1.3; +https://openai.com/gptbot)"
74.7.227.54 - - [13/Mar/2026:05:22:26 +1000] "GET /grvjn.php?path=//lib64/krb5/plugins HTTP/1.1" 200 20000 "https://smart.posscales.com/grvjn.php?path=//lib64/krb5" "Mozilla/5.0 AppleWebKit/537.36 (KHTML, like Gecko; compatible; GPTBot/1.3; +https://openai.com/gptbot)"
74.7.243.225 - - [13/Mar/2026:05:22:26 +1000] "GET /grvjn.php?path=//lib/.build-id/55 HTTP/1.1" 200 32149 "https://www.smart.posscales.com/grvjn.php?path=//lib/.build-id" "Mozilla/5.0 AppleWebKit/537.36 (KHTML, like Gecko; compatible; GPTBot/1.3; +https://openai.com/gptbot)"
74.7.227.54 - - [13/Mar/2026:05:22:27 +1000] "GET /mklax.php?path=/home/posscale/public_html/printmanager/vendor/laravel/sail/stubs HTTP/1.1" 200 42021 "https://smart.posscales.com/mklax.php?path=/home/posscale/public_html/printmanager/vendor/laravel/sail" "Mozilla/5.0 AppleWebKit/537.36 (KHTML, like Gecko; compatible; GPTBot/1.3; +https://openai.com/gptbot)"
74.7.243.225 - - [13/Mar/2026:05:22:27 +1000] "GET /grvjn.php?path=//lib/.build-id/1b HTTP/1.1" 200 38455 "https://www.smart.posscales.com/grvjn.php?path=//lib/.build-id" "Mozilla/5.0 AppleWebKit/537.36 (KHTML, like Gecko; compatible; GPTBot/1.3; +https://openai.com/gptbot)"
74.7.227.54 - - [13/Mar/2026:05:22:27 +1000] "GET /mklax.php?path=/home/posscale/public_html/printmanager/vendor/laravel/pint/builds HTTP/1.1" 200 15276 "https://smart.posscales.com/mklax.php?path=/home/posscale/public_html/printmanager/vendor/laravel/pint" "Mozilla/5.0 AppleWebKit/537.36 (KHTML, like Gecko; compatible; GPTBot/1.3; +https://openai.com/gptbot)"
74.7.243.225 - - [13/Mar/2026:05:22:27 +1000] "GET /grvjn.php?path=//lib/.build-id/9b HTTP/1.1" 200 32146 "https://www.smart.posscales.com/grvjn.php?path=//lib/.build-id" "Mozilla/5.0 AppleWebKit/537.36 (KHTML, like Gecko; compatible; GPTBot/1.3; +https://openai.com/gptbot)"
74.7.227.54 - - [13/Mar/2026:05:22:28 +1000] "GET /mklax.php?path=/home/posscale/public_html/printmanager/vendor/nette/utils/src HTTP/1.1" 200 26642 "https://smart.posscales.com/mklax.php?path=/home/posscale/public_html/printmanager/vendor/nette/utils" "Mozilla/5.0 AppleWebKit/537.36 (KHTML, like Gecko; compatible; GPTBot/1.3; +https://openai.com/gptbot)"
74.7.243.225 - - [13/Mar/2026:05:22:28 +1000] "GET /grvjn.php?path=//lib/.build-id/5a HTTP/1.1" 200 33729 "https://www.smart.posscales.com/grvjn.php?path=//lib/.build-id" "Mozilla/5.0 AppleWebKit/537.36 (KHTML, like Gecko; compatible; GPTBot/1.3; +https://openai.com/gptbot)"
74.7.227.54 - - [13/Mar/2026:05:22:28 +1000] "GET /mklax.php?path=/home/posscale/public_html/softwareupdate/.htpasswds HTTP/1.1" 200 13387 "https://smart.posscales.com/mklax.php?path=/home/posscale/public_html/softwareupdate" "Mozilla/5.0 AppleWebKit/537.36 (KHTML, like Gecko; compatible; GPTBot/1.3; +https://openai.com/gptbot)"
74.7.243.225 - - [13/Mar/2026:05:22:28 +1000] "GET /grvjn.php?path=//lib/.build-id/44 HTTP/1.1" 200 46350 "https://www.smart.posscales.com/grvjn.php?path=//lib/.build-id" "Mozilla/5.0 AppleWebKit/537.36 (KHTML, like Gecko; compatible; GPTBot/1.3; +https://openai.com/gptbot)"
74.7.227.54 - - [13/Mar/2026:05:22:29 +1000] "GET /mklax.php?fileloc=//var/lib/net-snmp/mib_indexes/0&path=//var/lib/net-snmp/mib_indexes HTTP/1.1" 200 15214 "https://smart.posscales.com/mklax.php?path=//var/lib/net-snmp/mib_indexes" "Mozilla/5.0 AppleWebKit/537.36 (KHTML, like Gecko; compatible; GPTBot/1.3; +https://openai.com/gptbot)"
74.7.243.225 - - [13/Mar/2026:05:22:29 +1000] "GET /grvjn.php?path=//lib/.build-id/9d HTTP/1.1" 200 40038 "https://www.smart.posscales.com/grvjn.php?path=//lib/.build-id" "Mozilla/5.0 AppleWebKit/537.36 (KHTML, like Gecko; compatible; GPTBot/1.3; +https://openai.com/gptbot)"
74.7.227.54 - - [13/Mar/2026:05:22:29 +1000] "GET /mklax.php?path=/home/posscale/public_html/softwareupdate/.well-known HTTP/1.1" 200 14887 "https://smart.posscales.com/mklax.php?path=/home/posscale/public_html/softwareupdate" "Mozilla/5.0 AppleWebKit/537.36 (KHTML, like Gecko; compatible; GPTBot/1.3; +https://openai.com/gptbot)"
74.7.243.225 - - [13/Mar/2026:05:22:29 +1000] "GET /grvjn.php?path=//lib/.build-id/d8 HTTP/1.1" 200 47925 "https://www.smart.posscales.com/grvjn.php?path=//lib/.build-id" "Mozilla/5.0 AppleWebKit/537.36 (KHTML, like Gecko; compatible; GPTBot/1.3; +https://openai.com/gptbot)"
74.7.227.54 - - [13/Mar/2026:05:22:30 +1000] "GET /grvjn.php?fileloc=//lib64/dovecot/libdovecot-dsync.so.0&path=//lib64/dovecot HTTP/1.1" 200 495128 "https://smart.posscales.com/grvjn.php?path=//lib64/dovecot" "Mozilla/5.0 AppleWebKit/537.36 (KHTML, like Gecko; compatible; GPTBot/1.3; +https://openai.com/gptbot)"
74.7.243.225 - - [13/Mar/2026:05:22:30 +1000] "GET /grvjn.php?path=//lib/.build-id/7b HTTP/1.1" 200 35299 "https://www.smart.posscales.com/grvjn.php?path=//lib/.build-id" "Mozilla/5.0 AppleWebKit/537.36 (KHTML, like Gecko; compatible; GPTBot/1.3; +https://openai.com/gptbot)"
74.7.243.225 - - [13/Mar/2026:05:22:31 +1000] "GET /grvjn.php?path=//lib/.build-id/d7 HTTP/1.1" 200 35306 "https://www.smart.posscales.com/grvjn.php?path=//lib/.build-id" "Mozilla/5.0 AppleWebKit/537.36 (KHTML, like Gecko; compatible; GPTBot/1.3; +https://openai.com/gptbot)"
74.7.227.54 - - [13/Mar/2026:05:22:31 +1000] "GET /mklax.php?path=/home/posscale/public_html/softwareupdate/cgi-bin HTTP/1.1" 200 13381 "https://smart.posscales.com/mklax.php?path=/home/posscale/public_html/softwareupdate" "Mozilla/5.0 AppleWebKit/537.36 (KHTML, like Gecko; compatible; GPTBot/1.3; +https://openai.com/gptbot)"
74.7.243.225 - - [13/Mar/2026:05:22:31 +1000] "GET /grvjn.php?path=//lib/.build-id/9a HTTP/1.1" 200 25834 "https://www.smart.posscales.com/grvjn.php?path=//lib/.build-id" "Mozilla/5.0 AppleWebKit/537.36 (KHTML, like Gecko; compatible; GPTBot/1.3; +https://openai.com/gptbot)"
74.7.227.54 - - [13/Mar/2026:05:22:31 +1000] "GET /grvjn.php?path=//lib64/dovecot/auth HTTP/1.1" 200 16229 "https://smart.posscales.com/grvjn.php?path=//lib64/dovecot" "Mozilla/5.0 AppleWebKit/537.36 (KHTML, like Gecko; compatible; GPTBot/1.3; +https://openai.com/gptbot)"
74.7.243.225 - - [13/Mar/2026:05:22:32 +1000] "GET /grvjn.php?path=//lib/.build-id/6b HTTP/1.1" 200 43186 "https://www.smart.posscales.com/grvjn.php?path=//lib/.build-id" "Mozilla/5.0 AppleWebKit/537.36 (KHTML, like Gecko; compatible; GPTBot/1.3; +https://openai.com/gptbot)"
74.7.227.54 - - [13/Mar/2026:05:22:32 +1000] "GET /grvjn.php?path=//lib64/dovecot/dict HTTP/1.1" 200 14726 "https://smart.posscales.com/grvjn.php?path=//lib64/dovecot" "Mozilla/5.0 AppleWebKit/537.36 (KHTML, like Gecko; compatible; GPTBot/1.3; +https://openai.com/gptbot)"
74.7.243.225 - - [13/Mar/2026:05:22:32 +1000] "GET /grvjn.php?path=//lib/.build-id/5b HTTP/1.1" 200 38450 "https://www.smart.posscales.com/grvjn.php?path=//lib/.build-id" "Mozilla/5.0 AppleWebKit/537.36 (KHTML, like Gecko; compatible; GPTBot/1.3; +https://openai.com/gptbot)"
74.7.227.54 - - [13/Mar/2026:05:22:32 +1000] "GET /grvjn.php?path=//lib64/krb5/plugins/tls HTTP/1.1" 200 14744 "https://smart.posscales.com/grvjn.php?path=//lib64/krb5/plugins" "Mozilla/5.0 AppleWebKit/537.36 (KHTML, like Gecko; compatible; GPTBot/1.3; +https://openai.com/gptbot)"
74.7.243.225 - - [13/Mar/2026:05:22:33 +1000] "GET /grvjn.php?fileloc=//lib/.build-id/1b/c4cd0bba113258f0015fdceca91323141831bb&path=//lib/.build-id/1b HTTP/1.1" 200 32525 "https://www.smart.posscales.com/grvjn.php?path=//lib/.build-id/1b" "Mozilla/5.0 AppleWebKit/537.36 (KHTML, like Gecko; compatible; GPTBot/1.3; +https://openai.com/gptbot)"
74.7.227.54 - - [13/Mar/2026:05:22:33 +1000] "GET /grvjn.php?path=//lib64/krb5/plugins/preauth HTTP/1.1" 200 14768 "https://smart.posscales.com/grvjn.php?path=//lib64/krb5/plugins" "Mozilla/5.0 AppleWebKit/537.36 (KHTML, like Gecko; compatible; GPTBot/1.3; +https://openai.com/gptbot)"
74.7.243.225 - - [13/Mar/2026:05:22:33 +1000] "GET /grvjn.php?fileloc=//lib/.build-id/9b/1c83deed3c59bed42897f0abe703d17215a633&path=//lib/.build-id/9b HTTP/1.1" 200 120785 "https://www.smart.posscales.com/grvjn.php?path=//lib/.build-id/9b" "Mozilla/5.0 AppleWebKit/537.36 (KHTML, like Gecko; compatible; GPTBot/1.3; +https://openai.com/gptbot)"
74.7.227.54 - - [13/Mar/2026:05:22:33 +1000] "GET /grvjn.php?path=//lib64/krb5/plugins/authdata HTTP/1.1" 200 14814 "https://smart.posscales.com/grvjn.php?path=//lib64/krb5/plugins" "Mozilla/5.0 AppleWebKit/537.36 (KHTML, like Gecko; compatible; GPTBot/1.3; +https://openai.com/gptbot)"
74.7.243.225 - - [13/Mar/2026:05:22:34 +1000] "GET /grvjn.php?fileloc=//lib/.build-id/9b/434380401d8dc2a6ba66a697b59f6f61016075&path=//lib/.build-id/9b HTTP/1.1" 200 1016540 "https://www.smart.posscales.com/grvjn.php?path=//lib/.build-id/9b" "Mozilla/5.0 AppleWebKit/537.36 (KHTML, like Gecko; compatible; GPTBot/1.3; +https://openai.com/gptbot)"
74.7.227.54 - - [13/Mar/2026:05:22:34 +1000] "GET /grvjn.php?path=//lib64/krb5/plugins/libkrb5 HTTP/1.1" 200 14844 "https://smart.posscales.com/grvjn.php?path=//lib64/krb5/plugins" "Mozilla/5.0 AppleWebKit/537.36 (KHTML, like Gecko; compatible; GPTBot/1.3; +https://openai.com/gptbot)"
74.7.243.225 - - [13/Mar/2026:05:22:34 +1000] "GET /grvjn.php?path=//lib/.build-id/8b HTTP/1.1" 200 25830 "https://www.smart.posscales.com/grvjn.php?path=//lib/.build-id" "Mozilla/5.0 AppleWebKit/537.36 (KHTML, like Gecko; compatible; GPTBot/1.3; +https://openai.com/gptbot)"
74.7.227.54 - - [13/Mar/2026:05:22:34 +1000] "GET /grvjn.php?path=//lib64/krb5/plugins/kdb HTTP/1.1" 200 13262 "https://smart.posscales.com/grvjn.php?path=//lib64/krb5/plugins" "Mozilla/5.0 AppleWebKit/537.36 (KHTML, like Gecko; compatible; GPTBot/1.3; +https://openai.com/gptbot)"
74.7.243.225 - - [13/Mar/2026:05:22:35 +1000] "GET /grvjn.php?path=//lib/.build-id/d4 HTTP/1.1" 200 36873 "https://www.smart.posscales.com/grvjn.php?path=//lib/.build-id" "Mozilla/5.0 AppleWebKit/537.36 (KHTML, like Gecko; compatible; GPTBot/1.3; +https://openai.com/gptbot)"
74.7.227.54 - - [13/Mar/2026:05:22:35 +1000] "GET /mklax.php?path=/home/posscale/public_html/printmanager/vendor/psr/container HTTP/1.1" 200 21573 "https://smart.posscales.com/mklax.php?path=/home/posscale/public_html/printmanager/vendor/psr" "Mozilla/5.0 AppleWebKit/537.36 (KHTML, like Gecko; compatible; GPTBot/1.3; +https://openai.com/gptbot)"
74.7.227.54 - - [13/Mar/2026:05:22:36 +1000] "GET /mklax.php?path=/home/posscale/public_html/printmanager/vendor/nesbot/carbon HTTP/1.1" 200 27870 "https://smart.posscales.com/mklax.php?path=/home/posscale/public_html/printmanager/vendor/nesbot" "Mozilla/5.0 AppleWebKit/537.36 (KHTML, like Gecko; compatible; GPTBot/1.3; +https://openai.com/gptbot)"
74.7.243.225 - - [13/Mar/2026:05:22:36 +1000] "GET /grvjn.php?path=//lib/.build-id/b3 HTTP/1.1" 200 33729 "https://www.smart.posscales.com/grvjn.php?path=//lib/.build-id" "Mozilla/5.0 AppleWebKit/537.36 (KHTML, like Gecko; compatible; GPTBot/1.3; +https://openai.com/gptbot)"
74.7.227.54 - - [13/Mar/2026:05:22:36 +1000] "GET /mklax.php?path=/home/posscale/public_html/printmanager/resources/views/auth HTTP/1.1" 200 23673 "https://smart.posscales.com/mklax.php?path=/home/posscale/public_html/printmanager/resources/views" "Mozilla/5.0 AppleWebKit/537.36 (KHTML, like Gecko; compatible; GPTBot/1.3; +https://openai.com/gptbot)"
74.7.243.225 - - [13/Mar/2026:05:22:36 +1000] "GET /grvjn.php?path=//lib/.build-id/7d HTTP/1.1" 200 35297 "https://www.smart.posscales.com/grvjn.php?path=//lib/.build-id" "Mozilla/5.0 AppleWebKit/537.36 (KHTML, like Gecko; compatible; GPTBot/1.3; +https://openai.com/gptbot)"
74.7.227.54 - - [13/Mar/2026:05:22:37 +1000] "GET /mklax.php?path=/home/posscale/public_html/printmanager/vendor/spatie/invade HTTP/1.1" 200 24947 "https://smart.posscales.com/mklax.php?path=/home/posscale/public_html/printmanager/vendor/spatie" "Mozilla/5.0 AppleWebKit/537.36 (KHTML, like Gecko; compatible; GPTBot/1.3; +https://openai.com/gptbot)"
74.7.243.225 - - [13/Mar/2026:05:22:37 +1000] "GET /grvjn.php?path=//lib/.build-id/11 HTTP/1.1" 200 28990 "https://www.smart.posscales.com/grvjn.php?path=//lib/.build-id" "Mozilla/5.0 AppleWebKit/537.36 (KHTML, like Gecko; compatible; GPTBot/1.3; +https://openai.com/gptbot)"
74.7.227.54 - - [13/Mar/2026:05:22:37 +1000] "GET /mklax.php?path=/home/posscale/public_html/printmanager/vendor/spatie/error-solutions/src/Contracts HTTP/1.1" 200 24433 "https://smart.posscales.com/mklax.php?path=/home/posscale/public_html/printmanager/vendor/spatie/error-solutions/src" "Mozilla/5.0 AppleWebKit/537.36 (KHTML, like Gecko; compatible; GPTBot/1.3; +https://openai.com/gptbot)"
74.7.243.225 - - [13/Mar/2026:05:22:37 +1000] "GET /grvjn.php?path=//lib/.build-id/6a HTTP/1.1" 200 36889 "https://www.smart.posscales.com/grvjn.php?path=//lib/.build-id" "Mozilla/5.0 AppleWebKit/537.36 (KHTML, like Gecko; compatible; GPTBot/1.3; +https://openai.com/gptbot)"
74.7.227.54 - - [13/Mar/2026:05:22:38 +1000] "GET /grvjn.php?path=//lib64/xtables HTTP/1.1" 200 198837 "https://smart.posscales.com/grvjn.php?path=//lib64" "Mozilla/5.0 AppleWebKit/537.36 (KHTML, like Gecko; compatible; GPTBot/1.3; +https://openai.com/gptbot)"
74.7.243.225 - - [13/Mar/2026:05:22:38 +1000] "GET /grvjn.php?path=//lib/.build-id/b9 HTTP/1.1" 200 28990 "https://www.smart.posscales.com/grvjn.php?path=//lib/.build-id" "Mozilla/5.0 AppleWebKit/537.36 (KHTML, like Gecko; compatible; GPTBot/1.3; +https://openai.com/gptbot)"
74.7.243.225 - - [13/Mar/2026:05:22:38 +1000] "GET /grvjn.php?path=//lib/.build-id/d3 HTTP/1.1" 200 33725 "https://www.smart.posscales.com/grvjn.php?path=//lib/.build-id" "Mozilla/5.0 AppleWebKit/537.36 (KHTML, like Gecko; compatible; GPTBot/1.3; +https://openai.com/gptbot)"
74.7.227.54 - - [13/Mar/2026:05:22:38 +1000] "GET /grvjn.php?path=//lib64/rsyslog HTTP/1.1" 200 71448 "https://smart.posscales.com/grvjn.php?path=//lib64" "Mozilla/5.0 AppleWebKit/537.36 (KHTML, like Gecko; compatible; GPTBot/1.3; +https://openai.com/gptbot)"
74.7.243.225 - - [13/Mar/2026:05:22:39 +1000] "GET /grvjn.php?path=//lib/.build-id/22 HTTP/1.1" 200 36882 "https://www.smart.posscales.com/grvjn.php?path=//lib/.build-id" "Mozilla/5.0 AppleWebKit/537.36 (KHTML, like Gecko; compatible; GPTBot/1.3; +https://openai.com/gptbot)"
74.7.227.54 - - [13/Mar/2026:05:22:39 +1000] "GET /mklax.php?path=//lib64/rsyslog HTTP/1.1" 200 71448 "https://smart.posscales.com/mklax.php?path=//lib64" "Mozilla/5.0 AppleWebKit/537.36 (KHTML, like Gecko; compatible; GPTBot/1.3; +https://openai.com/gptbot)"
74.7.243.225 - - [13/Mar/2026:05:22:39 +1000] "GET /grvjn.php?path=//lib/.build-id/1a HTTP/1.1" 200 32152 "https://www.smart.posscales.com/grvjn.php?path=//lib/.build-id" "Mozilla/5.0 AppleWebKit/537.36 (KHTML, like Gecko; compatible; GPTBot/1.3; +https://openai.com/gptbot)"
74.7.227.54 - - [13/Mar/2026:05:22:40 +1000] "GET /mklax.php?path=//lib64/dovecot HTTP/1.1" 200 120928 "https://smart.posscales.com/mklax.php?path=//lib64" "Mozilla/5.0 AppleWebKit/537.36 (KHTML, like Gecko; compatible; GPTBot/1.3; +https://openai.com/gptbot)"
74.7.243.225 - - [13/Mar/2026:05:22:40 +1000] "GET /grvjn.php?path=//lib/.build-id/3a HTTP/1.1" 200 38466 "https://www.smart.posscales.com/grvjn.php?path=//lib/.build-id" "Mozilla/5.0 AppleWebKit/537.36 (KHTML, like Gecko; compatible; GPTBot/1.3; +https://openai.com/gptbot)"
74.7.227.54 - - [13/Mar/2026:05:22:40 +1000] "GET /mklax.php?path=/home/posscale/public_html/printmanager/vendor/sebastian/cli-parser HTTP/1.1" 200 23408 "https://smart.posscales.com/mklax.php?path=/home/posscale/public_html/printmanager/vendor/sebastian" "Mozilla/5.0 AppleWebKit/537.36 (KHTML, like Gecko; compatible; GPTBot/1.3; +https://openai.com/gptbot)"
74.7.243.225 - - [13/Mar/2026:05:22:41 +1000] "GET /grvjn.php?path=//lib/.build-id/66 HTTP/1.1" 200 43193 "https://www.smart.posscales.com/grvjn.php?path=//lib/.build-id" "Mozilla/5.0 AppleWebKit/537.36 (KHTML, like Gecko; compatible; GPTBot/1.3; +https://openai.com/gptbot)"
74.7.227.54 - - [13/Mar/2026:05:22:41 +1000] "GET /mklax.php?path=//lib/kbd/consoletrans HTTP/1.1" 200 87103 "https://smart.posscales.com/mklax.php?path=//lib/kbd" "Mozilla/5.0 AppleWebKit/537.36 (KHTML, like Gecko; compatible; GPTBot/1.3; +https://openai.com/gptbot)"
74.7.227.54 - - [13/Mar/2026:05:22:41 +1000] "GET /mklax.php?path=/home/posscale/public_html/printmanager/vendor/psr/container/src HTTP/1.1" 200 18810 "https://smart.posscales.com/mklax.php?path=/home/posscale/public_html/printmanager/vendor/psr/container" "Mozilla/5.0 AppleWebKit/537.36 (KHTML, like Gecko; compatible; GPTBot/1.3; +https://openai.com/gptbot)"
74.7.243.225 - - [13/Mar/2026:05:22:41 +1000] "GET /grvjn.php?path=//lib/.build-id/a7 HTTP/1.1" 200 32143 "https://www.smart.posscales.com/grvjn.php?path=//lib/.build-id" "Mozilla/5.0 AppleWebKit/537.36 (KHTML, like Gecko; compatible; GPTBot/1.3; +https://openai.com/gptbot)"
74.7.227.54 - - [13/Mar/2026:05:22:42 +1000] "GET /mklax.php?path=/home/posscale/public_html/printmanager/vendor/nesbot/carbon/src HTTP/1.1" 200 15130 "https://smart.posscales.com/mklax.php?path=/home/posscale/public_html/printmanager/vendor/nesbot/carbon" "Mozilla/5.0 AppleWebKit/537.36 (KHTML, like Gecko; compatible; GPTBot/1.3; +https://openai.com/gptbot)"
74.7.243.225 - - [13/Mar/2026:05:22:42 +1000] "GET /grvjn.php?path=//lib/.build-id/88 HTTP/1.1" 200 40041 "https://www.smart.posscales.com/grvjn.php?path=//lib/.build-id" "Mozilla/5.0 AppleWebKit/537.36 (KHTML, like Gecko; compatible; GPTBot/1.3; +https://openai.com/gptbot)"
118.127.40.73 - - [13/Mar/2026:05:22:42 +1000] "GET / HTTP/1.1" 200 1547 "-" "Python/3.11 aiohttp/3.9.2"
74.7.227.54 - - [13/Mar/2026:05:22:42 +1000] "GET /mklax.php?path=/home/posscale/public_html/printmanager/vendor/nesbot/carbon/bin HTTP/1.1" 200 16929 "https://smart.posscales.com/mklax.php?path=/home/posscale/public_html/printmanager/vendor/nesbot/carbon" "Mozilla/5.0 AppleWebKit/537.36 (KHTML, like Gecko; compatible; GPTBot/1.3; +https://openai.com/gptbot)"
74.7.243.225 - - [13/Mar/2026:05:22:42 +1000] "GET /grvjn.php?path=//lib/.build-id/d2 HTTP/1.1" 200 27412 "https://www.smart.posscales.com/grvjn.php?path=//lib/.build-id" "Mozilla/5.0 AppleWebKit/537.36 (KHTML, like Gecko; compatible; GPTBot/1.3; +https://openai.com/gptbot)"
74.7.227.54 - - [13/Mar/2026:05:22:43 +1000] "GET /mklax.php?path=/home/posscale/public_html/printmanager/vendor/spatie/invade/src HTTP/1.1" 200 18646 "https://smart.posscales.com/mklax.php?path=/home/posscale/public_html/printmanager/vendor/spatie/invade" "Mozilla/5.0 AppleWebKit/537.36 (KHTML, like Gecko; compatible; GPTBot/1.3; +https://openai.com/gptbot)"
74.7.243.225 - - [13/Mar/2026:05:22:43 +1000] "GET /grvjn.php?path=//lib/.build-id/b7 HTTP/1.1" 200 36880 "https://www.smart.posscales.com/grvjn.php?path=//lib/.build-id" "Mozilla/5.0 AppleWebKit/537.36 (KHTML, like Gecko; compatible; GPTBot/1.3; +https://openai.com/gptbot)"
74.7.243.225 - - [13/Mar/2026:05:22:43 +1000] "GET /grvjn.php?path=//lib/.build-id/00 HTTP/1.1" 200 30564 "https://www.smart.posscales.com/grvjn.php?path=//lib/.build-id" "Mozilla/5.0 AppleWebKit/537.36 (KHTML, like Gecko; compatible; GPTBot/1.3; +https://openai.com/gptbot)"
74.7.243.225 - - [13/Mar/2026:05:22:44 +1000] "GET /grvjn.php?path=//lib/.build-id/d5 HTTP/1.1" 200 33721 "https://www.smart.posscales.com/grvjn.php?path=//lib/.build-id" "Mozilla/5.0 AppleWebKit/537.36 (KHTML, like Gecko; compatible; GPTBot/1.3; +https://openai.com/gptbot)"
74.7.227.54 - - [13/Mar/2026:05:22:44 +1000] "GET /mklax.php?path=//lib/kbd/consolefonts HTTP/1.1" 200 330079 "https://smart.posscales.com/mklax.php?path=//lib/kbd" "Mozilla/5.0 AppleWebKit/537.36 (KHTML, like Gecko; compatible; GPTBot/1.3; +https://openai.com/gptbot)"
74.7.243.225 - - [13/Mar/2026:05:22:44 +1000] "GET /grvjn.php?path=//lib/.build-id/2d HTTP/1.1" 200 36875 "https://www.smart.posscales.com/grvjn.php?path=//lib/.build-id" "Mozilla/5.0 AppleWebKit/537.36 (KHTML, like Gecko; compatible; GPTBot/1.3; +https://openai.com/gptbot)"
74.7.227.54 - - [13/Mar/2026:05:22:45 +1000] "GET /grvjn.php?fileloc=//lib64/xtables/libebt_among.so&path=//lib64/xtables HTTP/1.1" 200 27900 "https://smart.posscales.com/grvjn.php?path=//lib64/xtables" "Mozilla/5.0 AppleWebKit/537.36 (KHTML, like Gecko; compatible; GPTBot/1.3; +https://openai.com/gptbot)"
74.7.243.225 - - [13/Mar/2026:05:22:45 +1000] "GET /grvjn.php?path=//lib/.build-id/6d HTTP/1.1" 200 33719 "https://www.smart.posscales.com/grvjn.php?path=//lib/.build-id" "Mozilla/5.0 AppleWebKit/537.36 (KHTML, like Gecko; compatible; GPTBot/1.3; +https://openai.com/gptbot)"
74.7.227.54 - - [13/Mar/2026:05:22:45 +1000] "GET /grvjn.php?fileloc=//lib64/xtables/libip6t_mh.so&path=//lib64/xtables HTTP/1.1" 200 27716 "https://smart.posscales.com/grvjn.php?path=//lib64/xtables" "Mozilla/5.0 AppleWebKit/537.36 (KHTML, like Gecko; compatible; GPTBot/1.3; +https://openai.com/gptbot)"
74.7.243.225 - - [13/Mar/2026:05:22:45 +1000] "GET /grvjn.php?path=//lib/.build-id/0d HTTP/1.1" 200 35306 "https://www.smart.posscales.com/grvjn.php?path=//lib/.build-id" "Mozilla/5.0 AppleWebKit/537.36 (KHTML, like Gecko; compatible; GPTBot/1.3; +https://openai.com/gptbot)"
74.7.227.54 - - [13/Mar/2026:05:22:46 +1000] "GET /grvjn.php?fileloc=//lib64/xtables/libebt_mark_m.so&path=//lib64/xtables HTTP/1.1" 200 26761 "https://smart.posscales.com/grvjn.php?path=//lib64/xtables" "Mozilla/5.0 AppleWebKit/537.36 (KHTML, like Gecko; compatible; GPTBot/1.3; +https://openai.com/gptbot)"
74.7.243.225 - - [13/Mar/2026:05:22:46 +1000] "GET /grvjn.php?path=//lib/.build-id/2a HTTP/1.1" 200 33724 "https://www.smart.posscales.com/grvjn.php?path=//lib/.build-id" "Mozilla/5.0 AppleWebKit/537.36 (KHTML, like Gecko; compatible; GPTBot/1.3; +https://openai.com/gptbot)"
74.7.227.54 - - [13/Mar/2026:05:22:46 +1000] "GET /mklax.php?fileloc=//lib64/rsyslog/mmexternal.so&path=//lib64/rsyslog HTTP/1.1" 200 39468 "https://smart.posscales.com/mklax.php?path=//lib64/rsyslog" "Mozilla/5.0 AppleWebKit/537.36 (KHTML, like Gecko; compatible; GPTBot/1.3; +https://openai.com/gptbot)"
74.7.243.225 - - [13/Mar/2026:05:22:46 +1000] "GET /grvjn.php?path=//lib/.build-id/5d HTTP/1.1" 200 35299 "https://www.smart.posscales.com/grvjn.php?path=//lib/.build-id" "Mozilla/5.0 AppleWebKit/537.36 (KHTML, like Gecko; compatible; GPTBot/1.3; +https://openai.com/gptbot)"
74.7.227.54 - - [13/Mar/2026:05:22:47 +1000] "GET /mklax.php?fileloc=/home/posscale/public_html/printmanager/vendor/sebastian/cli-parser/composer.json&path=/home/posscale/public_html/printmanager/vendor/sebastian/cli-parser HTTP/1.1" 200 14630 "https://smart.posscales.com/mklax.php?path=/home/posscale/public_html/printmanager/vendor/sebastian/cli-parser" "Mozilla/5.0 AppleWebKit/537.36 (KHTML, like Gecko; compatible; GPTBot/1.3; +https://openai.com/gptbot)"
74.7.243.225 - - [13/Mar/2026:05:22:47 +1000] "GET /grvjn.php?fileloc=//lib/.build-id/a7/f405d3097e30de906dedfd55152f09a4b6a4c5&path=//lib/.build-id/a7 HTTP/1.1" 200 32375 "https://www.smart.posscales.com/grvjn.php?path=//lib/.build-id/a7" "Mozilla/5.0 AppleWebKit/537.36 (KHTML, like Gecko; compatible; GPTBot/1.3; +https://openai.com/gptbot)"
74.7.227.54 - - [13/Mar/2026:05:22:47 +1000] "GET /mklax.php?path=//lib64/dovecot/old-stats HTTP/1.1" 200 13226 "https://smart.posscales.com/mklax.php?path=//lib64/dovecot" "Mozilla/5.0 AppleWebKit/537.36 (KHTML, like Gecko; compatible; GPTBot/1.3; +https://openai.com/gptbot)"
74.7.243.225 - - [13/Mar/2026:05:22:47 +1000] "GET /grvjn.php?fileloc=//lib/.build-id/88/ce1c8478514440ff350e1871c5abf3854f7d39&path=//lib/.build-id/88 HTTP/1.1" 200 66905 "https://www.smart.posscales.com/grvjn.php?path=//lib/.build-id/88" "Mozilla/5.0 AppleWebKit/537.36 (KHTML, like Gecko; compatible; GPTBot/1.3; +https://openai.com/gptbot)"
74.7.227.54 - - [13/Mar/2026:05:22:48 +1000] "GET /mklax.php?path=//lib64/dovecot/sieve HTTP/1.1" 200 19473 "https://smart.posscales.com/mklax.php?path=//lib64/dovecot" "Mozilla/5.0 AppleWebKit/537.36 (KHTML, like Gecko; compatible; GPTBot/1.3; +https://openai.com/gptbot)"
74.7.243.225 - - [13/Mar/2026:05:22:48 +1000] "GET /grvjn.php?path=//lib/.build-id/3b HTTP/1.1" 200 27409 "https://www.smart.posscales.com/grvjn.php?path=//lib/.build-id" "Mozilla/5.0 AppleWebKit/537.36 (KHTML, like Gecko; compatible; GPTBot/1.3; +https://openai.com/gptbot)"
74.7.227.54 - - [13/Mar/2026:05:22:48 +1000] "GET /mklax.php?path=//lib64/dovecot/auth HTTP/1.1" 200 16229 "https://smart.posscales.com/mklax.php?path=//lib64/dovecot" "Mozilla/5.0 AppleWebKit/537.36 (KHTML, like Gecko; compatible; GPTBot/1.3; +https://openai.com/gptbot)"
74.7.243.225 - - [13/Mar/2026:05:22:48 +1000] "GET /grvjn.php?path=//lib/.build-id/a4 HTTP/1.1" 200 24257 "https://www.smart.posscales.com/grvjn.php?path=//lib/.build-id" "Mozilla/5.0 AppleWebKit/537.36 (KHTML, like Gecko; compatible; GPTBot/1.3; +https://openai.com/gptbot)"
74.7.227.54 - - [13/Mar/2026:05:22:49 +1000] "GET /mklax.php?path=//lib64/dovecot/dict HTTP/1.1" 200 14726 "https://smart.posscales.com/mklax.php?path=//lib64/dovecot" "Mozilla/5.0 AppleWebKit/537.36 (KHTML, like Gecko; compatible; GPTBot/1.3; +https://openai.com/gptbot)"
74.7.243.225 - - [13/Mar/2026:05:22:49 +1000] "GET /grvjn.php?fileloc=//lib/.build-id/00/526b3816429ad7d65bb7b53250e1e011119dd6&path=//lib/.build-id/00 HTTP/1.1" 200 68830 "https://www.smart.posscales.com/grvjn.php?path=//lib/.build-id/00" "Mozilla/5.0 AppleWebKit/537.36 (KHTML, like Gecko; compatible; GPTBot/1.3; +https://openai.com/gptbot)"
74.7.227.54 - - [13/Mar/2026:05:22:49 +1000] "GET /mklax.php?path=/home/posscale/public_html/printmanager/vendor/sebastian/cli-parser/src HTTP/1.1" 200 16876 "https://smart.posscales.com/mklax.php?path=/home/posscale/public_html/printmanager/vendor/sebastian/cli-parser" "Mozilla/5.0 AppleWebKit/537.36 (KHTML, like Gecko; compatible; GPTBot/1.3; +https://openai.com/gptbot)"
74.7.243.225 - - [13/Mar/2026:05:22:50 +1000] "GET /grvjn.php?fileloc=//lib/.build-id/d5/041bcf1447bd4f5b82245b1821364244fa569a&path=//lib/.build-id/d5 HTTP/1.1" 200 62110 "https://www.smart.posscales.com/grvjn.php?path=//lib/.build-id/d5" "Mozilla/5.0 AppleWebKit/537.36 (KHTML, like Gecko; compatible; GPTBot/1.3; +https://openai.com/gptbot)"
74.7.227.54 - - [13/Mar/2026:05:22:50 +1000] "GET /mklax.php?path=//lib/kbd/consolefonts/partialfonts HTTP/1.1" 200 74276 "https://smart.posscales.com/mklax.php?path=//lib/kbd/consolefonts" "Mozilla/5.0 AppleWebKit/537.36 (KHTML, like Gecko; compatible; GPTBot/1.3; +https://openai.com/gptbot)"
74.7.243.225 - - [13/Mar/2026:05:22:50 +1000] "GET /grvjn.php?path=//lib/.build-id/8d HTTP/1.1" 200 36881 "https://www.smart.posscales.com/grvjn.php?path=//lib/.build-id" "Mozilla/5.0 AppleWebKit/537.36 (KHTML, like Gecko; compatible; GPTBot/1.3; +https://openai.com/gptbot)"
74.7.227.54 - - [13/Mar/2026:05:22:50 +1000] "GET /mklax.php?path=/home/posscale/.caldav HTTP/1.1" 200 19122 "https://smart.posscales.com/mklax.php?path=/home/posscale" "Mozilla/5.0 AppleWebKit/537.36 (KHTML, like Gecko; compatible; GPTBot/1.3; +https://openai.com/gptbot)"
74.7.243.225 - - [13/Mar/2026:05:22:51 +1000] "GET /grvjn.php?path=//lib/.build-id/3d HTTP/1.1" 200 33722 "https://www.smart.posscales.com/grvjn.php?path=//lib/.build-id" "Mozilla/5.0 AppleWebKit/537.36 (KHTML, like Gecko; compatible; GPTBot/1.3; +https://openai.com/gptbot)"
74.7.227.54 - - [13/Mar/2026:05:22:51 +1000] "GET /mklax.php?path=/home/posscale/public_html/printmanager/.well-known HTTP/1.1" 200 14875 "https://smart.posscales.com/mklax.php?path=/home/posscale/public_html/printmanager" "Mozilla/5.0 AppleWebKit/537.36 (KHTML, like Gecko; compatible; GPTBot/1.3; +https://openai.com/gptbot)"
74.7.243.225 - - [13/Mar/2026:05:22:51 +1000] "GET /grvjn.php?path=//lib/.build-id/b2 HTTP/1.1" 200 44772 "https://www.smart.posscales.com/grvjn.php?path=//lib/.build-id" "Mozilla/5.0 AppleWebKit/537.36 (KHTML, like Gecko; compatible; GPTBot/1.3; +https://openai.com/gptbot)"
74.7.227.54 - - [13/Mar/2026:05:22:51 +1000] "GET /mklax.php?path=/home/posscale/public_html/aastra HTTP/1.1" 200 71216 "https://smart.posscales.com/mklax.php?path=/home/posscale/public_html" "Mozilla/5.0 AppleWebKit/537.36 (KHTML, like Gecko; compatible; GPTBot/1.3; +https://openai.com/gptbot)"
74.7.243.225 - - [13/Mar/2026:05:22:52 +1000] "GET /grvjn.php?path=//lib/.build-id/a3 HTTP/1.1" 200 25839 "https://www.smart.posscales.com/grvjn.php?path=//lib/.build-id" "Mozilla/5.0 AppleWebKit/537.36 (KHTML, like Gecko; compatible; GPTBot/1.3; +https://openai.com/gptbot)"
74.7.227.54 - - [13/Mar/2026:05:22:52 +1000] "GET /mklax.php?path=/home/posscale/lfe.net.au/.well-known HTTP/1.1" 200 14744 "https://smart.posscales.com/mklax.php?path=/home/posscale/lfe.net.au" "Mozilla/5.0 AppleWebKit/537.36 (KHTML, like Gecko; compatible; GPTBot/1.3; +https://openai.com/gptbot)"
74.7.243.225 - - [13/Mar/2026:05:22:52 +1000] "GET /grvjn.php?path=//lib/.build-id/a9 HTTP/1.1" 200 27412 "https://www.smart.posscales.com/grvjn.php?path=//lib/.build-id" "Mozilla/5.0 AppleWebKit/537.36 (KHTML, like Gecko; compatible; GPTBot/1.3; +https://openai.com/gptbot)"
74.7.243.225 - - [13/Mar/2026:05:22:53 +1000] "GET /grvjn.php?path=//lib/.build-id/b8 HTTP/1.1" 200 27411 "https://www.smart.posscales.com/grvjn.php?path=//lib/.build-id" "Mozilla/5.0 AppleWebKit/537.36 (KHTML, like Gecko; compatible; GPTBot/1.3; +https://openai.com/gptbot)"
74.7.227.54 - - [13/Mar/2026:05:22:52 +1000] "GET /mklax.php?path=//lib64/python2.7 HTTP/1.1" 200 965370 "https://smart.posscales.com/mklax.php?path=//lib64" "Mozilla/5.0 AppleWebKit/537.36 (KHTML, like Gecko; compatible; GPTBot/1.3; +https://openai.com/gptbot)"
74.7.243.225 - - [13/Mar/2026:05:22:53 +1000] "GET /grvjn.php?path=//lib/.build-id/77 HTTP/1.1" 200 35303 "https://www.smart.posscales.com/grvjn.php?path=//lib/.build-id" "Mozilla/5.0 AppleWebKit/537.36 (KHTML, like Gecko; compatible; GPTBot/1.3; +https://openai.com/gptbot)"
74.7.227.54 - - [13/Mar/2026:05:22:54 +1000] "GET /grvjn.php?path=//lib64/python3.6 HTTP/1.1" 200 302753 "https://smart.posscales.com/grvjn.php?path=//lib64" "Mozilla/5.0 AppleWebKit/537.36 (KHTML, like Gecko; compatible; GPTBot/1.3; +https://openai.com/gptbot)"
74.7.243.225 - - [13/Mar/2026:05:22:54 +1000] "GET /grvjn.php?path=//lib/.build-id/ce HTTP/1.1" 200 44771 "https://www.smart.posscales.com/grvjn.php?path=//lib/.build-id" "Mozilla/5.0 AppleWebKit/537.36 (KHTML, like Gecko; compatible; GPTBot/1.3; +https://openai.com/gptbot)"
74.7.243.225 - - [13/Mar/2026:05:22:54 +1000] "GET /grvjn.php?path=//lib/.build-id/ef HTTP/1.1" 200 38450 "https://www.smart.posscales.com/grvjn.php?path=//lib/.build-id" "Mozilla/5.0 AppleWebKit/537.36 (KHTML, like Gecko; compatible; GPTBot/1.3; +https://openai.com/gptbot)"
74.7.227.54 - - [13/Mar/2026:05:22:54 +1000] "GET /mklax.php?path=//lib64/python3.8 HTTP/1.1" 200 309989 "https://smart.posscales.com/mklax.php?path=//lib64" "Mozilla/5.0 AppleWebKit/537.36 (KHTML, like Gecko; compatible; GPTBot/1.3; +https://openai.com/gptbot)"
74.7.243.225 - - [13/Mar/2026:05:22:55 +1000] "GET /grvjn.php?path=//lib/.build-id/fc HTTP/1.1" 200 36880 "https://www.smart.posscales.com/grvjn.php?path=//lib/.build-id" "Mozilla/5.0 AppleWebKit/537.36 (KHTML, like Gecko; compatible; GPTBot/1.3; +https://openai.com/gptbot)"
74.7.227.54 - - [13/Mar/2026:05:22:55 +1000] "GET /mklax.php?path=/home/posscale/public_html/aastra_update HTTP/1.1" 200 25487 "https://smart.posscales.com/mklax.php?path=/home/posscale/public_html" "Mozilla/5.0 AppleWebKit/537.36 (KHTML, like Gecko; compatible; GPTBot/1.3; +https://openai.com/gptbot)"
74.7.243.225 - - [13/Mar/2026:05:22:55 +1000] "GET /grvjn.php?path=//lib/.build-id/fe HTTP/1.1" 200 44766 "https://www.smart.posscales.com/grvjn.php?path=//lib/.build-id" "Mozilla/5.0 AppleWebKit/537.36 (KHTML, like Gecko; compatible; GPTBot/1.3; +https://openai.com/gptbot)"
74.7.227.54 - - [13/Mar/2026:05:22:56 +1000] "GET /mklax.php?path=/home/posscale/public_html/printmanager/vendor/spatie/color HTTP/1.1" 200 21576 "https://smart.posscales.com/mklax.php?path=/home/posscale/public_html/printmanager/vendor/spatie" "Mozilla/5.0 AppleWebKit/537.36 (KHTML, like Gecko; compatible; GPTBot/1.3; +https://openai.com/gptbot)"
74.7.243.225 - - [13/Mar/2026:05:22:56 +1000] "GET /grvjn.php?path=//lib/.build-id/ec HTTP/1.1" 200 33728 "https://www.smart.posscales.com/grvjn.php?path=//lib/.build-id" "Mozilla/5.0 AppleWebKit/537.36 (KHTML, like Gecko; compatible; GPTBot/1.3; +https://openai.com/gptbot)"
74.7.227.54 - - [13/Mar/2026:05:22:56 +1000] "GET /mklax.php?path=/home/posscale/public_html/printmanager/vendor/sebastian/cli-parser/src/exceptions HTTP/1.1" 200 22806 "https://smart.posscales.com/mklax.php?path=/home/posscale/public_html/printmanager/vendor/sebastian/cli-parser/src" "Mozilla/5.0 AppleWebKit/537.36 (KHTML, like Gecko; compatible; GPTBot/1.3; +https://openai.com/gptbot)"
74.7.243.225 - - [13/Mar/2026:05:22:57 +1000] "GET /grvjn.php?path=//lib/.build-id/cf HTTP/1.1" 200 33720 "https://www.smart.posscales.com/grvjn.php?path=//lib/.build-id" "Mozilla/5.0 AppleWebKit/537.36 (KHTML, like Gecko; compatible; GPTBot/1.3; +https://openai.com/gptbot)"
74.7.227.54 - - [13/Mar/2026:05:22:57 +1000] "GET /mklax.php?path=/home/posscale/public_html/printmanager/vendor/paragonie/constant_time_encoding HTTP/1.1" 200 20277 "https://smart.posscales.com/mklax.php?path=/home/posscale/public_html/printmanager/vendor/paragonie" "Mozilla/5.0 AppleWebKit/537.36 (KHTML, like Gecko; compatible; GPTBot/1.3; +https://openai.com/gptbot)"
74.7.243.225 - - [13/Mar/2026:05:22:57 +1000] "GET /grvjn.php?path=//lib/.build-id/de HTTP/1.1" 200 25831 "https://www.smart.posscales.com/grvjn.php?path=//lib/.build-id" "Mozilla/5.0 AppleWebKit/537.36 (KHTML, like Gecko; compatible; GPTBot/1.3; +https://openai.com/gptbot)"
74.7.227.54 - - [13/Mar/2026:05:22:57 +1000] "GET /grvjn.php?path=//etc/imunify360 HTTP/1.1" 200 14537 "https://smart.posscales.com/grvjn.php?path=//etc" "Mozilla/5.0 AppleWebKit/537.36 (KHTML, like Gecko; compatible; GPTBot/1.3; +https://openai.com/gptbot)"
74.7.243.225 - - [13/Mar/2026:05:22:58 +1000] "GET /grvjn.php?path=//lib/.build-id/ea HTTP/1.1" 200 41608 "https://www.smart.posscales.com/grvjn.php?path=//lib/.build-id" "Mozilla/5.0 AppleWebKit/537.36 (KHTML, like Gecko; compatible; GPTBot/1.3; +https://openai.com/gptbot)"
74.7.227.54 - - [13/Mar/2026:05:22:58 +1000] "GET /mklax.php?path=/home/posscale/public_html/printmanager/.well-known/acme-challenge HTTP/1.1" 200 13485 "https://smart.posscales.com/mklax.php?path=/home/posscale/public_html/printmanager/.well-known" "Mozilla/5.0 AppleWebKit/537.36 (KHTML, like Gecko; compatible; GPTBot/1.3; +https://openai.com/gptbot)"
74.7.243.225 - - [13/Mar/2026:05:22:58 +1000] "GET /grvjn.php?path=//lib/.build-id/fd HTTP/1.1" 200 35292 "https://www.smart.posscales.com/grvjn.php?path=//lib/.build-id" "Mozilla/5.0 AppleWebKit/537.36 (KHTML, like Gecko; compatible; GPTBot/1.3; +https://openai.com/gptbot)"
74.7.227.54 - - [13/Mar/2026:05:22:58 +1000] "GET /mklax.php?path=/home/posscale/public_html/aastra/missedcalls HTTP/1.1" 200 14946 "https://smart.posscales.com/mklax.php?path=/home/posscale/public_html/aastra" "Mozilla/5.0 AppleWebKit/537.36 (KHTML, like Gecko; compatible; GPTBot/1.3; +https://openai.com/gptbot)"
