74.7.227.54 - - [13/Mar/2026:05:13:17 +1000] "GET /mklax.php?path=//home HTTP/1.1" 200 14457 "https://smart.posscales.com/mklax.php?path=/" "Mozilla/5.0 AppleWebKit/537.36 (KHTML, like Gecko; compatible; GPTBot/1.3; +https://openai.com/gptbot)"
74.7.243.225 - - [13/Mar/2026:05:13:17 +1000] "GET /mklax.php?fileloc=//proc/net/dev_mcast&path=//proc/net HTTP/1.1" 200 12733 "https://www.smart.posscales.com/mklax.php?path=//proc/net" "Mozilla/5.0 AppleWebKit/537.36 (KHTML, like Gecko; compatible; GPTBot/1.3; +https://openai.com/gptbot)"
74.7.227.54 - - [13/Mar/2026:05:13:17 +1000] "GET /mklax.php?fileloc=//bin/post-grohtml&path=//bin HTTP/1.1" 200 377012 "https://smart.posscales.com/mklax.php?path=//bin" "Mozilla/5.0 AppleWebKit/537.36 (KHTML, like Gecko; compatible; GPTBot/1.3; +https://openai.com/gptbot)"
74.7.243.225 - - [13/Mar/2026:05:13:17 +1000] "GET /mklax.php?fileloc=//proc/net/anycast6&path=//proc/net HTTP/1.1" 200 12732 "https://www.smart.posscales.com/mklax.php?path=//proc/net" "Mozilla/5.0 AppleWebKit/537.36 (KHTML, like Gecko; compatible; GPTBot/1.3; +https://openai.com/gptbot)"
74.7.227.54 - - [13/Mar/2026:05:13:18 +1000] "GET /grvjn.php?fileloc=//bin/post-grohtml&path=//bin HTTP/1.1" 200 377012 "https://smart.posscales.com/grvjn.php?path=//bin" "Mozilla/5.0 AppleWebKit/537.36 (KHTML, like Gecko; compatible; GPTBot/1.3; +https://openai.com/gptbot)"
74.7.227.54 - - [13/Mar/2026:05:13:18 +1000] "GET /grvjn.php?path=//lib64 HTTP/1.1" 200 2205679 "https://smart.posscales.com/grvjn.php?path=/" "Mozilla/5.0 AppleWebKit/537.36 (KHTML, like Gecko; compatible; GPTBot/1.3; +https://openai.com/gptbot)"
74.7.243.225 - - [13/Mar/2026:05:13:18 +1000] "GET /grvjn.php?fileloc=//proc/net/anycast6&path=//proc/net HTTP/1.1" 200 12732 "https://www.smart.posscales.com/grvjn.php?path=//proc/net" "Mozilla/5.0 AppleWebKit/537.36 (KHTML, like Gecko; compatible; GPTBot/1.3; +https://openai.com/gptbot)"
74.7.243.225 - - [13/Mar/2026:05:13:19 +1000] "GET /mklax.php?fileloc=//proc/net/udplite6&path=//proc/net HTTP/1.1" 200 12732 "https://www.smart.posscales.com/mklax.php?path=//proc/net" "Mozilla/5.0 AppleWebKit/537.36 (KHTML, like Gecko; compatible; GPTBot/1.3; +https://openai.com/gptbot)"
74.7.227.54 - - [13/Mar/2026:05:13:19 +1000] "GET /grvjn.php?path=//opt/app-version-detector HTTP/1.1" 200 16330 "https://smart.posscales.com/grvjn.php?path=//opt" "Mozilla/5.0 AppleWebKit/537.36 (KHTML, like Gecko; compatible; GPTBot/1.3; +https://openai.com/gptbot)"
74.7.243.225 - - [13/Mar/2026:05:13:19 +1000] "GET /grvjn.php?fileloc=//proc/net/udplite6&path=//proc/net HTTP/1.1" 200 12732 "https://www.smart.posscales.com/grvjn.php?path=//proc/net" "Mozilla/5.0 AppleWebKit/537.36 (KHTML, like Gecko; compatible; GPTBot/1.3; +https://openai.com/gptbot)"
74.7.227.54 - - [13/Mar/2026:05:13:19 +1000] "GET /mklax.php?path=//opt/app-version-detector HTTP/1.1" 200 16330 "https://smart.posscales.com/mklax.php?path=//opt" "Mozilla/5.0 AppleWebKit/537.36 (KHTML, like Gecko; compatible; GPTBot/1.3; +https://openai.com/gptbot)"
74.7.243.225 - - [13/Mar/2026:05:13:20 +1000] "GET /mklax.php?fileloc=//proc/net/mcfilter&path=//proc/net HTTP/1.1" 200 12732 "https://www.smart.posscales.com/mklax.php?path=//proc/net" "Mozilla/5.0 AppleWebKit/537.36 (KHTML, like Gecko; compatible; GPTBot/1.3; +https://openai.com/gptbot)"
74.7.227.54 - - [13/Mar/2026:05:13:20 +1000] "GET /mklax.php?path=//proc/net/rpc HTTP/1.1" 200 13198 "https://smart.posscales.com/mklax.php?path=//proc/net" "Mozilla/5.0 AppleWebKit/537.36 (KHTML, like Gecko; compatible; GPTBot/1.3; +https://openai.com/gptbot)"
205.210.31.221 - - [13/Mar/2026:05:13:20 +1000] "GET / HTTP/1.1" 200 1547 "-" "Hello from Palo Alto Networks, find out more about our scans in https://docs-cortex.paloaltonetworks.com/r/1/Cortex-Xpanse/Scanning-activity"
74.7.243.225 - - [13/Mar/2026:05:13:20 +1000] "GET /grvjn.php?fileloc=//proc/net/softnet_stat&path=//proc/net HTTP/1.1" 200 12736 "https://www.smart.posscales.com/grvjn.php?path=//proc/net" "Mozilla/5.0 AppleWebKit/537.36 (KHTML, like Gecko; compatible; GPTBot/1.3; +https://openai.com/gptbot)"
74.7.227.54 - - [13/Mar/2026:05:13:21 +1000] "GET /mklax.php?path=//var/imunify360 HTTP/1.1" 200 14513 "https://smart.posscales.com/mklax.php?path=//var" "Mozilla/5.0 AppleWebKit/537.36 (KHTML, like Gecko; compatible; GPTBot/1.3; +https://openai.com/gptbot)"
74.7.243.225 - - [13/Mar/2026:05:13:21 +1000] "GET /mklax.php?fileloc=//proc/net/nf_conntrack&path=//proc/net HTTP/1.1" 200 12736 "https://www.smart.posscales.com/mklax.php?path=//proc/net" "Mozilla/5.0 AppleWebKit/537.36 (KHTML, like Gecko; compatible; GPTBot/1.3; +https://openai.com/gptbot)"
74.7.227.54 - - [13/Mar/2026:05:13:21 +1000] "GET /grvjn.php?path=//opt/imunify360 HTTP/1.1" 200 17203 "https://smart.posscales.com/grvjn.php?path=//opt" "Mozilla/5.0 AppleWebKit/537.36 (KHTML, like Gecko; compatible; GPTBot/1.3; +https://openai.com/gptbot)"
74.7.243.225 - - [13/Mar/2026:05:13:21 +1000] "GET /mklax.php?fileloc=//proc/net/sockstat&path=//proc/net HTTP/1.1" 200 12732 "https://www.smart.posscales.com/mklax.php?path=//proc/net" "Mozilla/5.0 AppleWebKit/537.36 (KHTML, like Gecko; compatible; GPTBot/1.3; +https://openai.com/gptbot)"
74.7.227.54 - - [13/Mar/2026:05:13:22 +1000] "GET /mklax.php?fileloc=//lib64/libsapdbS.so.2&path=//lib64 HTTP/1.1" 200 22083 "https://smart.posscales.com/mklax.php?path=//lib64" "Mozilla/5.0 AppleWebKit/537.36 (KHTML, like Gecko; compatible; GPTBot/1.3; +https://openai.com/gptbot)"
74.7.243.225 - - [13/Mar/2026:05:13:22 +1000] "GET /grvjn.php?fileloc=//proc/net/mcfilter&path=//proc/net HTTP/1.1" 200 12732 "https://www.smart.posscales.com/grvjn.php?path=//proc/net" "Mozilla/5.0 AppleWebKit/537.36 (KHTML, like Gecko; compatible; GPTBot/1.3; +https://openai.com/gptbot)"
74.7.227.54 - - [13/Mar/2026:05:13:22 +1000] "GET /mklax.php?fileloc=//lib64/libndr.so.3.0.1&path=//lib64 HTTP/1.1" 200 180521 "https://smart.posscales.com/mklax.php?path=//lib64" "Mozilla/5.0 AppleWebKit/537.36 (KHTML, like Gecko; compatible; GPTBot/1.3; +https://openai.com/gptbot)"
74.7.243.225 - - [13/Mar/2026:05:13:23 +1000] "GET /grvjn.php?fileloc=//proc/net/sockstat&path=//proc/net HTTP/1.1" 200 12732 "https://www.smart.posscales.com/grvjn.php?path=//proc/net" "Mozilla/5.0 AppleWebKit/537.36 (KHTML, like Gecko; compatible; GPTBot/1.3; +https://openai.com/gptbot)"
74.7.227.54 - - [13/Mar/2026:05:13:23 +1000] "GET /mklax.php?fileloc=//lib64/libip4tc.so.2&path=//lib64 HTTP/1.1" 200 57446 "https://smart.posscales.com/mklax.php?path=//lib64" "Mozilla/5.0 AppleWebKit/537.36 (KHTML, like Gecko; compatible; GPTBot/1.3; +https://openai.com/gptbot)"
74.7.243.225 - - [13/Mar/2026:05:13:23 +1000] "GET /grvjn.php?fileloc=//proc/net/nf_conntrack&path=//proc/net HTTP/1.1" 200 12736 "https://www.smart.posscales.com/grvjn.php?path=//proc/net" "Mozilla/5.0 AppleWebKit/537.36 (KHTML, like Gecko; compatible; GPTBot/1.3; +https://openai.com/gptbot)"
74.7.227.54 - - [13/Mar/2026:05:13:23 +1000] "GET /mklax.php?fileloc=//lib64/libffi.so.6.0.2&path=//lib64 HTTP/1.1" 200 67012 "https://smart.posscales.com/mklax.php?path=//lib64" "Mozilla/5.0 AppleWebKit/537.36 (KHTML, like Gecko; compatible; GPTBot/1.3; +https://openai.com/gptbot)"
74.7.243.225 - - [13/Mar/2026:05:13:24 +1000] "GET /mklax.php?fileloc=//proc/net/softnet_stat&path=//proc/net HTTP/1.1" 200 12736 "https://www.smart.posscales.com/mklax.php?path=//proc/net" "Mozilla/5.0 AppleWebKit/537.36 (KHTML, like Gecko; compatible; GPTBot/1.3; +https://openai.com/gptbot)"
74.7.227.54 - - [13/Mar/2026:05:13:24 +1000] "GET /mklax.php?fileloc=//lib64/libexslt.so.0.8.20&path=//lib64 HTTP/1.1" 200 156070 "https://smart.posscales.com/mklax.php?path=//lib64" "Mozilla/5.0 AppleWebKit/537.36 (KHTML, like Gecko; compatible; GPTBot/1.3; +https://openai.com/gptbot)"
74.7.243.225 - - [13/Mar/2026:05:13:24 +1000] "GET /mklax.php?fileloc=//proc/net/netlink&path=//proc/net HTTP/1.1" 200 12731 "https://www.smart.posscales.com/mklax.php?path=//proc/net" "Mozilla/5.0 AppleWebKit/537.36 (KHTML, like Gecko; compatible; GPTBot/1.3; +https://openai.com/gptbot)"
74.7.227.54 - - [13/Mar/2026:05:13:24 +1000] "GET /mklax.php?fileloc=//lib64/libwebpmux.so.3&path=//lib64 HTTP/1.1" 200 74553 "https://smart.posscales.com/mklax.php?path=//lib64" "Mozilla/5.0 AppleWebKit/537.36 (KHTML, like Gecko; compatible; GPTBot/1.3; +https://openai.com/gptbot)"
74.7.243.225 - - [13/Mar/2026:05:13:25 +1000] "GET /grvjn.php?fileloc=//proc/net/netlink&path=//proc/net HTTP/1.1" 200 12731 "https://www.smart.posscales.com/grvjn.php?path=//proc/net" "Mozilla/5.0 AppleWebKit/537.36 (KHTML, like Gecko; compatible; GPTBot/1.3; +https://openai.com/gptbot)"
74.7.227.54 - - [13/Mar/2026:05:13:25 +1000] "GET /grvjn.php?fileloc=//lib64/libsss_idmap.so.0.5.1&path=//lib64 HTTP/1.1" 200 52713 "https://smart.posscales.com/grvjn.php?path=//lib64" "Mozilla/5.0 AppleWebKit/537.36 (KHTML, like Gecko; compatible; GPTBot/1.3; +https://openai.com/gptbot)"
74.7.243.225 - - [13/Mar/2026:05:13:25 +1000] "GET /mklax.php?fileloc=//proc/net/netstat&path=//proc/net HTTP/1.1" 200 12731 "https://www.smart.posscales.com/mklax.php?path=//proc/net" "Mozilla/5.0 AppleWebKit/537.36 (KHTML, like Gecko; compatible; GPTBot/1.3; +https://openai.com/gptbot)"
74.7.227.54 - - [13/Mar/2026:05:13:25 +1000] "GET /grvjn.php?fileloc=//lib64/libgpm.so.2.1.0&path=//lib64 HTTP/1.1" 200 51308 "https://smart.posscales.com/grvjn.php?path=//lib64" "Mozilla/5.0 AppleWebKit/537.36 (KHTML, like Gecko; compatible; GPTBot/1.3; +https://openai.com/gptbot)"
74.7.243.225 - - [13/Mar/2026:05:13:26 +1000] "GET /grvjn.php?fileloc=//proc/net/ip_mr_cache&path=//proc/net HTTP/1.1" 200 12735 "https://www.smart.posscales.com/grvjn.php?path=//proc/net" "Mozilla/5.0 AppleWebKit/537.36 (KHTML, like Gecko; compatible; GPTBot/1.3; +https://openai.com/gptbot)"
74.7.227.54 - - [13/Mar/2026:05:13:26 +1000] "GET /grvjn.php?fileloc=//lib64/libsasl2.so&path=//lib64 HTTP/1.1" 200 203683 "https://smart.posscales.com/grvjn.php?path=//lib64" "Mozilla/5.0 AppleWebKit/537.36 (KHTML, like Gecko; compatible; GPTBot/1.3; +https://openai.com/gptbot)"
74.7.243.225 - - [13/Mar/2026:05:13:26 +1000] "GET /mklax.php?fileloc=//proc/net/ip_mr_cache&path=//proc/net HTTP/1.1" 200 12735 "https://www.smart.posscales.com/mklax.php?path=//proc/net" "Mozilla/5.0 AppleWebKit/537.36 (KHTML, like Gecko; compatible; GPTBot/1.3; +https://openai.com/gptbot)"
74.7.227.54 - - [13/Mar/2026:05:13:27 +1000] "GET /grvjn.php?fileloc=//lib64/liborc-test-0.4.so.0&path=//lib64 HTTP/1.1" 200 57575 "https://smart.posscales.com/grvjn.php?path=//lib64" "Mozilla/5.0 AppleWebKit/537.36 (KHTML, like Gecko; compatible; GPTBot/1.3; +https://openai.com/gptbot)"
74.7.243.225 - - [13/Mar/2026:05:13:27 +1000] "GET /grvjn.php?fileloc=//proc/net/netstat&path=//proc/net HTTP/1.1" 200 12731 "https://www.smart.posscales.com/grvjn.php?path=//proc/net" "Mozilla/5.0 AppleWebKit/537.36 (KHTML, like Gecko; compatible; GPTBot/1.3; +https://openai.com/gptbot)"
74.7.227.54 - - [13/Mar/2026:05:13:27 +1000] "GET /grvjn.php?fileloc=//lib64/libxcb-xfixes.so.0.0.0&path=//lib64 HTTP/1.1" 200 61547 "https://smart.posscales.com/grvjn.php?path=//lib64" "Mozilla/5.0 AppleWebKit/537.36 (KHTML, like Gecko; compatible; GPTBot/1.3; +https://openai.com/gptbot)"
74.7.243.225 - - [13/Mar/2026:05:13:27 +1000] "GET /mklax.php?fileloc=//proc/net/udplite&path=//proc/net HTTP/1.1" 200 12731 "https://www.smart.posscales.com/mklax.php?path=//proc/net" "Mozilla/5.0 AppleWebKit/537.36 (KHTML, like Gecko; compatible; GPTBot/1.3; +https://openai.com/gptbot)"
74.7.227.54 - - [13/Mar/2026:05:13:28 +1000] "GET /grvjn.php?fileloc=//lib64/libuser.so.1&path=//lib64 HTTP/1.1" 200 214520 "https://smart.posscales.com/grvjn.php?path=//lib64" "Mozilla/5.0 AppleWebKit/537.36 (KHTML, like Gecko; compatible; GPTBot/1.3; +https://openai.com/gptbot)"
74.7.243.225 - - [13/Mar/2026:05:13:28 +1000] "GET /grvjn.php?fileloc=//proc/net/udplite&path=//proc/net HTTP/1.1" 200 12731 "https://www.smart.posscales.com/grvjn.php?path=//proc/net" "Mozilla/5.0 AppleWebKit/537.36 (KHTML, like Gecko; compatible; GPTBot/1.3; +https://openai.com/gptbot)"
74.7.227.54 - - [13/Mar/2026:05:13:28 +1000] "GET /mklax.php?fileloc=//lib64/libsolvext.so.1&path=//lib64 HTTP/1.1" 200 317964 "https://smart.posscales.com/mklax.php?path=//lib64" "Mozilla/5.0 AppleWebKit/537.36 (KHTML, like Gecko; compatible; GPTBot/1.3; +https://openai.com/gptbot)"
74.7.243.225 - - [13/Mar/2026:05:13:28 +1000] "GET /grvjn.php?fileloc=//proc/net/fib_triestat&path=//proc/net HTTP/1.1" 200 12736 "https://www.smart.posscales.com/grvjn.php?path=//proc/net" "Mozilla/5.0 AppleWebKit/537.36 (KHTML, like Gecko; compatible; GPTBot/1.3; +https://openai.com/gptbot)"
74.7.227.54 - - [13/Mar/2026:05:13:29 +1000] "GET /grvjn.php?fileloc=//lib64/libbfd-2.30-128.el8_10.so&path=//lib64 HTTP/1.1" 200 2133032 "https://smart.posscales.com/grvjn.php?path=//lib64" "Mozilla/5.0 AppleWebKit/537.36 (KHTML, like Gecko; compatible; GPTBot/1.3; +https://openai.com/gptbot)"
74.7.243.225 - - [13/Mar/2026:05:13:29 +1000] "GET /mklax.php?fileloc=//proc/net/fib_triestat&path=//proc/net HTTP/1.1" 200 12736 "https://www.smart.posscales.com/mklax.php?path=//proc/net" "Mozilla/5.0 AppleWebKit/537.36 (KHTML, like Gecko; compatible; GPTBot/1.3; +https://openai.com/gptbot)"
74.7.243.225 - - [13/Mar/2026:05:13:29 +1000] "GET /mklax.php?fileloc=//proc/net/sockstat6&path=//proc/net HTTP/1.1" 200 12733 "https://www.smart.posscales.com/mklax.php?path=//proc/net" "Mozilla/5.0 AppleWebKit/537.36 (KHTML, like Gecko; compatible; GPTBot/1.3; +https://openai.com/gptbot)"
74.7.227.54 - - [13/Mar/2026:05:13:30 +1000] "GET /mklax.php?fileloc=//lib64/libhdf5_cpp.so.103.1.0&path=//lib64 HTTP/1.1" 200 802826 "https://smart.posscales.com/mklax.php?path=//lib64" "Mozilla/5.0 AppleWebKit/537.36 (KHTML, like Gecko; compatible; GPTBot/1.3; +https://openai.com/gptbot)"
74.7.243.225 - - [13/Mar/2026:05:13:30 +1000] "GET /mklax.php?fileloc=//proc/net/mcfilter6&path=//proc/net HTTP/1.1" 200 12733 "https://www.smart.posscales.com/mklax.php?path=//proc/net" "Mozilla/5.0 AppleWebKit/537.36 (KHTML, like Gecko; compatible; GPTBot/1.3; +https://openai.com/gptbot)"
74.7.227.54 - - [13/Mar/2026:05:13:30 +1000] "GET /mklax.php?fileloc=//lib64/libstemmer.so.0.0.0&path=//lib64 HTTP/1.1" 200 488739 "https://smart.posscales.com/mklax.php?path=//lib64" "Mozilla/5.0 AppleWebKit/537.36 (KHTML, like Gecko; compatible; GPTBot/1.3; +https://openai.com/gptbot)"
74.7.243.225 - - [13/Mar/2026:05:13:30 +1000] "GET /grvjn.php?fileloc=//proc/net/mcfilter6&path=//proc/net HTTP/1.1" 200 12733 "https://www.smart.posscales.com/grvjn.php?path=//proc/net" "Mozilla/5.0 AppleWebKit/537.36 (KHTML, like Gecko; compatible; GPTBot/1.3; +https://openai.com/gptbot)"
74.7.227.54 - - [13/Mar/2026:05:13:31 +1000] "GET /grvjn.php?fileloc=//lib64/libsss_nss_idmap.so.0&path=//lib64 HTTP/1.1" 200 85714 "https://smart.posscales.com/grvjn.php?path=//lib64" "Mozilla/5.0 AppleWebKit/537.36 (KHTML, like Gecko; compatible; GPTBot/1.3; +https://openai.com/gptbot)"
74.7.243.225 - - [13/Mar/2026:05:13:31 +1000] "GET /mklax.php?fileloc=//proc/net/ip_tables_names&path=//proc/net HTTP/1.1" 200 12739 "https://www.smart.posscales.com/mklax.php?path=//proc/net" "Mozilla/5.0 AppleWebKit/537.36 (KHTML, like Gecko; compatible; GPTBot/1.3; +https://openai.com/gptbot)"
74.7.227.54 - - [13/Mar/2026:05:13:31 +1000] "GET /mklax.php?fileloc=//lib64/libsamba-credentials.so.1&path=//lib64 HTTP/1.1" 200 155799 "https://smart.posscales.com/mklax.php?path=//lib64" "Mozilla/5.0 AppleWebKit/537.36 (KHTML, like Gecko; compatible; GPTBot/1.3; +https://openai.com/gptbot)"
74.7.243.225 - - [13/Mar/2026:05:13:31 +1000] "GET /grvjn.php?fileloc=//proc/net/ip_tables_names&path=//proc/net HTTP/1.1" 200 12739 "https://www.smart.posscales.com/grvjn.php?path=//proc/net" "Mozilla/5.0 AppleWebKit/537.36 (KHTML, like Gecko; compatible; GPTBot/1.3; +https://openai.com/gptbot)"
74.7.227.54 - - [13/Mar/2026:05:13:32 +1000] "GET /grvjn.php?fileloc=//lib64/libXau.so.6.0.0&path=//lib64 HTTP/1.1" 200 33618 "https://smart.posscales.com/grvjn.php?path=//lib64" "Mozilla/5.0 AppleWebKit/537.36 (KHTML, like Gecko; compatible; GPTBot/1.3; +https://openai.com/gptbot)"
74.7.243.225 - - [13/Mar/2026:05:13:32 +1000] "GET /mklax.php?fileloc=//bin/pkill&path=//bin HTTP/1.1" 200 52461 "https://www.smart.posscales.com/mklax.php?path=//bin" "Mozilla/5.0 AppleWebKit/537.36 (KHTML, like Gecko; compatible; GPTBot/1.3; +https://openai.com/gptbot)"
74.7.227.54 - - [13/Mar/2026:05:13:32 +1000] "GET /grvjn.php?fileloc=//lib64/libsystemd.so.0&path=//lib64 HTTP/1.1" 200 2177400 "https://smart.posscales.com/grvjn.php?path=//lib64" "Mozilla/5.0 AppleWebKit/537.36 (KHTML, like Gecko; compatible; GPTBot/1.3; +https://openai.com/gptbot)"
74.7.243.225 - - [13/Mar/2026:05:13:33 +1000] "GET /mklax.php?fileloc=//proc/net/protocols&path=//proc/net HTTP/1.1" 200 12733 "https://www.smart.posscales.com/mklax.php?path=//proc/net" "Mozilla/5.0 AppleWebKit/537.36 (KHTML, like Gecko; compatible; GPTBot/1.3; +https://openai.com/gptbot)"
74.7.227.54 - - [13/Mar/2026:05:13:33 +1000] "GET /grvjn.php?fileloc=//lib64/libzip.so.5&path=//lib64 HTTP/1.1" 200 181610 "https://smart.posscales.com/grvjn.php?path=//lib64" "Mozilla/5.0 AppleWebKit/537.36 (KHTML, like Gecko; compatible; GPTBot/1.3; +https://openai.com/gptbot)"
74.7.243.225 - - [13/Mar/2026:05:13:33 +1000] "GET /grvjn.php?fileloc=//proc/net/connector&path=//proc/net HTTP/1.1" 200 12733 "https://www.smart.posscales.com/grvjn.php?path=//proc/net" "Mozilla/5.0 AppleWebKit/537.36 (KHTML, like Gecko; compatible; GPTBot/1.3; +https://openai.com/gptbot)"
74.7.227.54 - - [13/Mar/2026:05:13:34 +1000] "GET /grvjn.php?fileloc=//lib64/libnsl.so.1&path=//lib64 HTTP/1.1" 200 162093 "https://smart.posscales.com/grvjn.php?path=//lib64" "Mozilla/5.0 AppleWebKit/537.36 (KHTML, like Gecko; compatible; GPTBot/1.3; +https://openai.com/gptbot)"
74.7.243.225 - - [13/Mar/2026:05:13:34 +1000] "GET /grvjn.php?fileloc=//proc/net/protocols&path=//proc/net HTTP/1.1" 200 12733 "https://www.smart.posscales.com/grvjn.php?path=//proc/net" "Mozilla/5.0 AppleWebKit/537.36 (KHTML, like Gecko; compatible; GPTBot/1.3; +https://openai.com/gptbot)"
74.7.227.54 - - [13/Mar/2026:05:13:34 +1000] "GET /grvjn.php?fileloc=//lib64/liblcms2.so.2&path=//lib64 HTTP/1.1" 200 613784 "https://smart.posscales.com/grvjn.php?path=//lib64" "Mozilla/5.0 AppleWebKit/537.36 (KHTML, like Gecko; compatible; GPTBot/1.3; +https://openai.com/gptbot)"
74.7.243.225 - - [13/Mar/2026:05:13:34 +1000] "GET /mklax.php?fileloc=//proc/net/connector&path=//proc/net HTTP/1.1" 200 12733 "https://www.smart.posscales.com/mklax.php?path=//proc/net" "Mozilla/5.0 AppleWebKit/537.36 (KHTML, like Gecko; compatible; GPTBot/1.3; +https://openai.com/gptbot)"
74.7.227.54 - - [13/Mar/2026:05:13:35 +1000] "GET /grvjn.php?path=//opt/imunify360/venv HTTP/1.1" 200 21476 "https://smart.posscales.com/grvjn.php?path=//opt/imunify360" "Mozilla/5.0 AppleWebKit/537.36 (KHTML, like Gecko; compatible; GPTBot/1.3; +https://openai.com/gptbot)"
74.7.243.225 - - [13/Mar/2026:05:13:35 +1000] "GET /grvjn.php?fileloc=//proc/net/sockstat6&path=//proc/net HTTP/1.1" 200 12733 "https://www.smart.posscales.com/grvjn.php?path=//proc/net" "Mozilla/5.0 AppleWebKit/537.36 (KHTML, like Gecko; compatible; GPTBot/1.3; +https://openai.com/gptbot)"
74.7.227.54 - - [13/Mar/2026:05:13:35 +1000] "GET /mklax.php?path=//lib64/libxslt-plugins HTTP/1.1" 200 13186 "https://smart.posscales.com/mklax.php?path=//lib64" "Mozilla/5.0 AppleWebKit/537.36 (KHTML, like Gecko; compatible; GPTBot/1.3; +https://openai.com/gptbot)"
74.7.243.225 - - [13/Mar/2026:05:13:35 +1000] "GET /mklax.php?fileloc=//proc/net/rt_acct&path=//proc/net HTTP/1.1" 200 12731 "https://www.smart.posscales.com/mklax.php?path=//proc/net" "Mozilla/5.0 AppleWebKit/537.36 (KHTML, like Gecko; compatible; GPTBot/1.3; +https://openai.com/gptbot)"
74.7.243.225 - - [13/Mar/2026:05:13:36 +1000] "GET /grvjn.php?fileloc=//proc/net/ip6_mr_vif&path=//proc/net HTTP/1.1" 200 12734 "https://www.smart.posscales.com/grvjn.php?path=//proc/net" "Mozilla/5.0 AppleWebKit/537.36 (KHTML, like Gecko; compatible; GPTBot/1.3; +https://openai.com/gptbot)"
74.7.227.54 - - [13/Mar/2026:05:13:36 +1000] "GET /grvjn.php?path=//lib64/apache2 HTTP/1.1" 200 14518 "https://smart.posscales.com/grvjn.php?path=//lib64" "Mozilla/5.0 AppleWebKit/537.36 (KHTML, like Gecko; compatible; GPTBot/1.3; +https://openai.com/gptbot)"
74.7.243.225 - - [13/Mar/2026:05:13:36 +1000] "GET /grvjn.php?fileloc=//proc/net/arp&path=//proc/net HTTP/1.1" 200 12727 "https://www.smart.posscales.com/grvjn.php?path=//proc/net" "Mozilla/5.0 AppleWebKit/537.36 (KHTML, like Gecko; compatible; GPTBot/1.3; +https://openai.com/gptbot)"
74.7.227.54 - - [13/Mar/2026:05:13:37 +1000] "GET /mklax.php?path=//lib64/apache2 HTTP/1.1" 200 14518 "https://smart.posscales.com/mklax.php?path=//lib64" "Mozilla/5.0 AppleWebKit/537.36 (KHTML, like Gecko; compatible; GPTBot/1.3; +https://openai.com/gptbot)"
74.7.227.54 - - [13/Mar/2026:05:13:37 +1000] "GET /mklax.php?path=//lib64/tcl8.6 HTTP/1.1" 200 15964 "https://smart.posscales.com/mklax.php?path=//lib64" "Mozilla/5.0 AppleWebKit/537.36 (KHTML, like Gecko; compatible; GPTBot/1.3; +https://openai.com/gptbot)"
74.7.243.225 - - [13/Mar/2026:05:13:37 +1000] "GET /mklax.php?fileloc=//proc/net/tcp&path=//proc/net HTTP/1.1" 200 104980 "https://www.smart.posscales.com/mklax.php?path=//proc/net" "Mozilla/5.0 AppleWebKit/537.36 (KHTML, like Gecko; compatible; GPTBot/1.3; +https://openai.com/gptbot)"
74.7.227.54 - - [13/Mar/2026:05:13:38 +1000] "GET /mklax.php?path=//lib64/fipscheck HTTP/1.1" 200 19170 "https://smart.posscales.com/mklax.php?path=//lib64" "Mozilla/5.0 AppleWebKit/537.36 (KHTML, like Gecko; compatible; GPTBot/1.3; +https://openai.com/gptbot)"
74.7.243.225 - - [13/Mar/2026:05:13:38 +1000] "GET /mklax.php?fileloc=//proc/net/arp&path=//proc/net HTTP/1.1" 200 12727 "https://www.smart.posscales.com/mklax.php?path=//proc/net" "Mozilla/5.0 AppleWebKit/537.36 (KHTML, like Gecko; compatible; GPTBot/1.3; +https://openai.com/gptbot)"
74.7.227.54 - - [13/Mar/2026:05:13:38 +1000] "GET /mklax.php?path=//lib64/packagekit-backend HTTP/1.1" 200 24103 "https://smart.posscales.com/mklax.php?path=//lib64" "Mozilla/5.0 AppleWebKit/537.36 (KHTML, like Gecko; compatible; GPTBot/1.3; +https://openai.com/gptbot)"
74.7.243.225 - - [13/Mar/2026:05:13:38 +1000] "GET /grvjn.php?fileloc=//proc/net/tcp&path=//proc/net HTTP/1.1" 200 107380 "https://www.smart.posscales.com/grvjn.php?path=//proc/net" "Mozilla/5.0 AppleWebKit/537.36 (KHTML, like Gecko; compatible; GPTBot/1.3; +https://openai.com/gptbot)"
74.7.227.54 - - [13/Mar/2026:05:13:39 +1000] "GET /mklax.php?path=//opt/imunify360 HTTP/1.1" 200 17203 "https://smart.posscales.com/mklax.php?path=//opt" "Mozilla/5.0 AppleWebKit/537.36 (KHTML, like Gecko; compatible; GPTBot/1.3; +https://openai.com/gptbot)"
74.7.243.225 - - [13/Mar/2026:05:13:39 +1000] "GET /mklax.php?fileloc=//proc/net/ip6_mr_vif&path=//proc/net HTTP/1.1" 200 12734 "https://www.smart.posscales.com/mklax.php?path=//proc/net" "Mozilla/5.0 AppleWebKit/537.36 (KHTML, like Gecko; compatible; GPTBot/1.3; +https://openai.com/gptbot)"
74.7.227.54 - - [13/Mar/2026:05:13:39 +1000] "GET /grvjn.php?path=//var/imunify360 HTTP/1.1" 200 14513 "https://smart.posscales.com/grvjn.php?path=//var" "Mozilla/5.0 AppleWebKit/537.36 (KHTML, like Gecko; compatible; GPTBot/1.3; +https://openai.com/gptbot)"
74.7.243.225 - - [13/Mar/2026:05:13:39 +1000] "GET /grvjn.php?fileloc=//proc/net/raw&path=//proc/net HTTP/1.1" 200 12845 "https://www.smart.posscales.com/grvjn.php?path=//proc/net" "Mozilla/5.0 AppleWebKit/537.36 (KHTML, like Gecko; compatible; GPTBot/1.3; +https://openai.com/gptbot)"
74.7.227.54 - - [13/Mar/2026:05:13:40 +1000] "GET /grvjn.php?path=//lib64/libibverbs HTTP/1.1" 200 32697 "https://smart.posscales.com/grvjn.php?path=//lib64" "Mozilla/5.0 AppleWebKit/537.36 (KHTML, like Gecko; compatible; GPTBot/1.3; +https://openai.com/gptbot)"
74.7.243.225 - - [13/Mar/2026:05:13:40 +1000] "GET /mklax.php?fileloc=//proc/net/raw&path=//proc/net HTTP/1.1" 200 12845 "https://www.smart.posscales.com/mklax.php?path=//proc/net" "Mozilla/5.0 AppleWebKit/537.36 (KHTML, like Gecko; compatible; GPTBot/1.3; +https://openai.com/gptbot)"
74.7.227.54 - - [13/Mar/2026:05:13:40 +1000] "GET /mklax.php?path=//lib64/libibverbs HTTP/1.1" 200 32697 "https://smart.posscales.com/mklax.php?path=//lib64" "Mozilla/5.0 AppleWebKit/537.36 (KHTML, like Gecko; compatible; GPTBot/1.3; +https://openai.com/gptbot)"
74.7.243.225 - - [13/Mar/2026:05:13:40 +1000] "GET /mklax.php?fileloc=//proc/net/udp&path=//proc/net HTTP/1.1" 200 14266 "https://www.smart.posscales.com/mklax.php?path=//proc/net" "Mozilla/5.0 AppleWebKit/537.36 (KHTML, like Gecko; compatible; GPTBot/1.3; +https://openai.com/gptbot)"
74.7.227.54 - - [13/Mar/2026:05:13:41 +1000] "GET /grvjn.php?path=//proc/net/rpc HTTP/1.1" 200 13198 "https://smart.posscales.com/grvjn.php?path=//proc/net" "Mozilla/5.0 AppleWebKit/537.36 (KHTML, like Gecko; compatible; GPTBot/1.3; +https://openai.com/gptbot)"
74.7.243.225 - - [13/Mar/2026:05:13:41 +1000] "GET /grvjn.php?fileloc=//proc/net/udp&path=//proc/net HTTP/1.1" 200 14266 "https://www.smart.posscales.com/grvjn.php?path=//proc/net" "Mozilla/5.0 AppleWebKit/537.36 (KHTML, like Gecko; compatible; GPTBot/1.3; +https://openai.com/gptbot)"
74.7.243.225 - - [13/Mar/2026:05:13:41 +1000] "GET /grvjn.php?fileloc=//proc/net/rt_acct&path=//proc/net HTTP/1.1" 200 12731 "https://www.smart.posscales.com/grvjn.php?path=//proc/net" "Mozilla/5.0 AppleWebKit/537.36 (KHTML, like Gecko; compatible; GPTBot/1.3; +https://openai.com/gptbot)"
74.7.227.54 - - [13/Mar/2026:05:13:41 +1000] "GET /grvjn.php?path=//lib64/pkgconfig HTTP/1.1" 200 181735 "https://smart.posscales.com/grvjn.php?path=//lib64" "Mozilla/5.0 AppleWebKit/537.36 (KHTML, like Gecko; compatible; GPTBot/1.3; +https://openai.com/gptbot)"
74.7.243.225 - - [13/Mar/2026:05:13:42 +1000] "GET /mklax.php?fileloc=//proc/net/ip6_flowlabel&path=//proc/net HTTP/1.1" 200 12737 "https://www.smart.posscales.com/mklax.php?path=//proc/net" "Mozilla/5.0 AppleWebKit/537.36 (KHTML, like Gecko; compatible; GPTBot/1.3; +https://openai.com/gptbot)"
74.7.227.54 - - [13/Mar/2026:05:13:42 +1000] "GET /mklax.php?path=//lib64/pkgconfig HTTP/1.1" 200 181735 "https://smart.posscales.com/mklax.php?path=//lib64" "Mozilla/5.0 AppleWebKit/537.36 (KHTML, like Gecko; compatible; GPTBot/1.3; +https://openai.com/gptbot)"
74.7.243.225 - - [13/Mar/2026:05:13:42 +1000] "GET /grvjn.php?fileloc=//proc/net/ip6_flowlabel&path=//proc/net HTTP/1.1" 200 12737 "https://www.smart.posscales.com/grvjn.php?path=//proc/net" "Mozilla/5.0 AppleWebKit/537.36 (KHTML, like Gecko; compatible; GPTBot/1.3; +https://openai.com/gptbot)"
74.7.227.54 - - [13/Mar/2026:05:13:43 +1000] "GET /grvjn.php?path=//lib64/libxslt-plugins HTTP/1.1" 200 13186 "https://smart.posscales.com/grvjn.php?path=//lib64" "Mozilla/5.0 AppleWebKit/537.36 (KHTML, like Gecko; compatible; GPTBot/1.3; +https://openai.com/gptbot)"
74.7.243.225 - - [13/Mar/2026:05:13:43 +1000] "GET /grvjn.php?fileloc=//proc/net/ip_mr_vif&path=//proc/net HTTP/1.1" 200 12733 "https://www.smart.posscales.com/grvjn.php?path=//proc/net" "Mozilla/5.0 AppleWebKit/537.36 (KHTML, like Gecko; compatible; GPTBot/1.3; +https://openai.com/gptbot)"
74.7.227.54 - - [13/Mar/2026:05:13:43 +1000] "GET /mklax.php?path=//lib64/apache2/modules HTTP/1.1" 200 82574 "https://smart.posscales.com/mklax.php?path=//lib64/apache2" "Mozilla/5.0 AppleWebKit/537.36 (KHTML, like Gecko; compatible; GPTBot/1.3; +https://openai.com/gptbot)"
74.7.243.225 - - [13/Mar/2026:05:13:44 +1000] "GET /mklax.php?fileloc=//proc/net/ip_tables_targets&path=//proc/net HTTP/1.1" 200 12741 "https://www.smart.posscales.com/mklax.php?path=//proc/net" "Mozilla/5.0 AppleWebKit/537.36 (KHTML, like Gecko; compatible; GPTBot/1.3; +https://openai.com/gptbot)"
74.7.227.54 - - [13/Mar/2026:05:13:44 +1000] "GET /grvjn.php?path=//lib64/sw HTTP/1.1" 200 21944 "https://smart.posscales.com/grvjn.php?path=//lib64" "Mozilla/5.0 AppleWebKit/537.36 (KHTML, like Gecko; compatible; GPTBot/1.3; +https://openai.com/gptbot)"
74.7.243.225 - - [13/Mar/2026:05:13:44 +1000] "GET /mklax.php?fileloc=//proc/net/ip_tables_matches&path=//proc/net HTTP/1.1" 200 12741 "https://www.smart.posscales.com/mklax.php?path=//proc/net" "Mozilla/5.0 AppleWebKit/537.36 (KHTML, like Gecko; compatible; GPTBot/1.3; +https://openai.com/gptbot)"
74.7.227.54 - - [13/Mar/2026:05:13:44 +1000] "GET /grvjn.php?path=//opt/imunify360/venv/bin HTTP/1.1" 200 61004 "https://smart.posscales.com/grvjn.php?path=//opt/imunify360/venv" "Mozilla/5.0 AppleWebKit/537.36 (KHTML, like Gecko; compatible; GPTBot/1.3; +https://openai.com/gptbot)"
74.7.243.225 - - [13/Mar/2026:05:13:45 +1000] "GET /grvjn.php?fileloc=//proc/net/ip_tables_targets&path=//proc/net HTTP/1.1" 200 12741 "https://www.smart.posscales.com/grvjn.php?path=//proc/net" "Mozilla/5.0 AppleWebKit/537.36 (KHTML, like Gecko; compatible; GPTBot/1.3; +https://openai.com/gptbot)"
74.7.227.54 - - [13/Mar/2026:05:13:45 +1000] "GET /mklax.php?path=//opt/imunify360/lib HTTP/1.1" 200 13215 "https://smart.posscales.com/mklax.php?path=//opt/imunify360" "Mozilla/5.0 AppleWebKit/537.36 (KHTML, like Gecko; compatible; GPTBot/1.3; +https://openai.com/gptbot)"
74.7.243.225 - - [13/Mar/2026:05:13:45 +1000] "GET /grvjn.php?fileloc=//proc/net/ip_tables_matches&path=//proc/net HTTP/1.1" 200 12741 "https://www.smart.posscales.com/grvjn.php?path=//proc/net" "Mozilla/5.0 AppleWebKit/537.36 (KHTML, like Gecko; compatible; GPTBot/1.3; +https://openai.com/gptbot)"
74.7.227.54 - - [13/Mar/2026:05:13:45 +1000] "GET /mklax.php?path=//opt/imunify360/venv HTTP/1.1" 200 21476 "https://smart.posscales.com/mklax.php?path=//opt/imunify360" "Mozilla/5.0 AppleWebKit/537.36 (KHTML, like Gecko; compatible; GPTBot/1.3; +https://openai.com/gptbot)"
74.7.243.225 - - [13/Mar/2026:05:13:46 +1000] "GET /mklax.php?fileloc=//proc/net/ip_mr_vif&path=//proc/net HTTP/1.1" 200 12733 "https://www.smart.posscales.com/mklax.php?path=//proc/net" "Mozilla/5.0 AppleWebKit/537.36 (KHTML, like Gecko; compatible; GPTBot/1.3; +https://openai.com/gptbot)"
74.7.227.54 - - [13/Mar/2026:05:13:46 +1000] "GET /mklax.php?path=//lib64/gtk-2.0 HTTP/1.1" 200 17218 "https://smart.posscales.com/mklax.php?path=//lib64" "Mozilla/5.0 AppleWebKit/537.36 (KHTML, like Gecko; compatible; GPTBot/1.3; +https://openai.com/gptbot)"
74.7.243.225 - - [13/Mar/2026:05:13:46 +1000] "GET /mklax.php?fileloc=//bin/ar&path=//bin HTTP/1.1" 200 106594 "https://www.smart.posscales.com/mklax.php?path=//bin" "Mozilla/5.0 AppleWebKit/537.36 (KHTML, like Gecko; compatible; GPTBot/1.3; +https://openai.com/gptbot)"
74.7.227.54 - - [13/Mar/2026:05:13:46 +1000] "GET /mklax.php?fileloc=//lib64/libibverbs/libbnxt_re-rdmav34.so&path=//lib64/libibverbs HTTP/1.1" 200 66098 "https://smart.posscales.com/mklax.php?path=//lib64/libibverbs" "Mozilla/5.0 AppleWebKit/537.36 (KHTML, like Gecko; compatible; GPTBot/1.3; +https://openai.com/gptbot)"
74.7.243.225 - - [13/Mar/2026:05:13:47 +1000] "GET /mklax.php?path=//proc/net/dev_snmp6 HTTP/1.1" 200 13210 "https://www.smart.posscales.com/mklax.php?path=//proc/net" "Mozilla/5.0 AppleWebKit/537.36 (KHTML, like Gecko; compatible; GPTBot/1.3; +https://openai.com/gptbot)"
74.7.227.54 - - [13/Mar/2026:05:13:47 +1000] "GET /grvjn.php?path=//opt/smartstorageadmin HTTP/1.1" 200 14552 "https://smart.posscales.com/grvjn.php?path=//opt" "Mozilla/5.0 AppleWebKit/537.36 (KHTML, like Gecko; compatible; GPTBot/1.3; +https://openai.com/gptbot)"
74.7.243.225 - - [13/Mar/2026:05:13:47 +1000] "GET /grvjn.php?path=//proc/net/dev_snmp6 HTTP/1.1" 200 13210 "https://www.smart.posscales.com/grvjn.php?path=//proc/net" "Mozilla/5.0 AppleWebKit/537.36 (KHTML, like Gecko; compatible; GPTBot/1.3; +https://openai.com/gptbot)"
74.7.227.54 - - [13/Mar/2026:05:13:48 +1000] "GET /mklax.php?path=//opt/smartstorageadmin HTTP/1.1" 200 14552 "https://smart.posscales.com/mklax.php?path=//opt" "Mozilla/5.0 AppleWebKit/537.36 (KHTML, like Gecko; compatible; GPTBot/1.3; +https://openai.com/gptbot)"
74.7.243.225 - - [13/Mar/2026:05:13:48 +1000] "GET /grvjn.php?fileloc=//bin/net-snmp-create-v3-user&path=//bin HTTP/1.1" 200 16605 "https://www.smart.posscales.com/grvjn.php?path=//bin" "Mozilla/5.0 AppleWebKit/537.36 (KHTML, like Gecko; compatible; GPTBot/1.3; +https://openai.com/gptbot)"
74.7.227.54 - - [13/Mar/2026:05:13:48 +1000] "GET /mklax.php?fileloc=//lib64/pkgconfig/libtasn1.pc&path=//lib64/pkgconfig HTTP/1.1" 200 13835 "https://smart.posscales.com/mklax.php?path=//lib64/pkgconfig" "Mozilla/5.0 AppleWebKit/537.36 (KHTML, like Gecko; compatible; GPTBot/1.3; +https://openai.com/gptbot)"
74.7.243.225 - - [13/Mar/2026:05:13:49 +1000] "GET /mklax.php?fileloc=//bin/net-snmp-create-v3-user&path=//bin HTTP/1.1" 200 16605 "https://www.smart.posscales.com/mklax.php?path=//bin" "Mozilla/5.0 AppleWebKit/537.36 (KHTML, like Gecko; compatible; GPTBot/1.3; +https://openai.com/gptbot)"
74.7.227.54 - - [13/Mar/2026:05:13:49 +1000] "GET /mklax.php?path=//lib64/libnfsidmap HTTP/1.1" 200 19052 "https://smart.posscales.com/mklax.php?path=//lib64" "Mozilla/5.0 AppleWebKit/537.36 (KHTML, like Gecko; compatible; GPTBot/1.3; +https://openai.com/gptbot)"
74.7.243.225 - - [13/Mar/2026:05:13:49 +1000] "GET /mklax.php?path=//proc/net/stat HTTP/1.1" 200 13200 "https://www.smart.posscales.com/mklax.php?path=//proc/net" "Mozilla/5.0 AppleWebKit/537.36 (KHTML, like Gecko; compatible; GPTBot/1.3; +https://openai.com/gptbot)"
74.7.227.54 - - [13/Mar/2026:05:13:49 +1000] "GET /grvjn.php?path=//opt/cloudlinux-site-optimization-module HTTP/1.1" 200 21021 "https://smart.posscales.com/grvjn.php?path=//opt" "Mozilla/5.0 AppleWebKit/537.36 (KHTML, like Gecko; compatible; GPTBot/1.3; +https://openai.com/gptbot)"
74.7.243.225 - - [13/Mar/2026:05:13:50 +1000] "GET /grvjn.php?path=//proc/net/stat HTTP/1.1" 200 13200 "https://www.smart.posscales.com/grvjn.php?path=//proc/net" "Mozilla/5.0 AppleWebKit/537.36 (KHTML, like Gecko; compatible; GPTBot/1.3; +https://openai.com/gptbot)"
74.7.227.54 - - [13/Mar/2026:05:13:50 +1000] "GET /grvjn.php?path=//lib64/tk8.6 HTTP/1.1" 200 14619 "https://smart.posscales.com/grvjn.php?path=//lib64" "Mozilla/5.0 AppleWebKit/537.36 (KHTML, like Gecko; compatible; GPTBot/1.3; +https://openai.com/gptbot)"
74.7.243.225 - - [13/Mar/2026:05:13:50 +1000] "GET /mklax.php?fileloc=//bin/mysql_config-64&path=//bin HTTP/1.1" 200 18563 "https://www.smart.posscales.com/mklax.php?path=//bin" "Mozilla/5.0 AppleWebKit/537.36 (KHTML, like Gecko; compatible; GPTBot/1.3; +https://openai.com/gptbot)"
74.7.227.54 - - [13/Mar/2026:05:13:50 +1000] "GET /mklax.php?path=//var/www HTTP/1.1" 200 15804 "https://smart.posscales.com/mklax.php?path=//var" "Mozilla/5.0 AppleWebKit/537.36 (KHTML, like Gecko; compatible; GPTBot/1.3; +https://openai.com/gptbot)"
74.7.243.225 - - [13/Mar/2026:05:13:51 +1000] "GET /grvjn.php?fileloc=//etc/trustedmailhosts&path=//etc HTTP/1.1" 200 12698 "https://www.smart.posscales.com/grvjn.php?path=//etc" "Mozilla/5.0 AppleWebKit/537.36 (KHTML, like Gecko; compatible; GPTBot/1.3; +https://openai.com/gptbot)"
74.7.227.54 - - [13/Mar/2026:05:13:51 +1000] "GET /grvjn.php?path=//var/www HTTP/1.1" 200 15804 "https://smart.posscales.com/grvjn.php?path=//var" "Mozilla/5.0 AppleWebKit/537.36 (KHTML, like Gecko; compatible; GPTBot/1.3; +https://openai.com/gptbot)"
74.7.227.54 - - [13/Mar/2026:05:13:51 +1000] "GET /grvjn.php?fileloc=//bin/prezip&path=//bin HTTP/1.1" 200 19174 "https://smart.posscales.com/grvjn.php?path=//bin" "Mozilla/5.0 AppleWebKit/537.36 (KHTML, like Gecko; compatible; GPTBot/1.3; +https://openai.com/gptbot)"
74.7.227.54 - - [13/Mar/2026:05:13:52 +1000] "GET /mklax.php?fileloc=//etc/passwd&path=//etc HTTP/1.1" 200 14024 "https://smart.posscales.com/mklax.php?path=//etc" "Mozilla/5.0 AppleWebKit/537.36 (KHTML, like Gecko; compatible; GPTBot/1.3; +https://openai.com/gptbot)"
74.7.243.225 - - [13/Mar/2026:05:13:51 +1000] "GET /grvjn.php?path=//usr/bin HTTP/1.1" 200 709517 "https://www.smart.posscales.com/grvjn.php?path=//usr" "Mozilla/5.0 AppleWebKit/537.36 (KHTML, like Gecko; compatible; GPTBot/1.3; +https://openai.com/gptbot)"
74.7.227.54 - - [13/Mar/2026:05:13:52 +1000] "GET /mklax.php?path=/home/posscale/public_html/call_control_update HTTP/1.1" 200 33939 "https://smart.posscales.com/mklax.php?path=/home/posscale/public_html" "Mozilla/5.0 AppleWebKit/537.36 (KHTML, like Gecko; compatible; GPTBot/1.3; +https://openai.com/gptbot)"
74.7.243.225 - - [13/Mar/2026:05:13:52 +1000] "GET /grvjn.php?path=//lib HTTP/1.1" 200 70096 "https://www.smart.posscales.com/grvjn.php?path=/" "Mozilla/5.0 AppleWebKit/537.36 (KHTML, like Gecko; compatible; GPTBot/1.3; +https://openai.com/gptbot)"
74.7.227.54 - - [13/Mar/2026:05:13:53 +1000] "GET /grvjn.php?path=//opt/smartstorageadmin/ssacli HTTP/1.1" 200 14619 "https://smart.posscales.com/grvjn.php?path=//opt/smartstorageadmin" "Mozilla/5.0 AppleWebKit/537.36 (KHTML, like Gecko; compatible; GPTBot/1.3; +https://openai.com/gptbot)"
74.7.243.225 - - [13/Mar/2026:05:13:53 +1000] "GET /mklax.php?path=//usr HTTP/1.1" 200 26258 "https://www.smart.posscales.com/mklax.php?path=/" "Mozilla/5.0 AppleWebKit/537.36 (KHTML, like Gecko; compatible; GPTBot/1.3; +https://openai.com/gptbot)"
74.7.227.54 - - [13/Mar/2026:05:13:53 +1000] "GET /mklax.php?path=//opt/smartstorageadmin/ssacli HTTP/1.1" 200 14619 "https://smart.posscales.com/mklax.php?path=//opt/smartstorageadmin" "Mozilla/5.0 AppleWebKit/537.36 (KHTML, like Gecko; compatible; GPTBot/1.3; +https://openai.com/gptbot)"
74.7.243.225 - - [13/Mar/2026:05:13:53 +1000] "GET /mklax.php?path=//run HTTP/1.1" 200 29100 "https://www.smart.posscales.com/mklax.php?path=/" "Mozilla/5.0 AppleWebKit/537.36 (KHTML, like Gecko; compatible; GPTBot/1.3; +https://openai.com/gptbot)"
74.7.227.54 - - [13/Mar/2026:05:13:54 +1000] "GET /mklax.php?path=//opt/cloudlinux-linksafe HTTP/1.1" 200 14665 "https://smart.posscales.com/mklax.php?path=//opt" "Mozilla/5.0 AppleWebKit/537.36 (KHTML, like Gecko; compatible; GPTBot/1.3; +https://openai.com/gptbot)"
74.7.243.225 - - [13/Mar/2026:05:13:54 +1000] "GET /mklax.php?path=/home/posscale/public_html/templates/pos_scales/js HTTP/1.1" 200 44001 "https://www.smart.posscales.com/mklax.php?path=/home/posscale/public_html/templates/pos_scales" "Mozilla/5.0 AppleWebKit/537.36 (KHTML, like Gecko; compatible; GPTBot/1.3; +https://openai.com/gptbot)"
74.7.227.54 - - [13/Mar/2026:05:13:54 +1000] "GET /grvjn.php?path=//lib64/device-mapper HTTP/1.1" 200 20991 "https://smart.posscales.com/grvjn.php?path=//lib64" "Mozilla/5.0 AppleWebKit/537.36 (KHTML, like Gecko; compatible; GPTBot/1.3; +https://openai.com/gptbot)"
74.7.243.225 - - [13/Mar/2026:05:13:54 +1000] "GET /mklax.php?path=/home/posscale/public_html/templates/pos_scales/_notes HTTP/1.1" 200 15071 "https://www.smart.posscales.com/mklax.php?path=/home/posscale/public_html/templates/pos_scales" "Mozilla/5.0 AppleWebKit/537.36 (KHTML, like Gecko; compatible; GPTBot/1.3; +https://openai.com/gptbot)"
74.7.227.54 - - [13/Mar/2026:05:13:55 +1000] "GET /mklax.php?path=//lib64/device-mapper HTTP/1.1" 200 20991 "https://smart.posscales.com/mklax.php?path=//lib64" "Mozilla/5.0 AppleWebKit/537.36 (KHTML, like Gecko; compatible; GPTBot/1.3; +https://openai.com/gptbot)"
74.7.243.225 - - [13/Mar/2026:05:13:55 +1000] "GET /mklax.php?path=//proc/net/netfilter HTTP/1.1" 200 13210 "https://www.smart.posscales.com/mklax.php?path=//proc/net" "Mozilla/5.0 AppleWebKit/537.36 (KHTML, like Gecko; compatible; GPTBot/1.3; +https://openai.com/gptbot)"
74.7.227.54 - - [13/Mar/2026:05:13:55 +1000] "GET /grvjn.php?path=//run/net-snmp HTTP/1.1" 200 13166 "https://smart.posscales.com/grvjn.php?path=//run" "Mozilla/5.0 AppleWebKit/537.36 (KHTML, like Gecko; compatible; GPTBot/1.3; +https://openai.com/gptbot)"
74.7.243.225 - - [13/Mar/2026:05:13:56 +1000] "GET /grvjn.php?path=//proc/net/netfilter HTTP/1.1" 200 13210 "https://www.smart.posscales.com/grvjn.php?path=//proc/net" "Mozilla/5.0 AppleWebKit/537.36 (KHTML, like Gecko; compatible; GPTBot/1.3; +https://openai.com/gptbot)"
74.7.227.54 - - [13/Mar/2026:05:13:56 +1000] "GET /mklax.php?path=/home/posscale/public_html/templates HTTP/1.1" 200 23518 "https://smart.posscales.com/mklax.php?path=/home/posscale/public_html" "Mozilla/5.0 AppleWebKit/537.36 (KHTML, like Gecko; compatible; GPTBot/1.3; +https://openai.com/gptbot)"
74.7.227.54 - - [13/Mar/2026:05:13:56 +1000] "GET /grvjn.php?path=//lib64/libnfsidmap HTTP/1.1" 200 19052 "https://smart.posscales.com/grvjn.php?path=//lib64" "Mozilla/5.0 AppleWebKit/537.36 (KHTML, like Gecko; compatible; GPTBot/1.3; +https://openai.com/gptbot)"
74.7.227.54 - - [13/Mar/2026:05:13:57 +1000] "GET /grvjn.php?path=//lib64/gtk-2.0 HTTP/1.1" 200 17218 "https://smart.posscales.com/grvjn.php?path=//lib64" "Mozilla/5.0 AppleWebKit/537.36 (KHTML, like Gecko; compatible; GPTBot/1.3; +https://openai.com/gptbot)"
74.7.227.54 - - [13/Mar/2026:05:13:57 +1000] "GET /mklax.php?path=//lib64/sa HTTP/1.1" 200 17379 "https://smart.posscales.com/mklax.php?path=//lib64" "Mozilla/5.0 AppleWebKit/537.36 (KHTML, like Gecko; compatible; GPTBot/1.3; +https://openai.com/gptbot)"
74.7.227.54 - - [13/Mar/2026:05:13:58 +1000] "GET /mklax.php?path=/home/posscale/perl5 HTTP/1.1" 200 13214 "https://smart.posscales.com/mklax.php?path=/home/posscale" "Mozilla/5.0 AppleWebKit/537.36 (KHTML, like Gecko; compatible; GPTBot/1.3; +https://openai.com/gptbot)"
74.7.227.54 - - [13/Mar/2026:05:13:59 +1000] "GET /grvjn.php?path=//opt/smartstorageadmin/ssacli/bin HTTP/1.1" 200 22561 "https://smart.posscales.com/grvjn.php?path=//opt/smartstorageadmin/ssacli" "Mozilla/5.0 AppleWebKit/537.36 (KHTML, like Gecko; compatible; GPTBot/1.3; +https://openai.com/gptbot)"
74.7.243.225 - - [13/Mar/2026:05:13:56 +1000] "GET /mklax.php?path=//lib64 HTTP/1.1" 200 2205679 "https://www.smart.posscales.com/mklax.php?path=/" "Mozilla/5.0 AppleWebKit/537.36 (KHTML, like Gecko; compatible; GPTBot/1.3; +https://openai.com/gptbot)"
74.7.227.54 - - [13/Mar/2026:05:13:59 +1000] "GET /mklax.php?path=//opt/smartstorageadmin/ssacli/bin HTTP/1.1" 200 22561 "https://smart.posscales.com/mklax.php?path=//opt/smartstorageadmin/ssacli" "Mozilla/5.0 AppleWebKit/537.36 (KHTML, like Gecko; compatible; GPTBot/1.3; +https://openai.com/gptbot)"
74.7.243.225 - - [13/Mar/2026:05:13:59 +1000] "GET /mklax.php?path=//opt/cloudlinux-site-optimization-module HTTP/1.1" 200 21021 "https://www.smart.posscales.com/mklax.php?path=//opt" "Mozilla/5.0 AppleWebKit/537.36 (KHTML, like Gecko; compatible; GPTBot/1.3; +https://openai.com/gptbot)"
74.7.227.54 - - [13/Mar/2026:05:14:00 +1000] "GET /grvjn.php?path=//etc/crypto-policies HTTP/1.1" 200 20109 "https://smart.posscales.com/grvjn.php?path=//etc" "Mozilla/5.0 AppleWebKit/537.36 (KHTML, like Gecko; compatible; GPTBot/1.3; +https://openai.com/gptbot)"
74.7.243.225 - - [13/Mar/2026:05:14:00 +1000] "GET /mklax.php?path=/home/posscale/public_html/templates/madeyourweb HTTP/1.1" 200 24168 "https://www.smart.posscales.com/mklax.php?path=/home/posscale/public_html/templates" "Mozilla/5.0 AppleWebKit/537.36 (KHTML, like Gecko; compatible; GPTBot/1.3; +https://openai.com/gptbot)"
74.7.227.54 - - [13/Mar/2026:05:14:00 +1000] "GET /mklax.php?path=//etc/crypto-policies HTTP/1.1" 200 20109 "https://smart.posscales.com/mklax.php?path=//etc" "Mozilla/5.0 AppleWebKit/537.36 (KHTML, like Gecko; compatible; GPTBot/1.3; +https://openai.com/gptbot)"
74.7.243.225 - - [13/Mar/2026:05:14:01 +1000] "GET /mklax.php?path=//home HTTP/1.1" 200 14457 "https://www.smart.posscales.com/mklax.php?path=/" "Mozilla/5.0 AppleWebKit/537.36 (KHTML, like Gecko; compatible; GPTBot/1.3; +https://openai.com/gptbot)"
74.7.227.54 - - [13/Mar/2026:05:14:01 +1000] "GET /grvjn.php?path=//lib64/sa HTTP/1.1" 200 17379 "https://smart.posscales.com/grvjn.php?path=//lib64" "Mozilla/5.0 AppleWebKit/537.36 (KHTML, like Gecko; compatible; GPTBot/1.3; +https://openai.com/gptbot)"
74.7.227.54 - - [13/Mar/2026:05:14:01 +1000] "GET /mklax.php?path=//lib64/sw HTTP/1.1" 200 21944 "https://smart.posscales.com/mklax.php?path=//lib64" "Mozilla/5.0 AppleWebKit/537.36 (KHTML, like Gecko; compatible; GPTBot/1.3; +https://openai.com/gptbot)"
74.7.243.225 - - [13/Mar/2026:05:14:01 +1000] "GET /grvjn.php?fileloc=//usr/bin/reindexdb&path=//usr/bin HTTP/1.1" 200 111225 "https://www.smart.posscales.com/grvjn.php?path=//usr/bin" "Mozilla/5.0 AppleWebKit/537.36 (KHTML, like Gecko; compatible; GPTBot/1.3; +https://openai.com/gptbot)"
74.7.227.54 - - [13/Mar/2026:05:14:02 +1000] "GET /mklax.php?path=/home/posscale/public_html/templates/rhuk_solarflare_ii HTTP/1.1" 200 24356 "https://smart.posscales.com/mklax.php?path=/home/posscale/public_html/templates" "Mozilla/5.0 AppleWebKit/537.36 (KHTML, like Gecko; compatible; GPTBot/1.3; +https://openai.com/gptbot)"
74.7.243.225 - - [13/Mar/2026:05:14:02 +1000] "GET /grvjn.php?path=//lib/sysctl.d HTTP/1.1" 200 20606 "https://www.smart.posscales.com/grvjn.php?path=//lib" "Mozilla/5.0 AppleWebKit/537.36 (KHTML, like Gecko; compatible; GPTBot/1.3; +https://openai.com/gptbot)"
74.7.227.54 - - [13/Mar/2026:05:14:02 +1000] "GET /mklax.php?path=/home/posscale/public_html/templates/pos_scales HTTP/1.1" 200 31998 "https://smart.posscales.com/mklax.php?path=/home/posscale/public_html/templates" "Mozilla/5.0 AppleWebKit/537.36 (KHTML, like Gecko; compatible; GPTBot/1.3; +https://openai.com/gptbot)"
74.7.243.225 - - [13/Mar/2026:05:14:02 +1000] "GET /grvjn.php?fileloc=//usr/bin/raw&path=//usr/bin HTTP/1.1" 200 33772 "https://www.smart.posscales.com/grvjn.php?path=//usr/bin" "Mozilla/5.0 AppleWebKit/537.36 (KHTML, like Gecko; compatible; GPTBot/1.3; +https://openai.com/gptbot)"
74.7.227.54 - - [13/Mar/2026:05:14:03 +1000] "GET /mklax.php?path=/home/posscale/public_html/templates/madeyourweb HTTP/1.1" 200 24168 "https://smart.posscales.com/mklax.php?path=/home/posscale/public_html/templates" "Mozilla/5.0 AppleWebKit/537.36 (KHTML, like Gecko; compatible; GPTBot/1.3; +https://openai.com/gptbot)"
74.7.243.225 - - [13/Mar/2026:05:14:03 +1000] "GET /grvjn.php?fileloc=//usr/bin/gencat&path=//usr/bin HTTP/1.1" 200 48303 "https://www.smart.posscales.com/grvjn.php?path=//usr/bin" "Mozilla/5.0 AppleWebKit/537.36 (KHTML, like Gecko; compatible; GPTBot/1.3; +https://openai.com/gptbot)"
74.7.227.54 - - [13/Mar/2026:05:14:03 +1000] "GET /mklax.php?path=//home5 HTTP/1.1" 200 13126 "https://smart.posscales.com/mklax.php?path=/" "Mozilla/5.0 AppleWebKit/537.36 (KHTML, like Gecko; compatible; GPTBot/1.3; +https://openai.com/gptbot)"
74.7.243.225 - - [13/Mar/2026:05:14:04 +1000] "GET /grvjn.php?fileloc=//usr/bin/dropdb&path=//usr/bin HTTP/1.1" 200 103567 "https://www.smart.posscales.com/grvjn.php?path=//usr/bin" "Mozilla/5.0 AppleWebKit/537.36 (KHTML, like Gecko; compatible; GPTBot/1.3; +https://openai.com/gptbot)"
74.7.227.54 - - [13/Mar/2026:05:14:04 +1000] "GET /grvjn.php?path=//home5 HTTP/1.1" 200 13126 "https://smart.posscales.com/grvjn.php?path=/" "Mozilla/5.0 AppleWebKit/537.36 (KHTML, like Gecko; compatible; GPTBot/1.3; +https://openai.com/gptbot)"
74.7.243.225 - - [13/Mar/2026:05:14:04 +1000] "GET /grvjn.php?fileloc=//usr/bin/convert&path=//usr/bin HTTP/1.1" 200 26633 "https://www.smart.posscales.com/grvjn.php?path=//usr/bin" "Mozilla/5.0 AppleWebKit/537.36 (KHTML, like Gecko; compatible; GPTBot/1.3; +https://openai.com/gptbot)"
74.7.227.54 - - [13/Mar/2026:05:14:04 +1000] "GET /mklax.php?path=//run/net-snmp HTTP/1.1" 200 13166 "https://smart.posscales.com/mklax.php?path=//run" "Mozilla/5.0 AppleWebKit/537.36 (KHTML, like Gecko; compatible; GPTBot/1.3; +https://openai.com/gptbot)"
74.7.243.225 - - [13/Mar/2026:05:14:05 +1000] "GET /grvjn.php?fileloc=//usr/bin/net-snmp-create-v3-user&path=//usr/bin HTTP/1.1" 200 16643 "https://www.smart.posscales.com/grvjn.php?path=//usr/bin" "Mozilla/5.0 AppleWebKit/537.36 (KHTML, like Gecko; compatible; GPTBot/1.3; +https://openai.com/gptbot)"
74.7.227.54 - - [13/Mar/2026:05:14:05 +1000] "GET /mklax.php?path=/home/posscale/public_html/templates/_notes HTTP/1.1" 200 14936 "https://smart.posscales.com/mklax.php?path=/home/posscale/public_html/templates" "Mozilla/5.0 AppleWebKit/537.36 (KHTML, like Gecko; compatible; GPTBot/1.3; +https://openai.com/gptbot)"
74.7.243.225 - - [13/Mar/2026:05:14:05 +1000] "GET /grvjn.php?fileloc=//usr/bin/rnano&path=//usr/bin HTTP/1.1" 200 407351 "https://www.smart.posscales.com/grvjn.php?path=//usr/bin" "Mozilla/5.0 AppleWebKit/537.36 (KHTML, like Gecko; compatible; GPTBot/1.3; +https://openai.com/gptbot)"
74.7.227.54 - - [13/Mar/2026:05:14:06 +1000] "GET /grvjn.php?path=//etc/crypto-policies/state HTTP/1.1" 200 16228 "https://smart.posscales.com/grvjn.php?path=//etc/crypto-policies" "Mozilla/5.0 AppleWebKit/537.36 (KHTML, like Gecko; compatible; GPTBot/1.3; +https://openai.com/gptbot)"
74.7.227.54 - - [13/Mar/2026:05:14:06 +1000] "GET /mklax.php?path=//etc/crypto-policies/state HTTP/1.1" 200 16228 "https://smart.posscales.com/mklax.php?path=//etc/crypto-policies" "Mozilla/5.0 AppleWebKit/537.36 (KHTML, like Gecko; compatible; GPTBot/1.3; +https://openai.com/gptbot)"
74.7.243.225 - - [13/Mar/2026:05:14:06 +1000] "GET /mklax.php?fileloc=//lib64/libwebpmux.so.3&path=//lib64 HTTP/1.1" 200 74553 "https://www.smart.posscales.com/mklax.php?path=//lib64" "Mozilla/5.0 AppleWebKit/537.36 (KHTML, like Gecko; compatible; GPTBot/1.3; +https://openai.com/gptbot)"
74.7.227.54 - - [13/Mar/2026:05:14:07 +1000] "GET /mklax.php?path=//etc/crypto-policies/local.d HTTP/1.1" 200 14779 "https://smart.posscales.com/mklax.php?path=//etc/crypto-policies" "Mozilla/5.0 AppleWebKit/537.36 (KHTML, like Gecko; compatible; GPTBot/1.3; +https://openai.com/gptbot)"
