74.7.243.225 - - [13/Mar/2026:05:23:41 +1000] "GET /mklax.php?path=//lib64/dovecot/old-stats HTTP/1.1" 200 13226 "https://www.smart.posscales.com/mklax.php?path=//lib64/dovecot" "Mozilla/5.0 AppleWebKit/537.36 (KHTML, like Gecko; compatible; GPTBot/1.3; +https://openai.com/gptbot)"
74.7.227.54 - - [13/Mar/2026:05:23:41 +1000] "GET /mklax.php?path=/home/posscale/public_html/printmanager/vendor/laravel/breeze/src HTTP/1.1" 200 16862 "https://smart.posscales.com/mklax.php?path=/home/posscale/public_html/printmanager/vendor/laravel/breeze" "Mozilla/5.0 AppleWebKit/537.36 (KHTML, like Gecko; compatible; GPTBot/1.3; +https://openai.com/gptbot)"
74.7.243.225 - - [13/Mar/2026:05:23:42 +1000] "GET /grvjn.php?fileloc=//lib64/rsyslog/lmgssutil.so&path=//lib64/rsyslog HTTP/1.1" 200 29185 "https://www.smart.posscales.com/grvjn.php?path=//lib64/rsyslog" "Mozilla/5.0 AppleWebKit/537.36 (KHTML, like Gecko; compatible; GPTBot/1.3; +https://openai.com/gptbot)"
74.7.227.54 - - [13/Mar/2026:05:23:42 +1000] "GET /mklax.php?path=//etc/ssh HTTP/1.1" 200 16000 "https://smart.posscales.com/mklax.php?path=//etc" "Mozilla/5.0 AppleWebKit/537.36 (KHTML, like Gecko; compatible; GPTBot/1.3; +https://openai.com/gptbot)"
74.7.243.225 - - [13/Mar/2026:05:23:42 +1000] "GET /mklax.php?path=//lib64/dovecot/sieve HTTP/1.1" 200 19473 "https://www.smart.posscales.com/mklax.php?path=//lib64/dovecot" "Mozilla/5.0 AppleWebKit/537.36 (KHTML, like Gecko; compatible; GPTBot/1.3; +https://openai.com/gptbot)"
74.7.227.54 - - [13/Mar/2026:05:23:42 +1000] "GET /grvjn.php?path=//opt/alt HTTP/1.1" 200 131950 "https://smart.posscales.com/grvjn.php?path=//opt" "Mozilla/5.0 AppleWebKit/537.36 (KHTML, like Gecko; compatible; GPTBot/1.3; +https://openai.com/gptbot)"
74.7.243.225 - - [13/Mar/2026:05:23:43 +1000] "GET /mklax.php?path=//lib64/dovecot/auth HTTP/1.1" 200 16229 "https://www.smart.posscales.com/mklax.php?path=//lib64/dovecot" "Mozilla/5.0 AppleWebKit/537.36 (KHTML, like Gecko; compatible; GPTBot/1.3; +https://openai.com/gptbot)"
74.7.227.54 - - [13/Mar/2026:05:23:43 +1000] "GET /grvjn.php?path=//var/run/net-snmp HTTP/1.1" 200 13204 "https://smart.posscales.com/grvjn.php?path=//var/run" "Mozilla/5.0 AppleWebKit/537.36 (KHTML, like Gecko; compatible; GPTBot/1.3; +https://openai.com/gptbot)"
74.7.243.225 - - [13/Mar/2026:05:23:43 +1000] "GET /mklax.php?fileloc=//lib/kbd/consolefonts/README.Lat2-Terminus16&path=//lib/kbd/consolefonts HTTP/1.1" 200 24124 "https://www.smart.posscales.com/mklax.php?path=//lib/kbd/consolefonts" "Mozilla/5.0 AppleWebKit/537.36 (KHTML, like Gecko; compatible; GPTBot/1.3; +https://openai.com/gptbot)"
74.7.227.54 - - [13/Mar/2026:05:23:44 +1000] "GET /grvjn.php?path=//var/lve/lveinfo.ver.cagefs HTTP/1.1" 200 14733 "https://smart.posscales.com/grvjn.php?path=//var/lve" "Mozilla/5.0 AppleWebKit/537.36 (KHTML, like Gecko; compatible; GPTBot/1.3; +https://openai.com/gptbot)"
74.7.243.225 - - [13/Mar/2026:05:23:44 +1000] "GET /mklax.php?fileloc=//lib/kbd/consoletrans/cp862_to_uni.trans&path=//lib/kbd/consoletrans HTTP/1.1" 200 21940 "https://www.smart.posscales.com/mklax.php?path=//lib/kbd/consoletrans" "Mozilla/5.0 AppleWebKit/537.36 (KHTML, like Gecko; compatible; GPTBot/1.3; +https://openai.com/gptbot)"
74.7.227.54 - - [13/Mar/2026:05:23:44 +1000] "GET /mklax.php?path=//var/lve/lveinfo.ver.cagefs HTTP/1.1" 200 14733 "https://smart.posscales.com/mklax.php?path=//var/lve" "Mozilla/5.0 AppleWebKit/537.36 (KHTML, like Gecko; compatible; GPTBot/1.3; +https://openai.com/gptbot)"
74.7.243.225 - - [13/Mar/2026:05:23:44 +1000] "GET /mklax.php?fileloc=//lib/kbd/consolefonts/lat2a-16.psfu.gz&path=//lib/kbd/consolefonts HTTP/1.1" 200 16585 "https://www.smart.posscales.com/mklax.php?path=//lib/kbd/consolefonts" "Mozilla/5.0 AppleWebKit/537.36 (KHTML, like Gecko; compatible; GPTBot/1.3; +https://openai.com/gptbot)"
74.7.227.54 - - [13/Mar/2026:05:23:45 +1000] "GET /mklax.php?path=//etc/pki HTTP/1.1" 200 23788 "https://smart.posscales.com/mklax.php?path=//etc" "Mozilla/5.0 AppleWebKit/537.36 (KHTML, like Gecko; compatible; GPTBot/1.3; +https://openai.com/gptbot)"
74.7.243.225 - - [13/Mar/2026:05:23:45 +1000] "GET /mklax.php?path=//lib64/dovecot/dict HTTP/1.1" 200 14726 "https://www.smart.posscales.com/mklax.php?path=//lib64/dovecot" "Mozilla/5.0 AppleWebKit/537.36 (KHTML, like Gecko; compatible; GPTBot/1.3; +https://openai.com/gptbot)"
74.7.227.54 - - [13/Mar/2026:05:23:45 +1000] "GET /mklax.php?path=/home/posscale/public_html/printmanager/vendor/stancl/tenancy/assets/migrations HTTP/1.1" 200 17441 "https://smart.posscales.com/mklax.php?path=/home/posscale/public_html/printmanager/vendor/stancl/tenancy/assets" "Mozilla/5.0 AppleWebKit/537.36 (KHTML, like Gecko; compatible; GPTBot/1.3; +https://openai.com/gptbot)"
74.7.243.225 - - [13/Mar/2026:05:23:45 +1000] "GET /mklax.php?path=/home/posscale/public_html/printmanager/.well-known/acme-challenge HTTP/1.1" 200 13485 "https://www.smart.posscales.com/mklax.php?path=/home/posscale/public_html/printmanager/.well-known" "Mozilla/5.0 AppleWebKit/537.36 (KHTML, like Gecko; compatible; GPTBot/1.3; +https://openai.com/gptbot)"
74.7.227.54 - - [13/Mar/2026:05:23:46 +1000] "GET /mklax.php?path=//var/tmp HTTP/1.1" 200 13156 "https://smart.posscales.com/mklax.php?path=//var" "Mozilla/5.0 AppleWebKit/537.36 (KHTML, like Gecko; compatible; GPTBot/1.3; +https://openai.com/gptbot)"
74.7.243.225 - - [13/Mar/2026:05:23:46 +1000] "GET /mklax.php?fileloc=/home/posscale/public_html/aastra/BACKUP-POS_Scales-2021aug05-141211.backup&path=/home/posscale/public_html/aastra HTTP/1.1" 200 431733 "https://www.smart.posscales.com/mklax.php?path=/home/posscale/public_html/aastra" "Mozilla/5.0 AppleWebKit/537.36 (KHTML, like Gecko; compatible; GPTBot/1.3; +https://openai.com/gptbot)"
74.7.227.54 - - [13/Mar/2026:05:23:46 +1000] "GET /mklax.php?path=//opt/alt HTTP/1.1" 200 131950 "https://smart.posscales.com/mklax.php?path=//opt" "Mozilla/5.0 AppleWebKit/537.36 (KHTML, like Gecko; compatible; GPTBot/1.3; +https://openai.com/gptbot)"
74.7.243.225 - - [13/Mar/2026:05:23:47 +1000] "GET /mklax.php?path=/home/posscale/public_html/aastra/missedcalls HTTP/1.1" 200 14946 "https://www.smart.posscales.com/mklax.php?path=/home/posscale/public_html/aastra" "Mozilla/5.0 AppleWebKit/537.36 (KHTML, like Gecko; compatible; GPTBot/1.3; +https://openai.com/gptbot)"
74.7.227.54 - - [13/Mar/2026:05:23:47 +1000] "GET /mklax.php?path=//lib/rpm HTTP/1.1" 200 118576 "https://smart.posscales.com/mklax.php?path=//lib" "Mozilla/5.0 AppleWebKit/537.36 (KHTML, like Gecko; compatible; GPTBot/1.3; +https://openai.com/gptbot)"
74.7.243.225 - - [13/Mar/2026:05:23:48 +1000] "GET /mklax.php?path=/home/posscale/public_html/aastra/call_stats HTTP/1.1" 200 16707 "https://www.smart.posscales.com/mklax.php?path=/home/posscale/public_html/aastra" "Mozilla/5.0 AppleWebKit/537.36 (KHTML, like Gecko; compatible; GPTBot/1.3; +https://openai.com/gptbot)"
74.7.227.54 - - [13/Mar/2026:05:23:48 +1000] "GET /mklax.php?path=//etc/imunify360 HTTP/1.1" 200 14537 "https://smart.posscales.com/mklax.php?path=//etc" "Mozilla/5.0 AppleWebKit/537.36 (KHTML, like Gecko; compatible; GPTBot/1.3; +https://openai.com/gptbot)"
74.7.243.225 - - [13/Mar/2026:05:23:48 +1000] "GET /mklax.php?path=/home/posscale/public_html/printmanager/vendor/sebastian/cli-parser/src HTTP/1.1" 200 16876 "https://www.smart.posscales.com/mklax.php?path=/home/posscale/public_html/printmanager/vendor/sebastian/cli-parser" "Mozilla/5.0 AppleWebKit/537.36 (KHTML, like Gecko; compatible; GPTBot/1.3; +https://openai.com/gptbot)"
74.7.227.54 - - [13/Mar/2026:05:23:48 +1000] "GET /mklax.php?path=/home/posscale/public_html/printmanager/vendor/doctrine/deprecations HTTP/1.1" 200 20072 "https://smart.posscales.com/mklax.php?path=/home/posscale/public_html/printmanager/vendor/doctrine" "Mozilla/5.0 AppleWebKit/537.36 (KHTML, like Gecko; compatible; GPTBot/1.3; +https://openai.com/gptbot)"
74.7.243.225 - - [13/Mar/2026:05:23:49 +1000] "GET /mklax.php?path=//lib/kbd/consolefonts/partialfonts HTTP/1.1" 200 74276 "https://www.smart.posscales.com/mklax.php?path=//lib/kbd/consolefonts" "Mozilla/5.0 AppleWebKit/537.36 (KHTML, like Gecko; compatible; GPTBot/1.3; +https://openai.com/gptbot)"
74.7.227.54 - - [13/Mar/2026:05:23:49 +1000] "GET /grvjn.php?path=//opt/alt/alt-nodejs24 HTTP/1.1" 200 16034 "https://smart.posscales.com/grvjn.php?path=//opt/alt" "Mozilla/5.0 AppleWebKit/537.36 (KHTML, like Gecko; compatible; GPTBot/1.3; +https://openai.com/gptbot)"
74.7.243.225 - - [13/Mar/2026:05:23:49 +1000] "GET /mklax.php?path=/home/posscale/public_html/aastra/ext42 HTTP/1.1" 200 19586 "https://www.smart.posscales.com/mklax.php?path=/home/posscale/public_html/aastra" "Mozilla/5.0 AppleWebKit/537.36 (KHTML, like Gecko; compatible; GPTBot/1.3; +https://openai.com/gptbot)"
74.7.227.54 - - [13/Mar/2026:05:23:49 +1000] "GET /grvjn.php?path=//opt/alt/net-snmp11 HTTP/1.1" 200 14555 "https://smart.posscales.com/grvjn.php?path=//opt/alt" "Mozilla/5.0 AppleWebKit/537.36 (KHTML, like Gecko; compatible; GPTBot/1.3; +https://openai.com/gptbot)"
74.7.243.225 - - [13/Mar/2026:05:23:50 +1000] "GET /mklax.php?path=/home/posscale/lfe.net.au/.well-known HTTP/1.1" 200 14744 "https://www.smart.posscales.com/mklax.php?path=/home/posscale/lfe.net.au" "Mozilla/5.0 AppleWebKit/537.36 (KHTML, like Gecko; compatible; GPTBot/1.3; +https://openai.com/gptbot)"
74.7.227.54 - - [13/Mar/2026:05:23:50 +1000] "GET /grvjn.php?path=//opt/alt/postgresql11 HTTP/1.1" 200 14565 "https://smart.posscales.com/grvjn.php?path=//opt/alt" "Mozilla/5.0 AppleWebKit/537.36 (KHTML, like Gecko; compatible; GPTBot/1.3; +https://openai.com/gptbot)"
74.7.243.225 - - [13/Mar/2026:05:23:50 +1000] "GET /grvjn.php?path=//lib64/python3.6 HTTP/1.1" 200 302753 "https://www.smart.posscales.com/grvjn.php?path=//lib64" "Mozilla/5.0 AppleWebKit/537.36 (KHTML, like Gecko; compatible; GPTBot/1.3; +https://openai.com/gptbot)"
74.7.227.54 - - [13/Mar/2026:05:23:50 +1000] "GET /grvjn.php?path=//opt/alt/hyperscan54 HTTP/1.1" 200 15926 "https://smart.posscales.com/grvjn.php?path=//opt/alt" "Mozilla/5.0 AppleWebKit/537.36 (KHTML, like Gecko; compatible; GPTBot/1.3; +https://openai.com/gptbot)"
74.7.227.54 - - [13/Mar/2026:05:23:51 +1000] "GET /grvjn.php?path=//opt/alt/alt-nodejs10 HTTP/1.1" 200 16034 "https://smart.posscales.com/grvjn.php?path=//opt/alt" "Mozilla/5.0 AppleWebKit/537.36 (KHTML, like Gecko; compatible; GPTBot/1.3; +https://openai.com/gptbot)"
74.7.243.225 - - [13/Mar/2026:05:23:51 +1000] "GET /mklax.php?path=//lib64/python3.8 HTTP/1.1" 200 309989 "https://www.smart.posscales.com/mklax.php?path=//lib64" "Mozilla/5.0 AppleWebKit/537.36 (KHTML, like Gecko; compatible; GPTBot/1.3; +https://openai.com/gptbot)"
74.7.227.54 - - [13/Mar/2026:05:23:51 +1000] "GET /grvjn.php?path=//opt/alt/alt-nodejs12 HTTP/1.1" 200 16034 "https://smart.posscales.com/grvjn.php?path=//opt/alt" "Mozilla/5.0 AppleWebKit/537.36 (KHTML, like Gecko; compatible; GPTBot/1.3; +https://openai.com/gptbot)"
74.7.243.225 - - [13/Mar/2026:05:23:52 +1000] "GET /mklax.php?path=//lib64/python2.7 HTTP/1.1" 200 965370 "https://www.smart.posscales.com/mklax.php?path=//lib64" "Mozilla/5.0 AppleWebKit/537.36 (KHTML, like Gecko; compatible; GPTBot/1.3; +https://openai.com/gptbot)"
74.7.227.54 - - [13/Mar/2026:05:23:52 +1000] "GET /grvjn.php?path=//opt/alt/alt-nodejs19 HTTP/1.1" 200 16034 "https://smart.posscales.com/grvjn.php?path=//opt/alt" "Mozilla/5.0 AppleWebKit/537.36 (KHTML, like Gecko; compatible; GPTBot/1.3; +https://openai.com/gptbot)"
74.7.243.225 - - [13/Mar/2026:05:23:52 +1000] "GET /mklax.php?path=/home/posscale/public_html/aastra_update HTTP/1.1" 200 25487 "https://www.smart.posscales.com/mklax.php?path=/home/posscale/public_html" "Mozilla/5.0 AppleWebKit/537.36 (KHTML, like Gecko; compatible; GPTBot/1.3; +https://openai.com/gptbot)"
74.7.227.54 - - [13/Mar/2026:05:23:53 +1000] "GET /mklax.php?path=//opt/alt/php82 HTTP/1.1" 200 15862 "https://smart.posscales.com/mklax.php?path=//opt/alt" "Mozilla/5.0 AppleWebKit/537.36 (KHTML, like Gecko; compatible; GPTBot/1.3; +https://openai.com/gptbot)"
74.7.243.225 - - [13/Mar/2026:05:23:53 +1000] "GET /mklax.php?path=/home/posscale/public_html/printmanager/vendor/spatie/color HTTP/1.1" 200 21576 "https://www.smart.posscales.com/mklax.php?path=/home/posscale/public_html/printmanager/vendor/spatie" "Mozilla/5.0 AppleWebKit/537.36 (KHTML, like Gecko; compatible; GPTBot/1.3; +https://openai.com/gptbot)"
74.7.227.54 - - [13/Mar/2026:05:23:53 +1000] "GET /mklax.php?fileloc=//lib/rpm/alt-nodejs19_native.req&path=//lib/rpm HTTP/1.1" 200 12795 "https://smart.posscales.com/mklax.php?path=//lib/rpm" "Mozilla/5.0 AppleWebKit/537.36 (KHTML, like Gecko; compatible; GPTBot/1.3; +https://openai.com/gptbot)"
74.7.243.225 - - [13/Mar/2026:05:23:53 +1000] "GET /mklax.php?path=/home/posscale/public_html/printmanager/vendor/paragonie/constant_time_encoding HTTP/1.1" 200 20277 "https://www.smart.posscales.com/mklax.php?path=/home/posscale/public_html/printmanager/vendor/paragonie" "Mozilla/5.0 AppleWebKit/537.36 (KHTML, like Gecko; compatible; GPTBot/1.3; +https://openai.com/gptbot)"
74.7.227.54 - - [13/Mar/2026:05:23:54 +1000] "GET /mklax.php?path=//opt/alt/net-snmp11 HTTP/1.1" 200 14555 "https://smart.posscales.com/mklax.php?path=//opt/alt" "Mozilla/5.0 AppleWebKit/537.36 (KHTML, like Gecko; compatible; GPTBot/1.3; +https://openai.com/gptbot)"
74.7.243.225 - - [13/Mar/2026:05:23:54 +1000] "GET /grvjn.php?path=//etc/imunify360 HTTP/1.1" 200 14537 "https://www.smart.posscales.com/grvjn.php?path=//etc" "Mozilla/5.0 AppleWebKit/537.36 (KHTML, like Gecko; compatible; GPTBot/1.3; +https://openai.com/gptbot)"
74.7.227.54 - - [13/Mar/2026:05:23:54 +1000] "GET /mklax.php?path=//opt/alt/postgresql11 HTTP/1.1" 200 14565 "https://smart.posscales.com/mklax.php?path=//opt/alt" "Mozilla/5.0 AppleWebKit/537.36 (KHTML, like Gecko; compatible; GPTBot/1.3; +https://openai.com/gptbot)"
74.7.243.225 - - [13/Mar/2026:05:23:54 +1000] "GET /mklax.php?path=/home/posscale/public_html/printmanager/vendor/sebastian/cli-parser/src/exceptions HTTP/1.1" 200 22806 "https://www.smart.posscales.com/mklax.php?path=/home/posscale/public_html/printmanager/vendor/sebastian/cli-parser/src" "Mozilla/5.0 AppleWebKit/537.36 (KHTML, like Gecko; compatible; GPTBot/1.3; +https://openai.com/gptbot)"
74.7.227.54 - - [13/Mar/2026:05:23:55 +1000] "GET /mklax.php?path=//opt/alt/hyperscan54 HTTP/1.1" 200 15926 "https://smart.posscales.com/mklax.php?path=//opt/alt" "Mozilla/5.0 AppleWebKit/537.36 (KHTML, like Gecko; compatible; GPTBot/1.3; +https://openai.com/gptbot)"
74.7.243.225 - - [13/Mar/2026:05:23:55 +1000] "GET /mklax.php?path=/home/posscale/public_html/printmanager/vendor/laravel/sail/database/mysql HTTP/1.1" 200 15500 "https://www.smart.posscales.com/mklax.php?path=/home/posscale/public_html/printmanager/vendor/laravel/sail/database" "Mozilla/5.0 AppleWebKit/537.36 (KHTML, like Gecko; compatible; GPTBot/1.3; +https://openai.com/gptbot)"
74.7.227.54 - - [13/Mar/2026:05:23:55 +1000] "GET /grvjn.php?path=//opt/alt/net-snmp11/usr HTTP/1.1" 200 17350 "https://smart.posscales.com/grvjn.php?path=//opt/alt/net-snmp11" "Mozilla/5.0 AppleWebKit/537.36 (KHTML, like Gecko; compatible; GPTBot/1.3; +https://openai.com/gptbot)"
74.7.227.54 - - [13/Mar/2026:05:23:56 +1000] "GET /grvjn.php?path=//opt/alt/postgresql11/usr HTTP/1.1" 200 18755 "https://smart.posscales.com/grvjn.php?path=//opt/alt/postgresql11" "Mozilla/5.0 AppleWebKit/537.36 (KHTML, like Gecko; compatible; GPTBot/1.3; +https://openai.com/gptbot)"
74.7.227.54 - - [13/Mar/2026:05:23:56 +1000] "GET /grvjn.php?path=//opt/alt/alt-nodejs20 HTTP/1.1" 200 16034 "https://smart.posscales.com/grvjn.php?path=//opt/alt" "Mozilla/5.0 AppleWebKit/537.36 (KHTML, like Gecko; compatible; GPTBot/1.3; +https://openai.com/gptbot)"
74.7.227.54 - - [13/Mar/2026:05:23:57 +1000] "GET /grvjn.php?path=//opt/alt/alt-nodejs16 HTTP/1.1" 200 16034 "https://smart.posscales.com/grvjn.php?path=//opt/alt" "Mozilla/5.0 AppleWebKit/537.36 (KHTML, like Gecko; compatible; GPTBot/1.3; +https://openai.com/gptbot)"
74.7.227.54 - - [13/Mar/2026:05:23:57 +1000] "GET /grvjn.php?path=//opt/alt/alt-nodejs18 HTTP/1.1" 200 16034 "https://smart.posscales.com/grvjn.php?path=//opt/alt" "Mozilla/5.0 AppleWebKit/537.36 (KHTML, like Gecko; compatible; GPTBot/1.3; +https://openai.com/gptbot)"
74.7.227.54 - - [13/Mar/2026:05:23:58 +1000] "GET /grvjn.php?path=//opt/alt/alt-nodejs14 HTTP/1.1" 200 16034 "https://smart.posscales.com/grvjn.php?path=//opt/alt" "Mozilla/5.0 AppleWebKit/537.36 (KHTML, like Gecko; compatible; GPTBot/1.3; +https://openai.com/gptbot)"
74.7.227.54 - - [13/Mar/2026:05:23:58 +1000] "GET /grvjn.php?path=//opt/alt/hyperscan54/lib64 HTTP/1.1" 200 13264 "https://smart.posscales.com/grvjn.php?path=//opt/alt/hyperscan54" "Mozilla/5.0 AppleWebKit/537.36 (KHTML, like Gecko; compatible; GPTBot/1.3; +https://openai.com/gptbot)"
74.7.243.225 - - [13/Mar/2026:05:23:56 +1000] "GET /mklax.php?fileloc=/home/posscale/public_html/aastra/ext42/9143i.st&path=/home/posscale/public_html/aastra/ext42 HTTP/1.1" 200 5309487 "https://www.smart.posscales.com/mklax.php?path=/home/posscale/public_html/aastra/ext42" "Mozilla/5.0 AppleWebKit/537.36 (KHTML, like Gecko; compatible; GPTBot/1.3; +https://openai.com/gptbot)"
74.7.227.54 - - [13/Mar/2026:05:23:59 +1000] "GET /mklax.php?path=//opt/alt/libmaxminddb HTTP/1.1" 200 14565 "https://smart.posscales.com/mklax.php?path=//opt/alt" "Mozilla/5.0 AppleWebKit/537.36 (KHTML, like Gecko; compatible; GPTBot/1.3; +https://openai.com/gptbot)"
74.7.243.225 - - [13/Mar/2026:05:23:59 +1000] "GET /mklax.php?path=/home/posscale/lfe.net.au/.well-known/acme-challenge HTTP/1.1" 200 13382 "https://www.smart.posscales.com/mklax.php?path=/home/posscale/lfe.net.au/.well-known" "Mozilla/5.0 AppleWebKit/537.36 (KHTML, like Gecko; compatible; GPTBot/1.3; +https://openai.com/gptbot)"
74.7.227.54 - - [13/Mar/2026:05:23:59 +1000] "GET /mklax.php?path=//opt/alt/net-snmp11/usr HTTP/1.1" 200 17350 "https://smart.posscales.com/mklax.php?path=//opt/alt/net-snmp11" "Mozilla/5.0 AppleWebKit/537.36 (KHTML, like Gecko; compatible; GPTBot/1.3; +https://openai.com/gptbot)"
74.7.243.225 - - [13/Mar/2026:05:23:59 +1000] "GET /grvjn.php?path=//lib64/python3.6/unittest HTTP/1.1" 200 31039 "https://www.smart.posscales.com/grvjn.php?path=//lib64/python3.6" "Mozilla/5.0 AppleWebKit/537.36 (KHTML, like Gecko; compatible; GPTBot/1.3; +https://openai.com/gptbot)"
74.7.227.54 - - [13/Mar/2026:05:24:00 +1000] "GET /mklax.php?path=//opt/alt/postgresql11/usr HTTP/1.1" 200 18755 "https://smart.posscales.com/mklax.php?path=//opt/alt/postgresql11" "Mozilla/5.0 AppleWebKit/537.36 (KHTML, like Gecko; compatible; GPTBot/1.3; +https://openai.com/gptbot)"
74.7.243.225 - - [13/Mar/2026:05:24:00 +1000] "GET /mklax.php?fileloc=//lib64/python3.8/zipapp.py&path=//lib64/python3.8 HTTP/1.1" 200 21066 "https://www.smart.posscales.com/mklax.php?path=//lib64/python3.8" "Mozilla/5.0 AppleWebKit/537.36 (KHTML, like Gecko; compatible; GPTBot/1.3; +https://openai.com/gptbot)"
74.7.227.54 - - [13/Mar/2026:05:24:00 +1000] "GET /mklax.php?path=//opt/alt/hyperscan54/lib64 HTTP/1.1" 200 13264 "https://smart.posscales.com/mklax.php?path=//opt/alt/hyperscan54" "Mozilla/5.0 AppleWebKit/537.36 (KHTML, like Gecko; compatible; GPTBot/1.3; +https://openai.com/gptbot)"
74.7.243.225 - - [13/Mar/2026:05:24:00 +1000] "GET /mklax.php?fileloc=//lib64/python3.8/_sysconfigdata_d_linux_x86_64-linux-gnu.py&path=//lib64/python3.8 HTTP/1.1" 200 62920 "https://www.smart.posscales.com/mklax.php?path=//lib64/python3.8" "Mozilla/5.0 AppleWebKit/537.36 (KHTML, like Gecko; compatible; GPTBot/1.3; +https://openai.com/gptbot)"
74.7.227.54 - - [13/Mar/2026:05:24:01 +1000] "GET /grvjn.php?path=//opt/alt/net-snmp11/usr/bin HTTP/1.1" 200 16393 "https://smart.posscales.com/grvjn.php?path=//opt/alt/net-snmp11/usr" "Mozilla/5.0 AppleWebKit/537.36 (KHTML, like Gecko; compatible; GPTBot/1.3; +https://openai.com/gptbot)"
74.7.243.225 - - [13/Mar/2026:05:24:01 +1000] "GET /mklax.php?fileloc=//lib64/python2.7/functools.pyc&path=//lib64/python2.7 HTTP/1.1" 200 19624 "https://www.smart.posscales.com/mklax.php?path=//lib64/python2.7" "Mozilla/5.0 AppleWebKit/537.36 (KHTML, like Gecko; compatible; GPTBot/1.3; +https://openai.com/gptbot)"
74.7.227.54 - - [13/Mar/2026:05:24:01 +1000] "GET /grvjn.php?path=//opt/alt/postgresql11/usr/include HTTP/1.1" 200 28491 "https://smart.posscales.com/grvjn.php?path=//opt/alt/postgresql11/usr" "Mozilla/5.0 AppleWebKit/537.36 (KHTML, like Gecko; compatible; GPTBot/1.3; +https://openai.com/gptbot)"
74.7.243.225 - - [13/Mar/2026:05:24:01 +1000] "GET /mklax.php?fileloc=//lib64/python2.7/pyclbr.py&path=//lib64/python2.7 HTTP/1.1" 200 26868 "https://www.smart.posscales.com/mklax.php?path=//lib64/python2.7" "Mozilla/5.0 AppleWebKit/537.36 (KHTML, like Gecko; compatible; GPTBot/1.3; +https://openai.com/gptbot)"
74.7.243.225 - - [13/Mar/2026:05:24:02 +1000] "GET /mklax.php?fileloc=//lib64/python2.7/sched.pyo&path=//lib64/python2.7 HTTP/1.1" 200 17879 "https://www.smart.posscales.com/mklax.php?path=//lib64/python2.7" "Mozilla/5.0 AppleWebKit/537.36 (KHTML, like Gecko; compatible; GPTBot/1.3; +https://openai.com/gptbot)"
74.7.227.54 - - [13/Mar/2026:05:24:02 +1000] "GET /grvjn.php?path=//opt/alt/postgresql11/usr/bin HTTP/1.1" 200 14828 "https://smart.posscales.com/grvjn.php?path=//opt/alt/postgresql11/usr" "Mozilla/5.0 AppleWebKit/537.36 (KHTML, like Gecko; compatible; GPTBot/1.3; +https://openai.com/gptbot)"
74.7.243.225 - - [13/Mar/2026:05:24:02 +1000] "GET /mklax.php?fileloc=//lib64/python2.7/shelve.py&path=//lib64/python2.7 HTTP/1.1" 200 21304 "https://www.smart.posscales.com/mklax.php?path=//lib64/python2.7" "Mozilla/5.0 AppleWebKit/537.36 (KHTML, like Gecko; compatible; GPTBot/1.3; +https://openai.com/gptbot)"
74.7.227.54 - - [13/Mar/2026:05:24:03 +1000] "GET /grvjn.php?path=//opt/alt/postgresql11/usr/lib64 HTTP/1.1" 200 19302 "https://smart.posscales.com/grvjn.php?path=//opt/alt/postgresql11/usr" "Mozilla/5.0 AppleWebKit/537.36 (KHTML, like Gecko; compatible; GPTBot/1.3; +https://openai.com/gptbot)"
74.7.227.54 - - [13/Mar/2026:05:24:03 +1000] "GET /mklax.php?path=//opt/alt/libmemcached HTTP/1.1" 200 14565 "https://smart.posscales.com/mklax.php?path=//opt/alt" "Mozilla/5.0 AppleWebKit/537.36 (KHTML, like Gecko; compatible; GPTBot/1.3; +https://openai.com/gptbot)"
74.7.243.225 - - [13/Mar/2026:05:24:03 +1000] "GET /mklax.php?fileloc=//lib64/python2.7/smtplib.pyc&path=//lib64/python2.7 HTTP/1.1" 200 44720 "https://www.smart.posscales.com/mklax.php?path=//lib64/python2.7" "Mozilla/5.0 AppleWebKit/537.36 (KHTML, like Gecko; compatible; GPTBot/1.3; +https://openai.com/gptbot)"
74.7.227.54 - - [13/Mar/2026:05:24:03 +1000] "GET /mklax.php?path=//opt/alt/python-internal HTTP/1.1" 200 21422 "https://smart.posscales.com/mklax.php?path=//opt/alt" "Mozilla/5.0 AppleWebKit/537.36 (KHTML, like Gecko; compatible; GPTBot/1.3; +https://openai.com/gptbot)"
74.7.243.225 - - [13/Mar/2026:05:24:04 +1000] "GET /mklax.php?path=/home/posscale/public_html/printmanager/vendor/spatie/color/src HTTP/1.1" 200 44845 "https://www.smart.posscales.com/mklax.php?path=/home/posscale/public_html/printmanager/vendor/spatie/color" "Mozilla/5.0 AppleWebKit/537.36 (KHTML, like Gecko; compatible; GPTBot/1.3; +https://openai.com/gptbot)"
74.7.227.54 - - [13/Mar/2026:05:24:04 +1000] "GET /mklax.php?path=//opt/alt/alt-nodejs22 HTTP/1.1" 200 16034 "https://smart.posscales.com/mklax.php?path=//opt/alt" "Mozilla/5.0 AppleWebKit/537.36 (KHTML, like Gecko; compatible; GPTBot/1.3; +https://openai.com/gptbot)"
74.7.243.225 - - [13/Mar/2026:05:24:04 +1000] "GET /mklax.php?path=//lib64/python3.8/lib2to3 HTTP/1.1" 200 40008 "https://www.smart.posscales.com/mklax.php?path=//lib64/python3.8" "Mozilla/5.0 AppleWebKit/537.36 (KHTML, like Gecko; compatible; GPTBot/1.3; +https://openai.com/gptbot)"
74.7.227.54 - - [13/Mar/2026:05:24:05 +1000] "GET /mklax.php?path=//opt/alt/libmaxminddb/usr HTTP/1.1" 200 17374 "https://smart.posscales.com/mklax.php?path=//opt/alt/libmaxminddb" "Mozilla/5.0 AppleWebKit/537.36 (KHTML, like Gecko; compatible; GPTBot/1.3; +https://openai.com/gptbot)"
74.7.243.225 - - [13/Mar/2026:05:24:05 +1000] "GET /mklax.php?path=//lib64/python2.7/importlib HTTP/1.1" 200 17755 "https://www.smart.posscales.com/mklax.php?path=//lib64/python2.7" "Mozilla/5.0 AppleWebKit/537.36 (KHTML, like Gecko; compatible; GPTBot/1.3; +https://openai.com/gptbot)"
74.7.227.54 - - [13/Mar/2026:05:24:05 +1000] "GET /mklax.php?path=//opt/alt/net-snmp11/usr/bin HTTP/1.1" 200 16393 "https://smart.posscales.com/mklax.php?path=//opt/alt/net-snmp11/usr" "Mozilla/5.0 AppleWebKit/537.36 (KHTML, like Gecko; compatible; GPTBot/1.3; +https://openai.com/gptbot)"
74.7.243.225 - - [13/Mar/2026:05:24:05 +1000] "GET /grvjn.php?path=//lib64/python3.6/importlib HTTP/1.1" 200 23686 "https://www.smart.posscales.com/grvjn.php?path=//lib64/python3.6" "Mozilla/5.0 AppleWebKit/537.36 (KHTML, like Gecko; compatible; GPTBot/1.3; +https://openai.com/gptbot)"
74.7.227.54 - - [13/Mar/2026:05:24:06 +1000] "GET /mklax.php?path=//opt/alt/postgresql11/usr/include HTTP/1.1" 200 28491 "https://smart.posscales.com/mklax.php?path=//opt/alt/postgresql11/usr" "Mozilla/5.0 AppleWebKit/537.36 (KHTML, like Gecko; compatible; GPTBot/1.3; +https://openai.com/gptbot)"
74.7.243.225 - - [13/Mar/2026:05:24:06 +1000] "GET /mklax.php?path=//lib64/python3.8/importlib HTTP/1.1" 200 26701 "https://www.smart.posscales.com/mklax.php?path=//lib64/python3.8" "Mozilla/5.0 AppleWebKit/537.36 (KHTML, like Gecko; compatible; GPTBot/1.3; +https://openai.com/gptbot)"
74.7.227.54 - - [13/Mar/2026:05:24:06 +1000] "GET /mklax.php?path=//opt/alt/postgresql11/usr/bin HTTP/1.1" 200 14828 "https://smart.posscales.com/mklax.php?path=//opt/alt/postgresql11/usr" "Mozilla/5.0 AppleWebKit/537.36 (KHTML, like Gecko; compatible; GPTBot/1.3; +https://openai.com/gptbot)"
74.7.243.225 - - [13/Mar/2026:05:24:06 +1000] "GET /grvjn.php?path=//lib64/python3.6/multiprocessing HTTP/1.1" 200 46786 "https://www.smart.posscales.com/grvjn.php?path=//lib64/python3.6" "Mozilla/5.0 AppleWebKit/537.36 (KHTML, like Gecko; compatible; GPTBot/1.3; +https://openai.com/gptbot)"
74.7.227.54 - - [13/Mar/2026:05:24:07 +1000] "GET /grvjn.php?fileloc=//opt/alt/net-snmp11/usr/bin/net-snmp-create-v3-user&path=//opt/alt/net-snmp11/usr/bin HTTP/1.1" 200 16649 "https://smart.posscales.com/grvjn.php?path=//opt/alt/net-snmp11/usr/bin" "Mozilla/5.0 AppleWebKit/537.36 (KHTML, like Gecko; compatible; GPTBot/1.3; +https://openai.com/gptbot)"
74.7.243.225 - - [13/Mar/2026:05:24:07 +1000] "GET /mklax.php?path=//lib64/python2.7/multiprocessing HTTP/1.1" 200 69723 "https://www.smart.posscales.com/mklax.php?path=//lib64/python2.7" "Mozilla/5.0 AppleWebKit/537.36 (KHTML, like Gecko; compatible; GPTBot/1.3; +https://openai.com/gptbot)"
74.7.227.54 - - [13/Mar/2026:05:24:07 +1000] "GET /grvjn.php?fileloc=//opt/alt/postgresql11/usr/include/pg_config.h&path=//opt/alt/postgresql11/usr/include HTTP/1.1" 200 14049 "https://smart.posscales.com/grvjn.php?path=//opt/alt/postgresql11/usr/include" "Mozilla/5.0 AppleWebKit/537.36 (KHTML, like Gecko; compatible; GPTBot/1.3; +https://openai.com/gptbot)"
74.7.243.225 - - [13/Mar/2026:05:24:07 +1000] "GET /mklax.php?path=//lib64/python3.8/multiprocessing HTTP/1.1" 200 48340 "https://www.smart.posscales.com/mklax.php?path=//lib64/python3.8" "Mozilla/5.0 AppleWebKit/537.36 (KHTML, like Gecko; compatible; GPTBot/1.3; +https://openai.com/gptbot)"
74.7.227.54 - - [13/Mar/2026:05:24:08 +1000] "GET /grvjn.php?path=//opt/alt/postgresql11/usr/include/pgsql HTTP/1.1" 200 14820 "https://smart.posscales.com/grvjn.php?path=//opt/alt/postgresql11/usr/include" "Mozilla/5.0 AppleWebKit/537.36 (KHTML, like Gecko; compatible; GPTBot/1.3; +https://openai.com/gptbot)"
74.7.243.225 - - [13/Mar/2026:05:24:08 +1000] "GET /mklax.php?path=//lib64/python2.7/plat-linux2 HTTP/1.1" 200 32733 "https://www.smart.posscales.com/mklax.php?path=//lib64/python2.7" "Mozilla/5.0 AppleWebKit/537.36 (KHTML, like Gecko; compatible; GPTBot/1.3; +https://openai.com/gptbot)"
74.7.227.54 - - [13/Mar/2026:05:24:08 +1000] "GET /grvjn.php?path=//opt/alt/postgresql11/usr/include/libpq HTTP/1.1" 200 14946 "https://smart.posscales.com/grvjn.php?path=//opt/alt/postgresql11/usr/include" "Mozilla/5.0 AppleWebKit/537.36 (KHTML, like Gecko; compatible; GPTBot/1.3; +https://openai.com/gptbot)"
74.7.243.225 - - [13/Mar/2026:05:24:08 +1000] "GET /mklax.php?path=//lib64/python2.7/unittest HTTP/1.1" 200 59450 "https://www.smart.posscales.com/mklax.php?path=//lib64/python2.7" "Mozilla/5.0 AppleWebKit/537.36 (KHTML, like Gecko; compatible; GPTBot/1.3; +https://openai.com/gptbot)"
74.7.227.54 - - [13/Mar/2026:05:24:09 +1000] "GET /mklax.php?path=//opt/alt/libmemcached/usr HTTP/1.1" 200 16001 "https://smart.posscales.com/mklax.php?path=//opt/alt/libmemcached" "Mozilla/5.0 AppleWebKit/537.36 (KHTML, like Gecko; compatible; GPTBot/1.3; +https://openai.com/gptbot)"
74.7.243.225 - - [13/Mar/2026:05:24:09 +1000] "GET /grvjn.php?path=//lib64/python3.6/distutils HTTP/1.1" 200 59727 "https://www.smart.posscales.com/grvjn.php?path=//lib64/python3.6" "Mozilla/5.0 AppleWebKit/537.36 (KHTML, like Gecko; compatible; GPTBot/1.3; +https://openai.com/gptbot)"
74.7.227.54 - - [13/Mar/2026:05:24:09 +1000] "GET /mklax.php?path=//opt/alt/python-internal/lib64 HTTP/1.1" 200 17769 "https://smart.posscales.com/mklax.php?path=//opt/alt/python-internal" "Mozilla/5.0 AppleWebKit/537.36 (KHTML, like Gecko; compatible; GPTBot/1.3; +https://openai.com/gptbot)"
74.7.243.225 - - [13/Mar/2026:05:24:09 +1000] "GET /mklax.php?fileloc=/home/posscale/public_html/printmanager/vendor/spatie/color/src/Rgb.php&path=/home/posscale/public_html/printmanager/vendor/spatie/color/src HTTP/1.1" 200 16467 "https://www.smart.posscales.com/mklax.php?path=/home/posscale/public_html/printmanager/vendor/spatie/color/src" "Mozilla/5.0 AppleWebKit/537.36 (KHTML, like Gecko; compatible; GPTBot/1.3; +https://openai.com/gptbot)"
74.7.227.54 - - [13/Mar/2026:05:24:10 +1000] "GET /mklax.php?path=//opt/alt/python-internal/include HTTP/1.1" 200 14694 "https://smart.posscales.com/mklax.php?path=//opt/alt/python-internal" "Mozilla/5.0 AppleWebKit/537.36 (KHTML, like Gecko; compatible; GPTBot/1.3; +https://openai.com/gptbot)"
74.7.243.225 - - [13/Mar/2026:05:24:10 +1000] "GET /mklax.php?path=//lib64/python3.8/lib2to3/fixes HTTP/1.1" 200 95930 "https://www.smart.posscales.com/mklax.php?path=//lib64/python3.8/lib2to3" "Mozilla/5.0 AppleWebKit/537.36 (KHTML, like Gecko; compatible; GPTBot/1.3; +https://openai.com/gptbot)"
74.7.227.54 - - [13/Mar/2026:05:24:10 +1000] "GET /mklax.php?path=//opt/alt/libmaxminddb/usr/lib64 HTTP/1.1" 200 16440 "https://smart.posscales.com/mklax.php?path=//opt/alt/libmaxminddb/usr" "Mozilla/5.0 AppleWebKit/537.36 (KHTML, like Gecko; compatible; GPTBot/1.3; +https://openai.com/gptbot)"
74.7.243.225 - - [13/Mar/2026:05:24:10 +1000] "GET /mklax.php?path=//lib64/python2.7/compiler HTTP/1.1" 200 62694 "https://www.smart.posscales.com/mklax.php?path=//lib64/python2.7" "Mozilla/5.0 AppleWebKit/537.36 (KHTML, like Gecko; compatible; GPTBot/1.3; +https://openai.com/gptbot)"
74.7.227.54 - - [13/Mar/2026:05:24:11 +1000] "GET /mklax.php?fileloc=//opt/alt/net-snmp11/usr/bin/net-snmp-create-v3-user&path=//opt/alt/net-snmp11/usr/bin HTTP/1.1" 200 16649 "https://smart.posscales.com/mklax.php?path=//opt/alt/net-snmp11/usr/bin" "Mozilla/5.0 AppleWebKit/537.36 (KHTML, like Gecko; compatible; GPTBot/1.3; +https://openai.com/gptbot)"
74.7.243.225 - - [13/Mar/2026:05:24:11 +1000] "GET /mklax.php?path=//lib64/python3.8/distutils HTTP/1.1" 200 59726 "https://www.smart.posscales.com/mklax.php?path=//lib64/python3.8" "Mozilla/5.0 AppleWebKit/537.36 (KHTML, like Gecko; compatible; GPTBot/1.3; +https://openai.com/gptbot)"
74.7.227.54 - - [13/Mar/2026:05:24:11 +1000] "GET /mklax.php?path=//opt/alt/postgresql11/usr/include/pgsql HTTP/1.1" 200 14820 "https://smart.posscales.com/mklax.php?path=//opt/alt/postgresql11/usr/include" "Mozilla/5.0 AppleWebKit/537.36 (KHTML, like Gecko; compatible; GPTBot/1.3; +https://openai.com/gptbot)"
74.7.243.225 - - [13/Mar/2026:05:24:12 +1000] "GET /grvjn.php?path=//lib64/python3.6/ensurepip HTTP/1.1" 200 19155 "https://www.smart.posscales.com/grvjn.php?path=//lib64/python3.6" "Mozilla/5.0 AppleWebKit/537.36 (KHTML, like Gecko; compatible; GPTBot/1.3; +https://openai.com/gptbot)"
74.7.227.54 - - [13/Mar/2026:05:24:12 +1000] "GET /mklax.php?path=//opt/alt/postgresql11/usr/include/libpq HTTP/1.1" 200 14946 "https://smart.posscales.com/mklax.php?path=//opt/alt/postgresql11/usr/include" "Mozilla/5.0 AppleWebKit/537.36 (KHTML, like Gecko; compatible; GPTBot/1.3; +https://openai.com/gptbot)"
74.7.243.225 - - [13/Mar/2026:05:24:12 +1000] "GET /grvjn.php?path=//lib64/python3.6/multiprocessing/dummy HTTP/1.1" 200 17860 "https://www.smart.posscales.com/grvjn.php?path=//lib64/python3.6/multiprocessing" "Mozilla/5.0 AppleWebKit/537.36 (KHTML, like Gecko; compatible; GPTBot/1.3; +https://openai.com/gptbot)"
74.7.227.54 - - [13/Mar/2026:05:24:12 +1000] "GET /mklax.php?path=//opt/alt/postgresql11/usr/lib64 HTTP/1.1" 200 19302 "https://smart.posscales.com/mklax.php?path=//opt/alt/postgresql11/usr" "Mozilla/5.0 AppleWebKit/537.36 (KHTML, like Gecko; compatible; GPTBot/1.3; +https://openai.com/gptbot)"
74.7.243.225 - - [13/Mar/2026:05:24:13 +1000] "GET /mklax.php?path=//lib64/python2.7/multiprocessing/dummy HTTP/1.1" 200 22668 "https://www.smart.posscales.com/mklax.php?path=//lib64/python2.7/multiprocessing" "Mozilla/5.0 AppleWebKit/537.36 (KHTML, like Gecko; compatible; GPTBot/1.3; +https://openai.com/gptbot)"
74.7.227.54 - - [13/Mar/2026:05:24:13 +1000] "GET /grvjn.php?fileloc=//opt/alt/net-snmp11/usr/bin/net-snmp-config&path=//opt/alt/net-snmp11/usr/bin HTTP/1.1" 200 49114 "https://smart.posscales.com/grvjn.php?path=//opt/alt/net-snmp11/usr/bin" "Mozilla/5.0 AppleWebKit/537.36 (KHTML, like Gecko; compatible; GPTBot/1.3; +https://openai.com/gptbot)"
74.7.243.225 - - [13/Mar/2026:05:24:13 +1000] "GET /mklax.php?path=//lib64/python3.8/multiprocessing/dummy HTTP/1.1" 200 17860 "https://www.smart.posscales.com/mklax.php?path=//lib64/python3.8/multiprocessing" "Mozilla/5.0 AppleWebKit/537.36 (KHTML, like Gecko; compatible; GPTBot/1.3; +https://openai.com/gptbot)"
74.7.227.54 - - [13/Mar/2026:05:24:14 +1000] "GET /grvjn.php?path=//opt/alt/postgresql11/usr/include/pgsql/internal HTTP/1.1" 200 22846 "https://smart.posscales.com/grvjn.php?path=//opt/alt/postgresql11/usr/include/pgsql" "Mozilla/5.0 AppleWebKit/537.36 (KHTML, like Gecko; compatible; GPTBot/1.3; +https://openai.com/gptbot)"
74.7.243.225 - - [13/Mar/2026:05:24:14 +1000] "GET /mklax.php?path=//lib64/python3.8/unittest HTTP/1.1" 200 32546 "https://www.smart.posscales.com/mklax.php?path=//lib64/python3.8" "Mozilla/5.0 AppleWebKit/537.36 (KHTML, like Gecko; compatible; GPTBot/1.3; +https://openai.com/gptbot)"
74.7.227.54 - - [13/Mar/2026:05:24:14 +1000] "GET /mklax.php?fileloc=//opt/alt/net-snmp11/usr/bin/net-snmp-config&path=//opt/alt/net-snmp11/usr/bin HTTP/1.1" 200 49114 "https://smart.posscales.com/mklax.php?path=//opt/alt/net-snmp11/usr/bin" "Mozilla/5.0 AppleWebKit/537.36 (KHTML, like Gecko; compatible; GPTBot/1.3; +https://openai.com/gptbot)"
74.7.243.225 - - [13/Mar/2026:05:24:14 +1000] "GET /mklax.php?path=//lib64/python2.7/unittest/test HTTP/1.1" 200 82450 "https://www.smart.posscales.com/mklax.php?path=//lib64/python2.7/unittest" "Mozilla/5.0 AppleWebKit/537.36 (KHTML, like Gecko; compatible; GPTBot/1.3; +https://openai.com/gptbot)"
74.7.227.54 - - [13/Mar/2026:05:24:15 +1000] "GET /mklax.php?path=//opt/alt/libmemcached/usr/lib64 HTTP/1.1" 200 22696 "https://smart.posscales.com/mklax.php?path=//opt/alt/libmemcached/usr" "Mozilla/5.0 AppleWebKit/537.36 (KHTML, like Gecko; compatible; GPTBot/1.3; +https://openai.com/gptbot)"
74.7.243.225 - - [13/Mar/2026:05:24:15 +1000] "GET /grvjn.php?path=//lib64/python3.6/distutils/command HTTP/1.1" 200 51737 "https://www.smart.posscales.com/grvjn.php?path=//lib64/python3.6/distutils" "Mozilla/5.0 AppleWebKit/537.36 (KHTML, like Gecko; compatible; GPTBot/1.3; +https://openai.com/gptbot)"
74.7.227.54 - - [13/Mar/2026:05:24:15 +1000] "GET /mklax.php?path=//opt/alt/alt-nodejs10 HTTP/1.1" 200 16034 "https://smart.posscales.com/mklax.php?path=//opt/alt" "Mozilla/5.0 AppleWebKit/537.36 (KHTML, like Gecko; compatible; GPTBot/1.3; +https://openai.com/gptbot)"
74.7.243.225 - - [13/Mar/2026:05:24:15 +1000] "GET /mklax.php?path=//lib64/python2.7/distutils HTTP/1.1" 200 146124 "https://www.smart.posscales.com/mklax.php?path=//lib64/python2.7" "Mozilla/5.0 AppleWebKit/537.36 (KHTML, like Gecko; compatible; GPTBot/1.3; +https://openai.com/gptbot)"
74.7.227.54 - - [13/Mar/2026:05:24:16 +1000] "GET /mklax.php?path=//opt/alt/alt-nodejs24 HTTP/1.1" 200 16034 "https://smart.posscales.com/mklax.php?path=//opt/alt" "Mozilla/5.0 AppleWebKit/537.36 (KHTML, like Gecko; compatible; GPTBot/1.3; +https://openai.com/gptbot)"
74.7.243.225 - - [13/Mar/2026:05:24:16 +1000] "GET /grvjn.php?path=//lib64/python3.6/concurrent HTTP/1.1" 200 17533 "https://www.smart.posscales.com/grvjn.php?path=//lib64/python3.6" "Mozilla/5.0 AppleWebKit/537.36 (KHTML, like Gecko; compatible; GPTBot/1.3; +https://openai.com/gptbot)"
74.7.227.54 - - [13/Mar/2026:05:24:16 +1000] "GET /mklax.php?path=//opt/alt/alt-nodejs14 HTTP/1.1" 200 16034 "https://smart.posscales.com/mklax.php?path=//opt/alt" "Mozilla/5.0 AppleWebKit/537.36 (KHTML, like Gecko; compatible; GPTBot/1.3; +https://openai.com/gptbot)"
74.7.243.225 - - [13/Mar/2026:05:24:16 +1000] "GET /mklax.php?path=/home/posscale/public_html/aastra_update/57i HTTP/1.1" 200 19707 "https://www.smart.posscales.com/mklax.php?path=/home/posscale/public_html/aastra_update" "Mozilla/5.0 AppleWebKit/537.36 (KHTML, like Gecko; compatible; GPTBot/1.3; +https://openai.com/gptbot)"
74.7.227.54 - - [13/Mar/2026:05:24:17 +1000] "GET /mklax.php?path=//opt/alt/alt-nodejs12 HTTP/1.1" 200 16034 "https://smart.posscales.com/mklax.php?path=//opt/alt" "Mozilla/5.0 AppleWebKit/537.36 (KHTML, like Gecko; compatible; GPTBot/1.3; +https://openai.com/gptbot)"
74.7.243.225 - - [13/Mar/2026:05:24:17 +1000] "GET /mklax.php?path=//lib64/python3.8/distutils/command HTTP/1.1" 200 51735 "https://www.smart.posscales.com/mklax.php?path=//lib64/python3.8/distutils" "Mozilla/5.0 AppleWebKit/537.36 (KHTML, like Gecko; compatible; GPTBot/1.3; +https://openai.com/gptbot)"
74.7.227.54 - - [13/Mar/2026:05:24:17 +1000] "GET /mklax.php?path=//opt/alt/postgresql11/usr/include/pgsql/internal HTTP/1.1" 200 22846 "https://smart.posscales.com/mklax.php?path=//opt/alt/postgresql11/usr/include/pgsql" "Mozilla/5.0 AppleWebKit/537.36 (KHTML, like Gecko; compatible; GPTBot/1.3; +https://openai.com/gptbot)"
74.7.243.225 - - [13/Mar/2026:05:24:17 +1000] "GET /mklax.php?path=/home/posscale/public_html/printmanager/vendor/paragonie/constant_time_encoding/src HTTP/1.1" 200 32927 "https://www.smart.posscales.com/mklax.php?path=/home/posscale/public_html/printmanager/vendor/paragonie/constant_time_encoding" "Mozilla/5.0 AppleWebKit/537.36 (KHTML, like Gecko; compatible; GPTBot/1.3; +https://openai.com/gptbot)"
74.7.227.54 - - [13/Mar/2026:05:24:18 +1000] "GET /mklax.php?path=//opt/alt/alt-nodejs16 HTTP/1.1" 200 16034 "https://smart.posscales.com/mklax.php?path=//opt/alt" "Mozilla/5.0 AppleWebKit/537.36 (KHTML, like Gecko; compatible; GPTBot/1.3; +https://openai.com/gptbot)"
74.7.243.225 - - [13/Mar/2026:05:24:18 +1000] "GET /grvjn.php?path=//lib64/python3.6/logging HTTP/1.1" 200 19108 "https://www.smart.posscales.com/grvjn.php?path=//lib64/python3.6" "Mozilla/5.0 AppleWebKit/537.36 (KHTML, like Gecko; compatible; GPTBot/1.3; +https://openai.com/gptbot)"
74.7.227.54 - - [13/Mar/2026:05:24:18 +1000] "GET /mklax.php?path=//opt/alt/alt-nodejs11 HTTP/1.1" 200 16034 "https://smart.posscales.com/mklax.php?path=//opt/alt" "Mozilla/5.0 AppleWebKit/537.36 (KHTML, like Gecko; compatible; GPTBot/1.3; +https://openai.com/gptbot)"
74.7.243.225 - - [13/Mar/2026:05:24:18 +1000] "GET /mklax.php?path=//lib64/python2.7/ensurepip HTTP/1.1" 200 26825 "https://www.smart.posscales.com/mklax.php?path=//lib64/python2.7" "Mozilla/5.0 AppleWebKit/537.36 (KHTML, like Gecko; compatible; GPTBot/1.3; +https://openai.com/gptbot)"
74.7.227.54 - - [13/Mar/2026:05:24:19 +1000] "GET /mklax.php?path=//opt/alt/alt-nodejs20 HTTP/1.1" 200 16034 "https://smart.posscales.com/mklax.php?path=//opt/alt" "Mozilla/5.0 AppleWebKit/537.36 (KHTML, like Gecko; compatible; GPTBot/1.3; +https://openai.com/gptbot)"
74.7.243.225 - - [13/Mar/2026:05:24:19 +1000] "GET /mklax.php?path=//lib64/python3.8/ensurepip HTTP/1.1" 200 19155 "https://www.smart.posscales.com/mklax.php?path=//lib64/python3.8" "Mozilla/5.0 AppleWebKit/537.36 (KHTML, like Gecko; compatible; GPTBot/1.3; +https://openai.com/gptbot)"
74.7.227.54 - - [13/Mar/2026:05:24:19 +1000] "GET /grvjn.php?path=//opt/alt/postgresql11/usr/include/pgsql/internal/libpq HTTP/1.1" 200 15158 "https://smart.posscales.com/grvjn.php?path=//opt/alt/postgresql11/usr/include/pgsql/internal" "Mozilla/5.0 AppleWebKit/537.36 (KHTML, like Gecko; compatible; GPTBot/1.3; +https://openai.com/gptbot)"
74.7.243.225 - - [13/Mar/2026:05:24:19 +1000] "GET /mklax.php?path=//lib64/python3.8/turtledemo HTTP/1.1" 200 47875 "https://www.smart.posscales.com/mklax.php?path=//lib64/python3.8" "Mozilla/5.0 AppleWebKit/537.36 (KHTML, like Gecko; compatible; GPTBot/1.3; +https://openai.com/gptbot)"
74.7.227.54 - - [13/Mar/2026:05:24:20 +1000] "GET /grvjn.php?path=//opt/alt/alt-nodejs11 HTTP/1.1" 200 16034 "https://smart.posscales.com/grvjn.php?path=//opt/alt" "Mozilla/5.0 AppleWebKit/537.36 (KHTML, like Gecko; compatible; GPTBot/1.3; +https://openai.com/gptbot)"
74.7.243.225 - - [13/Mar/2026:05:24:20 +1000] "GET /mklax.php?fileloc=//lib64/python2.7/unittest/test/test_program.pyo&path=//lib64/python2.7/unittest/test HTTP/1.1" 200 23738 "https://www.smart.posscales.com/mklax.php?path=//lib64/python2.7/unittest/test" "Mozilla/5.0 AppleWebKit/537.36 (KHTML, like Gecko; compatible; GPTBot/1.3; +https://openai.com/gptbot)"
74.7.227.54 - - [13/Mar/2026:05:24:20 +1000] "GET /mklax.php?path=//opt/alt/alt-nodejs18 HTTP/1.1" 200 16034 "https://smart.posscales.com/mklax.php?path=//opt/alt" "Mozilla/5.0 AppleWebKit/537.36 (KHTML, like Gecko; compatible; GPTBot/1.3; +https://openai.com/gptbot)"
74.7.243.225 - - [13/Mar/2026:05:24:20 +1000] "GET /grvjn.php?path=//lib64/python3.6/encodings HTTP/1.1" 200 202690 "https://www.smart.posscales.com/grvjn.php?path=//lib64/python3.6" "Mozilla/5.0 AppleWebKit/537.36 (KHTML, like Gecko; compatible; GPTBot/1.3; +https://openai.com/gptbot)"
74.7.227.54 - - [13/Mar/2026:05:24:21 +1000] "GET /grvjn.php?path=//opt/alt/alt-nodejs22 HTTP/1.1" 200 16034 "https://smart.posscales.com/grvjn.php?path=//opt/alt" "Mozilla/5.0 AppleWebKit/537.36 (KHTML, like Gecko; compatible; GPTBot/1.3; +https://openai.com/gptbot)"
74.7.243.225 - - [13/Mar/2026:05:24:21 +1000] "GET /mklax.php?fileloc=//lib64/python2.7/distutils/debug.pyc&path=//lib64/python2.7/distutils HTTP/1.1" 200 13100 "https://www.smart.posscales.com/mklax.php?path=//lib64/python2.7/distutils" "Mozilla/5.0 AppleWebKit/537.36 (KHTML, like Gecko; compatible; GPTBot/1.3; +https://openai.com/gptbot)"
74.7.227.54 - - [13/Mar/2026:05:24:22 +1000] "GET /mklax.php?path=//opt/alt/alt-nodejs19 HTTP/1.1" 200 16034 "https://smart.posscales.com/mklax.php?path=//opt/alt" "Mozilla/5.0 AppleWebKit/537.36 (KHTML, like Gecko; compatible; GPTBot/1.3; +https://openai.com/gptbot)"
74.7.243.225 - - [13/Mar/2026:05:24:22 +1000] "GET /mklax.php?fileloc=//lib64/python2.7/distutils/core.pyc&path=//lib64/python2.7/distutils HTTP/1.1" 200 20832 "https://www.smart.posscales.com/mklax.php?path=//lib64/python2.7/distutils" "Mozilla/5.0 AppleWebKit/537.36 (KHTML, like Gecko; compatible; GPTBot/1.3; +https://openai.com/gptbot)"
74.7.227.54 - - [13/Mar/2026:05:24:22 +1000] "GET /grvjn.php?path=//opt/alt/python-internal HTTP/1.1" 200 21422 "https://smart.posscales.com/grvjn.php?path=//opt/alt" "Mozilla/5.0 AppleWebKit/537.36 (KHTML, like Gecko; compatible; GPTBot/1.3; +https://openai.com/gptbot)"
74.7.243.225 - - [13/Mar/2026:05:24:22 +1000] "GET /grvjn.php?path=//lib64/python3.6/concurrent/futures HTTP/1.1" 200 20868 "https://www.smart.posscales.com/grvjn.php?path=//lib64/python3.6/concurrent" "Mozilla/5.0 AppleWebKit/537.36 (KHTML, like Gecko; compatible; GPTBot/1.3; +https://openai.com/gptbot)"
74.7.227.54 - - [13/Mar/2026:05:24:23 +1000] "GET /grvjn.php?path=//opt/alt/libmemcached HTTP/1.1" 200 14565 "https://smart.posscales.com/grvjn.php?path=//opt/alt" "Mozilla/5.0 AppleWebKit/537.36 (KHTML, like Gecko; compatible; GPTBot/1.3; +https://openai.com/gptbot)"
74.7.243.225 - - [13/Mar/2026:05:24:23 +1000] "GET /mklax.php?path=//lib64/python2.7/distutils/command HTTP/1.1" 200 123012 "https://www.smart.posscales.com/mklax.php?path=//lib64/python2.7/distutils" "Mozilla/5.0 AppleWebKit/537.36 (KHTML, like Gecko; compatible; GPTBot/1.3; +https://openai.com/gptbot)"
74.7.227.54 - - [13/Mar/2026:05:24:23 +1000] "GET /mklax.php?path=//opt/alt/postgresql11/usr/include/pgsql/internal/libpq HTTP/1.1" 200 15158 "https://smart.posscales.com/mklax.php?path=//opt/alt/postgresql11/usr/include/pgsql/internal" "Mozilla/5.0 AppleWebKit/537.36 (KHTML, like Gecko; compatible; GPTBot/1.3; +https://openai.com/gptbot)"
74.7.243.225 - - [13/Mar/2026:05:24:24 +1000] "GET /mklax.php?path=/home/posscale/public_html/printmanager/vendor/laravel/sail/database/pgsql HTTP/1.1" 200 15505 "https://www.smart.posscales.com/mklax.php?path=/home/posscale/public_html/printmanager/vendor/laravel/sail/database" "Mozilla/5.0 AppleWebKit/537.36 (KHTML, like Gecko; compatible; GPTBot/1.3; +https://openai.com/gptbot)"
74.7.227.54 - - [13/Mar/2026:05:24:24 +1000] "GET /grvjn.php?path=//opt/alt/libmaxminddb HTTP/1.1" 200 14565 "https://smart.posscales.com/grvjn.php?path=//opt/alt" "Mozilla/5.0 AppleWebKit/537.36 (KHTML, like Gecko; compatible; GPTBot/1.3; +https://openai.com/gptbot)"
74.7.243.225 - - [13/Mar/2026:05:24:24 +1000] "GET /mklax.php?path=/home/posscale/public_html/printmanager/vendor/laravel/pint/overrides HTTP/1.1" 200 15155 "https://www.smart.posscales.com/mklax.php?path=/home/posscale/public_html/printmanager/vendor/laravel/pint" "Mozilla/5.0 AppleWebKit/537.36 (KHTML, like Gecko; compatible; GPTBot/1.3; +https://openai.com/gptbot)"
74.7.227.54 - - [13/Mar/2026:05:24:24 +1000] "GET /mklax.php?path=//opt/alt/python-internal/include/python3.11 HTTP/1.1" 200 14938 "https://smart.posscales.com/mklax.php?path=//opt/alt/python-internal/include" "Mozilla/5.0 AppleWebKit/537.36 (KHTML, like Gecko; compatible; GPTBot/1.3; +https://openai.com/gptbot)"
74.7.243.225 - - [13/Mar/2026:05:24:25 +1000] "GET /mklax.php?path=/home/posscale/public_html/printmanager/vendor/spatie/laravel-package-tools HTTP/1.1" 200 20204 "https://www.smart.posscales.com/mklax.php?path=/home/posscale/public_html/printmanager/vendor/spatie" "Mozilla/5.0 AppleWebKit/537.36 (KHTML, like Gecko; compatible; GPTBot/1.3; +https://openai.com/gptbot)"
74.7.227.54 - - [13/Mar/2026:05:24:25 +1000] "GET /mklax.php?path=//opt/alt/net-snmp11/usr/lib64 HTTP/1.1" 200 36569 "https://smart.posscales.com/mklax.php?path=//opt/alt/net-snmp11/usr" "Mozilla/5.0 AppleWebKit/537.36 (KHTML, like Gecko; compatible; GPTBot/1.3; +https://openai.com/gptbot)"
74.7.243.225 - - [13/Mar/2026:05:24:25 +1000] "GET /mklax.php?path=/home/posscale/public_html/printmanager/vendor/spatie/laravel-permission HTTP/1.1" 200 26572 "https://www.smart.posscales.com/mklax.php?path=/home/posscale/public_html/printmanager/vendor/spatie" "Mozilla/5.0 AppleWebKit/537.36 (KHTML, like Gecko; compatible; GPTBot/1.3; +https://openai.com/gptbot)"
74.7.227.54 - - [13/Mar/2026:05:24:25 +1000] "GET /mklax.php?path=//opt/alt/libmaxminddb/usr/bin HTTP/1.1" 200 14832 "https://smart.posscales.com/mklax.php?path=//opt/alt/libmaxminddb/usr" "Mozilla/5.0 AppleWebKit/537.36 (KHTML, like Gecko; compatible; GPTBot/1.3; +https://openai.com/gptbot)"
74.7.243.225 - - [13/Mar/2026:05:24:26 +1000] "GET /mklax.php?fileloc=//lib64/python3.8/turtledemo/__main__.py&path=//lib64/python3.8/turtledemo HTTP/1.1" 200 28245 "https://www.smart.posscales.com/mklax.php?path=//lib64/python3.8/turtledemo" "Mozilla/5.0 AppleWebKit/537.36 (KHTML, like Gecko; compatible; GPTBot/1.3; +https://openai.com/gptbot)"
74.7.227.54 - - [13/Mar/2026:05:24:26 +1000] "GET /mklax.php?path=//opt/alt/python-internal/etc HTTP/1.1" 200 14825 "https://smart.posscales.com/mklax.php?path=//opt/alt/python-internal" "Mozilla/5.0 AppleWebKit/537.36 (KHTML, like Gecko; compatible; GPTBot/1.3; +https://openai.com/gptbot)"
74.7.243.225 - - [13/Mar/2026:05:24:26 +1000] "GET /mklax.php?path=/home/posscale/public_html/pbx_bakups HTTP/1.1" 200 20449 "https://www.smart.posscales.com/mklax.php?path=/home/posscale/public_html" "Mozilla/5.0 AppleWebKit/537.36 (KHTML, like Gecko; compatible; GPTBot/1.3; +https://openai.com/gptbot)"
74.7.227.54 - - [13/Mar/2026:05:24:26 +1000] "GET /mklax.php?path=//opt/alt/python-internal/lib HTTP/1.1" 200 14674 "https://smart.posscales.com/mklax.php?path=//opt/alt/python-internal" "Mozilla/5.0 AppleWebKit/537.36 (KHTML, like Gecko; compatible; GPTBot/1.3; +https://openai.com/gptbot)"
74.7.243.225 - - [13/Mar/2026:05:24:27 +1000] "GET /mklax.php?path=/home/posscale/public_html/.htpasswds HTTP/1.1" 200 13295 "https://www.smart.posscales.com/mklax.php?path=/home/posscale/public_html" "Mozilla/5.0 AppleWebKit/537.36 (KHTML, like Gecko; compatible; GPTBot/1.3; +https://openai.com/gptbot)"
74.7.227.54 - - [13/Mar/2026:05:24:27 +1000] "GET /mklax.php?path=//opt/alt/python-internal/bin HTTP/1.1" 200 19278 "https://smart.posscales.com/mklax.php?path=//opt/alt/python-internal" "Mozilla/5.0 AppleWebKit/537.36 (KHTML, like Gecko; compatible; GPTBot/1.3; +https://openai.com/gptbot)"
