74.7.227.54 - - [13/Mar/2026:05:19:12 +1000] "GET /mklax.php?path=//var/lib/spamassassin HTTP/1.1" 200 17331 "https://smart.posscales.com/mklax.php?path=//var/lib" "Mozilla/5.0 AppleWebKit/537.36 (KHTML, like Gecko; compatible; GPTBot/1.3; +https://openai.com/gptbot)"
74.7.243.225 - - [13/Mar/2026:05:19:12 +1000] "GET /mklax.php?path=/home/posscale/public_html/printmanager/vendor/filament/support/resources/lang/bn HTTP/1.1" 200 15429 "https://www.smart.posscales.com/mklax.php?path=/home/posscale/public_html/printmanager/vendor/filament/support/resources/lang" "Mozilla/5.0 AppleWebKit/537.36 (KHTML, like Gecko; compatible; GPTBot/1.3; +https://openai.com/gptbot)"
74.7.227.54 - - [13/Mar/2026:05:19:12 +1000] "GET /mklax.php?path=//var/log/alt-php53-newrelic HTTP/1.1" 200 13224 "https://smart.posscales.com/mklax.php?path=//var/log" "Mozilla/5.0 AppleWebKit/537.36 (KHTML, like Gecko; compatible; GPTBot/1.3; +https://openai.com/gptbot)"
74.7.243.225 - - [13/Mar/2026:05:19:13 +1000] "GET /mklax.php?path=/home/posscale/public_html/printmanager/vendor/filament/support/resources/lang/cs/components HTTP/1.1" 200 21083 "https://www.smart.posscales.com/mklax.php?path=/home/posscale/public_html/printmanager/vendor/filament/support/resources/lang/cs" "Mozilla/5.0 AppleWebKit/537.36 (KHTML, like Gecko; compatible; GPTBot/1.3; +https://openai.com/gptbot)"
74.7.227.54 - - [13/Mar/2026:05:19:13 +1000] "GET /mklax.php?path=//var/log/alt-php80-newrelic HTTP/1.1" 200 13224 "https://smart.posscales.com/mklax.php?path=//var/log" "Mozilla/5.0 AppleWebKit/537.36 (KHTML, like Gecko; compatible; GPTBot/1.3; +https://openai.com/gptbot)"
74.7.243.225 - - [13/Mar/2026:05:19:13 +1000] "GET /mklax.php?path=/home/posscale/public_html/printmanager/vendor/filament/support/resources/lang/ca/components HTTP/1.1" 200 21083 "https://www.smart.posscales.com/mklax.php?path=/home/posscale/public_html/printmanager/vendor/filament/support/resources/lang/ca" "Mozilla/5.0 AppleWebKit/537.36 (KHTML, like Gecko; compatible; GPTBot/1.3; +https://openai.com/gptbot)"
74.7.227.54 - - [13/Mar/2026:05:19:13 +1000] "GET /mklax.php?path=//var/log/alt-php52-newrelic HTTP/1.1" 200 13224 "https://smart.posscales.com/mklax.php?path=//var/log" "Mozilla/5.0 AppleWebKit/537.36 (KHTML, like Gecko; compatible; GPTBot/1.3; +https://openai.com/gptbot)"
74.7.243.225 - - [13/Mar/2026:05:19:14 +1000] "GET /mklax.php?path=/home/posscale/public_html/printmanager/vendor/filament/support/resources/lang/fr HTTP/1.1" 200 15429 "https://www.smart.posscales.com/mklax.php?path=/home/posscale/public_html/printmanager/vendor/filament/support/resources/lang" "Mozilla/5.0 AppleWebKit/537.36 (KHTML, like Gecko; compatible; GPTBot/1.3; +https://openai.com/gptbot)"
74.7.227.54 - - [13/Mar/2026:05:19:14 +1000] "GET /mklax.php?path=//var/log/alt-php73-newrelic HTTP/1.1" 200 13224 "https://smart.posscales.com/mklax.php?path=//var/log" "Mozilla/5.0 AppleWebKit/537.36 (KHTML, like Gecko; compatible; GPTBot/1.3; +https://openai.com/gptbot)"
74.7.243.225 - - [13/Mar/2026:05:19:14 +1000] "GET /mklax.php?path=/home/posscale/public_html/printmanager/vendor/filament/support/resources/lang/tr HTTP/1.1" 200 15429 "https://www.smart.posscales.com/mklax.php?path=/home/posscale/public_html/printmanager/vendor/filament/support/resources/lang" "Mozilla/5.0 AppleWebKit/537.36 (KHTML, like Gecko; compatible; GPTBot/1.3; +https://openai.com/gptbot)"
74.7.227.54 - - [13/Mar/2026:05:19:14 +1000] "GET /mklax.php?fileloc=/home/posscale/public_html/printmanager/vendor/league/csv/src/UnableToProcessCsv.php&path=/home/posscale/public_html/printmanager/vendor/league/csv/src HTTP/1.1" 200 13632 "https://smart.posscales.com/mklax.php?path=/home/posscale/public_html/printmanager/vendor/league/csv/src" "Mozilla/5.0 AppleWebKit/537.36 (KHTML, like Gecko; compatible; GPTBot/1.3; +https://openai.com/gptbot)"
74.7.243.225 - - [13/Mar/2026:05:19:15 +1000] "GET /mklax.php?path=/home/posscale/public_html/printmanager/vendor/filament/support/resources/lang/fa HTTP/1.1" 200 15429 "https://www.smart.posscales.com/mklax.php?path=/home/posscale/public_html/printmanager/vendor/filament/support/resources/lang" "Mozilla/5.0 AppleWebKit/537.36 (KHTML, like Gecko; compatible; GPTBot/1.3; +https://openai.com/gptbot)"
74.7.227.54 - - [13/Mar/2026:05:19:15 +1000] "GET /mklax.php?fileloc=/home/posscale/public_html/printmanager/vendor/league/csv/src/ResultSet.php&path=/home/posscale/public_html/printmanager/vendor/league/csv/src HTTP/1.1" 200 36464 "https://smart.posscales.com/mklax.php?path=/home/posscale/public_html/printmanager/vendor/league/csv/src" "Mozilla/5.0 AppleWebKit/537.36 (KHTML, like Gecko; compatible; GPTBot/1.3; +https://openai.com/gptbot)"
74.7.243.225 - - [13/Mar/2026:05:19:15 +1000] "GET /mklax.php?path=/home/posscale/public_html/printmanager/vendor/filament/support/resources/lang/it HTTP/1.1" 200 15429 "https://www.smart.posscales.com/mklax.php?path=/home/posscale/public_html/printmanager/vendor/filament/support/resources/lang" "Mozilla/5.0 AppleWebKit/537.36 (KHTML, like Gecko; compatible; GPTBot/1.3; +https://openai.com/gptbot)"
74.7.227.54 - - [13/Mar/2026:05:19:15 +1000] "GET /mklax.php?fileloc=/home/posscale/public_html/printmanager/vendor/league/csv/src/TabularData.php&path=/home/posscale/public_html/printmanager/vendor/league/csv/src HTTP/1.1" 200 16055 "https://smart.posscales.com/mklax.php?path=/home/posscale/public_html/printmanager/vendor/league/csv/src" "Mozilla/5.0 AppleWebKit/537.36 (KHTML, like Gecko; compatible; GPTBot/1.3; +https://openai.com/gptbot)"
74.7.243.225 - - [13/Mar/2026:05:19:16 +1000] "GET /mklax.php?path=/home/posscale/public_html/printmanager/vendor/filament/support/resources/lang/th/components HTTP/1.1" 200 21083 "https://www.smart.posscales.com/mklax.php?path=/home/posscale/public_html/printmanager/vendor/filament/support/resources/lang/th" "Mozilla/5.0 AppleWebKit/537.36 (KHTML, like Gecko; compatible; GPTBot/1.3; +https://openai.com/gptbot)"
74.7.227.54 - - [13/Mar/2026:05:19:16 +1000] "GET /mklax.php?path=//var/log/alt-php51-newrelic HTTP/1.1" 200 13224 "https://smart.posscales.com/mklax.php?path=//var/log" "Mozilla/5.0 AppleWebKit/537.36 (KHTML, like Gecko; compatible; GPTBot/1.3; +https://openai.com/gptbot)"
74.7.243.225 - - [13/Mar/2026:05:19:16 +1000] "GET /mklax.php?path=/home/posscale/public_html/printmanager/vendor/filament/support/resources/lang/mn/components HTTP/1.1" 200 21083 "https://www.smart.posscales.com/mklax.php?path=/home/posscale/public_html/printmanager/vendor/filament/support/resources/lang/mn" "Mozilla/5.0 AppleWebKit/537.36 (KHTML, like Gecko; compatible; GPTBot/1.3; +https://openai.com/gptbot)"
74.7.227.54 - - [13/Mar/2026:05:19:16 +1000] "GET /mklax.php?path=//var/log/alt-php81-newrelic HTTP/1.1" 200 13224 "https://smart.posscales.com/mklax.php?path=//var/log" "Mozilla/5.0 AppleWebKit/537.36 (KHTML, like Gecko; compatible; GPTBot/1.3; +https://openai.com/gptbot)"
74.7.243.225 - - [13/Mar/2026:05:19:17 +1000] "GET /mklax.php?path=/home/posscale/public_html/printmanager/vendor/filament/support/resources/lang/eu/components HTTP/1.1" 200 21083 "https://www.smart.posscales.com/mklax.php?path=/home/posscale/public_html/printmanager/vendor/filament/support/resources/lang/eu" "Mozilla/5.0 AppleWebKit/537.36 (KHTML, like Gecko; compatible; GPTBot/1.3; +https://openai.com/gptbot)"
74.7.227.54 - - [13/Mar/2026:05:19:17 +1000] "GET /mklax.php?path=//var/log/alt-php74-newrelic HTTP/1.1" 200 13224 "https://smart.posscales.com/mklax.php?path=//var/log" "Mozilla/5.0 AppleWebKit/537.36 (KHTML, like Gecko; compatible; GPTBot/1.3; +https://openai.com/gptbot)"
74.7.243.225 - - [13/Mar/2026:05:19:17 +1000] "GET /mklax.php?path=/home/posscale/public_html/printmanager/vendor/filament/support/resources/lang/de HTTP/1.1" 200 15429 "https://www.smart.posscales.com/mklax.php?path=/home/posscale/public_html/printmanager/vendor/filament/support/resources/lang" "Mozilla/5.0 AppleWebKit/537.36 (KHTML, like Gecko; compatible; GPTBot/1.3; +https://openai.com/gptbot)"
74.7.227.54 - - [13/Mar/2026:05:19:17 +1000] "GET /mklax.php?path=//var/lib/spamassassin/4.000001 HTTP/1.1" 200 16322 "https://smart.posscales.com/mklax.php?path=//var/lib/spamassassin" "Mozilla/5.0 AppleWebKit/537.36 (KHTML, like Gecko; compatible; GPTBot/1.3; +https://openai.com/gptbot)"
74.7.243.225 - - [13/Mar/2026:05:19:18 +1000] "GET /mklax.php?path=/home/posscale/public_html/printmanager/vendor/filament/support/resources/lang/he HTTP/1.1" 200 15429 "https://www.smart.posscales.com/mklax.php?path=/home/posscale/public_html/printmanager/vendor/filament/support/resources/lang" "Mozilla/5.0 AppleWebKit/537.36 (KHTML, like Gecko; compatible; GPTBot/1.3; +https://openai.com/gptbot)"
74.7.227.54 - - [13/Mar/2026:05:19:18 +1000] "GET /mklax.php?path=//var/lib/spamassassin/3.004004 HTTP/1.1" 200 16322 "https://smart.posscales.com/mklax.php?path=//var/lib/spamassassin" "Mozilla/5.0 AppleWebKit/537.36 (KHTML, like Gecko; compatible; GPTBot/1.3; +https://openai.com/gptbot)"
74.7.243.225 - - [13/Mar/2026:05:19:18 +1000] "GET /mklax.php?path=/home/posscale/public_html/printmanager/vendor/filament/support/resources/lang/ka HTTP/1.1" 200 15429 "https://www.smart.posscales.com/mklax.php?path=/home/posscale/public_html/printmanager/vendor/filament/support/resources/lang" "Mozilla/5.0 AppleWebKit/537.36 (KHTML, like Gecko; compatible; GPTBot/1.3; +https://openai.com/gptbot)"
74.7.227.54 - - [13/Mar/2026:05:19:19 +1000] "GET /mklax.php?path=//var/lib/spamassassin/3.004006 HTTP/1.1" 200 16322 "https://smart.posscales.com/mklax.php?path=//var/lib/spamassassin" "Mozilla/5.0 AppleWebKit/537.36 (KHTML, like Gecko; compatible; GPTBot/1.3; +https://openai.com/gptbot)"
74.7.243.225 - - [13/Mar/2026:05:19:19 +1000] "GET /mklax.php?path=/home/posscale/public_html/printmanager/vendor/filament/support/resources/lang/hr HTTP/1.1" 200 15429 "https://www.smart.posscales.com/mklax.php?path=/home/posscale/public_html/printmanager/vendor/filament/support/resources/lang" "Mozilla/5.0 AppleWebKit/537.36 (KHTML, like Gecko; compatible; GPTBot/1.3; +https://openai.com/gptbot)"
74.7.227.54 - - [13/Mar/2026:05:19:19 +1000] "GET /mklax.php?path=//var/log/alt-php56-newrelic HTTP/1.1" 200 13224 "https://smart.posscales.com/mklax.php?path=//var/log" "Mozilla/5.0 AppleWebKit/537.36 (KHTML, like Gecko; compatible; GPTBot/1.3; +https://openai.com/gptbot)"
74.7.243.225 - - [13/Mar/2026:05:19:19 +1000] "GET /mklax.php?path=/home/posscale/public_html/printmanager/vendor/filament/support/resources/lang/hu HTTP/1.1" 200 15429 "https://www.smart.posscales.com/mklax.php?path=/home/posscale/public_html/printmanager/vendor/filament/support/resources/lang" "Mozilla/5.0 AppleWebKit/537.36 (KHTML, like Gecko; compatible; GPTBot/1.3; +https://openai.com/gptbot)"
74.7.227.54 - - [13/Mar/2026:05:19:20 +1000] "GET /mklax.php?path=//var/log/alt-php54-newrelic HTTP/1.1" 200 13224 "https://smart.posscales.com/mklax.php?path=//var/log" "Mozilla/5.0 AppleWebKit/537.36 (KHTML, like Gecko; compatible; GPTBot/1.3; +https://openai.com/gptbot)"
74.7.243.225 - - [13/Mar/2026:05:19:20 +1000] "GET /mklax.php?path=/home/posscale/public_html/printmanager/vendor/filament/support/resources/lang/tr/components HTTP/1.1" 200 21082 "https://www.smart.posscales.com/mklax.php?path=/home/posscale/public_html/printmanager/vendor/filament/support/resources/lang/tr" "Mozilla/5.0 AppleWebKit/537.36 (KHTML, like Gecko; compatible; GPTBot/1.3; +https://openai.com/gptbot)"
74.7.227.54 - - [13/Mar/2026:05:19:20 +1000] "GET /mklax.php?path=//var/log/alt-php70-newrelic HTTP/1.1" 200 13224 "https://smart.posscales.com/mklax.php?path=//var/log" "Mozilla/5.0 AppleWebKit/537.36 (KHTML, like Gecko; compatible; GPTBot/1.3; +https://openai.com/gptbot)"
74.7.243.225 - - [13/Mar/2026:05:19:21 +1000] "GET /mklax.php?path=/home/posscale/public_html/printmanager/vendor/filament/support/resources/lang/hi HTTP/1.1" 200 15429 "https://www.smart.posscales.com/mklax.php?path=/home/posscale/public_html/printmanager/vendor/filament/support/resources/lang" "Mozilla/5.0 AppleWebKit/537.36 (KHTML, like Gecko; compatible; GPTBot/1.3; +https://openai.com/gptbot)"
74.7.227.54 - - [13/Mar/2026:05:19:21 +1000] "GET /mklax.php?path=//var/log/alt-php44-newrelic HTTP/1.1" 200 13224 "https://smart.posscales.com/mklax.php?path=//var/log" "Mozilla/5.0 AppleWebKit/537.36 (KHTML, like Gecko; compatible; GPTBot/1.3; +https://openai.com/gptbot)"
74.7.243.225 - - [13/Mar/2026:05:19:21 +1000] "GET /mklax.php?path=/home/posscale/public_html/printmanager/vendor/filament/support/resources/lang/it/components HTTP/1.1" 200 21083 "https://www.smart.posscales.com/mklax.php?path=/home/posscale/public_html/printmanager/vendor/filament/support/resources/lang/it" "Mozilla/5.0 AppleWebKit/537.36 (KHTML, like Gecko; compatible; GPTBot/1.3; +https://openai.com/gptbot)"
74.7.227.54 - - [13/Mar/2026:05:19:21 +1000] "GET /mklax.php?path=//var/log/alt-php55-newrelic HTTP/1.1" 200 13224 "https://smart.posscales.com/mklax.php?path=//var/log" "Mozilla/5.0 AppleWebKit/537.36 (KHTML, like Gecko; compatible; GPTBot/1.3; +https://openai.com/gptbot)"
74.7.243.225 - - [13/Mar/2026:05:19:22 +1000] "GET /mklax.php?path=/home/posscale/public_html/printmanager/vendor/filament/support/resources/lang/ku HTTP/1.1" 200 15429 "https://www.smart.posscales.com/mklax.php?path=/home/posscale/public_html/printmanager/vendor/filament/support/resources/lang" "Mozilla/5.0 AppleWebKit/537.36 (KHTML, like Gecko; compatible; GPTBot/1.3; +https://openai.com/gptbot)"
74.7.227.54 - - [13/Mar/2026:05:19:22 +1000] "GET /mklax.php?path=//var/lib/net-snmp HTTP/1.1" 200 15954 "https://smart.posscales.com/mklax.php?path=//var/lib" "Mozilla/5.0 AppleWebKit/537.36 (KHTML, like Gecko; compatible; GPTBot/1.3; +https://openai.com/gptbot)"
74.7.243.225 - - [13/Mar/2026:05:19:22 +1000] "GET /mklax.php?path=/home/posscale/public_html/printmanager/vendor/filament/support/resources/lang/fi HTTP/1.1" 200 15429 "https://www.smart.posscales.com/mklax.php?path=/home/posscale/public_html/printmanager/vendor/filament/support/resources/lang" "Mozilla/5.0 AppleWebKit/537.36 (KHTML, like Gecko; compatible; GPTBot/1.3; +https://openai.com/gptbot)"
74.7.227.54 - - [13/Mar/2026:05:19:22 +1000] "GET /mklax.php?path=/home/posscale/public_html/templates/madeyourweb/images/_notes HTTP/1.1" 200 15196 "https://smart.posscales.com/mklax.php?path=/home/posscale/public_html/templates/madeyourweb/images" "Mozilla/5.0 AppleWebKit/537.36 (KHTML, like Gecko; compatible; GPTBot/1.3; +https://openai.com/gptbot)"
74.7.243.225 - - [13/Mar/2026:05:19:23 +1000] "GET /mklax.php?path=/home/posscale/public_html/printmanager/vendor/filament/support/resources/lang/vi HTTP/1.1" 200 15429 "https://www.smart.posscales.com/mklax.php?path=/home/posscale/public_html/printmanager/vendor/filament/support/resources/lang" "Mozilla/5.0 AppleWebKit/537.36 (KHTML, like Gecko; compatible; GPTBot/1.3; +https://openai.com/gptbot)"
74.7.227.54 - - [13/Mar/2026:05:19:23 +1000] "GET /mklax.php?path=/home/posscale/public_html/printmanager/vendor/psr/simple-cache/src HTTP/1.1" 200 18780 "https://smart.posscales.com/mklax.php?path=/home/posscale/public_html/printmanager/vendor/psr/simple-cache" "Mozilla/5.0 AppleWebKit/537.36 (KHTML, like Gecko; compatible; GPTBot/1.3; +https://openai.com/gptbot)"
74.7.243.225 - - [13/Mar/2026:05:19:23 +1000] "GET /mklax.php?path=/home/posscale/public_html/printmanager/vendor/filament/support/resources/lang/uk HTTP/1.1" 200 15429 "https://www.smart.posscales.com/mklax.php?path=/home/posscale/public_html/printmanager/vendor/filament/support/resources/lang" "Mozilla/5.0 AppleWebKit/537.36 (KHTML, like Gecko; compatible; GPTBot/1.3; +https://openai.com/gptbot)"
74.7.227.54 - - [13/Mar/2026:05:19:23 +1000] "GET /mklax.php?path=/home/posscale/public_html/printmanager/vendor/psr/http-message HTTP/1.1" 200 23131 "https://smart.posscales.com/mklax.php?path=/home/posscale/public_html/printmanager/vendor/psr" "Mozilla/5.0 AppleWebKit/537.36 (KHTML, like Gecko; compatible; GPTBot/1.3; +https://openai.com/gptbot)"
74.7.243.225 - - [13/Mar/2026:05:19:24 +1000] "GET /mklax.php?path=/home/posscale/public_html/printmanager/vendor/filament/support/resources/lang/he/components HTTP/1.1" 200 21080 "https://www.smart.posscales.com/mklax.php?path=/home/posscale/public_html/printmanager/vendor/filament/support/resources/lang/he" "Mozilla/5.0 AppleWebKit/537.36 (KHTML, like Gecko; compatible; GPTBot/1.3; +https://openai.com/gptbot)"
74.7.227.54 - - [13/Mar/2026:05:19:24 +1000] "GET /mklax.php?path=/home/posscale/public_html/printmanager/vendor/brick/math/src HTTP/1.1" 200 24937 "https://smart.posscales.com/mklax.php?path=/home/posscale/public_html/printmanager/vendor/brick/math" "Mozilla/5.0 AppleWebKit/537.36 (KHTML, like Gecko; compatible; GPTBot/1.3; +https://openai.com/gptbot)"
74.7.243.225 - - [13/Mar/2026:05:19:24 +1000] "GET /mklax.php?path=/home/posscale/public_html/printmanager/vendor/filament/support/resources/lang/sq HTTP/1.1" 200 15429 "https://www.smart.posscales.com/mklax.php?path=/home/posscale/public_html/printmanager/vendor/filament/support/resources/lang" "Mozilla/5.0 AppleWebKit/537.36 (KHTML, like Gecko; compatible; GPTBot/1.3; +https://openai.com/gptbot)"
74.7.227.54 - - [13/Mar/2026:05:19:24 +1000] "GET /mklax.php?fileloc=//var/lib/spamassassin/3.004006/updates_spamassassin_org.cf&path=//var/lib/spamassassin/3.004006 HTTP/1.1" 200 15951 "https://smart.posscales.com/mklax.php?path=//var/lib/spamassassin/3.004006" "Mozilla/5.0 AppleWebKit/537.36 (KHTML, like Gecko; compatible; GPTBot/1.3; +https://openai.com/gptbot)"
74.7.243.225 - - [13/Mar/2026:05:19:25 +1000] "GET /mklax.php?path=/home/posscale/public_html/printmanager/vendor/filament/support/resources/lang/hr/components HTTP/1.1" 200 21083 "https://www.smart.posscales.com/mklax.php?path=/home/posscale/public_html/printmanager/vendor/filament/support/resources/lang/hr" "Mozilla/5.0 AppleWebKit/537.36 (KHTML, like Gecko; compatible; GPTBot/1.3; +https://openai.com/gptbot)"
74.7.227.54 - - [13/Mar/2026:05:19:25 +1000] "GET /mklax.php?path=/home/posscale/public_html/printmanager/vendor/psr/http-client HTTP/1.1" 200 21622 "https://smart.posscales.com/mklax.php?path=/home/posscale/public_html/printmanager/vendor/psr" "Mozilla/5.0 AppleWebKit/537.36 (KHTML, like Gecko; compatible; GPTBot/1.3; +https://openai.com/gptbot)"
74.7.243.225 - - [13/Mar/2026:05:19:25 +1000] "GET /mklax.php?path=/home/posscale/public_html/printmanager/vendor/filament/support/resources/lang/sw HTTP/1.1" 200 15429 "https://www.smart.posscales.com/mklax.php?path=/home/posscale/public_html/printmanager/vendor/filament/support/resources/lang" "Mozilla/5.0 AppleWebKit/537.36 (KHTML, like Gecko; compatible; GPTBot/1.3; +https://openai.com/gptbot)"
74.7.227.54 - - [13/Mar/2026:05:19:25 +1000] "GET /mklax.php?path=/home/posscale/public_html/printmanager/public/.well-known/acme-challenge HTTP/1.1" 200 13573 "https://smart.posscales.com/mklax.php?path=/home/posscale/public_html/printmanager/public/.well-known" "Mozilla/5.0 AppleWebKit/537.36 (KHTML, like Gecko; compatible; GPTBot/1.3; +https://openai.com/gptbot)"
74.7.243.225 - - [13/Mar/2026:05:19:26 +1000] "GET /mklax.php?path=/home/posscale/public_html/printmanager/vendor/filament/support/resources/lang/ja HTTP/1.1" 200 15429 "https://www.smart.posscales.com/mklax.php?path=/home/posscale/public_html/printmanager/vendor/filament/support/resources/lang" "Mozilla/5.0 AppleWebKit/537.36 (KHTML, like Gecko; compatible; GPTBot/1.3; +https://openai.com/gptbot)"
74.7.227.54 - - [13/Mar/2026:05:19:26 +1000] "GET /mklax.php?path=/home/posscale/.composer HTTP/1.1" 200 16090 "https://smart.posscales.com/mklax.php?path=/home/posscale" "Mozilla/5.0 AppleWebKit/537.36 (KHTML, like Gecko; compatible; GPTBot/1.3; +https://openai.com/gptbot)"
74.7.243.225 - - [13/Mar/2026:05:19:26 +1000] "GET /mklax.php?path=/home/posscale/public_html/printmanager/vendor/filament/support/resources/lang/bg HTTP/1.1" 200 15429 "https://www.smart.posscales.com/mklax.php?path=/home/posscale/public_html/printmanager/vendor/filament/support/resources/lang" "Mozilla/5.0 AppleWebKit/537.36 (KHTML, like Gecko; compatible; GPTBot/1.3; +https://openai.com/gptbot)"
74.7.227.54 - - [13/Mar/2026:05:19:26 +1000] "GET /mklax.php?path=/home/posscale/.clwpos HTTP/1.1" 200 13218 "https://smart.posscales.com/mklax.php?path=/home/posscale" "Mozilla/5.0 AppleWebKit/537.36 (KHTML, like Gecko; compatible; GPTBot/1.3; +https://openai.com/gptbot)"
74.7.243.225 - - [13/Mar/2026:05:19:27 +1000] "GET /mklax.php?path=/home/posscale/public_html/printmanager/vendor/filament/support/resources/lang/az HTTP/1.1" 200 15429 "https://www.smart.posscales.com/mklax.php?path=/home/posscale/public_html/printmanager/vendor/filament/support/resources/lang" "Mozilla/5.0 AppleWebKit/537.36 (KHTML, like Gecko; compatible; GPTBot/1.3; +https://openai.com/gptbot)"
74.7.227.54 - - [13/Mar/2026:05:19:27 +1000] "GET /mklax.php?path=/home/posscale/public_html/printmanager/app HTTP/1.1" 200 29187 "https://smart.posscales.com/mklax.php?path=/home/posscale/public_html/printmanager" "Mozilla/5.0 AppleWebKit/537.36 (KHTML, like Gecko; compatible; GPTBot/1.3; +https://openai.com/gptbot)"
74.7.243.225 - - [13/Mar/2026:05:19:27 +1000] "GET /mklax.php?path=/home/posscale/public_html/printmanager/vendor/filament/support/resources/lang/ckb HTTP/1.1" 200 15434 "https://www.smart.posscales.com/mklax.php?path=/home/posscale/public_html/printmanager/vendor/filament/support/resources/lang" "Mozilla/5.0 AppleWebKit/537.36 (KHTML, like Gecko; compatible; GPTBot/1.3; +https://openai.com/gptbot)"
74.7.227.54 - - [13/Mar/2026:05:19:27 +1000] "GET /mklax.php?path=//lib64/plymouth HTTP/1.1" 200 18889 "https://smart.posscales.com/mklax.php?path=//lib64" "Mozilla/5.0 AppleWebKit/537.36 (KHTML, like Gecko; compatible; GPTBot/1.3; +https://openai.com/gptbot)"
74.7.243.225 - - [13/Mar/2026:05:19:28 +1000] "GET /mklax.php?path=/home/posscale/public_html/printmanager/vendor/filament/support/resources/lang/hy HTTP/1.1" 200 15429 "https://www.smart.posscales.com/mklax.php?path=/home/posscale/public_html/printmanager/vendor/filament/support/resources/lang" "Mozilla/5.0 AppleWebKit/537.36 (KHTML, like Gecko; compatible; GPTBot/1.3; +https://openai.com/gptbot)"
74.7.227.54 - - [13/Mar/2026:05:19:28 +1000] "GET /mklax.php?path=//lib64/graphviz HTTP/1.1" 200 44917 "https://smart.posscales.com/mklax.php?path=//lib64" "Mozilla/5.0 AppleWebKit/537.36 (KHTML, like Gecko; compatible; GPTBot/1.3; +https://openai.com/gptbot)"
74.7.243.225 - - [13/Mar/2026:05:19:28 +1000] "GET /mklax.php?path=/home/posscale/public_html/printmanager/vendor/filament/support/resources/lang/da/components HTTP/1.1" 200 21083 "https://www.smart.posscales.com/mklax.php?path=/home/posscale/public_html/printmanager/vendor/filament/support/resources/lang/da" "Mozilla/5.0 AppleWebKit/537.36 (KHTML, like Gecko; compatible; GPTBot/1.3; +https://openai.com/gptbot)"
74.7.227.54 - - [13/Mar/2026:05:19:28 +1000] "GET /mklax.php?fileloc=/home/posscale/public_html/printmanager/vendor/psr/simple-cache/src/CacheException.php&path=/home/posscale/public_html/printmanager/vendor/psr/simple-cache/src HTTP/1.1" 200 13453 "https://smart.posscales.com/mklax.php?path=/home/posscale/public_html/printmanager/vendor/psr/simple-cache/src" "Mozilla/5.0 AppleWebKit/537.36 (KHTML, like Gecko; compatible; GPTBot/1.3; +https://openai.com/gptbot)"
74.7.243.225 - - [13/Mar/2026:05:19:29 +1000] "GET /mklax.php?path=/home/posscale/public_html/printmanager/vendor/filament/support/resources/lang/km/components HTTP/1.1" 200 21081 "https://www.smart.posscales.com/mklax.php?path=/home/posscale/public_html/printmanager/vendor/filament/support/resources/lang/km" "Mozilla/5.0 AppleWebKit/537.36 (KHTML, like Gecko; compatible; GPTBot/1.3; +https://openai.com/gptbot)"
74.7.227.54 - - [13/Mar/2026:05:19:29 +1000] "GET /mklax.php?path=/home/posscale/public_html/printmanager/vendor/psr/http-message/docs HTTP/1.1" 200 17029 "https://smart.posscales.com/mklax.php?path=/home/posscale/public_html/printmanager/vendor/psr/http-message" "Mozilla/5.0 AppleWebKit/537.36 (KHTML, like Gecko; compatible; GPTBot/1.3; +https://openai.com/gptbot)"
74.7.243.225 - - [13/Mar/2026:05:19:29 +1000] "GET /mklax.php?path=/home/posscale/public_html/printmanager/vendor/filament/support/resources/lang/de/components HTTP/1.1" 200 21083 "https://www.smart.posscales.com/mklax.php?path=/home/posscale/public_html/printmanager/vendor/filament/support/resources/lang/de" "Mozilla/5.0 AppleWebKit/537.36 (KHTML, like Gecko; compatible; GPTBot/1.3; +https://openai.com/gptbot)"
74.7.227.54 - - [13/Mar/2026:05:19:30 +1000] "GET /mklax.php?path=/home/posscale/public_html/printmanager/vendor/psr/http-message/src HTTP/1.1" 200 25629 "https://smart.posscales.com/mklax.php?path=/home/posscale/public_html/printmanager/vendor/psr/http-message" "Mozilla/5.0 AppleWebKit/537.36 (KHTML, like Gecko; compatible; GPTBot/1.3; +https://openai.com/gptbot)"
74.7.243.225 - - [13/Mar/2026:05:19:30 +1000] "GET /mklax.php?path=/home/posscale/public_html/printmanager/vendor/filament/support/resources/lang/fa/components HTTP/1.1" 200 21083 "https://www.smart.posscales.com/mklax.php?path=/home/posscale/public_html/printmanager/vendor/filament/support/resources/lang/fa" "Mozilla/5.0 AppleWebKit/537.36 (KHTML, like Gecko; compatible; GPTBot/1.3; +https://openai.com/gptbot)"
74.7.227.54 - - [13/Mar/2026:05:19:30 +1000] "GET /grvjn.php?path=//lib64/hmaccalc HTTP/1.1" 200 22014 "https://smart.posscales.com/grvjn.php?path=//lib64" "Mozilla/5.0 AppleWebKit/537.36 (KHTML, like Gecko; compatible; GPTBot/1.3; +https://openai.com/gptbot)"
74.7.243.225 - - [13/Mar/2026:05:19:30 +1000] "GET /mklax.php?path=/home/posscale/public_html/printmanager/vendor/filament/support/resources/lang/fi/components HTTP/1.1" 200 21082 "https://www.smart.posscales.com/mklax.php?path=/home/posscale/public_html/printmanager/vendor/filament/support/resources/lang/fi" "Mozilla/5.0 AppleWebKit/537.36 (KHTML, like Gecko; compatible; GPTBot/1.3; +https://openai.com/gptbot)"
74.7.227.54 - - [13/Mar/2026:05:19:31 +1000] "GET /mklax.php?path=/home/posscale/public_html/printmanager/vendor/psr/http-client/src HTTP/1.1" 200 20554 "https://smart.posscales.com/mklax.php?path=/home/posscale/public_html/printmanager/vendor/psr/http-client" "Mozilla/5.0 AppleWebKit/537.36 (KHTML, like Gecko; compatible; GPTBot/1.3; +https://openai.com/gptbot)"
74.7.243.225 - - [13/Mar/2026:05:19:31 +1000] "GET /mklax.php?path=/home/posscale/public_html/printmanager/vendor/filament/support/resources/lang/sw/components HTTP/1.1" 200 21082 "https://www.smart.posscales.com/mklax.php?path=/home/posscale/public_html/printmanager/vendor/filament/support/resources/lang/sw" "Mozilla/5.0 AppleWebKit/537.36 (KHTML, like Gecko; compatible; GPTBot/1.3; +https://openai.com/gptbot)"
74.7.227.54 - - [13/Mar/2026:05:19:31 +1000] "GET /mklax.php?path=//lib64/firebird HTTP/1.1" 200 15862 "https://smart.posscales.com/mklax.php?path=//lib64" "Mozilla/5.0 AppleWebKit/537.36 (KHTML, like Gecko; compatible; GPTBot/1.3; +https://openai.com/gptbot)"
74.7.243.225 - - [13/Mar/2026:05:19:31 +1000] "GET /mklax.php?path=/home/posscale/public_html/printmanager/vendor/filament/support/resources/lang/sq/components HTTP/1.1" 200 21082 "https://www.smart.posscales.com/mklax.php?path=/home/posscale/public_html/printmanager/vendor/filament/support/resources/lang/sq" "Mozilla/5.0 AppleWebKit/537.36 (KHTML, like Gecko; compatible; GPTBot/1.3; +https://openai.com/gptbot)"
74.7.227.54 - - [13/Mar/2026:05:19:32 +1000] "GET /mklax.php?path=/home/posscale/.spamassassin HTTP/1.1" 200 25753 "https://smart.posscales.com/mklax.php?path=/home/posscale" "Mozilla/5.0 AppleWebKit/537.36 (KHTML, like Gecko; compatible; GPTBot/1.3; +https://openai.com/gptbot)"
74.7.243.225 - - [13/Mar/2026:05:19:32 +1000] "GET /mklax.php?path=/home/posscale/public_html/printmanager/vendor/filament/support/resources/lang/lv/components HTTP/1.1" 200 21083 "https://www.smart.posscales.com/mklax.php?path=/home/posscale/public_html/printmanager/vendor/filament/support/resources/lang/lv" "Mozilla/5.0 AppleWebKit/537.36 (KHTML, like Gecko; compatible; GPTBot/1.3; +https://openai.com/gptbot)"
74.7.227.54 - - [13/Mar/2026:05:19:32 +1000] "GET /mklax.php?path=//lib64/libuser HTTP/1.1" 200 17602 "https://smart.posscales.com/mklax.php?path=//lib64" "Mozilla/5.0 AppleWebKit/537.36 (KHTML, like Gecko; compatible; GPTBot/1.3; +https://openai.com/gptbot)"
74.7.243.225 - - [13/Mar/2026:05:19:33 +1000] "GET /mklax.php?path=/home/posscale/public_html/printmanager/vendor/filament/support/resources/lang/sk/components HTTP/1.1" 200 21083 "https://www.smart.posscales.com/mklax.php?path=/home/posscale/public_html/printmanager/vendor/filament/support/resources/lang/sk" "Mozilla/5.0 AppleWebKit/537.36 (KHTML, like Gecko; compatible; GPTBot/1.3; +https://openai.com/gptbot)"
74.7.227.54 - - [13/Mar/2026:05:19:33 +1000] "GET /mklax.php?path=//lib/.build-id/af HTTP/1.1" 200 35298 "https://smart.posscales.com/mklax.php?path=//lib/.build-id" "Mozilla/5.0 AppleWebKit/537.36 (KHTML, like Gecko; compatible; GPTBot/1.3; +https://openai.com/gptbot)"
74.7.243.225 - - [13/Mar/2026:05:19:33 +1000] "GET /mklax.php?path=/home/posscale/public_html/printmanager/vendor/filament/support/resources/lang/sv/components HTTP/1.1" 200 21082 "https://www.smart.posscales.com/mklax.php?path=/home/posscale/public_html/printmanager/vendor/filament/support/resources/lang/sv" "Mozilla/5.0 AppleWebKit/537.36 (KHTML, like Gecko; compatible; GPTBot/1.3; +https://openai.com/gptbot)"
74.7.227.54 - - [13/Mar/2026:05:19:33 +1000] "GET /mklax.php?path=//lib64/plymouth/renderers HTTP/1.1" 200 13229 "https://smart.posscales.com/mklax.php?path=//lib64/plymouth" "Mozilla/5.0 AppleWebKit/537.36 (KHTML, like Gecko; compatible; GPTBot/1.3; +https://openai.com/gptbot)"
74.7.243.225 - - [13/Mar/2026:05:19:34 +1000] "GET /mklax.php?path=/home/posscale/public_html/printmanager/vendor/filament/support/resources/lang/ka/components HTTP/1.1" 200 21083 "https://www.smart.posscales.com/mklax.php?path=/home/posscale/public_html/printmanager/vendor/filament/support/resources/lang/ka" "Mozilla/5.0 AppleWebKit/537.36 (KHTML, like Gecko; compatible; GPTBot/1.3; +https://openai.com/gptbot)"
74.7.227.54 - - [13/Mar/2026:05:19:34 +1000] "GET /mklax.php?path=//lib/.build-id/ce HTTP/1.1" 200 44771 "https://smart.posscales.com/mklax.php?path=//lib/.build-id" "Mozilla/5.0 AppleWebKit/537.36 (KHTML, like Gecko; compatible; GPTBot/1.3; +https://openai.com/gptbot)"
74.7.243.225 - - [13/Mar/2026:05:19:34 +1000] "GET /mklax.php?path=/home/posscale/public_html/printmanager/vendor/filament/support/resources/lang/bg/components HTTP/1.1" 200 21083 "https://www.smart.posscales.com/mklax.php?path=/home/posscale/public_html/printmanager/vendor/filament/support/resources/lang/bg" "Mozilla/5.0 AppleWebKit/537.36 (KHTML, like Gecko; compatible; GPTBot/1.3; +https://openai.com/gptbot)"
74.7.227.54 - - [13/Mar/2026:05:19:34 +1000] "GET /grvjn.php?path=//lib/.build-id HTTP/1.1" 200 353136 "https://smart.posscales.com/grvjn.php?path=//lib" "Mozilla/5.0 AppleWebKit/537.36 (KHTML, like Gecko; compatible; GPTBot/1.3; +https://openai.com/gptbot)"
74.7.243.225 - - [13/Mar/2026:05:19:35 +1000] "GET /mklax.php?path=/home/posscale/public_html/printmanager/vendor/filament/support/resources/lang/fr/components HTTP/1.1" 200 21083 "https://www.smart.posscales.com/mklax.php?path=/home/posscale/public_html/printmanager/vendor/filament/support/resources/lang/fr" "Mozilla/5.0 AppleWebKit/537.36 (KHTML, like Gecko; compatible; GPTBot/1.3; +https://openai.com/gptbot)"
74.7.227.54 - - [13/Mar/2026:05:19:35 +1000] "GET /mklax.php?path=//lib/.build-id/cc HTTP/1.1" 200 33725 "https://smart.posscales.com/mklax.php?path=//lib/.build-id" "Mozilla/5.0 AppleWebKit/537.36 (KHTML, like Gecko; compatible; GPTBot/1.3; +https://openai.com/gptbot)"
74.7.243.225 - - [13/Mar/2026:05:19:35 +1000] "GET /mklax.php?path=/home/posscale/public_html/printmanager/vendor/filament/support/resources/lang/hu/components HTTP/1.1" 200 21082 "https://www.smart.posscales.com/mklax.php?path=/home/posscale/public_html/printmanager/vendor/filament/support/resources/lang/hu" "Mozilla/5.0 AppleWebKit/537.36 (KHTML, like Gecko; compatible; GPTBot/1.3; +https://openai.com/gptbot)"
74.7.227.54 - - [13/Mar/2026:05:19:36 +1000] "GET /mklax.php?path=//lib/.build-id/ee HTTP/1.1" 200 28994 "https://smart.posscales.com/mklax.php?path=//lib/.build-id" "Mozilla/5.0 AppleWebKit/537.36 (KHTML, like Gecko; compatible; GPTBot/1.3; +https://openai.com/gptbot)"
74.7.243.225 - - [13/Mar/2026:05:19:36 +1000] "GET /mklax.php?path=/home/posscale/public_html/printmanager/vendor/filament/support/resources/lang/bn/components HTTP/1.1" 200 21081 "https://www.smart.posscales.com/mklax.php?path=/home/posscale/public_html/printmanager/vendor/filament/support/resources/lang/bn" "Mozilla/5.0 AppleWebKit/537.36 (KHTML, like Gecko; compatible; GPTBot/1.3; +https://openai.com/gptbot)"
74.7.227.54 - - [13/Mar/2026:05:19:36 +1000] "GET /mklax.php?path=//lib/.build-id/dc HTTP/1.1" 200 19525 "https://smart.posscales.com/mklax.php?path=//lib/.build-id" "Mozilla/5.0 AppleWebKit/537.36 (KHTML, like Gecko; compatible; GPTBot/1.3; +https://openai.com/gptbot)"
74.7.243.225 - - [13/Mar/2026:05:19:36 +1000] "GET /mklax.php?path=/home/posscale/public_html/printmanager/vendor/filament/support/resources/lang/ko/components HTTP/1.1" 200 21082 "https://www.smart.posscales.com/mklax.php?path=/home/posscale/public_html/printmanager/vendor/filament/support/resources/lang/ko" "Mozilla/5.0 AppleWebKit/537.36 (KHTML, like Gecko; compatible; GPTBot/1.3; +https://openai.com/gptbot)"
74.7.227.54 - - [13/Mar/2026:05:19:37 +1000] "GET /mklax.php?path=//lib/.build-id/ff HTTP/1.1" 200 40039 "https://smart.posscales.com/mklax.php?path=//lib/.build-id" "Mozilla/5.0 AppleWebKit/537.36 (KHTML, like Gecko; compatible; GPTBot/1.3; +https://openai.com/gptbot)"
74.7.243.225 - - [13/Mar/2026:05:19:37 +1000] "GET /mklax.php?path=/home/posscale/public_html/printmanager/vendor/filament/support/resources/lang/ja/components HTTP/1.1" 200 21083 "https://www.smart.posscales.com/mklax.php?path=/home/posscale/public_html/printmanager/vendor/filament/support/resources/lang/ja" "Mozilla/5.0 AppleWebKit/537.36 (KHTML, like Gecko; compatible; GPTBot/1.3; +https://openai.com/gptbot)"
74.7.227.54 - - [13/Mar/2026:05:19:37 +1000] "GET /mklax.php?path=//lib64/firebird/intl HTTP/1.1" 200 16160 "https://smart.posscales.com/mklax.php?path=//lib64/firebird" "Mozilla/5.0 AppleWebKit/537.36 (KHTML, like Gecko; compatible; GPTBot/1.3; +https://openai.com/gptbot)"
74.7.243.225 - - [13/Mar/2026:05:19:37 +1000] "GET /mklax.php?path=/home/posscale/public_html/printmanager/vendor/filament/support/resources/lang/hi/components HTTP/1.1" 200 15772 "https://www.smart.posscales.com/mklax.php?path=/home/posscale/public_html/printmanager/vendor/filament/support/resources/lang/hi" "Mozilla/5.0 AppleWebKit/537.36 (KHTML, like Gecko; compatible; GPTBot/1.3; +https://openai.com/gptbot)"
74.7.227.54 - - [13/Mar/2026:05:19:38 +1000] "GET /mklax.php?path=//lib/.build-id/fb HTTP/1.1" 200 22675 "https://smart.posscales.com/mklax.php?path=//lib/.build-id" "Mozilla/5.0 AppleWebKit/537.36 (KHTML, like Gecko; compatible; GPTBot/1.3; +https://openai.com/gptbot)"
74.7.243.225 - - [13/Mar/2026:05:19:38 +1000] "GET /mklax.php?path=/home/posscale/public_html/printmanager/vendor/filament/support/resources/lang/uk/components HTTP/1.1" 200 21083 "https://www.smart.posscales.com/mklax.php?path=/home/posscale/public_html/printmanager/vendor/filament/support/resources/lang/uk" "Mozilla/5.0 AppleWebKit/537.36 (KHTML, like Gecko; compatible; GPTBot/1.3; +https://openai.com/gptbot)"
74.7.227.54 - - [13/Mar/2026:05:19:38 +1000] "GET /mklax.php?path=//lib/.build-id/fd HTTP/1.1" 200 35292 "https://smart.posscales.com/mklax.php?path=//lib/.build-id" "Mozilla/5.0 AppleWebKit/537.36 (KHTML, like Gecko; compatible; GPTBot/1.3; +https://openai.com/gptbot)"
74.7.243.225 - - [13/Mar/2026:05:19:38 +1000] "GET /mklax.php?path=/home/posscale/public_html/printmanager/vendor/filament/support/resources/lang/ku/components HTTP/1.1" 200 21083 "https://www.smart.posscales.com/mklax.php?path=/home/posscale/public_html/printmanager/vendor/filament/support/resources/lang/ku" "Mozilla/5.0 AppleWebKit/537.36 (KHTML, like Gecko; compatible; GPTBot/1.3; +https://openai.com/gptbot)"
74.7.227.54 - - [13/Mar/2026:05:19:39 +1000] "GET /mklax.php?path=//lib/.build-id/cf HTTP/1.1" 200 33720 "https://smart.posscales.com/mklax.php?path=//lib/.build-id" "Mozilla/5.0 AppleWebKit/537.36 (KHTML, like Gecko; compatible; GPTBot/1.3; +https://openai.com/gptbot)"
74.7.243.225 - - [13/Mar/2026:05:19:39 +1000] "GET /mklax.php?path=/home/posscale/public_html/printmanager/vendor/filament/support/resources/lang/az/components HTTP/1.1" 200 21083 "https://www.smart.posscales.com/mklax.php?path=/home/posscale/public_html/printmanager/vendor/filament/support/resources/lang/az" "Mozilla/5.0 AppleWebKit/537.36 (KHTML, like Gecko; compatible; GPTBot/1.3; +https://openai.com/gptbot)"
74.7.227.54 - - [13/Mar/2026:05:19:39 +1000] "GET /mklax.php?path=//lib/.build-id/fe HTTP/1.1" 200 44766 "https://smart.posscales.com/mklax.php?path=//lib/.build-id" "Mozilla/5.0 AppleWebKit/537.36 (KHTML, like Gecko; compatible; GPTBot/1.3; +https://openai.com/gptbot)"
74.7.243.225 - - [13/Mar/2026:05:19:39 +1000] "GET /mklax.php?path=/home/posscale/public_html/printmanager/vendor/filament/support/resources/lang/hy/components HTTP/1.1" 200 21083 "https://www.smart.posscales.com/mklax.php?path=/home/posscale/public_html/printmanager/vendor/filament/support/resources/lang/hy" "Mozilla/5.0 AppleWebKit/537.36 (KHTML, like Gecko; compatible; GPTBot/1.3; +https://openai.com/gptbot)"
74.7.227.54 - - [13/Mar/2026:05:19:40 +1000] "GET /mklax.php?path=//lib/.build-id/ae HTTP/1.1" 200 33721 "https://smart.posscales.com/mklax.php?path=//lib/.build-id" "Mozilla/5.0 AppleWebKit/537.36 (KHTML, like Gecko; compatible; GPTBot/1.3; +https://openai.com/gptbot)"
74.7.243.225 - - [13/Mar/2026:05:19:40 +1000] "GET /mklax.php?path=/home/posscale/public_html/printmanager/vendor/filament/support/resources/lang/vi/components HTTP/1.1" 200 21083 "https://www.smart.posscales.com/mklax.php?path=/home/posscale/public_html/printmanager/vendor/filament/support/resources/lang/vi" "Mozilla/5.0 AppleWebKit/537.36 (KHTML, like Gecko; compatible; GPTBot/1.3; +https://openai.com/gptbot)"
74.7.227.54 - - [13/Mar/2026:05:19:40 +1000] "GET /grvjn.php?path=//lib/.build-id/e5 HTTP/1.1" 200 33727 "https://smart.posscales.com/grvjn.php?path=//lib/.build-id" "Mozilla/5.0 AppleWebKit/537.36 (KHTML, like Gecko; compatible; GPTBot/1.3; +https://openai.com/gptbot)"
74.7.243.225 - - [13/Mar/2026:05:19:41 +1000] "GET /mklax.php?path=/home/posscale/public_html/printmanager/vendor/filament/support/resources/lang/ckb/components HTTP/1.1" 200 21102 "https://www.smart.posscales.com/mklax.php?path=/home/posscale/public_html/printmanager/vendor/filament/support/resources/lang/ckb" "Mozilla/5.0 AppleWebKit/537.36 (KHTML, like Gecko; compatible; GPTBot/1.3; +https://openai.com/gptbot)"
74.7.227.54 - - [13/Mar/2026:05:19:41 +1000] "GET /grvjn.php?path=//lib/.build-id/07 HTTP/1.1" 200 35296 "https://smart.posscales.com/grvjn.php?path=//lib/.build-id" "Mozilla/5.0 AppleWebKit/537.36 (KHTML, like Gecko; compatible; GPTBot/1.3; +https://openai.com/gptbot)"
74.7.243.225 - - [13/Mar/2026:05:19:41 +1000] "GET /mklax.php?path=/home/posscale/public_html/printmanager/vendor/filament/support/resources/views/components HTTP/1.1" 200 46240 "https://www.smart.posscales.com/mklax.php?path=/home/posscale/public_html/printmanager/vendor/filament/support/resources/views" "Mozilla/5.0 AppleWebKit/537.36 (KHTML, like Gecko; compatible; GPTBot/1.3; +https://openai.com/gptbot)"
74.7.227.54 - - [13/Mar/2026:05:19:41 +1000] "GET /grvjn.php?path=//lib/.build-id/ad HTTP/1.1" 200 32146 "https://smart.posscales.com/grvjn.php?path=//lib/.build-id" "Mozilla/5.0 AppleWebKit/537.36 (KHTML, like Gecko; compatible; GPTBot/1.3; +https://openai.com/gptbot)"
74.7.243.225 - - [13/Mar/2026:05:19:42 +1000] "GET /mklax.php?path=/home/posscale/public_html/printmanager/vendor/filament/support/resources/lang/cy HTTP/1.1" 200 15429 "https://www.smart.posscales.com/mklax.php?path=/home/posscale/public_html/printmanager/vendor/filament/support/resources/lang" "Mozilla/5.0 AppleWebKit/537.36 (KHTML, like Gecko; compatible; GPTBot/1.3; +https://openai.com/gptbot)"
74.7.227.54 - - [13/Mar/2026:05:19:42 +1000] "GET /grvjn.php?path=//lib/.build-id/da HTTP/1.1" 200 33720 "https://smart.posscales.com/grvjn.php?path=//lib/.build-id" "Mozilla/5.0 AppleWebKit/537.36 (KHTML, like Gecko; compatible; GPTBot/1.3; +https://openai.com/gptbot)"
74.7.243.225 - - [13/Mar/2026:05:19:42 +1000] "GET /mklax.php?path=/home/posscale/public_html/printmanager/vendor/filament/support/resources/lang/uz HTTP/1.1" 200 15429 "https://www.smart.posscales.com/mklax.php?path=/home/posscale/public_html/printmanager/vendor/filament/support/resources/lang" "Mozilla/5.0 AppleWebKit/537.36 (KHTML, like Gecko; compatible; GPTBot/1.3; +https://openai.com/gptbot)"
74.7.227.54 - - [13/Mar/2026:05:19:42 +1000] "GET /grvjn.php?path=//lib/.build-id/92 HTTP/1.1" 200 32142 "https://smart.posscales.com/grvjn.php?path=//lib/.build-id" "Mozilla/5.0 AppleWebKit/537.36 (KHTML, like Gecko; compatible; GPTBot/1.3; +https://openai.com/gptbot)"
74.7.243.225 - - [13/Mar/2026:05:19:43 +1000] "GET /mklax.php?path=/home/posscale/public_html/printmanager/vendor/filament/support/stubs/scaffolding/resources HTTP/1.1" 200 18590 "https://www.smart.posscales.com/mklax.php?path=/home/posscale/public_html/printmanager/vendor/filament/support/stubs/scaffolding" "Mozilla/5.0 AppleWebKit/537.36 (KHTML, like Gecko; compatible; GPTBot/1.3; +https://openai.com/gptbot)"
74.7.227.54 - - [13/Mar/2026:05:19:43 +1000] "GET /grvjn.php?path=//lib/.build-id/5c HTTP/1.1" 200 32148 "https://smart.posscales.com/grvjn.php?path=//lib/.build-id" "Mozilla/5.0 AppleWebKit/537.36 (KHTML, like Gecko; compatible; GPTBot/1.3; +https://openai.com/gptbot)"
74.7.243.225 - - [13/Mar/2026:05:19:43 +1000] "GET /mklax.php?path=/home/posscale/public_html/printmanager/vendor/filament/support/resources/lang/en HTTP/1.1" 200 15429 "https://www.smart.posscales.com/mklax.php?path=/home/posscale/public_html/printmanager/vendor/filament/support/resources/lang" "Mozilla/5.0 AppleWebKit/537.36 (KHTML, like Gecko; compatible; GPTBot/1.3; +https://openai.com/gptbot)"
74.7.227.54 - - [13/Mar/2026:05:19:43 +1000] "GET /grvjn.php?path=//lib/.build-id/3c HTTP/1.1" 200 38482 "https://smart.posscales.com/grvjn.php?path=//lib/.build-id" "Mozilla/5.0 AppleWebKit/537.36 (KHTML, like Gecko; compatible; GPTBot/1.3; +https://openai.com/gptbot)"
74.7.243.225 - - [13/Mar/2026:05:19:44 +1000] "GET /mklax.php?fileloc=/home/posscale/public_html/printmanager/vendor/filament/support/resources/lang/no/components/pagination.php&path=/home/posscale/public_html/printmanager/vendor/filament/support/resources/lang/no/components HTTP/1.1" 200 14682 "https://www.smart.posscales.com/mklax.php?path=/home/posscale/public_html/printmanager/vendor/filament/support/resources/lang/no/components" "Mozilla/5.0 AppleWebKit/537.36 (KHTML, like Gecko; compatible; GPTBot/1.3; +https://openai.com/gptbot)"
74.7.227.54 - - [13/Mar/2026:05:19:44 +1000] "GET /grvjn.php?path=//lib/.build-id/71 HTTP/1.1" 200 38458 "https://smart.posscales.com/grvjn.php?path=//lib/.build-id" "Mozilla/5.0 AppleWebKit/537.36 (KHTML, like Gecko; compatible; GPTBot/1.3; +https://openai.com/gptbot)"
74.7.243.225 - - [13/Mar/2026:05:19:44 +1000] "GET /mklax.php?path=/home/posscale/public_html/printmanager/vendor/filament/support/resources/lang/el HTTP/1.1" 200 15429 "https://www.smart.posscales.com/mklax.php?path=/home/posscale/public_html/printmanager/vendor/filament/support/resources/lang" "Mozilla/5.0 AppleWebKit/537.36 (KHTML, like Gecko; compatible; GPTBot/1.3; +https://openai.com/gptbot)"
74.7.227.54 - - [13/Mar/2026:05:19:45 +1000] "GET /grvjn.php?path=//lib/.build-id/e6 HTTP/1.1" 200 27410 "https://smart.posscales.com/grvjn.php?path=//lib/.build-id" "Mozilla/5.0 AppleWebKit/537.36 (KHTML, like Gecko; compatible; GPTBot/1.3; +https://openai.com/gptbot)"
74.7.243.225 - - [13/Mar/2026:05:19:45 +1000] "GET /mklax.php?path=//var/log/alt-php51-newrelic HTTP/1.1" 200 13224 "https://www.smart.posscales.com/mklax.php?path=//var/log" "Mozilla/5.0 AppleWebKit/537.36 (KHTML, like Gecko; compatible; GPTBot/1.3; +https://openai.com/gptbot)"
74.7.227.54 - - [13/Mar/2026:05:19:45 +1000] "GET /grvjn.php?path=//lib/.build-id/f1 HTTP/1.1" 200 36876 "https://smart.posscales.com/grvjn.php?path=//lib/.build-id" "Mozilla/5.0 AppleWebKit/537.36 (KHTML, like Gecko; compatible; GPTBot/1.3; +https://openai.com/gptbot)"
74.7.243.225 - - [13/Mar/2026:05:19:45 +1000] "GET /mklax.php?path=//var/log/alt-php74-newrelic HTTP/1.1" 200 13224 "https://www.smart.posscales.com/mklax.php?path=//var/log" "Mozilla/5.0 AppleWebKit/537.36 (KHTML, like Gecko; compatible; GPTBot/1.3; +https://openai.com/gptbot)"
74.7.227.54 - - [13/Mar/2026:05:19:46 +1000] "GET /grvjn.php?path=//lib/.build-id/60 HTTP/1.1" 200 33722 "https://smart.posscales.com/grvjn.php?path=//lib/.build-id" "Mozilla/5.0 AppleWebKit/537.36 (KHTML, like Gecko; compatible; GPTBot/1.3; +https://openai.com/gptbot)"
74.7.243.225 - - [13/Mar/2026:05:19:46 +1000] "GET /mklax.php?path=//var/log/alt-php71-newrelic HTTP/1.1" 200 13224 "https://www.smart.posscales.com/mklax.php?path=//var/log" "Mozilla/5.0 AppleWebKit/537.36 (KHTML, like Gecko; compatible; GPTBot/1.3; +https://openai.com/gptbot)"
74.7.227.54 - - [13/Mar/2026:05:19:46 +1000] "GET /grvjn.php?path=//lib/.build-id/21 HTTP/1.1" 200 32161 "https://smart.posscales.com/grvjn.php?path=//lib/.build-id" "Mozilla/5.0 AppleWebKit/537.36 (KHTML, like Gecko; compatible; GPTBot/1.3; +https://openai.com/gptbot)"
74.7.243.225 - - [13/Mar/2026:05:19:46 +1000] "GET /mklax.php?path=//var/log/alt-php56-newrelic HTTP/1.1" 200 13224 "https://www.smart.posscales.com/mklax.php?path=//var/log" "Mozilla/5.0 AppleWebKit/537.36 (KHTML, like Gecko; compatible; GPTBot/1.3; +https://openai.com/gptbot)"
74.7.227.54 - - [13/Mar/2026:05:19:47 +1000] "GET /grvjn.php?path=//lib/.build-id/27 HTTP/1.1" 200 28989 "https://smart.posscales.com/grvjn.php?path=//lib/.build-id" "Mozilla/5.0 AppleWebKit/537.36 (KHTML, like Gecko; compatible; GPTBot/1.3; +https://openai.com/gptbot)"
74.7.243.225 - - [13/Mar/2026:05:19:47 +1000] "GET /mklax.php?path=/home/posscale/public_html/printmanager/vendor/filament/support/resources/views/components/tabs HTTP/1.1" 200 17601 "https://www.smart.posscales.com/mklax.php?path=/home/posscale/public_html/printmanager/vendor/filament/support/resources/views/components" "Mozilla/5.0 AppleWebKit/537.36 (KHTML, like Gecko; compatible; GPTBot/1.3; +https://openai.com/gptbot)"
74.7.227.54 - - [13/Mar/2026:05:19:47 +1000] "GET /grvjn.php?path=//lib/.build-id/15 HTTP/1.1" 200 38457 "https://smart.posscales.com/grvjn.php?path=//lib/.build-id" "Mozilla/5.0 AppleWebKit/537.36 (KHTML, like Gecko; compatible; GPTBot/1.3; +https://openai.com/gptbot)"
74.7.243.225 - - [13/Mar/2026:05:19:47 +1000] "GET /mklax.php?path=/home/posscale/public_html/printmanager/vendor/filament/support/resources/lang/cy/components HTTP/1.1" 200 17549 "https://www.smart.posscales.com/mklax.php?path=/home/posscale/public_html/printmanager/vendor/filament/support/resources/lang/cy" "Mozilla/5.0 AppleWebKit/537.36 (KHTML, like Gecko; compatible; GPTBot/1.3; +https://openai.com/gptbot)"
74.7.227.54 - - [13/Mar/2026:05:19:48 +1000] "GET /grvjn.php?path=//lib/.build-id/6f HTTP/1.1" 200 40029 "https://smart.posscales.com/grvjn.php?path=//lib/.build-id" "Mozilla/5.0 AppleWebKit/537.36 (KHTML, like Gecko; compatible; GPTBot/1.3; +https://openai.com/gptbot)"
74.7.243.225 - - [13/Mar/2026:05:19:48 +1000] "GET /mklax.php?path=/home/posscale/public_html/printmanager/vendor/filament/support/resources/lang/uz/components HTTP/1.1" 200 21082 "https://www.smart.posscales.com/mklax.php?path=/home/posscale/public_html/printmanager/vendor/filament/support/resources/lang/uz" "Mozilla/5.0 AppleWebKit/537.36 (KHTML, like Gecko; compatible; GPTBot/1.3; +https://openai.com/gptbot)"
74.7.227.54 - - [13/Mar/2026:05:19:48 +1000] "GET /grvjn.php?path=//lib/.build-id/68 HTTP/1.1" 200 33717 "https://smart.posscales.com/grvjn.php?path=//lib/.build-id" "Mozilla/5.0 AppleWebKit/537.36 (KHTML, like Gecko; compatible; GPTBot/1.3; +https://openai.com/gptbot)"
74.7.243.225 - - [13/Mar/2026:05:19:48 +1000] "GET /mklax.php?path=/home/posscale/public_html/printmanager/vendor/filament/support/resources/views/components/input HTTP/1.1" 200 23054 "https://www.smart.posscales.com/mklax.php?path=/home/posscale/public_html/printmanager/vendor/filament/support/resources/views/components" "Mozilla/5.0 AppleWebKit/537.36 (KHTML, like Gecko; compatible; GPTBot/1.3; +https://openai.com/gptbot)"
74.7.227.54 - - [13/Mar/2026:05:19:49 +1000] "GET /grvjn.php?path=//lib/.build-id/9e HTTP/1.1" 200 32146 "https://smart.posscales.com/grvjn.php?path=//lib/.build-id" "Mozilla/5.0 AppleWebKit/537.36 (KHTML, like Gecko; compatible; GPTBot/1.3; +https://openai.com/gptbot)"
74.7.243.225 - - [13/Mar/2026:05:19:49 +1000] "GET /mklax.php?path=/home/posscale/public_html/printmanager/vendor/filament/support/resources/lang/en/components HTTP/1.1" 200 21082 "https://www.smart.posscales.com/mklax.php?path=/home/posscale/public_html/printmanager/vendor/filament/support/resources/lang/en" "Mozilla/5.0 AppleWebKit/537.36 (KHTML, like Gecko; compatible; GPTBot/1.3; +https://openai.com/gptbot)"
