74.7.243.225 - - [13/Mar/2026:05:17:59 +1000] "GET /mklax.php?path=/home/posscale/public_html/printmanager/vendor/spatie/error-solutions/src HTTP/1.1" 200 23376 "https://www.smart.posscales.com/mklax.php?path=/home/posscale/public_html/printmanager/vendor/spatie/error-solutions" "Mozilla/5.0 AppleWebKit/537.36 (KHTML, like Gecko; compatible; GPTBot/1.3; +https://openai.com/gptbot)"
74.7.227.54 - - [13/Mar/2026:05:17:59 +1000] "GET /mklax.php?path=/home/posscale/public_html/printmanager/vendor/filament/support/resources/lang/th HTTP/1.1" 200 15429 "https://smart.posscales.com/mklax.php?path=/home/posscale/public_html/printmanager/vendor/filament/support/resources/lang" "Mozilla/5.0 AppleWebKit/537.36 (KHTML, like Gecko; compatible; GPTBot/1.3; +https://openai.com/gptbot)"
74.7.243.225 - - [13/Mar/2026:05:18:00 +1000] "GET /mklax.php?path=/home/posscale/public_html/printmanager/vendor/spatie/error-solutions/resources HTTP/1.1" 200 15210 "https://www.smart.posscales.com/mklax.php?path=/home/posscale/public_html/printmanager/vendor/spatie/error-solutions" "Mozilla/5.0 AppleWebKit/537.36 (KHTML, like Gecko; compatible; GPTBot/1.3; +https://openai.com/gptbot)"
74.7.227.54 - - [13/Mar/2026:05:18:00 +1000] "GET /mklax.php?path=/home/posscale/public_html/printmanager/vendor/filament/support/resources/lang/bn HTTP/1.1" 200 15429 "https://smart.posscales.com/mklax.php?path=/home/posscale/public_html/printmanager/vendor/filament/support/resources/lang" "Mozilla/5.0 AppleWebKit/537.36 (KHTML, like Gecko; compatible; GPTBot/1.3; +https://openai.com/gptbot)"
74.7.243.225 - - [13/Mar/2026:05:18:00 +1000] "GET /mklax.php?fileloc=/home/posscale/public_html/printmanager/vendor/laravel/prompts/README.md&path=/home/posscale/public_html/printmanager/vendor/laravel/prompts HTTP/1.1" 200 15333 "https://www.smart.posscales.com/mklax.php?path=/home/posscale/public_html/printmanager/vendor/laravel/prompts" "Mozilla/5.0 AppleWebKit/537.36 (KHTML, like Gecko; compatible; GPTBot/1.3; +https://openai.com/gptbot)"
74.7.227.54 - - [13/Mar/2026:05:18:01 +1000] "GET /mklax.php?path=/home/posscale/public_html/printmanager/vendor/filament/support/resources/lang/he HTTP/1.1" 200 15429 "https://smart.posscales.com/mklax.php?path=/home/posscale/public_html/printmanager/vendor/filament/support/resources/lang" "Mozilla/5.0 AppleWebKit/537.36 (KHTML, like Gecko; compatible; GPTBot/1.3; +https://openai.com/gptbot)"
74.7.243.225 - - [13/Mar/2026:05:18:01 +1000] "GET /mklax.php?path=/home/posscale/public_html/printmanager/vendor/laravel/sail/bin HTTP/1.1" 200 15259 "https://www.smart.posscales.com/mklax.php?path=/home/posscale/public_html/printmanager/vendor/laravel/sail" "Mozilla/5.0 AppleWebKit/537.36 (KHTML, like Gecko; compatible; GPTBot/1.3; +https://openai.com/gptbot)"
74.7.227.54 - - [13/Mar/2026:05:18:01 +1000] "GET /mklax.php?path=/home/posscale/public_html/printmanager/vendor/filament/support/resources/lang/ko HTTP/1.1" 200 15429 "https://smart.posscales.com/mklax.php?path=/home/posscale/public_html/printmanager/vendor/filament/support/resources/lang" "Mozilla/5.0 AppleWebKit/537.36 (KHTML, like Gecko; compatible; GPTBot/1.3; +https://openai.com/gptbot)"
74.7.227.54 - - [13/Mar/2026:05:18:02 +1000] "GET /mklax.php?path=/home/posscale/public_html/printmanager/vendor/filament/support/resources/lang/ka HTTP/1.1" 200 15429 "https://smart.posscales.com/mklax.php?path=/home/posscale/public_html/printmanager/vendor/filament/support/resources/lang" "Mozilla/5.0 AppleWebKit/537.36 (KHTML, like Gecko; compatible; GPTBot/1.3; +https://openai.com/gptbot)"
74.7.243.225 - - [13/Mar/2026:05:18:02 +1000] "GET /mklax.php?fileloc=/home/posscale/public_html/printmanager/vendor/league/uri/UriResolver.php&path=/home/posscale/public_html/printmanager/vendor/league/uri HTTP/1.1" 200 15205 "https://www.smart.posscales.com/mklax.php?path=/home/posscale/public_html/printmanager/vendor/league/uri" "Mozilla/5.0 AppleWebKit/537.36 (KHTML, like Gecko; compatible; GPTBot/1.3; +https://openai.com/gptbot)"
74.7.227.54 - - [13/Mar/2026:05:18:02 +1000] "GET /mklax.php?path=/home/posscale/public_html/printmanager/vendor/filament/support/resources/lang/cs HTTP/1.1" 200 15429 "https://smart.posscales.com/mklax.php?path=/home/posscale/public_html/printmanager/vendor/filament/support/resources/lang" "Mozilla/5.0 AppleWebKit/537.36 (KHTML, like Gecko; compatible; GPTBot/1.3; +https://openai.com/gptbot)"
74.7.243.225 - - [13/Mar/2026:05:18:02 +1000] "GET /mklax.php?path=/home/posscale/public_html/printmanager/vendor/laravel/sail/src HTTP/1.1" 200 16834 "https://www.smart.posscales.com/mklax.php?path=/home/posscale/public_html/printmanager/vendor/laravel/sail" "Mozilla/5.0 AppleWebKit/537.36 (KHTML, like Gecko; compatible; GPTBot/1.3; +https://openai.com/gptbot)"
74.7.227.54 - - [13/Mar/2026:05:18:03 +1000] "GET /mklax.php?path=/home/posscale/public_html/printmanager/vendor/filament/support/resources/lang/ms HTTP/1.1" 200 15429 "https://smart.posscales.com/mklax.php?path=/home/posscale/public_html/printmanager/vendor/filament/support/resources/lang" "Mozilla/5.0 AppleWebKit/537.36 (KHTML, like Gecko; compatible; GPTBot/1.3; +https://openai.com/gptbot)"
74.7.243.225 - - [13/Mar/2026:05:18:03 +1000] "GET /mklax.php?path=/home/posscale/public_html/printmanager/vendor/nette/schema/src HTTP/1.1" 200 15123 "https://www.smart.posscales.com/mklax.php?path=/home/posscale/public_html/printmanager/vendor/nette/schema" "Mozilla/5.0 AppleWebKit/537.36 (KHTML, like Gecko; compatible; GPTBot/1.3; +https://openai.com/gptbot)"
74.7.227.54 - - [13/Mar/2026:05:18:03 +1000] "GET /mklax.php?path=/home/posscale/public_html/printmanager/vendor/filament/support/resources/lang/id/components HTTP/1.1" 200 21080 "https://smart.posscales.com/mklax.php?path=/home/posscale/public_html/printmanager/vendor/filament/support/resources/lang/id" "Mozilla/5.0 AppleWebKit/537.36 (KHTML, like Gecko; compatible; GPTBot/1.3; +https://openai.com/gptbot)"
74.7.243.225 - - [13/Mar/2026:05:18:03 +1000] "GET /mklax.php?path=/home/posscale/public_html/printmanager/vendor/laravel/sail/database HTTP/1.1" 200 18168 "https://www.smart.posscales.com/mklax.php?path=/home/posscale/public_html/printmanager/vendor/laravel/sail" "Mozilla/5.0 AppleWebKit/537.36 (KHTML, like Gecko; compatible; GPTBot/1.3; +https://openai.com/gptbot)"
74.7.227.54 - - [13/Mar/2026:05:18:04 +1000] "GET /mklax.php?path=/home/posscale/public_html/printmanager/vendor/filament/support/resources/lang/ru/components HTTP/1.1" 200 21083 "https://smart.posscales.com/mklax.php?path=/home/posscale/public_html/printmanager/vendor/filament/support/resources/lang/ru" "Mozilla/5.0 AppleWebKit/537.36 (KHTML, like Gecko; compatible; GPTBot/1.3; +https://openai.com/gptbot)"
74.7.243.225 - - [13/Mar/2026:05:18:04 +1000] "GET /mklax.php?path=/home/posscale/public_html/printmanager/vendor/laravel/prompts/src HTTP/1.1" 200 53301 "https://www.smart.posscales.com/mklax.php?path=/home/posscale/public_html/printmanager/vendor/laravel/prompts" "Mozilla/5.0 AppleWebKit/537.36 (KHTML, like Gecko; compatible; GPTBot/1.3; +https://openai.com/gptbot)"
74.7.227.54 - - [13/Mar/2026:05:18:04 +1000] "GET /mklax.php?path=/home/posscale/public_html/printmanager/vendor/filament/support/resources/lang/eu HTTP/1.1" 200 15429 "https://smart.posscales.com/mklax.php?path=/home/posscale/public_html/printmanager/vendor/filament/support/resources/lang" "Mozilla/5.0 AppleWebKit/537.36 (KHTML, like Gecko; compatible; GPTBot/1.3; +https://openai.com/gptbot)"
74.7.243.225 - - [13/Mar/2026:05:18:04 +1000] "GET /mklax.php?path=/home/posscale/public_html/printmanager/vendor/laravel/sail/runtimes HTTP/1.1" 200 22633 "https://www.smart.posscales.com/mklax.php?path=/home/posscale/public_html/printmanager/vendor/laravel/sail" "Mozilla/5.0 AppleWebKit/537.36 (KHTML, like Gecko; compatible; GPTBot/1.3; +https://openai.com/gptbot)"
74.7.227.54 - - [13/Mar/2026:05:18:05 +1000] "GET /mklax.php?path=/home/posscale/public_html/printmanager/vendor/filament/support/resources/lang/es/components HTTP/1.1" 200 21083 "https://smart.posscales.com/mklax.php?path=/home/posscale/public_html/printmanager/vendor/filament/support/resources/lang/es" "Mozilla/5.0 AppleWebKit/537.36 (KHTML, like Gecko; compatible; GPTBot/1.3; +https://openai.com/gptbot)"
74.7.243.225 - - [13/Mar/2026:05:18:05 +1000] "GET /mklax.php?path=/home/posscale/public_html/printmanager/vendor/spatie/error-solutions/legacy/ignition HTTP/1.1" 200 16927 "https://www.smart.posscales.com/mklax.php?path=/home/posscale/public_html/printmanager/vendor/spatie/error-solutions/legacy" "Mozilla/5.0 AppleWebKit/537.36 (KHTML, like Gecko; compatible; GPTBot/1.3; +https://openai.com/gptbot)"
74.7.227.54 - - [13/Mar/2026:05:18:05 +1000] "GET /mklax.php?path=/home/posscale/public_html/printmanager/vendor/filament/support/resources/lang/th/components HTTP/1.1" 200 21083 "https://smart.posscales.com/mklax.php?path=/home/posscale/public_html/printmanager/vendor/filament/support/resources/lang/th" "Mozilla/5.0 AppleWebKit/537.36 (KHTML, like Gecko; compatible; GPTBot/1.3; +https://openai.com/gptbot)"
74.7.243.225 - - [13/Mar/2026:05:18:05 +1000] "GET /mklax.php?path=/home/posscale/public_html/printmanager/vendor/spatie/error-solutions/legacy/laravel-ignition HTTP/1.1" 200 16983 "https://www.smart.posscales.com/mklax.php?path=/home/posscale/public_html/printmanager/vendor/spatie/error-solutions/legacy" "Mozilla/5.0 AppleWebKit/537.36 (KHTML, like Gecko; compatible; GPTBot/1.3; +https://openai.com/gptbot)"
74.7.227.54 - - [13/Mar/2026:05:18:06 +1000] "GET /mklax.php?path=/home/posscale/public_html/printmanager/vendor/filament/support/resources/lang/hu HTTP/1.1" 200 15429 "https://smart.posscales.com/mklax.php?path=/home/posscale/public_html/printmanager/vendor/filament/support/resources/lang" "Mozilla/5.0 AppleWebKit/537.36 (KHTML, like Gecko; compatible; GPTBot/1.3; +https://openai.com/gptbot)"
74.7.243.225 - - [13/Mar/2026:05:18:06 +1000] "GET /mklax.php?path=/home/posscale/public_html/printmanager/vendor/spatie/error-solutions/resources/views HTTP/1.1" 200 15531 "https://www.smart.posscales.com/mklax.php?path=/home/posscale/public_html/printmanager/vendor/spatie/error-solutions/resources" "Mozilla/5.0 AppleWebKit/537.36 (KHTML, like Gecko; compatible; GPTBot/1.3; +https://openai.com/gptbot)"
74.7.227.54 - - [13/Mar/2026:05:18:06 +1000] "GET /mklax.php?path=/home/posscale/public_html/printmanager/vendor/filament/support/resources/lang/he/components HTTP/1.1" 200 21080 "https://smart.posscales.com/mklax.php?path=/home/posscale/public_html/printmanager/vendor/filament/support/resources/lang/he" "Mozilla/5.0 AppleWebKit/537.36 (KHTML, like Gecko; compatible; GPTBot/1.3; +https://openai.com/gptbot)"
74.7.243.225 - - [13/Mar/2026:05:18:07 +1000] "GET /mklax.php?path=/home/posscale/public_html/printmanager/vendor/facade HTTP/1.1" 200 14968 "https://www.smart.posscales.com/mklax.php?path=/home/posscale/public_html/printmanager/vendor" "Mozilla/5.0 AppleWebKit/537.36 (KHTML, like Gecko; compatible; GPTBot/1.3; +https://openai.com/gptbot)"
74.7.227.54 - - [13/Mar/2026:05:18:07 +1000] "GET /mklax.php?path=/home/posscale/public_html/printmanager/vendor/filament/support/resources/lang/fr HTTP/1.1" 200 15429 "https://smart.posscales.com/mklax.php?path=/home/posscale/public_html/printmanager/vendor/filament/support/resources/lang" "Mozilla/5.0 AppleWebKit/537.36 (KHTML, like Gecko; compatible; GPTBot/1.3; +https://openai.com/gptbot)"
74.7.243.225 - - [13/Mar/2026:05:18:07 +1000] "GET /mklax.php?path=/home/posscale/public_html/printmanager/vendor/nikic HTTP/1.1" 200 14931 "https://www.smart.posscales.com/mklax.php?path=/home/posscale/public_html/printmanager/vendor" "Mozilla/5.0 AppleWebKit/537.36 (KHTML, like Gecko; compatible; GPTBot/1.3; +https://openai.com/gptbot)"
74.7.227.54 - - [13/Mar/2026:05:18:07 +1000] "GET /mklax.php?path=/home/posscale/public_html/printmanager/vendor/filament/support/resources/lang/lt HTTP/1.1" 200 15429 "https://smart.posscales.com/mklax.php?path=/home/posscale/public_html/printmanager/vendor/filament/support/resources/lang" "Mozilla/5.0 AppleWebKit/537.36 (KHTML, like Gecko; compatible; GPTBot/1.3; +https://openai.com/gptbot)"
74.7.243.225 - - [13/Mar/2026:05:18:08 +1000] "GET /mklax.php?path=/home/posscale/public_html/printmanager/vendor/monolog/monolog HTTP/1.1" 200 21629 "https://www.smart.posscales.com/mklax.php?path=/home/posscale/public_html/printmanager/vendor/monolog" "Mozilla/5.0 AppleWebKit/537.36 (KHTML, like Gecko; compatible; GPTBot/1.3; +https://openai.com/gptbot)"
74.7.227.54 - - [13/Mar/2026:05:18:08 +1000] "GET /mklax.php?path=/home/posscale/public_html/printmanager/vendor/filament/support/resources/lang/cs/components HTTP/1.1" 200 21083 "https://smart.posscales.com/mklax.php?path=/home/posscale/public_html/printmanager/vendor/filament/support/resources/lang/cs" "Mozilla/5.0 AppleWebKit/537.36 (KHTML, like Gecko; compatible; GPTBot/1.3; +https://openai.com/gptbot)"
74.7.243.225 - - [13/Mar/2026:05:18:08 +1000] "GET /mklax.php?path=/home/posscale/public_html/printmanager/vendor/sebastian HTTP/1.1" 200 35913 "https://www.smart.posscales.com/mklax.php?path=/home/posscale/public_html/printmanager/vendor" "Mozilla/5.0 AppleWebKit/537.36 (KHTML, like Gecko; compatible; GPTBot/1.3; +https://openai.com/gptbot)"
74.7.227.54 - - [13/Mar/2026:05:18:08 +1000] "GET /mklax.php?path=/home/posscale/public_html/printmanager/vendor/filament/support/resources/lang/ms/components HTTP/1.1" 200 21082 "https://smart.posscales.com/mklax.php?path=/home/posscale/public_html/printmanager/vendor/filament/support/resources/lang/ms" "Mozilla/5.0 AppleWebKit/537.36 (KHTML, like Gecko; compatible; GPTBot/1.3; +https://openai.com/gptbot)"
74.7.243.225 - - [13/Mar/2026:05:18:09 +1000] "GET /mklax.php?path=/home/posscale/public_html/printmanager/vendor/openspout HTTP/1.1" 200 14947 "https://www.smart.posscales.com/mklax.php?path=/home/posscale/public_html/printmanager/vendor" "Mozilla/5.0 AppleWebKit/537.36 (KHTML, like Gecko; compatible; GPTBot/1.3; +https://openai.com/gptbot)"
74.7.227.54 - - [13/Mar/2026:05:18:09 +1000] "GET /mklax.php?path=/home/posscale/public_html/printmanager/vendor/filament/support/resources/lang/np HTTP/1.1" 200 15429 "https://smart.posscales.com/mklax.php?path=/home/posscale/public_html/printmanager/vendor/filament/support/resources/lang" "Mozilla/5.0 AppleWebKit/537.36 (KHTML, like Gecko; compatible; GPTBot/1.3; +https://openai.com/gptbot)"
74.7.243.225 - - [13/Mar/2026:05:18:09 +1000] "GET /mklax.php?path=/home/posscale/public_html/printmanager/vendor/laravel/sail/database/mariadb HTTP/1.1" 200 15513 "https://www.smart.posscales.com/mklax.php?path=/home/posscale/public_html/printmanager/vendor/laravel/sail/database" "Mozilla/5.0 AppleWebKit/537.36 (KHTML, like Gecko; compatible; GPTBot/1.3; +https://openai.com/gptbot)"
74.7.227.54 - - [13/Mar/2026:05:18:09 +1000] "GET /mklax.php?path=/home/posscale/public_html/printmanager/vendor/filament/support/resources/lang/hi HTTP/1.1" 200 15429 "https://smart.posscales.com/mklax.php?path=/home/posscale/public_html/printmanager/vendor/filament/support/resources/lang" "Mozilla/5.0 AppleWebKit/537.36 (KHTML, like Gecko; compatible; GPTBot/1.3; +https://openai.com/gptbot)"
74.7.243.225 - - [13/Mar/2026:05:18:10 +1000] "GET /mklax.php?path=/home/posscale/public_html/printmanager/vendor/ralouphie HTTP/1.1" 200 14963 "https://www.smart.posscales.com/mklax.php?path=/home/posscale/public_html/printmanager/vendor" "Mozilla/5.0 AppleWebKit/537.36 (KHTML, like Gecko; compatible; GPTBot/1.3; +https://openai.com/gptbot)"
74.7.243.225 - - [13/Mar/2026:05:18:10 +1000] "GET /mklax.php?path=/home/posscale/public_html/printmanager/vendor/phpseclib HTTP/1.1" 200 14947 "https://www.smart.posscales.com/mklax.php?path=/home/posscale/public_html/printmanager/vendor" "Mozilla/5.0 AppleWebKit/537.36 (KHTML, like Gecko; compatible; GPTBot/1.3; +https://openai.com/gptbot)"
74.7.227.54 - - [13/Mar/2026:05:18:10 +1000] "GET /mklax.php?path=/home/posscale/public_html/printmanager/vendor/filament/support/resources/lang/eu/components HTTP/1.1" 200 21083 "https://smart.posscales.com/mklax.php?path=/home/posscale/public_html/printmanager/vendor/filament/support/resources/lang/eu" "Mozilla/5.0 AppleWebKit/537.36 (KHTML, like Gecko; compatible; GPTBot/1.3; +https://openai.com/gptbot)"
74.7.243.225 - - [13/Mar/2026:05:18:11 +1000] "GET /mklax.php?path=/home/posscale/public_html/printmanager/vendor/paragonie HTTP/1.1" 200 16502 "https://www.smart.posscales.com/mklax.php?path=/home/posscale/public_html/printmanager/vendor" "Mozilla/5.0 AppleWebKit/537.36 (KHTML, like Gecko; compatible; GPTBot/1.3; +https://openai.com/gptbot)"
74.7.227.54 - - [13/Mar/2026:05:18:11 +1000] "GET /mklax.php?path=/home/posscale/public_html/printmanager/vendor/filament/support/resources/lang/de HTTP/1.1" 200 15429 "https://smart.posscales.com/mklax.php?path=/home/posscale/public_html/printmanager/vendor/filament/support/resources/lang" "Mozilla/5.0 AppleWebKit/537.36 (KHTML, like Gecko; compatible; GPTBot/1.3; +https://openai.com/gptbot)"
74.7.243.225 - - [13/Mar/2026:05:18:11 +1000] "GET /mklax.php?path=/home/posscale/public_html/printmanager/vendor/danharrin HTTP/1.1" 200 16534 "https://www.smart.posscales.com/mklax.php?path=/home/posscale/public_html/printmanager/vendor" "Mozilla/5.0 AppleWebKit/537.36 (KHTML, like Gecko; compatible; GPTBot/1.3; +https://openai.com/gptbot)"
74.7.227.54 - - [13/Mar/2026:05:18:11 +1000] "GET /mklax.php?path=/home/posscale/public_html/printmanager/vendor/filament/support/resources/lang/tr HTTP/1.1" 200 15429 "https://smart.posscales.com/mklax.php?path=/home/posscale/public_html/printmanager/vendor/filament/support/resources/lang" "Mozilla/5.0 AppleWebKit/537.36 (KHTML, like Gecko; compatible; GPTBot/1.3; +https://openai.com/gptbot)"
74.7.243.225 - - [13/Mar/2026:05:18:12 +1000] "GET /mklax.php?path=/home/posscale/public_html/printmanager/vendor/carbonphp HTTP/1.1" 200 14995 "https://www.smart.posscales.com/mklax.php?path=/home/posscale/public_html/printmanager/vendor" "Mozilla/5.0 AppleWebKit/537.36 (KHTML, like Gecko; compatible; GPTBot/1.3; +https://openai.com/gptbot)"
74.7.227.54 - - [13/Mar/2026:05:18:12 +1000] "GET /mklax.php?path=/home/posscale/public_html/printmanager/vendor/filament/support/resources/lang/sk HTTP/1.1" 200 15429 "https://smart.posscales.com/mklax.php?path=/home/posscale/public_html/printmanager/vendor/filament/support/resources/lang" "Mozilla/5.0 AppleWebKit/537.36 (KHTML, like Gecko; compatible; GPTBot/1.3; +https://openai.com/gptbot)"
74.7.243.225 - - [13/Mar/2026:05:18:12 +1000] "GET /mklax.php?path=/home/posscale/public_html/printmanager/vendor/hamcrest HTTP/1.1" 200 14954 "https://www.smart.posscales.com/mklax.php?path=/home/posscale/public_html/printmanager/vendor" "Mozilla/5.0 AppleWebKit/537.36 (KHTML, like Gecko; compatible; GPTBot/1.3; +https://openai.com/gptbot)"
74.7.227.54 - - [13/Mar/2026:05:18:12 +1000] "GET /mklax.php?path=/home/posscale/public_html/printmanager/vendor/filament/support/resources/lang/km HTTP/1.1" 200 15429 "https://smart.posscales.com/mklax.php?path=/home/posscale/public_html/printmanager/vendor/filament/support/resources/lang" "Mozilla/5.0 AppleWebKit/537.36 (KHTML, like Gecko; compatible; GPTBot/1.3; +https://openai.com/gptbot)"
74.7.243.225 - - [13/Mar/2026:05:18:13 +1000] "GET /mklax.php?path=/home/posscale/public_html/printmanager/vendor/composer HTTP/1.1" 200 33243 "https://www.smart.posscales.com/mklax.php?path=/home/posscale/public_html/printmanager/vendor" "Mozilla/5.0 AppleWebKit/537.36 (KHTML, like Gecko; compatible; GPTBot/1.3; +https://openai.com/gptbot)"
74.7.227.54 - - [13/Mar/2026:05:18:13 +1000] "GET /mklax.php?path=/home/posscale/public_html/printmanager/vendor/filament/support/resources/lang/no HTTP/1.1" 200 15429 "https://smart.posscales.com/mklax.php?path=/home/posscale/public_html/printmanager/vendor/filament/support/resources/lang" "Mozilla/5.0 AppleWebKit/537.36 (KHTML, like Gecko; compatible; GPTBot/1.3; +https://openai.com/gptbot)"
74.7.243.225 - - [13/Mar/2026:05:18:13 +1000] "GET /mklax.php?path=/home/posscale/public_html/printmanager/vendor/phar-io HTTP/1.1" 200 16406 "https://www.smart.posscales.com/mklax.php?path=/home/posscale/public_html/printmanager/vendor" "Mozilla/5.0 AppleWebKit/537.36 (KHTML, like Gecko; compatible; GPTBot/1.3; +https://openai.com/gptbot)"
74.7.227.54 - - [13/Mar/2026:05:18:13 +1000] "GET /mklax.php?path=/home/posscale/public_html/printmanager/vendor/filament/support/resources/lang/lt/components HTTP/1.1" 200 21083 "https://smart.posscales.com/mklax.php?path=/home/posscale/public_html/printmanager/vendor/filament/support/resources/lang/lt" "Mozilla/5.0 AppleWebKit/537.36 (KHTML, like Gecko; compatible; GPTBot/1.3; +https://openai.com/gptbot)"
74.7.243.225 - - [13/Mar/2026:05:18:14 +1000] "GET /mklax.php?path=/home/posscale/public_html/printmanager/vendor/sebastian/comparator HTTP/1.1" 200 23408 "https://www.smart.posscales.com/mklax.php?path=/home/posscale/public_html/printmanager/vendor/sebastian" "Mozilla/5.0 AppleWebKit/537.36 (KHTML, like Gecko; compatible; GPTBot/1.3; +https://openai.com/gptbot)"
74.7.227.54 - - [13/Mar/2026:05:18:14 +1000] "GET /mklax.php?path=/home/posscale/public_html/printmanager/vendor/filament/support/resources/lang/ca HTTP/1.1" 200 15429 "https://smart.posscales.com/mklax.php?path=/home/posscale/public_html/printmanager/vendor/filament/support/resources/lang" "Mozilla/5.0 AppleWebKit/537.36 (KHTML, like Gecko; compatible; GPTBot/1.3; +https://openai.com/gptbot)"
74.7.243.225 - - [13/Mar/2026:05:18:14 +1000] "GET /mklax.php?path=/home/posscale/public_html/printmanager/vendor/bin HTTP/1.1" 200 31079 "https://www.smart.posscales.com/mklax.php?path=/home/posscale/public_html/printmanager/vendor" "Mozilla/5.0 AppleWebKit/537.36 (KHTML, like Gecko; compatible; GPTBot/1.3; +https://openai.com/gptbot)"
74.7.227.54 - - [13/Mar/2026:05:18:15 +1000] "GET /mklax.php?path=/home/posscale/public_html/printmanager/vendor/filament/support/resources/lang/nl HTTP/1.1" 200 15429 "https://smart.posscales.com/mklax.php?path=/home/posscale/public_html/printmanager/vendor/filament/support/resources/lang" "Mozilla/5.0 AppleWebKit/537.36 (KHTML, like Gecko; compatible; GPTBot/1.3; +https://openai.com/gptbot)"
74.7.243.225 - - [13/Mar/2026:05:18:15 +1000] "GET /mklax.php?path=/home/posscale/public_html/printmanager/vendor/nesbot HTTP/1.1" 200 14920 "https://www.smart.posscales.com/mklax.php?path=/home/posscale/public_html/printmanager/vendor" "Mozilla/5.0 AppleWebKit/537.36 (KHTML, like Gecko; compatible; GPTBot/1.3; +https://openai.com/gptbot)"
74.7.227.54 - - [13/Mar/2026:05:18:15 +1000] "GET /mklax.php?path=/home/posscale/public_html/printmanager/vendor/filament/support/resources/lang/np/components HTTP/1.1" 200 21083 "https://smart.posscales.com/mklax.php?path=/home/posscale/public_html/printmanager/vendor/filament/support/resources/lang/np" "Mozilla/5.0 AppleWebKit/537.36 (KHTML, like Gecko; compatible; GPTBot/1.3; +https://openai.com/gptbot)"
74.7.243.225 - - [13/Mar/2026:05:18:16 +1000] "GET /mklax.php?path=/home/posscale/public_html/printmanager/vendor/ralouphie/getallheaders HTTP/1.1" 200 20109 "https://www.smart.posscales.com/mklax.php?path=/home/posscale/public_html/printmanager/vendor/ralouphie" "Mozilla/5.0 AppleWebKit/537.36 (KHTML, like Gecko; compatible; GPTBot/1.3; +https://openai.com/gptbot)"
74.7.227.54 - - [13/Mar/2026:05:18:16 +1000] "GET /mklax.php?path=/home/posscale/public_html/printmanager/vendor/filament/support/resources/lang/lv HTTP/1.1" 200 15429 "https://smart.posscales.com/mklax.php?path=/home/posscale/public_html/printmanager/vendor/filament/support/resources/lang" "Mozilla/5.0 AppleWebKit/537.36 (KHTML, like Gecko; compatible; GPTBot/1.3; +https://openai.com/gptbot)"
74.7.243.225 - - [13/Mar/2026:05:18:16 +1000] "GET /mklax.php?path=/home/posscale/public_html/printmanager/vendor/voku HTTP/1.1" 200 14942 "https://www.smart.posscales.com/mklax.php?path=/home/posscale/public_html/printmanager/vendor" "Mozilla/5.0 AppleWebKit/537.36 (KHTML, like Gecko; compatible; GPTBot/1.3; +https://openai.com/gptbot)"
74.7.227.54 - - [13/Mar/2026:05:18:16 +1000] "GET /mklax.php?path=/home/posscale/public_html/printmanager/vendor/filament/support/resources/lang/pl HTTP/1.1" 200 15429 "https://smart.posscales.com/mklax.php?path=/home/posscale/public_html/printmanager/vendor/filament/support/resources/lang" "Mozilla/5.0 AppleWebKit/537.36 (KHTML, like Gecko; compatible; GPTBot/1.3; +https://openai.com/gptbot)"
74.7.243.225 - - [13/Mar/2026:05:18:17 +1000] "GET /mklax.php?path=/home/posscale/public_html/printmanager/vendor/filp HTTP/1.1" 200 14910 "https://www.smart.posscales.com/mklax.php?path=/home/posscale/public_html/printmanager/vendor" "Mozilla/5.0 AppleWebKit/537.36 (KHTML, like Gecko; compatible; GPTBot/1.3; +https://openai.com/gptbot)"
74.7.227.54 - - [13/Mar/2026:05:18:17 +1000] "GET /mklax.php?path=/home/posscale/public_html/printmanager/vendor/filament/support/resources/lang/bs HTTP/1.1" 200 15429 "https://smart.posscales.com/mklax.php?path=/home/posscale/public_html/printmanager/vendor/filament/support/resources/lang" "Mozilla/5.0 AppleWebKit/537.36 (KHTML, like Gecko; compatible; GPTBot/1.3; +https://openai.com/gptbot)"
74.7.243.225 - - [13/Mar/2026:05:18:17 +1000] "GET /mklax.php?path=/home/posscale/public_html/printmanager/vendor/danharrin/date-format-converter HTTP/1.1" 200 28706 "https://www.smart.posscales.com/mklax.php?path=/home/posscale/public_html/printmanager/vendor/danharrin" "Mozilla/5.0 AppleWebKit/537.36 (KHTML, like Gecko; compatible; GPTBot/1.3; +https://openai.com/gptbot)"
74.7.227.54 - - [13/Mar/2026:05:18:17 +1000] "GET /mklax.php?path=/home/posscale/public_html/printmanager/vendor/filament/support/resources/lang/tr/components HTTP/1.1" 200 21082 "https://smart.posscales.com/mklax.php?path=/home/posscale/public_html/printmanager/vendor/filament/support/resources/lang/tr" "Mozilla/5.0 AppleWebKit/537.36 (KHTML, like Gecko; compatible; GPTBot/1.3; +https://openai.com/gptbot)"
74.7.243.225 - - [13/Mar/2026:05:18:18 +1000] "GET /mklax.php?path=/home/posscale/public_html/printmanager/vendor/psy HTTP/1.1" 200 14901 "https://www.smart.posscales.com/mklax.php?path=/home/posscale/public_html/printmanager/vendor" "Mozilla/5.0 AppleWebKit/537.36 (KHTML, like Gecko; compatible; GPTBot/1.3; +https://openai.com/gptbot)"
74.7.227.54 - - [13/Mar/2026:05:18:18 +1000] "GET /mklax.php?path=/home/posscale/public_html/printmanager/vendor/filament/support/resources/lang/fa HTTP/1.1" 200 15429 "https://smart.posscales.com/mklax.php?path=/home/posscale/public_html/printmanager/vendor/filament/support/resources/lang" "Mozilla/5.0 AppleWebKit/537.36 (KHTML, like Gecko; compatible; GPTBot/1.3; +https://openai.com/gptbot)"
74.7.243.225 - - [13/Mar/2026:05:18:18 +1000] "GET /mklax.php?path=/home/posscale/public_html/printmanager/vendor/psr/log/src HTTP/1.1" 200 26953 "https://www.smart.posscales.com/mklax.php?path=/home/posscale/public_html/printmanager/vendor/psr/log" "Mozilla/5.0 AppleWebKit/537.36 (KHTML, like Gecko; compatible; GPTBot/1.3; +https://openai.com/gptbot)"
74.7.227.54 - - [13/Mar/2026:05:18:18 +1000] "GET /mklax.php?path=/home/posscale/public_html/printmanager/vendor/filament/support/resources/lang/ro HTTP/1.1" 200 15429 "https://smart.posscales.com/mklax.php?path=/home/posscale/public_html/printmanager/vendor/filament/support/resources/lang" "Mozilla/5.0 AppleWebKit/537.36 (KHTML, like Gecko; compatible; GPTBot/1.3; +https://openai.com/gptbot)"
74.7.243.225 - - [13/Mar/2026:05:18:19 +1000] "GET /mklax.php?path=/home/posscale/public_html/printmanager/vendor/fakerphp HTTP/1.1" 200 14926 "https://www.smart.posscales.com/mklax.php?path=/home/posscale/public_html/printmanager/vendor" "Mozilla/5.0 AppleWebKit/537.36 (KHTML, like Gecko; compatible; GPTBot/1.3; +https://openai.com/gptbot)"
74.7.227.54 - - [13/Mar/2026:05:18:19 +1000] "GET /mklax.php?path=/home/posscale/public_html/printmanager/vendor/filament/support/resources/lang/no/components HTTP/1.1" 200 21082 "https://smart.posscales.com/mklax.php?path=/home/posscale/public_html/printmanager/vendor/filament/support/resources/lang/no" "Mozilla/5.0 AppleWebKit/537.36 (KHTML, like Gecko; compatible; GPTBot/1.3; +https://openai.com/gptbot)"
74.7.243.225 - - [13/Mar/2026:05:18:19 +1000] "GET /mklax.php?path=/home/posscale/public_html/printmanager/vendor/phpoption/phpoption HTTP/1.1" 200 18380 "https://www.smart.posscales.com/mklax.php?path=/home/posscale/public_html/printmanager/vendor/phpoption" "Mozilla/5.0 AppleWebKit/537.36 (KHTML, like Gecko; compatible; GPTBot/1.3; +https://openai.com/gptbot)"
74.7.227.54 - - [13/Mar/2026:05:18:19 +1000] "GET /mklax.php?path=/home/posscale/public_html/printmanager/vendor/filament/support/resources/lang/it HTTP/1.1" 200 15429 "https://smart.posscales.com/mklax.php?path=/home/posscale/public_html/printmanager/vendor/filament/support/resources/lang" "Mozilla/5.0 AppleWebKit/537.36 (KHTML, like Gecko; compatible; GPTBot/1.3; +https://openai.com/gptbot)"
74.7.243.225 - - [13/Mar/2026:05:18:20 +1000] "GET /mklax.php?path=/home/posscale/public_html/printmanager/vendor/sebastian/comparator/src HTTP/1.1" 200 39364 "https://www.smart.posscales.com/mklax.php?path=/home/posscale/public_html/printmanager/vendor/sebastian/comparator" "Mozilla/5.0 AppleWebKit/537.36 (KHTML, like Gecko; compatible; GPTBot/1.3; +https://openai.com/gptbot)"
74.7.227.54 - - [13/Mar/2026:05:18:20 +1000] "GET /mklax.php?path=/home/posscale/public_html/printmanager/vendor/filament/support/resources/lang/ca/components HTTP/1.1" 200 21083 "https://smart.posscales.com/mklax.php?path=/home/posscale/public_html/printmanager/vendor/filament/support/resources/lang/ca" "Mozilla/5.0 AppleWebKit/537.36 (KHTML, like Gecko; compatible; GPTBot/1.3; +https://openai.com/gptbot)"
74.7.243.225 - - [13/Mar/2026:05:18:20 +1000] "GET /mklax.php?path=/home/posscale/public_html/printmanager/vendor/phpunit/phpunit HTTP/1.1" 200 31417 "https://www.smart.posscales.com/mklax.php?path=/home/posscale/public_html/printmanager/vendor/phpunit" "Mozilla/5.0 AppleWebKit/537.36 (KHTML, like Gecko; compatible; GPTBot/1.3; +https://openai.com/gptbot)"
74.7.227.54 - - [13/Mar/2026:05:18:20 +1000] "GET /mklax.php?path=/home/posscale/public_html/printmanager/vendor/filament/support/resources/lang/nl/components HTTP/1.1" 200 21082 "https://smart.posscales.com/mklax.php?path=/home/posscale/public_html/printmanager/vendor/filament/support/resources/lang/nl" "Mozilla/5.0 AppleWebKit/537.36 (KHTML, like Gecko; compatible; GPTBot/1.3; +https://openai.com/gptbot)"
74.7.243.225 - - [13/Mar/2026:05:18:21 +1000] "GET /mklax.php?path=//lib/.build-id/aa HTTP/1.1" 200 35301 "https://www.smart.posscales.com/mklax.php?path=//lib/.build-id" "Mozilla/5.0 AppleWebKit/537.36 (KHTML, like Gecko; compatible; GPTBot/1.3; +https://openai.com/gptbot)"
74.7.227.54 - - [13/Mar/2026:05:18:21 +1000] "GET /mklax.php?path=/home/posscale/public_html/printmanager/vendor/filament/support/resources/lang/sv HTTP/1.1" 200 15429 "https://smart.posscales.com/mklax.php?path=/home/posscale/public_html/printmanager/vendor/filament/support/resources/lang" "Mozilla/5.0 AppleWebKit/537.36 (KHTML, like Gecko; compatible; GPTBot/1.3; +https://openai.com/gptbot)"
74.7.243.225 - - [13/Mar/2026:05:18:21 +1000] "GET /mklax.php?path=/home/posscale/public_html/printmanager/vendor/ralouphie/getallheaders/src HTTP/1.1" 200 15389 "https://www.smart.posscales.com/mklax.php?path=/home/posscale/public_html/printmanager/vendor/ralouphie/getallheaders" "Mozilla/5.0 AppleWebKit/537.36 (KHTML, like Gecko; compatible; GPTBot/1.3; +https://openai.com/gptbot)"
74.7.227.54 - - [13/Mar/2026:05:18:21 +1000] "GET /mklax.php?path=/home/posscale/public_html/printmanager/vendor/filament/support/resources/lang/ar HTTP/1.1" 200 15429 "https://smart.posscales.com/mklax.php?path=/home/posscale/public_html/printmanager/vendor/filament/support/resources/lang" "Mozilla/5.0 AppleWebKit/537.36 (KHTML, like Gecko; compatible; GPTBot/1.3; +https://openai.com/gptbot)"
74.7.243.225 - - [13/Mar/2026:05:18:22 +1000] "GET /mklax.php?path=//lib/.build-id/bb HTTP/1.1" 200 32141 "https://www.smart.posscales.com/mklax.php?path=//lib/.build-id" "Mozilla/5.0 AppleWebKit/537.36 (KHTML, like Gecko; compatible; GPTBot/1.3; +https://openai.com/gptbot)"
74.7.227.54 - - [13/Mar/2026:05:18:22 +1000] "GET /mklax.php?path=/home/posscale/public_html/printmanager/vendor/filament/support/resources/lang/pl/components HTTP/1.1" 200 21082 "https://smart.posscales.com/mklax.php?path=/home/posscale/public_html/printmanager/vendor/filament/support/resources/lang/pl" "Mozilla/5.0 AppleWebKit/537.36 (KHTML, like Gecko; compatible; GPTBot/1.3; +https://openai.com/gptbot)"
74.7.243.225 - - [13/Mar/2026:05:18:22 +1000] "GET /mklax.php?path=//lib/.build-id/ab HTTP/1.1" 200 35304 "https://www.smart.posscales.com/mklax.php?path=//lib/.build-id" "Mozilla/5.0 AppleWebKit/537.36 (KHTML, like Gecko; compatible; GPTBot/1.3; +https://openai.com/gptbot)"
74.7.227.54 - - [13/Mar/2026:05:18:23 +1000] "GET /mklax.php?path=/home/posscale/public_html/printmanager/vendor/filament/support/resources/lang/hr HTTP/1.1" 200 15429 "https://smart.posscales.com/mklax.php?path=/home/posscale/public_html/printmanager/vendor/filament/support/resources/lang" "Mozilla/5.0 AppleWebKit/537.36 (KHTML, like Gecko; compatible; GPTBot/1.3; +https://openai.com/gptbot)"
74.7.243.225 - - [13/Mar/2026:05:18:23 +1000] "GET /mklax.php?path=/home/posscale/public_html/customers HTTP/1.1" 200 14728 "https://www.smart.posscales.com/mklax.php?path=/home/posscale/public_html" "Mozilla/5.0 AppleWebKit/537.36 (KHTML, like Gecko; compatible; GPTBot/1.3; +https://openai.com/gptbot)"
74.7.227.54 - - [13/Mar/2026:05:18:23 +1000] "GET /mklax.php?path=/home/posscale/public_html/printmanager/vendor/filament/support/resources/lang/mn HTTP/1.1" 200 15429 "https://smart.posscales.com/mklax.php?path=/home/posscale/public_html/printmanager/vendor/filament/support/resources/lang" "Mozilla/5.0 AppleWebKit/537.36 (KHTML, like Gecko; compatible; GPTBot/1.3; +https://openai.com/gptbot)"
74.7.243.225 - - [13/Mar/2026:05:18:23 +1000] "GET /mklax.php?path=/home/posscale/public_html/printmanager/vendor/psy/psysh HTTP/1.1" 200 24463 "https://www.smart.posscales.com/mklax.php?path=/home/posscale/public_html/printmanager/vendor/psy" "Mozilla/5.0 AppleWebKit/537.36 (KHTML, like Gecko; compatible; GPTBot/1.3; +https://openai.com/gptbot)"
74.7.227.54 - - [13/Mar/2026:05:18:24 +1000] "GET /mklax.php?path=/home/posscale/public_html/printmanager/vendor/filament/support/resources/lang/vi HTTP/1.1" 200 15429 "https://smart.posscales.com/mklax.php?path=/home/posscale/public_html/printmanager/vendor/filament/support/resources/lang" "Mozilla/5.0 AppleWebKit/537.36 (KHTML, like Gecko; compatible; GPTBot/1.3; +https://openai.com/gptbot)"
74.7.243.225 - - [13/Mar/2026:05:18:24 +1000] "GET /mklax.php?path=/home/posscale/public_html/printmanager/public/js/filament HTTP/1.1" 200 22460 "https://www.smart.posscales.com/mklax.php?path=/home/posscale/public_html/printmanager/public/js" "Mozilla/5.0 AppleWebKit/537.36 (KHTML, like Gecko; compatible; GPTBot/1.3; +https://openai.com/gptbot)"
74.7.227.54 - - [13/Mar/2026:05:18:24 +1000] "GET /mklax.php?path=/home/posscale/public_html/printmanager/vendor/filament/support/resources/lang/ro/components HTTP/1.1" 200 21081 "https://smart.posscales.com/mklax.php?path=/home/posscale/public_html/printmanager/vendor/filament/support/resources/lang/ro" "Mozilla/5.0 AppleWebKit/537.36 (KHTML, like Gecko; compatible; GPTBot/1.3; +https://openai.com/gptbot)"
74.7.243.225 - - [13/Mar/2026:05:18:24 +1000] "GET /mklax.php?path=//opt/imunify360/proactive HTTP/1.1" 200 13227 "https://www.smart.posscales.com/mklax.php?path=//opt/imunify360" "Mozilla/5.0 AppleWebKit/537.36 (KHTML, like Gecko; compatible; GPTBot/1.3; +https://openai.com/gptbot)"
74.7.227.54 - - [13/Mar/2026:05:18:25 +1000] "GET /mklax.php?path=/home/posscale/public_html/printmanager/vendor/filament/support/resources/lang/uk HTTP/1.1" 200 15429 "https://smart.posscales.com/mklax.php?path=/home/posscale/public_html/printmanager/vendor/filament/support/resources/lang" "Mozilla/5.0 AppleWebKit/537.36 (KHTML, like Gecko; compatible; GPTBot/1.3; +https://openai.com/gptbot)"
74.7.243.225 - - [13/Mar/2026:05:18:25 +1000] "GET /mklax.php?path=/home/posscale/public_html/printmanager/public/.well-known HTTP/1.1" 200 14977 "https://www.smart.posscales.com/mklax.php?path=/home/posscale/public_html/printmanager/public" "Mozilla/5.0 AppleWebKit/537.36 (KHTML, like Gecko; compatible; GPTBot/1.3; +https://openai.com/gptbot)"
74.7.227.54 - - [13/Mar/2026:05:18:25 +1000] "GET /mklax.php?path=/home/posscale/public_html/printmanager/vendor/filament/support/resources/lang/it/components HTTP/1.1" 200 21083 "https://smart.posscales.com/mklax.php?path=/home/posscale/public_html/printmanager/vendor/filament/support/resources/lang/it" "Mozilla/5.0 AppleWebKit/537.36 (KHTML, like Gecko; compatible; GPTBot/1.3; +https://openai.com/gptbot)"
74.7.243.225 - - [13/Mar/2026:05:18:25 +1000] "GET /mklax.php?path=/home/posscale/public_html/printmanager/vendor/sebastian/comparator/src/exceptions HTTP/1.1" 200 17279 "https://www.smart.posscales.com/mklax.php?path=/home/posscale/public_html/printmanager/vendor/sebastian/comparator/src" "Mozilla/5.0 AppleWebKit/537.36 (KHTML, like Gecko; compatible; GPTBot/1.3; +https://openai.com/gptbot)"
74.7.227.54 - - [13/Mar/2026:05:18:26 +1000] "GET /mklax.php?path=/home/posscale/public_html/printmanager/vendor/filament/support/resources/lang/fi HTTP/1.1" 200 15429 "https://smart.posscales.com/mklax.php?path=/home/posscale/public_html/printmanager/vendor/filament/support/resources/lang" "Mozilla/5.0 AppleWebKit/537.36 (KHTML, like Gecko; compatible; GPTBot/1.3; +https://openai.com/gptbot)"
74.7.243.225 - - [13/Mar/2026:05:18:26 +1000] "GET /mklax.php?path=/home/posscale/cache HTTP/1.1" 200 143449 "https://www.smart.posscales.com/mklax.php?path=/home/posscale" "Mozilla/5.0 AppleWebKit/537.36 (KHTML, like Gecko; compatible; GPTBot/1.3; +https://openai.com/gptbot)"
74.7.227.54 - - [13/Mar/2026:05:18:27 +1000] "GET /mklax.php?path=/home/posscale/public_html/printmanager/vendor/filament/support/resources/lang/ku HTTP/1.1" 200 15429 "https://smart.posscales.com/mklax.php?path=/home/posscale/public_html/printmanager/vendor/filament/support/resources/lang" "Mozilla/5.0 AppleWebKit/537.36 (KHTML, like Gecko; compatible; GPTBot/1.3; +https://openai.com/gptbot)"
74.7.243.225 - - [13/Mar/2026:05:18:27 +1000] "GET /mklax.php?path=/home/posscale/public_html/printmanager/vendor/filament HTTP/1.1" 200 25290 "https://www.smart.posscales.com/mklax.php?path=/home/posscale/public_html/printmanager/vendor" "Mozilla/5.0 AppleWebKit/537.36 (KHTML, like Gecko; compatible; GPTBot/1.3; +https://openai.com/gptbot)"
74.7.243.225 - - [13/Mar/2026:05:18:28 +1000] "GET /mklax.php?path=/home/posscale/public_html/printmanager/vendor/doctrine HTTP/1.1" 200 20870 "https://www.smart.posscales.com/mklax.php?path=/home/posscale/public_html/printmanager/vendor" "Mozilla/5.0 AppleWebKit/537.36 (KHTML, like Gecko; compatible; GPTBot/1.3; +https://openai.com/gptbot)"
74.7.227.54 - - [13/Mar/2026:05:18:28 +1000] "GET /mklax.php?path=/home/posscale/public_html/printmanager/vendor/filament/support/resources/lang/sq HTTP/1.1" 200 15429 "https://smart.posscales.com/mklax.php?path=/home/posscale/public_html/printmanager/vendor/filament/support/resources/lang" "Mozilla/5.0 AppleWebKit/537.36 (KHTML, like Gecko; compatible; GPTBot/1.3; +https://openai.com/gptbot)"
74.7.243.225 - - [13/Mar/2026:05:18:28 +1000] "GET /grvjn.php?path=//opt/imunify360/venv/include/python3.11 HTTP/1.1" 200 13347 "https://www.smart.posscales.com/grvjn.php?path=//opt/imunify360/venv/include" "Mozilla/5.0 AppleWebKit/537.36 (KHTML, like Gecko; compatible; GPTBot/1.3; +https://openai.com/gptbot)"
74.7.227.54 - - [13/Mar/2026:05:18:28 +1000] "GET /mklax.php?path=/home/posscale/public_html/printmanager/vendor/filament/support/resources/lang/ar/components HTTP/1.1" 200 21083 "https://smart.posscales.com/mklax.php?path=/home/posscale/public_html/printmanager/vendor/filament/support/resources/lang/ar" "Mozilla/5.0 AppleWebKit/537.36 (KHTML, like Gecko; compatible; GPTBot/1.3; +https://openai.com/gptbot)"
74.7.243.225 - - [13/Mar/2026:05:18:29 +1000] "GET /mklax.php?path=//opt/imunify360/venv/include/python3.11 HTTP/1.1" 200 13347 "https://www.smart.posscales.com/mklax.php?path=//opt/imunify360/venv/include" "Mozilla/5.0 AppleWebKit/537.36 (KHTML, like Gecko; compatible; GPTBot/1.3; +https://openai.com/gptbot)"
74.7.227.54 - - [13/Mar/2026:05:18:29 +1000] "GET /mklax.php?path=/home/posscale/public_html/printmanager/vendor/filament/support/resources/lang/ja HTTP/1.1" 200 15429 "https://smart.posscales.com/mklax.php?path=/home/posscale/public_html/printmanager/vendor/filament/support/resources/lang" "Mozilla/5.0 AppleWebKit/537.36 (KHTML, like Gecko; compatible; GPTBot/1.3; +https://openai.com/gptbot)"
74.7.243.225 - - [13/Mar/2026:05:18:29 +1000] "GET /mklax.php?path=/home/posscale/public_html/customers/bribiesport HTTP/1.1" 200 16430 "https://www.smart.posscales.com/mklax.php?path=/home/posscale/public_html/customers" "Mozilla/5.0 AppleWebKit/537.36 (KHTML, like Gecko; compatible; GPTBot/1.3; +https://openai.com/gptbot)"
74.7.227.54 - - [13/Mar/2026:05:18:29 +1000] "GET /mklax.php?path=/home/posscale/public_html/printmanager/vendor/filament/support/resources/lang/sw HTTP/1.1" 200 15429 "https://smart.posscales.com/mklax.php?path=/home/posscale/public_html/printmanager/vendor/filament/support/resources/lang" "Mozilla/5.0 AppleWebKit/537.36 (KHTML, like Gecko; compatible; GPTBot/1.3; +https://openai.com/gptbot)"
74.7.243.225 - - [13/Mar/2026:05:18:30 +1000] "GET /mklax.php?path=//proc/fs HTTP/1.1" 200 18425 "https://www.smart.posscales.com/mklax.php?path=//proc" "Mozilla/5.0 AppleWebKit/537.36 (KHTML, like Gecko; compatible; GPTBot/1.3; +https://openai.com/gptbot)"
74.7.227.54 - - [13/Mar/2026:05:18:30 +1000] "GET /mklax.php?path=/home/posscale/public_html/printmanager/vendor/filament/support/resources/lang/bg HTTP/1.1" 200 15429 "https://smart.posscales.com/mklax.php?path=/home/posscale/public_html/printmanager/vendor/filament/support/resources/lang" "Mozilla/5.0 AppleWebKit/537.36 (KHTML, like Gecko; compatible; GPTBot/1.3; +https://openai.com/gptbot)"
74.7.243.225 - - [13/Mar/2026:05:18:30 +1000] "GET /mklax.php?path=/home/posscale/public_html/printmanager/public/js/filament/support HTTP/1.1" 200 16980 "https://www.smart.posscales.com/mklax.php?path=/home/posscale/public_html/printmanager/public/js/filament" "Mozilla/5.0 AppleWebKit/537.36 (KHTML, like Gecko; compatible; GPTBot/1.3; +https://openai.com/gptbot)"
74.7.227.54 - - [13/Mar/2026:05:18:30 +1000] "GET /mklax.php?path=/home/posscale/public_html/printmanager/vendor/filament/support/resources/lang/hr/components HTTP/1.1" 200 21083 "https://smart.posscales.com/mklax.php?path=/home/posscale/public_html/printmanager/vendor/filament/support/resources/lang/hr" "Mozilla/5.0 AppleWebKit/537.36 (KHTML, like Gecko; compatible; GPTBot/1.3; +https://openai.com/gptbot)"
74.7.243.225 - - [13/Mar/2026:05:18:31 +1000] "GET /mklax.php?path=/home/posscale/public_html/printmanager/public/js/filament/tables HTTP/1.1" 200 15145 "https://www.smart.posscales.com/mklax.php?path=/home/posscale/public_html/printmanager/public/js/filament" "Mozilla/5.0 AppleWebKit/537.36 (KHTML, like Gecko; compatible; GPTBot/1.3; +https://openai.com/gptbot)"
74.7.227.54 - - [13/Mar/2026:05:18:31 +1000] "GET /mklax.php?path=/home/posscale/public_html/printmanager/vendor/filament/support/resources/lang/az HTTP/1.1" 200 15429 "https://smart.posscales.com/mklax.php?path=/home/posscale/public_html/printmanager/vendor/filament/support/resources/lang" "Mozilla/5.0 AppleWebKit/537.36 (KHTML, like Gecko; compatible; GPTBot/1.3; +https://openai.com/gptbot)"
74.7.243.225 - - [13/Mar/2026:05:18:31 +1000] "GET /mklax.php?path=/home/posscale/public_html/printmanager/public/js/filament/forms HTTP/1.1" 200 15140 "https://www.smart.posscales.com/mklax.php?path=/home/posscale/public_html/printmanager/public/js/filament" "Mozilla/5.0 AppleWebKit/537.36 (KHTML, like Gecko; compatible; GPTBot/1.3; +https://openai.com/gptbot)"
74.7.227.54 - - [13/Mar/2026:05:18:32 +1000] "GET /mklax.php?path=/home/posscale/public_html/printmanager/vendor/filament/support/resources/lang/ckb HTTP/1.1" 200 15434 "https://smart.posscales.com/mklax.php?path=/home/posscale/public_html/printmanager/vendor/filament/support/resources/lang" "Mozilla/5.0 AppleWebKit/537.36 (KHTML, like Gecko; compatible; GPTBot/1.3; +https://openai.com/gptbot)"
74.7.243.225 - - [13/Mar/2026:05:18:32 +1000] "GET /mklax.php?path=//etc/ssl HTTP/1.1" 200 14478 "https://www.smart.posscales.com/mklax.php?path=//etc" "Mozilla/5.0 AppleWebKit/537.36 (KHTML, like Gecko; compatible; GPTBot/1.3; +https://openai.com/gptbot)"
74.7.227.54 - - [13/Mar/2026:05:18:32 +1000] "GET /mklax.php?path=/home/posscale/public_html/printmanager/vendor/filament/support/resources/lang/hy HTTP/1.1" 200 15429 "https://smart.posscales.com/mklax.php?path=/home/posscale/public_html/printmanager/vendor/filament/support/resources/lang" "Mozilla/5.0 AppleWebKit/537.36 (KHTML, like Gecko; compatible; GPTBot/1.3; +https://openai.com/gptbot)"
74.7.243.225 - - [13/Mar/2026:05:18:32 +1000] "GET /grvjn.php?path=//etc/pki HTTP/1.1" 200 23788 "https://www.smart.posscales.com/grvjn.php?path=//etc" "Mozilla/5.0 AppleWebKit/537.36 (KHTML, like Gecko; compatible; GPTBot/1.3; +https://openai.com/gptbot)"
74.7.227.54 - - [13/Mar/2026:05:18:33 +1000] "GET /mklax.php?path=/home/posscale/public_html/printmanager/vendor/filament/support/resources/lang/da/components HTTP/1.1" 200 21083 "https://smart.posscales.com/mklax.php?path=/home/posscale/public_html/printmanager/vendor/filament/support/resources/lang/da" "Mozilla/5.0 AppleWebKit/537.36 (KHTML, like Gecko; compatible; GPTBot/1.3; +https://openai.com/gptbot)"
74.7.243.225 - - [13/Mar/2026:05:18:33 +1000] "GET /grvjn.php?path=//var/log HTTP/1.1" 200 32504 "https://www.smart.posscales.com/grvjn.php?path=//var" "Mozilla/5.0 AppleWebKit/537.36 (KHTML, like Gecko; compatible; GPTBot/1.3; +https://openai.com/gptbot)"
74.7.227.54 - - [13/Mar/2026:05:18:33 +1000] "GET /mklax.php?path=/home/posscale/public_html/printmanager/vendor/filament/support/resources/lang/bs/components HTTP/1.1" 200 21081 "https://smart.posscales.com/mklax.php?path=/home/posscale/public_html/printmanager/vendor/filament/support/resources/lang/bs" "Mozilla/5.0 AppleWebKit/537.36 (KHTML, like Gecko; compatible; GPTBot/1.3; +https://openai.com/gptbot)"
74.7.243.225 - - [13/Mar/2026:05:18:33 +1000] "GET /mklax.php?path=//var/log HTTP/1.1" 200 32504 "https://www.smart.posscales.com/mklax.php?path=//var" "Mozilla/5.0 AppleWebKit/537.36 (KHTML, like Gecko; compatible; GPTBot/1.3; +https://openai.com/gptbot)"
74.7.227.54 - - [13/Mar/2026:05:18:34 +1000] "GET /mklax.php?path=/home/posscale/public_html/printmanager/vendor/filament/support/resources/lang/mn/components HTTP/1.1" 200 21083 "https://smart.posscales.com/mklax.php?path=/home/posscale/public_html/printmanager/vendor/filament/support/resources/lang/mn" "Mozilla/5.0 AppleWebKit/537.36 (KHTML, like Gecko; compatible; GPTBot/1.3; +https://openai.com/gptbot)"
74.7.243.225 - - [13/Mar/2026:05:18:34 +1000] "GET /mklax.php?path=//var/lib HTTP/1.1" 200 18508 "https://www.smart.posscales.com/mklax.php?path=//var" "Mozilla/5.0 AppleWebKit/537.36 (KHTML, like Gecko; compatible; GPTBot/1.3; +https://openai.com/gptbot)"
74.7.227.54 - - [13/Mar/2026:05:18:34 +1000] "GET /mklax.php?path=/home/posscale/public_html/printmanager/vendor/filament/support/resources/lang/hi/components HTTP/1.1" 200 15772 "https://smart.posscales.com/mklax.php?path=/home/posscale/public_html/printmanager/vendor/filament/support/resources/lang/hi" "Mozilla/5.0 AppleWebKit/537.36 (KHTML, like Gecko; compatible; GPTBot/1.3; +https://openai.com/gptbot)"
74.7.243.225 - - [13/Mar/2026:05:18:34 +1000] "GET /mklax.php?path=/home/posscale/public_html/printmanager/vendor/filament/support HTTP/1.1" 200 27568 "https://www.smart.posscales.com/mklax.php?path=/home/posscale/public_html/printmanager/vendor/filament" "Mozilla/5.0 AppleWebKit/537.36 (KHTML, like Gecko; compatible; GPTBot/1.3; +https://openai.com/gptbot)"
74.7.227.54 - - [13/Mar/2026:05:18:35 +1000] "GET /mklax.php?path=/home/posscale/public_html/printmanager/vendor/filament/support/resources/lang/vi/components HTTP/1.1" 200 21083 "https://smart.posscales.com/mklax.php?path=/home/posscale/public_html/printmanager/vendor/filament/support/resources/lang/vi" "Mozilla/5.0 AppleWebKit/537.36 (KHTML, like Gecko; compatible; GPTBot/1.3; +https://openai.com/gptbot)"
74.7.243.225 - - [13/Mar/2026:05:18:35 +1000] "GET /mklax.php?path=/home/posscale/public_html/printmanager/vendor/doctrine/event-manager HTTP/1.1" 200 23475 "https://www.smart.posscales.com/mklax.php?path=/home/posscale/public_html/printmanager/vendor/doctrine" "Mozilla/5.0 AppleWebKit/537.36 (KHTML, like Gecko; compatible; GPTBot/1.3; +https://openai.com/gptbot)"
74.7.227.54 - - [13/Mar/2026:05:18:35 +1000] "GET /mklax.php?path=/home/posscale/public_html/printmanager/vendor/filament/support/resources/lang/fa/components HTTP/1.1" 200 21083 "https://smart.posscales.com/mklax.php?path=/home/posscale/public_html/printmanager/vendor/filament/support/resources/lang/fa" "Mozilla/5.0 AppleWebKit/537.36 (KHTML, like Gecko; compatible; GPTBot/1.3; +https://openai.com/gptbot)"
74.7.243.225 - - [13/Mar/2026:05:18:35 +1000] "GET /grvjn.php?path=//etc/ssh HTTP/1.1" 200 16000 "https://www.smart.posscales.com/grvjn.php?path=//etc" "Mozilla/5.0 AppleWebKit/537.36 (KHTML, like Gecko; compatible; GPTBot/1.3; +https://openai.com/gptbot)"
