118.127.40.73 - - [04/Mar/2026:14:12:14 +1000] "GET / HTTP/1.1" 301 295 "-" "Python/3.11 aiohttp/3.9.2"
118.127.40.73 - - [04/Mar/2026:14:42:18 +1000] "GET / HTTP/1.1" 301 295 "-" "Python/3.11 aiohttp/3.9.2"
118.127.40.73 - - [04/Mar/2026:15:12:18 +1000] "GET / HTTP/1.1" 301 295 "-" "Python/3.11 aiohttp/3.9.2"
62.72.7.109 - - [04/Mar/2026:15:39:32 +1000] "GET / HTTP/1.1" 301 295 "-" "httpx - Open-source project (github.com/projectdiscovery/httpx)"
118.127.40.73 - - [04/Mar/2026:15:42:16 +1000] "GET / HTTP/1.1" 301 295 "-" "Python/3.11 aiohttp/3.9.2"
118.127.40.73 - - [04/Mar/2026:16:12:15 +1000] "GET / HTTP/1.1" 301 295 "-" "Python/3.11 aiohttp/3.9.2"
118.127.40.73 - - [04/Mar/2026:16:42:21 +1000] "GET / HTTP/1.1" 301 295 "-" "Python/3.11 aiohttp/3.9.2"
118.127.40.73 - - [04/Mar/2026:17:12:17 +1000] "GET / HTTP/1.1" 301 295 "-" "Python/3.11 aiohttp/3.9.2"
118.127.40.73 - - [04/Mar/2026:17:42:18 +1000] "GET / HTTP/1.1" 301 295 "-" "Python/3.11 aiohttp/3.9.2"
205.210.31.163 - - [04/Mar/2026:17:54:43 +1000] "GET / HTTP/1.1" 301 295 "-" "Hello from Palo Alto Networks, find out more about our scans in https://docs-cortex.paloaltonetworks.com/r/1/Cortex-Xpanse/Scanning-activity"
118.127.40.73 - - [04/Mar/2026:18:12:16 +1000] "GET / HTTP/1.1" 301 295 "-" "Python/3.11 aiohttp/3.9.2"
118.127.40.73 - - [04/Mar/2026:18:42:19 +1000] "GET / HTTP/1.1" 301 295 "-" "Python/3.11 aiohttp/3.9.2"
118.127.40.73 - - [04/Mar/2026:19:12:26 +1000] "GET / HTTP/1.1" 301 295 "-" "Python/3.11 aiohttp/3.9.2"
118.127.40.73 - - [04/Mar/2026:19:42:18 +1000] "GET / HTTP/1.1" 301 295 "-" "Python/3.11 aiohttp/3.9.2"
118.127.40.73 - - [04/Mar/2026:20:12:17 +1000] "GET / HTTP/1.1" 301 295 "-" "Python/3.11 aiohttp/3.9.2"
118.127.40.73 - - [04/Mar/2026:20:42:20 +1000] "GET / HTTP/1.1" 301 295 "-" "Python/3.11 aiohttp/3.9.2"
118.127.40.73 - - [04/Mar/2026:21:12:19 +1000] "GET / HTTP/1.1" 301 295 "-" "Python/3.11 aiohttp/3.9.2"
74.7.230.10 - - [04/Mar/2026:21:16:56 +1000] "GET /robots.txt HTTP/1.1" 301 295 "-" "Mozilla/5.0 (Macintosh; Intel Mac OS X 10_15_7) AppleWebKit/537.36 (KHTML, like Gecko) Chrome/131.0.0.0 Safari/537.36; compatible; OAI-SearchBot/1.3; robots.txt; +https://openai.com/searchbot"
118.127.40.73 - - [04/Mar/2026:21:42:18 +1000] "GET / HTTP/1.1" 301 295 "-" "Python/3.11 aiohttp/3.9.2"
118.127.40.73 - - [04/Mar/2026:22:12:18 +1000] "GET / HTTP/1.1" 301 295 "-" "Python/3.11 aiohttp/3.9.2"
118.127.40.73 - - [04/Mar/2026:22:42:19 +1000] "GET / HTTP/1.1" 301 295 "-" "Python/3.11 aiohttp/3.9.2"
36.84.113.231 - - [04/Mar/2026:22:50:45 +1000] "GET /.git/ HTTP/1.1" 301 295 "-" "Mozilla/5.0 (X11; Linux x86_64)"
118.127.40.73 - - [04/Mar/2026:23:12:18 +1000] "GET / HTTP/1.1" 301 295 "-" "Python/3.11 aiohttp/3.9.2"
118.127.40.73 - - [04/Mar/2026:23:42:18 +1000] "GET / HTTP/1.1" 301 295 "-" "Python/3.11 aiohttp/3.9.2"
141.98.11.168 - - [05/Mar/2026:00:05:13 +1000] "GET /wp-login.php HTTP/1.1" 301 295 "-" "Mozilla/5.0 (X11; Linux x86_64) AppleWebKit/537.36 (KHTML, like Gecko) Chrome/120.0.0.0 Safari/537.36"
141.98.11.168 - - [05/Mar/2026:00:05:15 +1000] "GET /wp-admin/ HTTP/1.1" 301 295 "-" "Mozilla/5.0 (Windows NT 10.0; Win64; x64; rv:121.0) Gecko/20100101 Firefox/121.0"
141.98.11.168 - - [05/Mar/2026:00:05:16 +1000] "GET /login HTTP/1.1" 301 295 "-" "Mozilla/5.0 (Windows NT 10.0; Win64; x64) AppleWebKit/537.36 (KHTML, like Gecko) Chrome/120.0.0.0 Safari/537.36"
141.98.11.168 - - [05/Mar/2026:00:05:17 +1000] "GET /admin HTTP/1.1" 301 295 "-" "Mozilla/5.0 (Windows NT 10.0; Win64; x64) AppleWebKit/537.36 (KHTML, like Gecko) Chrome/120.0.0.0 Safari/537.36"
141.98.11.168 - - [05/Mar/2026:00:05:19 +1000] "GET /wp-login HTTP/1.1" 301 295 "-" "Mozilla/5.0 (Windows NT 11.0; Win64; x64) AppleWebKit/537.36 (KHTML, like Gecko) Chrome/121.0.0.0 Safari/537.36"
141.98.11.168 - - [05/Mar/2026:00:05:20 +1000] "GET /wordpress/wp-login.php HTTP/1.1" 301 295 "-" "Mozilla/5.0 (X11; Linux x86_64) AppleWebKit/537.36 (KHTML, like Gecko) Chrome/120.0.0.0 Safari/537.36"
141.98.11.168 - - [05/Mar/2026:00:05:21 +1000] "GET /blog/wp-login.php HTTP/1.1" 301 295 "-" "Mozilla/5.0 (X11; Linux x86_64) AppleWebKit/537.36 (KHTML, like Gecko) Chrome/120.0.0.0 Safari/537.36"
141.98.11.168 - - [05/Mar/2026:00:05:22 +1000] "GET /wp/wp-login.php HTTP/1.1" 301 295 "-" "Mozilla/5.0 (Windows NT 11.0; Win64; x64) AppleWebKit/537.36 (KHTML, like Gecko) Chrome/121.0.0.0 Safari/537.36"
141.98.11.168 - - [05/Mar/2026:00:05:23 +1000] "GET /cms/wp-login.php HTTP/1.1" 301 295 "-" "Mozilla/5.0 (Windows NT 10.0; Win64; x64) AppleWebKit/537.36 (KHTML, like Gecko) Chrome/120.0.0.0 Safari/537.36"
118.127.40.73 - - [05/Mar/2026:00:12:18 +1000] "GET / HTTP/1.1" 301 295 "-" "Python/3.11 aiohttp/3.9.2"
54.177.67.118 - - [05/Mar/2026:00:17:22 +1000] "GET / HTTP/1.1" 301 295 "-" "Mozilla/5.0 (Macintosh; Intel Mac OS X 10_15_7) AppleWebKit/537.36 (KHTML, like Gecko) Chrome/131.0.0.0 Safari/537.36"
54.177.67.118 - - [05/Mar/2026:00:17:22 +1000] "POST / HTTP/1.1" 301 295 "-" "Mozilla/5.0 (Macintosh; Intel Mac OS X 10_15_7) AppleWebKit/537.36 (KHTML, like Gecko) Chrome/131.0.0.0 Safari/537.36"
54.177.67.118 - - [05/Mar/2026:00:17:22 +1000] "POST / HTTP/1.1" 301 295 "-" "Mozilla/5.0 (Macintosh; Intel Mac OS X 10_15_7) AppleWebKit/537.36 (KHTML, like Gecko) Chrome/131.0.0.0 Safari/537.36"
54.177.67.118 - - [05/Mar/2026:00:17:22 +1000] "POST / HTTP/1.1" 301 295 "-" "Mozilla/5.0 (Macintosh; Intel Mac OS X 10_15_7) AppleWebKit/537.36 (KHTML, like Gecko) Chrome/131.0.0.0 Safari/537.36"
118.127.40.73 - - [05/Mar/2026:00:42:21 +1000] "GET / HTTP/1.1" 301 295 "-" "Python/3.11 aiohttp/3.9.2"
118.127.40.73 - - [05/Mar/2026:01:12:18 +1000] "GET / HTTP/1.1" 301 295 "-" "Python/3.11 aiohttp/3.9.2"
118.127.40.73 - - [05/Mar/2026:01:42:19 +1000] "GET / HTTP/1.1" 301 295 "-" "Python/3.11 aiohttp/3.9.2"
118.127.40.73 - - [05/Mar/2026:02:12:19 +1000] "GET / HTTP/1.1" 301 295 "-" "Python/3.11 aiohttp/3.9.2"
118.127.40.73 - - [05/Mar/2026:02:42:28 +1000] "GET / HTTP/1.1" 301 295 "-" "Python/3.11 aiohttp/3.9.2"
118.127.40.73 - - [05/Mar/2026:03:12:20 +1000] "GET / HTTP/1.1" 301 295 "-" "Python/3.11 aiohttp/3.9.2"
118.127.40.73 - - [05/Mar/2026:03:42:20 +1000] "GET / HTTP/1.1" 301 295 "-" "Python/3.11 aiohttp/3.9.2"
118.127.40.73 - - [05/Mar/2026:04:12:22 +1000] "GET / HTTP/1.1" 301 295 "-" "Python/3.11 aiohttp/3.9.2"
118.127.40.73 - - [05/Mar/2026:04:42:22 +1000] "GET / HTTP/1.1" 301 295 "-" "Python/3.11 aiohttp/3.9.2"
118.127.40.73 - - [05/Mar/2026:05:12:21 +1000] "GET / HTTP/1.1" 301 295 "-" "Python/3.11 aiohttp/3.9.2"
118.127.40.73 - - [05/Mar/2026:05:42:22 +1000] "GET / HTTP/1.1" 301 295 "-" "Python/3.11 aiohttp/3.9.2"
118.127.40.73 - - [05/Mar/2026:06:12:25 +1000] "GET / HTTP/1.1" 301 295 "-" "Python/3.11 aiohttp/3.9.2"
118.127.40.73 - - [05/Mar/2026:06:42:26 +1000] "GET / HTTP/1.1" 301 295 "-" "Python/3.11 aiohttp/3.9.2"
118.127.40.73 - - [05/Mar/2026:07:12:22 +1000] "GET / HTTP/1.1" 301 295 "-" "Python/3.11 aiohttp/3.9.2"
118.127.40.73 - - [05/Mar/2026:07:42:22 +1000] "GET / HTTP/1.1" 301 295 "-" "Python/3.11 aiohttp/3.9.2"
118.127.40.73 - - [05/Mar/2026:08:12:24 +1000] "GET / HTTP/1.1" 301 295 "-" "Python/3.11 aiohttp/3.9.2"
118.127.40.73 - - [05/Mar/2026:08:42:26 +1000] "GET / HTTP/1.1" 301 295 "-" "Python/3.11 aiohttp/3.9.2"
118.127.40.73 - - [05/Mar/2026:09:12:34 +1000] "GET / HTTP/1.1" 301 295 "-" "Python/3.11 aiohttp/3.9.2"
118.127.40.73 - - [05/Mar/2026:09:42:28 +1000] "GET / HTTP/1.1" 301 295 "-" "Python/3.11 aiohttp/3.9.2"
118.127.40.73 - - [05/Mar/2026:10:12:24 +1000] "GET / HTTP/1.1" 301 295 "-" "Python/3.11 aiohttp/3.9.2"
137.184.238.99 - - [05/Mar/2026:10:22:20 +1000] "GET / HTTP/1.1" 301 295 "-" "Mozilla/5.0 (X11; Linux x86_64) AppleWebKit/537.36 (KHTML, like Gecko) Chrome/142.0.0.0 Safari/537.36"
137.184.238.99 - - [05/Mar/2026:10:22:25 +1000] "GET /favicon.ico HTTP/1.1" 301 295 "https://softwareupdate.posscales.com.au/" "Mozilla/5.0 (X11; Linux x86_64) AppleWebKit/537.36 (KHTML, like Gecko) Chrome/142.0.0.0 Safari/537.36"
118.127.40.73 - - [05/Mar/2026:10:42:23 +1000] "GET / HTTP/1.1" 301 295 "-" "Python/3.11 aiohttp/3.9.2"
118.127.40.73 - - [05/Mar/2026:11:12:23 +1000] "GET / HTTP/1.1" 301 295 "-" "Python/3.11 aiohttp/3.9.2"
118.127.40.73 - - [05/Mar/2026:11:42:29 +1000] "GET / HTTP/1.1" 301 295 "-" "Python/3.11 aiohttp/3.9.2"
93.123.109.214 - - [05/Mar/2026:12:04:14 +1000] "GET / HTTP/1.1" 301 295 "-" "Mozilla/5.0 (Windows NT 10.0; Win64; x64) AppleWebKit/537.36 (KHTML, like Gecko) Chrome/131.0.0.0 Safari/537.36"
118.127.40.73 - - [05/Mar/2026:12:12:24 +1000] "GET / HTTP/1.1" 301 295 "-" "Python/3.11 aiohttp/3.9.2"
118.127.40.73 - - [05/Mar/2026:12:42:28 +1000] "GET / HTTP/1.1" 301 295 "-" "Python/3.11 aiohttp/3.9.2"
118.127.40.73 - - [05/Mar/2026:13:13:21 +1000] "GET / HTTP/1.1" 301 295 "-" "Python/3.11 aiohttp/3.9.2"
118.127.40.73 - - [05/Mar/2026:13:42:31 +1000] "GET / HTTP/1.1" 301 295 "-" "Python/3.11 aiohttp/3.9.2"
118.127.40.73 - - [05/Mar/2026:14:12:24 +1000] "GET / HTTP/1.1" 301 295 "-" "Python/3.11 aiohttp/3.9.2"
118.127.40.73 - - [05/Mar/2026:14:42:25 +1000] "GET / HTTP/1.1" 301 295 "-" "Python/3.11 aiohttp/3.9.2"
118.127.40.73 - - [05/Mar/2026:15:12:25 +1000] "GET / HTTP/1.1" 301 295 "-" "Python/3.11 aiohttp/3.9.2"
118.127.40.73 - - [05/Mar/2026:15:42:26 +1000] "GET / HTTP/1.1" 301 295 "-" "Python/3.11 aiohttp/3.9.2"
13.57.216.253 - - [05/Mar/2026:16:09:13 +1000] "GET / HTTP/1.1" 301 295 "-" "Mozilla/5.0 (X11; Linux x86_64) AppleWebKit/537.36 (KHTML, like Gecko) Chrome/131.0.0.0 Safari/537.36"
13.57.216.253 - - [05/Mar/2026:16:09:13 +1000] "POST / HTTP/1.1" 301 295 "-" "Mozilla/5.0 (X11; Linux x86_64) AppleWebKit/537.36 (KHTML, like Gecko) Chrome/131.0.0.0 Safari/537.36"
13.57.216.253 - - [05/Mar/2026:16:09:13 +1000] "POST / HTTP/1.1" 301 295 "-" "Mozilla/5.0 (X11; Linux x86_64) AppleWebKit/537.36 (KHTML, like Gecko) Chrome/131.0.0.0 Safari/537.36"
13.57.216.253 - - [05/Mar/2026:16:09:13 +1000] "POST / HTTP/1.1" 301 295 "-" "Mozilla/5.0 (X11; Linux x86_64) AppleWebKit/537.36 (KHTML, like Gecko) Chrome/131.0.0.0 Safari/537.36"
118.127.40.73 - - [05/Mar/2026:16:12:26 +1000] "GET / HTTP/1.1" 301 295 "-" "Python/3.11 aiohttp/3.9.2"
118.127.40.73 - - [05/Mar/2026:16:42:26 +1000] "GET / HTTP/1.1" 301 295 "-" "Python/3.11 aiohttp/3.9.2"
118.127.40.73 - - [05/Mar/2026:17:12:26 +1000] "GET / HTTP/1.1" 301 295 "-" "Python/3.11 aiohttp/3.9.2"
167.94.138.59 - - [05/Mar/2026:17:19:38 +1000] "GET / HTTP/1.1" 301 295 "-" "Mozilla/5.0 (compatible; CensysInspect/1.1; +https://about.censys.io/)"
118.127.40.73 - - [05/Mar/2026:17:42:27 +1000] "GET / HTTP/1.1" 301 295 "-" "Python/3.11 aiohttp/3.9.2"
118.127.40.73 - - [05/Mar/2026:18:12:27 +1000] "GET / HTTP/1.1" 301 295 "-" "Python/3.11 aiohttp/3.9.2"
118.127.40.73 - - [05/Mar/2026:18:42:26 +1000] "GET / HTTP/1.1" 301 295 "-" "Python/3.11 aiohttp/3.9.2"
118.127.40.73 - - [05/Mar/2026:19:12:26 +1000] "GET / HTTP/1.1" 301 295 "-" "Python/3.11 aiohttp/3.9.2"
118.127.40.73 - - [05/Mar/2026:19:42:28 +1000] "GET / HTTP/1.1" 301 295 "-" "Python/3.11 aiohttp/3.9.2"
118.127.40.73 - - [05/Mar/2026:20:12:28 +1000] "GET / HTTP/1.1" 301 295 "-" "Python/3.11 aiohttp/3.9.2"
118.127.40.73 - - [05/Mar/2026:20:42:27 +1000] "GET / HTTP/1.1" 301 295 "-" "Python/3.11 aiohttp/3.9.2"
118.127.40.73 - - [05/Mar/2026:21:12:29 +1000] "GET / HTTP/1.1" 301 295 "-" "Python/3.11 aiohttp/3.9.2"
16.144.17.106 - - [05/Mar/2026:21:39:33 +1000] "GET / HTTP/1.1" 301 295 "-" "Mozilla/5.0 (Windows NT 6.1; Win64; rv:68.0) Gecko/20100101 Firefox/68.0"
118.127.40.73 - - [05/Mar/2026:21:42:28 +1000] "GET / HTTP/1.1" 301 295 "-" "Python/3.11 aiohttp/3.9.2"
118.127.40.73 - - [05/Mar/2026:22:12:28 +1000] "GET / HTTP/1.1" 301 295 "-" "Python/3.11 aiohttp/3.9.2"
136.109.41.114 - - [05/Mar/2026:22:16:49 +1000] "GET /.git/config HTTP/1.1" 301 295 "-" "Mozilla/5.0 (X11; Ubuntu; Linux x86_64; rv:117.0) Gecko/20100101 Firefox/117.0"
118.127.40.73 - - [05/Mar/2026:22:42:29 +1000] "GET / HTTP/1.1" 301 295 "-" "Python/3.11 aiohttp/3.9.2"
118.127.40.73 - - [05/Mar/2026:23:12:30 +1000] "GET / HTTP/1.1" 301 295 "-" "Python/3.11 aiohttp/3.9.2"
74.7.230.10 - - [05/Mar/2026:23:17:18 +1000] "GET /robots.txt HTTP/1.1" 301 295 "-" "Mozilla/5.0 (Macintosh; Intel Mac OS X 10_15_7) AppleWebKit/537.36 (KHTML, like Gecko) Chrome/131.0.0.0 Safari/537.36; compatible; OAI-SearchBot/1.3; robots.txt; +https://openai.com/searchbot"
74.7.227.47 - - [05/Mar/2026:23:17:21 +1000] "GET / HTTP/1.1" 301 295 "-" "Mozilla/5.0 AppleWebKit/537.36 (KHTML, like Gecko; compatible; GPTBot/1.3; +https://openai.com/gptbot)"
118.127.40.73 - - [05/Mar/2026:23:42:30 +1000] "GET / HTTP/1.1" 301 295 "-" "Python/3.11 aiohttp/3.9.2"
185.177.72.22 - - [05/Mar/2026:23:52:17 +1000] "GET /info.php.bak HTTP/1.1" 301 295 "-" "curl/8.7.1"
185.177.72.22 - - [05/Mar/2026:23:52:21 +1000] "GET /php-info.php HTTP/1.1" 301 295 "-" "curl/8.7.1"
185.177.72.22 - - [05/Mar/2026:23:52:24 +1000] "GET /newinfo.php HTTP/1.1" 301 295 "-" "curl/8.7.1"
185.177.72.22 - - [05/Mar/2026:23:52:27 +1000] "GET /siteinfo.php HTTP/1.1" 301 295 "-" "curl/8.7.1"
185.177.72.22 - - [05/Mar/2026:23:52:30 +1000] "GET /info.php.1 HTTP/1.1" 301 295 "-" "curl/8.7.1"
185.177.72.22 - - [05/Mar/2026:23:52:33 +1000] "GET /admin/phpinfo.php HTTP/1.1" 301 295 "-" "curl/8.7.1"
185.177.72.22 - - [05/Mar/2026:23:52:36 +1000] "GET /pageinfo.php HTTP/1.1" 301 295 "-" "curl/8.7.1"
185.177.72.22 - - [05/Mar/2026:23:52:39 +1000] "GET /info.php.back HTTP/1.1" 301 295 "-" "curl/8.7.1"
185.177.72.22 - - [05/Mar/2026:23:52:42 +1000] "GET /phpbb/phpinfo.php HTTP/1.1" 301 295 "-" "curl/8.7.1"
185.177.72.22 - - [05/Mar/2026:23:52:46 +1000] "GET /release_info.php HTTP/1.1" 301 295 "-" "curl/8.7.1"
185.177.72.22 - - [05/Mar/2026:23:52:49 +1000] "GET /test/info.php HTTP/1.1" 301 295 "-" "curl/8.7.1"
185.177.72.22 - - [05/Mar/2026:23:52:53 +1000] "GET /info HTTP/1.1" 301 295 "-" "curl/8.7.1"
118.127.40.73 - - [06/Mar/2026:00:12:31 +1000] "GET / HTTP/1.1" 301 295 "-" "Python/3.11 aiohttp/3.9.2"
118.127.40.73 - - [06/Mar/2026:00:42:36 +1000] "GET / HTTP/1.1" 301 295 "-" "Python/3.11 aiohttp/3.9.2"
118.127.40.73 - - [06/Mar/2026:01:12:29 +1000] "GET / HTTP/1.1" 301 295 "-" "Python/3.11 aiohttp/3.9.2"
118.127.40.73 - - [06/Mar/2026:01:42:30 +1000] "GET / HTTP/1.1" 301 295 "-" "Python/3.11 aiohttp/3.9.2"
118.127.40.73 - - [06/Mar/2026:02:12:30 +1000] "GET / HTTP/1.1" 301 295 "-" "Python/3.11 aiohttp/3.9.2"
118.127.40.73 - - [06/Mar/2026:02:42:30 +1000] "GET / HTTP/1.1" 301 295 "-" "Python/3.11 aiohttp/3.9.2"
118.127.40.73 - - [06/Mar/2026:03:12:30 +1000] "GET / HTTP/1.1" 301 295 "-" "Python/3.11 aiohttp/3.9.2"
118.127.40.73 - - [06/Mar/2026:03:42:32 +1000] "GET / HTTP/1.1" 301 295 "-" "Python/3.11 aiohttp/3.9.2"
118.127.40.73 - - [06/Mar/2026:04:12:30 +1000] "GET / HTTP/1.1" 301 295 "-" "Python/3.11 aiohttp/3.9.2"
118.127.40.73 - - [06/Mar/2026:04:42:30 +1000] "GET / HTTP/1.1" 301 295 "-" "Python/3.11 aiohttp/3.9.2"
45.148.10.238 - - [06/Mar/2026:05:02:35 +1000] "GET /.git/config HTTP/1.1" 301 295 "-" "Mozilla/5.0 (Macintosh; Intel Mac OS X 10_8_0) AppleWebKit/536.3 (KHTML, like Gecko) Chrome/19.0.1063.0 Safari/536.3"
118.127.40.73 - - [06/Mar/2026:05:12:31 +1000] "GET / HTTP/1.1" 301 295 "-" "Python/3.11 aiohttp/3.9.2"
118.127.40.73 - - [06/Mar/2026:05:42:30 +1000] "GET / HTTP/1.1" 301 295 "-" "Python/3.11 aiohttp/3.9.2"
118.127.40.73 - - [06/Mar/2026:06:12:30 +1000] "GET / HTTP/1.1" 301 295 "-" "Python/3.11 aiohttp/3.9.2"
118.127.40.73 - - [06/Mar/2026:06:42:30 +1000] "GET / HTTP/1.1" 301 295 "-" "Python/3.11 aiohttp/3.9.2"
118.127.40.73 - - [06/Mar/2026:07:12:30 +1000] "GET / HTTP/1.1" 301 295 "-" "Python/3.11 aiohttp/3.9.2"
118.127.40.73 - - [06/Mar/2026:07:42:31 +1000] "GET / HTTP/1.1" 301 295 "-" "Python/3.11 aiohttp/3.9.2"
118.127.40.73 - - [06/Mar/2026:08:12:32 +1000] "GET / HTTP/1.1" 301 295 "-" "Python/3.11 aiohttp/3.9.2"
118.127.40.73 - - [06/Mar/2026:08:42:33 +1000] "GET / HTTP/1.1" 301 295 "-" "Python/3.11 aiohttp/3.9.2"
118.127.40.73 - - [06/Mar/2026:09:12:32 +1000] "GET / HTTP/1.1" 301 295 "-" "Python/3.11 aiohttp/3.9.2"
118.127.40.73 - - [06/Mar/2026:09:42:36 +1000] "GET / HTTP/1.1" 301 295 "-" "Python/3.11 aiohttp/3.9.2"
118.127.40.73 - - [06/Mar/2026:10:12:32 +1000] "GET / HTTP/1.1" 301 295 "-" "Python/3.11 aiohttp/3.9.2"
83.142.209.33 - - [06/Mar/2026:10:22:37 +1000] "GET /wp-content/plugins/user-registration/readme.txt HTTP/1.1" 301 295 "www.google.com" "Mozlila/5.0 (Linux; Android 7.0; SM-G892A Bulid/NRD90M; wv) AppleWebKit/537.36 (KHTML, like Gecko) Version/4.0 Chrome/60.0.3112.107 Moblie Safari/537.36"
118.127.40.73 - - [06/Mar/2026:10:42:36 +1000] "GET / HTTP/1.1" 301 295 "-" "Python/3.11 aiohttp/3.9.2"
204.76.203.25 - - [06/Mar/2026:10:50:37 +1000] "GET /.env HTTP/1.1" 301 295 "-" "Mozilla/5.0 (Windows NT 10.0; Win64; x64) AppleWebKit/537.36 (KHTML, like Gecko) Chrome/134.0.0.0 Safari/537.3"
118.127.40.73 - - [06/Mar/2026:11:12:32 +1000] "GET / HTTP/1.1" 301 295 "-" "Python/3.11 aiohttp/3.9.2"
118.127.40.73 - - [06/Mar/2026:11:42:34 +1000] "GET / HTTP/1.1" 301 295 "-" "Python/3.11 aiohttp/3.9.2"
118.127.40.73 - - [06/Mar/2026:12:12:33 +1000] "GET / HTTP/1.1" 301 295 "-" "Python/3.11 aiohttp/3.9.2"
54.162.53.4 - - [06/Mar/2026:12:39:39 +1000] "GET / HTTP/1.1" 301 295 "-" "Mozilla/5.0 (X11; Linux i686; rv:124.0) Gecko/20100101 Firefox/124.0"
118.127.40.73 - - [06/Mar/2026:12:42:33 +1000] "GET / HTTP/1.1" 301 295 "-" "Python/3.11 aiohttp/3.9.2"
118.127.40.73 - - [06/Mar/2026:13:12:34 +1000] "GET / HTTP/1.1" 301 295 "-" "Python/3.11 aiohttp/3.9.2"
118.127.40.73 - - [06/Mar/2026:13:42:37 +1000] "GET / HTTP/1.1" 301 295 "-" "Python/3.11 aiohttp/3.9.2"
118.127.40.73 - - [06/Mar/2026:14:12:34 +1000] "GET / HTTP/1.1" 301 295 "-" "Python/3.11 aiohttp/3.9.2"
118.127.40.73 - - [06/Mar/2026:14:42:35 +1000] "GET / HTTP/1.1" 301 295 "-" "Python/3.11 aiohttp/3.9.2"
118.127.40.73 - - [06/Mar/2026:15:12:36 +1000] "GET / HTTP/1.1" 301 295 "-" "Python/3.11 aiohttp/3.9.2"
118.127.40.73 - - [06/Mar/2026:15:42:36 +1000] "GET / HTTP/1.1" 301 295 "-" "Python/3.11 aiohttp/3.9.2"
63.135.161.133 - - [06/Mar/2026:15:52:32 +1000] "GET /.git/ HTTP/1.1" 301 295 "-" "Mozilla/5.0 (X11; Linux x86_64)"
118.127.40.73 - - [06/Mar/2026:16:12:35 +1000] "GET / HTTP/1.1" 301 295 "-" "Python/3.11 aiohttp/3.9.2"
118.127.40.73 - - [06/Mar/2026:16:42:35 +1000] "GET / HTTP/1.1" 301 295 "-" "Python/3.11 aiohttp/3.9.2"
118.127.40.73 - - [06/Mar/2026:17:12:35 +1000] "GET / HTTP/1.1" 301 295 "-" "Python/3.11 aiohttp/3.9.2"
118.127.40.73 - - [06/Mar/2026:17:42:36 +1000] "GET / HTTP/1.1" 301 295 "-" "Python/3.11 aiohttp/3.9.2"
118.127.40.73 - - [06/Mar/2026:18:12:37 +1000] "GET / HTTP/1.1" 301 295 "-" "Python/3.11 aiohttp/3.9.2"
118.127.40.73 - - [06/Mar/2026:18:42:37 +1000] "GET / HTTP/1.1" 301 295 "-" "Python/3.11 aiohttp/3.9.2"
118.127.40.73 - - [06/Mar/2026:19:12:35 +1000] "GET / HTTP/1.1" 301 295 "-" "Python/3.11 aiohttp/3.9.2"
118.127.40.73 - - [06/Mar/2026:19:42:36 +1000] "GET / HTTP/1.1" 301 295 "-" "Python/3.11 aiohttp/3.9.2"
118.127.40.73 - - [06/Mar/2026:20:12:36 +1000] "GET / HTTP/1.1" 301 295 "-" "Python/3.11 aiohttp/3.9.2"
118.127.40.73 - - [06/Mar/2026:20:42:37 +1000] "GET / HTTP/1.1" 301 295 "-" "Python/3.11 aiohttp/3.9.2"
118.127.40.73 - - [06/Mar/2026:21:12:36 +1000] "GET / HTTP/1.1" 301 295 "-" "Python/3.11 aiohttp/3.9.2"
118.127.40.73 - - [06/Mar/2026:21:42:37 +1000] "GET / HTTP/1.1" 301 295 "-" "Python/3.11 aiohttp/3.9.2"
118.127.40.73 - - [06/Mar/2026:22:12:36 +1000] "GET / HTTP/1.1" 301 295 "-" "Python/3.11 aiohttp/3.9.2"
118.127.40.73 - - [06/Mar/2026:22:42:38 +1000] "GET / HTTP/1.1" 301 295 "-" "Python/3.11 aiohttp/3.9.2"
118.127.40.73 - - [06/Mar/2026:23:12:37 +1000] "GET / HTTP/1.1" 301 295 "-" "Python/3.11 aiohttp/3.9.2"
118.127.40.73 - - [06/Mar/2026:23:42:47 +1000] "GET / HTTP/1.1" 301 295 "-" "Python/3.11 aiohttp/3.9.2"
118.127.40.73 - - [07/Mar/2026:00:12:43 +1000] "GET / HTTP/1.1" 301 295 "-" "Python/3.11 aiohttp/3.9.2"
118.127.40.73 - - [07/Mar/2026:00:42:39 +1000] "GET / HTTP/1.1" 301 295 "-" "Python/3.11 aiohttp/3.9.2"
118.127.40.73 - - [07/Mar/2026:01:22:41 +1000] "GET / HTTP/1.1" 301 295 "-" "Python/3.11 aiohttp/3.9.2"
118.127.40.73 - - [07/Mar/2026:01:52:39 +1000] "GET / HTTP/1.1" 301 295 "-" "Python/3.11 aiohttp/3.9.2"
118.127.40.73 - - [07/Mar/2026:02:22:42 +1000] "GET / HTTP/1.1" 301 295 "-" "Python/3.11 aiohttp/3.9.2"
3.151.194.164 - - [07/Mar/2026:02:31:01 +1000] "GET / HTTP/1.1" 301 295 "-" "visionheight.com/scan Mozilla/5.0 (Macintosh; Intel Mac OS X 10_15_7) Chrome/126.0.0.0 Safari/537.36"
118.127.40.73 - - [07/Mar/2026:02:52:47 +1000] "GET / HTTP/1.1" 301 295 "-" "Python/3.11 aiohttp/3.9.2"
118.127.40.73 - - [07/Mar/2026:03:22:40 +1000] "GET / HTTP/1.1" 301 295 "-" "Python/3.11 aiohttp/3.9.2"
118.127.40.73 - - [07/Mar/2026:03:52:40 +1000] "GET / HTTP/1.1" 301 295 "-" "Python/3.11 aiohttp/3.9.2"
74.7.230.10 - - [07/Mar/2026:04:10:48 +1000] "GET /robots.txt HTTP/1.1" 301 295 "-" "Mozilla/5.0 (Macintosh; Intel Mac OS X 10_15_7) AppleWebKit/537.36 (KHTML, like Gecko) Chrome/131.0.0.0 Safari/537.36; compatible; OAI-SearchBot/1.3; robots.txt; +https://openai.com/searchbot"
118.127.40.73 - - [07/Mar/2026:04:22:39 +1000] "GET / HTTP/1.1" 301 295 "-" "Python/3.11 aiohttp/3.9.2"
18.188.210.125 - - [07/Mar/2026:04:45:14 +1000] "GET / HTTP/1.1" 301 295 "-" "Mozilla/5.0 (Windows NT 10.0; Win64; x64) AppleWebKit/537.36 (KHTML, like Gecko) Chrome/131.0.0.0 Safari/537.36"
18.188.210.125 - - [07/Mar/2026:04:45:14 +1000] "POST / HTTP/1.1" 301 295 "-" "Mozilla/5.0 (Windows NT 10.0; Win64; x64) AppleWebKit/537.36 (KHTML, like Gecko) Chrome/131.0.0.0 Safari/537.36"
18.188.210.125 - - [07/Mar/2026:04:45:14 +1000] "POST / HTTP/1.1" 301 295 "-" "Mozilla/5.0 (Windows NT 10.0; Win64; x64) AppleWebKit/537.36 (KHTML, like Gecko) Chrome/131.0.0.0 Safari/537.36"
18.188.210.125 - - [07/Mar/2026:04:45:14 +1000] "POST / HTTP/1.1" 301 295 "-" "Mozilla/5.0 (Windows NT 10.0; Win64; x64) AppleWebKit/537.36 (KHTML, like Gecko) Chrome/131.0.0.0 Safari/537.36"
118.127.40.73 - - [07/Mar/2026:04:52:40 +1000] "GET / HTTP/1.1" 301 295 "-" "Python/3.11 aiohttp/3.9.2"
118.127.40.73 - - [07/Mar/2026:05:22:41 +1000] "GET / HTTP/1.1" 301 295 "-" "Python/3.11 aiohttp/3.9.2"
118.127.40.73 - - [07/Mar/2026:05:52:41 +1000] "GET / HTTP/1.1" 301 295 "-" "Python/3.11 aiohttp/3.9.2"
118.127.40.73 - - [07/Mar/2026:06:22:43 +1000] "GET / HTTP/1.1" 301 295 "-" "Python/3.11 aiohttp/3.9.2"
118.127.40.73 - - [07/Mar/2026:06:52:42 +1000] "GET / HTTP/1.1" 301 295 "-" "Python/3.11 aiohttp/3.9.2"
194.180.48.253 - - [07/Mar/2026:07:12:15 +1000] "GET /.git/config HTTP/1.1" 301 295 "-" "fasthttp"
118.127.40.73 - - [07/Mar/2026:07:22:41 +1000] "GET / HTTP/1.1" 301 295 "-" "Python/3.11 aiohttp/3.9.2"
34.139.5.20 - - [07/Mar/2026:07:33:27 +1000] "GET /.git/config HTTP/1.1" 301 295 "-" "-"
118.127.40.73 - - [07/Mar/2026:07:52:44 +1000] "GET / HTTP/1.1" 301 295 "-" "Python/3.11 aiohttp/3.9.2"
118.127.40.73 - - [07/Mar/2026:08:22:45 +1000] "GET / HTTP/1.1" 301 295 "-" "Python/3.11 aiohttp/3.9.2"
118.127.40.73 - - [07/Mar/2026:08:52:42 +1000] "GET / HTTP/1.1" 301 295 "-" "Python/3.11 aiohttp/3.9.2"
118.127.40.73 - - [07/Mar/2026:09:22:41 +1000] "GET / HTTP/1.1" 301 295 "-" "Python/3.11 aiohttp/3.9.2"
118.127.40.73 - - [07/Mar/2026:09:52:42 +1000] "GET / HTTP/1.1" 301 295 "-" "Python/3.11 aiohttp/3.9.2"
118.127.40.73 - - [07/Mar/2026:10:22:43 +1000] "GET / HTTP/1.1" 301 295 "-" "Python/3.11 aiohttp/3.9.2"
85.11.167.19 - - [07/Mar/2026:10:35:05 +1000] "POST / HTTP/1.1" 301 295 "https://softwareupdate.posscales.com.au" "Mozilla/5.0 (Windows NT 10.0; Win64; x64) AppleWebKit/537.36 (KHTML, like Gecko) Chrome/131.0.0.0 Safari/537.36"
85.11.167.19 - - [07/Mar/2026:10:35:06 +1000] "POST / HTTP/1.1" 301 295 "https://softwareupdate.posscales.com.au" "Mozilla/5.0 (Windows NT 10.0; Win64; x64) AppleWebKit/537.36 (KHTML, like Gecko) Chrome/131.0.0.0 Safari/537.36"
118.127.40.73 - - [07/Mar/2026:10:52:44 +1000] "GET / HTTP/1.1" 301 295 "-" "Python/3.11 aiohttp/3.9.2"
118.127.40.73 - - [07/Mar/2026:11:22:42 +1000] "GET / HTTP/1.1" 301 295 "-" "Python/3.11 aiohttp/3.9.2"
118.127.40.73 - - [07/Mar/2026:11:52:43 +1000] "GET / HTTP/1.1" 301 295 "-" "Python/3.11 aiohttp/3.9.2"
118.127.40.73 - - [07/Mar/2026:12:22:43 +1000] "GET / HTTP/1.1" 301 295 "-" "Python/3.11 aiohttp/3.9.2"
118.127.40.73 - - [07/Mar/2026:12:52:44 +1000] "GET / HTTP/1.1" 301 295 "-" "Python/3.11 aiohttp/3.9.2"
118.127.40.73 - - [07/Mar/2026:13:22:43 +1000] "GET / HTTP/1.1" 301 295 "-" "Python/3.11 aiohttp/3.9.2"
118.127.40.73 - - [07/Mar/2026:13:52:44 +1000] "GET / HTTP/1.1" 301 295 "-" "Python/3.11 aiohttp/3.9.2"
118.127.40.73 - - [07/Mar/2026:14:22:43 +1000] "GET / HTTP/1.1" 301 295 "-" "Python/3.11 aiohttp/3.9.2"
18.135.16.16 - - [07/Mar/2026:14:23:12 +1000] "GET / HTTP/1.1" 301 295 "-" "Mozilla/5.0 (Windows NT 10.0; Win64; x64) AppleWebKit/537.36 (KHTML, like Gecko) Chrome/131.0.0.0 Safari/537.36"
18.135.16.16 - - [07/Mar/2026:14:23:13 +1000] "POST / HTTP/1.1" 301 295 "-" "Mozilla/5.0 (Windows NT 10.0; Win64; x64) AppleWebKit/537.36 (KHTML, like Gecko) Chrome/131.0.0.0 Safari/537.36"
18.135.16.16 - - [07/Mar/2026:14:23:13 +1000] "POST / HTTP/1.1" 301 295 "-" "Mozilla/5.0 (Windows NT 10.0; Win64; x64) AppleWebKit/537.36 (KHTML, like Gecko) Chrome/131.0.0.0 Safari/537.36"
18.135.16.16 - - [07/Mar/2026:14:23:13 +1000] "POST / HTTP/1.1" 301 295 "-" "Mozilla/5.0 (Windows NT 10.0; Win64; x64) AppleWebKit/537.36 (KHTML, like Gecko) Chrome/131.0.0.0 Safari/537.36"
118.127.40.73 - - [07/Mar/2026:14:52:45 +1000] "GET / HTTP/1.1" 301 295 "-" "Python/3.11 aiohttp/3.9.2"
118.127.40.73 - - [07/Mar/2026:15:22:43 +1000] "GET / HTTP/1.1" 301 295 "-" "Python/3.11 aiohttp/3.9.2"
118.127.40.73 - - [07/Mar/2026:15:52:45 +1000] "GET / HTTP/1.1" 301 295 "-" "Python/3.11 aiohttp/3.9.2"
118.127.40.73 - - [07/Mar/2026:16:22:44 +1000] "GET / HTTP/1.1" 301 295 "-" "Python/3.11 aiohttp/3.9.2"
118.127.40.73 - - [07/Mar/2026:16:52:45 +1000] "GET / HTTP/1.1" 301 295 "-" "Python/3.11 aiohttp/3.9.2"
118.127.40.73 - - [07/Mar/2026:17:22:44 +1000] "GET / HTTP/1.1" 301 295 "-" "Python/3.11 aiohttp/3.9.2"
118.127.40.73 - - [07/Mar/2026:17:52:46 +1000] "GET / HTTP/1.1" 301 295 "-" "Python/3.11 aiohttp/3.9.2"
138.246.253.24 - - [07/Mar/2026:18:15:38 +1000] "GET /robots.txt HTTP/1.1" 301 295 "-" "Mozilla/5.0 (Windows NT 10.0; Win64; x64) AppleWebKit/537.36 (KHTML, like Gecko) Chrome/103.0.5060.134 Safari/537.36"
118.127.40.73 - - [07/Mar/2026:18:22:45 +1000] "GET / HTTP/1.1" 301 295 "-" "Python/3.11 aiohttp/3.9.2"
54.211.48.27 - - [07/Mar/2026:18:46:48 +1000] "GET / HTTP/1.1" 301 295 "-" "python-requests/2.32.4"
118.127.40.73 - - [07/Mar/2026:18:52:47 +1000] "GET / HTTP/1.1" 301 295 "-" "Python/3.11 aiohttp/3.9.2"
118.127.40.73 - - [07/Mar/2026:19:22:46 +1000] "GET / HTTP/1.1" 301 295 "-" "Python/3.11 aiohttp/3.9.2"
118.127.40.73 - - [07/Mar/2026:19:52:46 +1000] "GET / HTTP/1.1" 301 295 "-" "Python/3.11 aiohttp/3.9.2"
118.127.40.73 - - [07/Mar/2026:20:22:46 +1000] "GET / HTTP/1.1" 301 295 "-" "Python/3.11 aiohttp/3.9.2"
118.127.40.73 - - [07/Mar/2026:20:52:47 +1000] "GET / HTTP/1.1" 301 295 "-" "Python/3.11 aiohttp/3.9.2"
118.127.40.73 - - [07/Mar/2026:21:22:46 +1000] "GET / HTTP/1.1" 301 295 "-" "Python/3.11 aiohttp/3.9.2"
118.127.40.73 - - [07/Mar/2026:21:52:46 +1000] "GET / HTTP/1.1" 301 295 "-" "Python/3.11 aiohttp/3.9.2"
118.127.40.73 - - [07/Mar/2026:22:22:48 +1000] "GET / HTTP/1.1" 301 295 "-" "Python/3.11 aiohttp/3.9.2"
118.127.40.73 - - [07/Mar/2026:22:52:47 +1000] "GET / HTTP/1.1" 301 295 "-" "Python/3.11 aiohttp/3.9.2"
118.127.40.73 - - [07/Mar/2026:23:22:48 +1000] "GET / HTTP/1.1" 301 295 "-" "Python/3.11 aiohttp/3.9.2"
118.127.40.73 - - [07/Mar/2026:23:52:47 +1000] "GET / HTTP/1.1" 301 295 "-" "Python/3.11 aiohttp/3.9.2"
118.127.40.73 - - [08/Mar/2026:00:22:47 +1000] "GET / HTTP/1.1" 301 295 "-" "Python/3.11 aiohttp/3.9.2"
118.127.40.73 - - [08/Mar/2026:00:52:48 +1000] "GET / HTTP/1.1" 301 295 "-" "Python/3.11 aiohttp/3.9.2"
118.127.40.73 - - [08/Mar/2026:01:22:51 +1000] "GET / HTTP/1.1" 301 295 "-" "Python/3.11 aiohttp/3.9.2"
118.127.40.73 - - [08/Mar/2026:01:52:49 +1000] "GET / HTTP/1.1" 301 295 "-" "Python/3.11 aiohttp/3.9.2"
118.127.40.73 - - [08/Mar/2026:02:22:52 +1000] "GET / HTTP/1.1" 301 295 "-" "Python/3.11 aiohttp/3.9.2"
118.127.40.73 - - [08/Mar/2026:02:52:50 +1000] "GET / HTTP/1.1" 301 295 "-" "Python/3.11 aiohttp/3.9.2"
118.127.40.73 - - [08/Mar/2026:03:22:49 +1000] "GET / HTTP/1.1" 301 295 "-" "Python/3.11 aiohttp/3.9.2"
118.127.40.73 - - [08/Mar/2026:03:52:50 +1000] "GET / HTTP/1.1" 301 295 "-" "Python/3.11 aiohttp/3.9.2"
118.127.40.73 - - [08/Mar/2026:04:22:49 +1000] "GET / HTTP/1.1" 301 295 "-" "Python/3.11 aiohttp/3.9.2"
118.127.40.73 - - [08/Mar/2026:04:52:49 +1000] "GET / HTTP/1.1" 301 295 "-" "Python/3.11 aiohttp/3.9.2"
118.127.40.73 - - [08/Mar/2026:05:22:50 +1000] "GET / HTTP/1.1" 301 295 "-" "Python/3.11 aiohttp/3.9.2"
118.127.40.73 - - [08/Mar/2026:05:52:49 +1000] "GET / HTTP/1.1" 301 295 "-" "Python/3.11 aiohttp/3.9.2"
118.127.40.73 - - [08/Mar/2026:06:22:50 +1000] "GET / HTTP/1.1" 301 295 "-" "Python/3.11 aiohttp/3.9.2"
118.127.40.73 - - [08/Mar/2026:06:52:49 +1000] "GET / HTTP/1.1" 301 295 "-" "Python/3.11 aiohttp/3.9.2"
118.127.40.73 - - [08/Mar/2026:07:22:50 +1000] "GET / HTTP/1.1" 301 295 "-" "Python/3.11 aiohttp/3.9.2"
118.127.40.73 - - [08/Mar/2026:07:52:51 +1000] "GET / HTTP/1.1" 301 295 "-" "Python/3.11 aiohttp/3.9.2"
118.127.40.73 - - [08/Mar/2026:08:22:51 +1000] "GET / HTTP/1.1" 301 295 "-" "Python/3.11 aiohttp/3.9.2"
118.127.40.73 - - [08/Mar/2026:08:52:53 +1000] "GET / HTTP/1.1" 301 295 "-" "Python/3.11 aiohttp/3.9.2"
118.127.40.73 - - [08/Mar/2026:09:22:51 +1000] "GET / HTTP/1.1" 301 295 "-" "Python/3.11 aiohttp/3.9.2"
118.127.40.73 - - [08/Mar/2026:09:52:51 +1000] "GET / HTTP/1.1" 301 295 "-" "Python/3.11 aiohttp/3.9.2"
118.127.40.73 - - [08/Mar/2026:10:22:51 +1000] "GET / HTTP/1.1" 301 295 "-" "Python/3.11 aiohttp/3.9.2"
118.127.40.73 - - [08/Mar/2026:10:52:51 +1000] "GET / HTTP/1.1" 301 295 "-" "Python/3.11 aiohttp/3.9.2"
118.127.40.73 - - [08/Mar/2026:11:22:52 +1000] "GET / HTTP/1.1" 301 295 "-" "Python/3.11 aiohttp/3.9.2"
118.127.40.73 - - [08/Mar/2026:11:52:52 +1000] "GET / HTTP/1.1" 301 295 "-" "Python/3.11 aiohttp/3.9.2"
118.127.40.73 - - [08/Mar/2026:12:22:51 +1000] "GET / HTTP/1.1" 301 295 "-" "Python/3.11 aiohttp/3.9.2"
118.127.40.73 - - [08/Mar/2026:12:52:52 +1000] "GET / HTTP/1.1" 301 295 "-" "Python/3.11 aiohttp/3.9.2"
118.127.40.73 - - [08/Mar/2026:13:22:53 +1000] "GET / HTTP/1.1" 301 295 "-" "Python/3.11 aiohttp/3.9.2"
118.127.40.73 - - [08/Mar/2026:13:52:53 +1000] "GET / HTTP/1.1" 301 295 "-" "Python/3.11 aiohttp/3.9.2"
118.127.40.73 - - [08/Mar/2026:14:22:52 +1000] "GET / HTTP/1.1" 301 295 "-" "Python/3.11 aiohttp/3.9.2"
118.127.40.73 - - [08/Mar/2026:14:52:53 +1000] "GET / HTTP/1.1" 301 295 "-" "Python/3.11 aiohttp/3.9.2"
118.127.40.73 - - [08/Mar/2026:15:22:53 +1000] "GET / HTTP/1.1" 301 295 "-" "Python/3.11 aiohttp/3.9.2"
118.127.40.73 - - [08/Mar/2026:15:52:53 +1000] "GET / HTTP/1.1" 301 295 "-" "Python/3.11 aiohttp/3.9.2"
118.127.40.73 - - [08/Mar/2026:16:22:54 +1000] "GET / HTTP/1.1" 301 295 "-" "Python/3.11 aiohttp/3.9.2"
118.127.40.73 - - [08/Mar/2026:16:52:56 +1000] "GET / HTTP/1.1" 301 295 "-" "Python/3.11 aiohttp/3.9.2"
118.127.40.73 - - [08/Mar/2026:17:22:53 +1000] "GET / HTTP/1.1" 301 295 "-" "Python/3.11 aiohttp/3.9.2"
118.127.40.73 - - [08/Mar/2026:17:52:54 +1000] "GET / HTTP/1.1" 301 295 "-" "Python/3.11 aiohttp/3.9.2"
118.127.40.73 - - [08/Mar/2026:18:22:54 +1000] "GET / HTTP/1.1" 301 295 "-" "Python/3.11 aiohttp/3.9.2"
204.76.203.25 - - [08/Mar/2026:18:51:56 +1000] "GET / HTTP/1.1" 301 295 "-" "Mozilla/5.0 (Windows NT 10.0; Win64; x64) AppleWebKit/537.36 (KHTML, like Gecko) Chrome/134.0.0.0 Safari/537.3"
118.127.40.73 - - [08/Mar/2026:18:52:57 +1000] "GET / HTTP/1.1" 301 295 "-" "Python/3.11 aiohttp/3.9.2"
118.127.40.73 - - [08/Mar/2026:19:22:55 +1000] "GET / HTTP/1.1" 301 295 "-" "Python/3.11 aiohttp/3.9.2"
118.127.40.73 - - [08/Mar/2026:19:52:57 +1000] "GET / HTTP/1.1" 301 295 "-" "Python/3.11 aiohttp/3.9.2"
118.127.40.73 - - [08/Mar/2026:20:22:55 +1000] "GET / HTTP/1.1" 301 295 "-" "Python/3.11 aiohttp/3.9.2"
118.127.40.73 - - [08/Mar/2026:20:52:57 +1000] "GET / HTTP/1.1" 301 295 "-" "Python/3.11 aiohttp/3.9.2"
118.127.40.73 - - [08/Mar/2026:21:22:56 +1000] "GET / HTTP/1.1" 301 295 "-" "Python/3.11 aiohttp/3.9.2"
118.127.40.73 - - [08/Mar/2026:21:52:57 +1000] "GET / HTTP/1.1" 301 295 "-" "Python/3.11 aiohttp/3.9.2"
118.127.40.73 - - [08/Mar/2026:22:22:55 +1000] "GET / HTTP/1.1" 301 295 "-" "Python/3.11 aiohttp/3.9.2"
118.127.40.73 - - [08/Mar/2026:22:52:55 +1000] "GET / HTTP/1.1" 301 295 "-" "Python/3.11 aiohttp/3.9.2"
118.127.40.73 - - [08/Mar/2026:23:22:57 +1000] "GET / HTTP/1.1" 301 295 "-" "Python/3.11 aiohttp/3.9.2"
118.127.40.73 - - [08/Mar/2026:23:52:56 +1000] "GET / HTTP/1.1" 301 295 "-" "Python/3.11 aiohttp/3.9.2"
118.127.40.73 - - [09/Mar/2026:00:22:57 +1000] "GET / HTTP/1.1" 301 295 "-" "Python/3.11 aiohttp/3.9.2"
118.127.40.73 - - [09/Mar/2026:00:52:57 +1000] "GET / HTTP/1.1" 301 295 "-" "Python/3.11 aiohttp/3.9.2"
118.127.40.73 - - [09/Mar/2026:01:23:06 +1000] "GET / HTTP/1.1" 301 295 "-" "Python/3.11 aiohttp/3.9.2"
118.127.40.73 - - [09/Mar/2026:01:52:57 +1000] "GET / HTTP/1.1" 301 295 "-" "Python/3.11 aiohttp/3.9.2"
118.127.40.73 - - [09/Mar/2026:02:22:57 +1000] "GET / HTTP/1.1" 301 295 "-" "Python/3.11 aiohttp/3.9.2"
118.127.40.73 - - [09/Mar/2026:02:52:58 +1000] "GET / HTTP/1.1" 301 295 "-" "Python/3.11 aiohttp/3.9.2"
118.127.40.73 - - [09/Mar/2026:03:23:05 +1000] "GET / HTTP/1.1" 301 295 "-" "Python/3.11 aiohttp/3.9.2"
118.127.40.73 - - [09/Mar/2026:03:52:58 +1000] "GET / HTTP/1.1" 301 295 "-" "Python/3.11 aiohttp/3.9.2"
118.127.40.73 - - [09/Mar/2026:04:23:12 +1000] "GET / HTTP/1.1" 301 295 "-" "Python/3.11 aiohttp/3.9.2"
118.127.40.73 - - [09/Mar/2026:04:52:59 +1000] "GET / HTTP/1.1" 301 295 "-" "Python/3.11 aiohttp/3.9.2"
118.127.40.73 - - [09/Mar/2026:05:22:59 +1000] "GET / HTTP/1.1" 301 295 "-" "Python/3.11 aiohttp/3.9.2"
179.43.166.250 - - [09/Mar/2026:05:45:26 +1000] "GET / HTTP/1.1" 301 295 "-" "Mozilla/5.0 (Macintosh; Intel Mac OS X 10_15_7) AppleWebKit/605.1.15 (KHTML, like Gecko) Version/17.2.1 Safari/605.1.1"
118.127.40.73 - - [09/Mar/2026:05:53:01 +1000] "GET / HTTP/1.1" 301 295 "-" "Python/3.11 aiohttp/3.9.2"
118.127.40.73 - - [09/Mar/2026:06:23:01 +1000] "GET / HTTP/1.1" 301 295 "-" "Python/3.11 aiohttp/3.9.2"
118.127.40.73 - - [09/Mar/2026:06:53:03 +1000] "GET / HTTP/1.1" 301 295 "-" "Python/3.11 aiohttp/3.9.2"
118.127.40.73 - - [09/Mar/2026:07:23:00 +1000] "GET / HTTP/1.1" 301 295 "-" "Python/3.11 aiohttp/3.9.2"
118.127.40.73 - - [09/Mar/2026:07:53:08 +1000] "GET / HTTP/1.1" 301 295 "-" "Python/3.11 aiohttp/3.9.2"
118.127.40.73 - - [09/Mar/2026:08:23:05 +1000] "GET / HTTP/1.1" 301 295 "-" "Python/3.11 aiohttp/3.9.2"
118.127.40.73 - - [09/Mar/2026:08:53:06 +1000] "GET / HTTP/1.1" 301 295 "-" "Python/3.11 aiohttp/3.9.2"
118.127.40.73 - - [09/Mar/2026:09:23:02 +1000] "GET / HTTP/1.1" 301 295 "-" "Python/3.11 aiohttp/3.9.2"
118.127.40.73 - - [09/Mar/2026:09:53:07 +1000] "GET / HTTP/1.1" 301 295 "-" "Python/3.11 aiohttp/3.9.2"
118.127.40.73 - - [09/Mar/2026:10:23:08 +1000] "GET / HTTP/1.1" 301 295 "-" "Python/3.11 aiohttp/3.9.2"
118.127.40.73 - - [09/Mar/2026:10:53:03 +1000] "GET / HTTP/1.1" 301 295 "-" "Python/3.11 aiohttp/3.9.2"
118.127.40.73 - - [09/Mar/2026:11:23:06 +1000] "GET / HTTP/1.1" 301 295 "-" "Python/3.11 aiohttp/3.9.2"
118.127.40.73 - - [09/Mar/2026:11:53:02 +1000] "GET / HTTP/1.1" 301 295 "-" "Python/3.11 aiohttp/3.9.2"
118.127.40.73 - - [09/Mar/2026:12:23:02 +1000] "GET / HTTP/1.1" 301 295 "-" "Python/3.11 aiohttp/3.9.2"
118.127.40.73 - - [09/Mar/2026:12:53:08 +1000] "GET / HTTP/1.1" 301 295 "-" "Python/3.11 aiohttp/3.9.2"
118.127.40.73 - - [09/Mar/2026:13:23:02 +1000] "GET / HTTP/1.1" 301 295 "-" "Python/3.11 aiohttp/3.9.2"
118.127.40.73 - - [09/Mar/2026:13:53:02 +1000] "GET / HTTP/1.1" 301 295 "-" "Python/3.11 aiohttp/3.9.2"
3.18.186.238 - - [09/Mar/2026:13:58:28 +1000] "GET / HTTP/1.1" 301 295 "-" "visionheight.com/scan Mozilla/5.0 (Macintosh; Intel Mac OS X 10_15_7) Chrome/126.0.0.0 Safari/537.36"
118.127.40.73 - - [09/Mar/2026:14:23:03 +1000] "GET / HTTP/1.1" 301 295 "-" "Python/3.11 aiohttp/3.9.2"
118.127.40.73 - - [09/Mar/2026:14:53:04 +1000] "GET / HTTP/1.1" 301 295 "-" "Python/3.11 aiohttp/3.9.2"
118.127.40.73 - - [09/Mar/2026:15:23:04 +1000] "GET / HTTP/1.1" 301 295 "-" "Python/3.11 aiohttp/3.9.2"
118.127.40.73 - - [09/Mar/2026:15:53:04 +1000] "GET / HTTP/1.1" 301 295 "-" "Python/3.11 aiohttp/3.9.2"
118.127.40.73 - - [09/Mar/2026:16:23:05 +1000] "GET / HTTP/1.1" 301 295 "-" "Python/3.11 aiohttp/3.9.2"
74.7.230.10 - - [09/Mar/2026:16:41:52 +1000] "GET /robots.txt HTTP/1.1" 301 295 "-" "Mozilla/5.0 (Macintosh; Intel Mac OS X 10_15_7) AppleWebKit/537.36 (KHTML, like Gecko) Chrome/131.0.0.0 Safari/537.36; compatible; OAI-SearchBot/1.3; robots.txt; +https://openai.com/searchbot"
74.7.227.47 - - [09/Mar/2026:16:41:52 +1000] "GET / HTTP/1.1" 301 295 "-" "Mozilla/5.0 AppleWebKit/537.36 (KHTML, like Gecko; compatible; GPTBot/1.3; +https://openai.com/gptbot)"
118.127.40.73 - - [09/Mar/2026:16:53:04 +1000] "GET / HTTP/1.1" 301 295 "-" "Python/3.11 aiohttp/3.9.2"
118.127.40.73 - - [09/Mar/2026:17:23:05 +1000] "GET / HTTP/1.1" 301 295 "-" "Python/3.11 aiohttp/3.9.2"
118.127.40.73 - - [09/Mar/2026:17:53:04 +1000] "GET / HTTP/1.1" 301 295 "-" "Python/3.11 aiohttp/3.9.2"
118.127.40.73 - - [09/Mar/2026:18:23:05 +1000] "GET / HTTP/1.1" 301 295 "-" "Python/3.11 aiohttp/3.9.2"
118.127.40.73 - - [09/Mar/2026:18:53:06 +1000] "GET / HTTP/1.1" 301 295 "-" "Python/3.11 aiohttp/3.9.2"
118.127.40.73 - - [09/Mar/2026:19:23:04 +1000] "GET / HTTP/1.1" 301 295 "-" "Python/3.11 aiohttp/3.9.2"
94.26.106.219 - - [09/Mar/2026:19:27:11 +1000] "GET /wp-admin/ HTTP/1.1" 301 295 "https://t.co/" "Mozilla/5.0 (X11; Ubuntu; Linux x86_64) AppleWebKit/537.36 (KHTML, like Gecko) Chrome/120.0.0.0 Safari/537.36"
118.127.40.73 - - [09/Mar/2026:19:53:07 +1000] "GET / HTTP/1.1" 301 295 "-" "Python/3.11 aiohttp/3.9.2"
118.127.40.73 - - [09/Mar/2026:20:23:06 +1000] "GET / HTTP/1.1" 301 295 "-" "Python/3.11 aiohttp/3.9.2"
118.127.40.73 - - [09/Mar/2026:20:53:06 +1000] "GET / HTTP/1.1" 301 295 "-" "Python/3.11 aiohttp/3.9.2"
118.127.40.73 - - [09/Mar/2026:21:23:07 +1000] "GET / HTTP/1.1" 301 295 "-" "Python/3.11 aiohttp/3.9.2"
118.127.40.73 - - [09/Mar/2026:21:53:06 +1000] "GET / HTTP/1.1" 301 295 "-" "Python/3.11 aiohttp/3.9.2"
118.127.40.73 - - [09/Mar/2026:22:23:07 +1000] "GET / HTTP/1.1" 301 295 "-" "Python/3.11 aiohttp/3.9.2"
195.178.110.241 - - [09/Mar/2026:22:50:10 +1000] "GET /.git/config HTTP/1.1" 301 295 "-" "Mozilla/5.0 (Macintosh; Intel Mac OS X 10_15_7) AppleWebKit/605.1.15 (KHTML, like Gecko) Version/17.0 Safari/605.1.15"
118.127.40.73 - - [09/Mar/2026:22:53:08 +1000] "GET / HTTP/1.1" 301 295 "-" "Python/3.11 aiohttp/3.9.2"
118.127.40.73 - - [09/Mar/2026:23:23:08 +1000] "GET / HTTP/1.1" 301 295 "-" "Python/3.11 aiohttp/3.9.2"
118.127.40.73 - - [09/Mar/2026:23:53:06 +1000] "GET / HTTP/1.1" 301 295 "-" "Python/3.11 aiohttp/3.9.2"
118.127.40.73 - - [10/Mar/2026:00:23:06 +1000] "GET / HTTP/1.1" 301 295 "-" "Python/3.11 aiohttp/3.9.2"
93.123.109.214 - - [10/Mar/2026:00:36:58 +1000] "GET / HTTP/1.1" 301 295 "-" "Mozilla/5.0 (Windows NT 10.0; Win64; x64; rv:133.0) Gecko/20100101 Firefox/133.0"
118.127.40.73 - - [10/Mar/2026:00:53:07 +1000] "GET / HTTP/1.1" 301 295 "-" "Python/3.11 aiohttp/3.9.2"
185.247.137.151 - - [10/Mar/2026:01:12:44 +1000] "GET / HTTP/1.1" 301 295 "-" "Mozilla/5.0 (compatible; InternetMeasurement/1.0; +https://internet-measurement.com/)"
118.127.40.73 - - [10/Mar/2026:01:23:09 +1000] "GET / HTTP/1.1" 301 295 "-" "Python/3.11 aiohttp/3.9.2"
118.127.40.73 - - [10/Mar/2026:01:53:06 +1000] "GET / HTTP/1.1" 301 295 "-" "Python/3.11 aiohttp/3.9.2"
74.7.230.10 - - [10/Mar/2026:02:16:01 +1000] "GET /robots.txt HTTP/1.1" 301 295 "-" "Mozilla/5.0 (Macintosh; Intel Mac OS X 10_15_7) AppleWebKit/537.36 (KHTML, like Gecko) Chrome/131.0.0.0 Safari/537.36; compatible; OAI-SearchBot/1.3; robots.txt; +https://openai.com/searchbot"
118.127.40.73 - - [10/Mar/2026:02:23:10 +1000] "GET / HTTP/1.1" 301 295 "-" "Python/3.11 aiohttp/3.9.2"
118.127.40.73 - - [10/Mar/2026:02:53:09 +1000] "GET / HTTP/1.1" 301 295 "-" "Python/3.11 aiohttp/3.9.2"
118.127.40.73 - - [10/Mar/2026:03:23:09 +1000] "GET / HTTP/1.1" 301 295 "-" "Python/3.11 aiohttp/3.9.2"
118.127.40.73 - - [10/Mar/2026:03:53:16 +1000] "GET / HTTP/1.1" 301 295 "-" "Python/3.11 aiohttp/3.9.2"
118.127.40.73 - - [10/Mar/2026:04:23:10 +1000] "GET / HTTP/1.1" 301 295 "-" "Python/3.11 aiohttp/3.9.2"
118.127.40.73 - - [10/Mar/2026:04:53:09 +1000] "GET / HTTP/1.1" 301 295 "-" "Python/3.11 aiohttp/3.9.2"
118.127.40.73 - - [10/Mar/2026:05:23:10 +1000] "GET / HTTP/1.1" 301 295 "-" "Python/3.11 aiohttp/3.9.2"
118.127.40.73 - - [10/Mar/2026:05:53:10 +1000] "GET / HTTP/1.1" 301 295 "-" "Python/3.11 aiohttp/3.9.2"
118.127.40.73 - - [10/Mar/2026:06:23:10 +1000] "GET / HTTP/1.1" 301 295 "-" "Python/3.11 aiohttp/3.9.2"
118.127.40.73 - - [10/Mar/2026:06:53:11 +1000] "GET / HTTP/1.1" 301 295 "-" "Python/3.11 aiohttp/3.9.2"
118.127.40.73 - - [10/Mar/2026:07:23:09 +1000] "GET / HTTP/1.1" 301 295 "-" "Python/3.11 aiohttp/3.9.2"
118.127.40.73 - - [10/Mar/2026:07:53:11 +1000] "GET / HTTP/1.1" 301 295 "-" "Python/3.11 aiohttp/3.9.2"
118.127.40.73 - - [10/Mar/2026:08:23:11 +1000] "GET / HTTP/1.1" 301 295 "-" "Python/3.11 aiohttp/3.9.2"
118.127.40.73 - - [10/Mar/2026:08:53:10 +1000] "GET / HTTP/1.1" 301 295 "-" "Python/3.11 aiohttp/3.9.2"
118.127.40.73 - - [10/Mar/2026:09:23:11 +1000] "GET / HTTP/1.1" 301 295 "-" "Python/3.11 aiohttp/3.9.2"
118.127.40.73 - - [10/Mar/2026:09:53:11 +1000] "GET / HTTP/1.1" 301 295 "-" "Python/3.11 aiohttp/3.9.2"
118.127.40.73 - - [10/Mar/2026:10:23:11 +1000] "GET / HTTP/1.1" 301 295 "-" "Python/3.11 aiohttp/3.9.2"
118.127.40.73 - - [10/Mar/2026:10:53:12 +1000] "GET / HTTP/1.1" 301 295 "-" "Python/3.11 aiohttp/3.9.2"
118.127.40.73 - - [10/Mar/2026:11:23:12 +1000] "GET / HTTP/1.1" 301 295 "-" "Python/3.11 aiohttp/3.9.2"
118.127.40.73 - - [10/Mar/2026:11:53:12 +1000] "GET / HTTP/1.1" 301 295 "-" "Python/3.11 aiohttp/3.9.2"
118.127.40.73 - - [10/Mar/2026:12:23:13 +1000] "GET / HTTP/1.1" 301 295 "-" "Python/3.11 aiohttp/3.9.2"
118.127.40.73 - - [10/Mar/2026:12:53:12 +1000] "GET / HTTP/1.1" 301 295 "-" "Python/3.11 aiohttp/3.9.2"
118.127.40.73 - - [10/Mar/2026:13:23:12 +1000] "GET / HTTP/1.1" 301 295 "-" "Python/3.11 aiohttp/3.9.2"
118.127.40.73 - - [10/Mar/2026:13:53:13 +1000] "GET / HTTP/1.1" 301 295 "-" "Python/3.11 aiohttp/3.9.2"
118.127.40.73 - - [10/Mar/2026:14:23:13 +1000] "GET / HTTP/1.1" 301 295 "-" "Python/3.11 aiohttp/3.9.2"
118.127.40.73 - - [10/Mar/2026:14:53:14 +1000] "GET / HTTP/1.1" 301 295 "-" "Python/3.11 aiohttp/3.9.2"
118.127.40.73 - - [10/Mar/2026:15:23:13 +1000] "GET / HTTP/1.1" 301 295 "-" "Python/3.11 aiohttp/3.9.2"
118.127.40.73 - - [10/Mar/2026:15:53:14 +1000] "GET / HTTP/1.1" 301 295 "-" "Python/3.11 aiohttp/3.9.2"
118.127.40.73 - - [10/Mar/2026:16:23:14 +1000] "GET / HTTP/1.1" 301 295 "-" "Python/3.11 aiohttp/3.9.2"
118.127.40.73 - - [10/Mar/2026:16:53:13 +1000] "GET / HTTP/1.1" 301 295 "-" "Python/3.11 aiohttp/3.9.2"
118.127.40.73 - - [10/Mar/2026:17:23:14 +1000] "GET / HTTP/1.1" 301 295 "-" "Python/3.11 aiohttp/3.9.2"
118.127.40.73 - - [10/Mar/2026:17:53:18 +1000] "GET / HTTP/1.1" 301 295 "-" "Python/3.11 aiohttp/3.9.2"
118.127.40.73 - - [10/Mar/2026:18:23:14 +1000] "GET / HTTP/1.1" 301 295 "-" "Python/3.11 aiohttp/3.9.2"
118.127.40.73 - - [10/Mar/2026:18:53:15 +1000] "GET / HTTP/1.1" 301 295 "-" "Python/3.11 aiohttp/3.9.2"
27.115.124.97 - - [10/Mar/2026:19:04:12 +1000] "GET / HTTP/1.1" 301 295 "-" "Mozilla/5.0 (Macintosh; Intel Mac OS X 10_15_7) AppleWebKit/537.36 (KHTML, like Gecko) Chrome/120.0.0.0 Safari/537.36 Edg/120.0.0.0"
27.115.124.67 - - [10/Mar/2026:19:04:18 +1000] "GET /favicon.ico HTTP/1.1" 301 295 "-" "Mozilla/5.0 (Macintosh; Intel Mac OS X 10_15_7) AppleWebKit/537.36 (KHTML, like Gecko) Chrome/120.0.0.0 Safari/537.36 Edg/120.0.0.0"
27.115.124.40 - - [10/Mar/2026:19:04:38 +1000] "GET /robots.txt HTTP/1.1" 301 295 "-" "Mozilla/5.0 (Macintosh; Intel Mac OS X 10_15_7) AppleWebKit/537.36 (KHTML, like Gecko) Chrome/120.0.0.0 Safari/537.36 Edg/120.0.0.0"
27.115.124.68 - - [10/Mar/2026:19:04:59 +1000] "GET /sitemap.xml HTTP/1.1" 301 295 "-" "Mozilla/5.0 (Macintosh; Intel Mac OS X 10_15_7) AppleWebKit/537.36 (KHTML, like Gecko) Chrome/120.0.0.0 Safari/537.36 Edg/120.0.0.0"
118.127.40.73 - - [10/Mar/2026:19:23:15 +1000] "GET / HTTP/1.1" 301 295 "-" "Python/3.11 aiohttp/3.9.2"
46.101.226.198 - - [10/Mar/2026:19:46:41 +1000] "GET / HTTP/1.1" 301 295 "-" "Mozilla/5.0 (X11; Linux x86_64) AppleWebKit/537.36 (KHTML, like Gecko) Chrome/142.0.0.0 Safari/537.36"
46.101.226.198 - - [10/Mar/2026:19:46:48 +1000] "GET /favicon.ico HTTP/1.1" 301 295 "https://softwareupdate.posscales.com.au/" "Mozilla/5.0 (X11; Linux x86_64) AppleWebKit/537.36 (KHTML, like Gecko) Chrome/142.0.0.0 Safari/537.36"
118.127.40.73 - - [10/Mar/2026:19:53:17 +1000] "GET / HTTP/1.1" 301 295 "-" "Python/3.11 aiohttp/3.9.2"
118.127.40.73 - - [10/Mar/2026:20:23:14 +1000] "GET / HTTP/1.1" 301 295 "-" "Python/3.11 aiohttp/3.9.2"
118.127.40.73 - - [10/Mar/2026:20:53:17 +1000] "GET / HTTP/1.1" 301 295 "-" "Python/3.11 aiohttp/3.9.2"
193.24.123.41 - - [10/Mar/2026:21:09:03 +1000] "GET /.env HTTP/1.1" 301 295 "-" "Mozilla/5.0 (Macintosh; Intel Mac OS X 10_14_2) AppleWebKit/605.1.15 (KHTML, like Gecko) Version/13.1 Safari/605.1.15"
118.127.40.73 - - [10/Mar/2026:21:23:15 +1000] "GET / HTTP/1.1" 301 295 "-" "Python/3.11 aiohttp/3.9.2"
118.127.40.73 - - [10/Mar/2026:21:53:16 +1000] "GET / HTTP/1.1" 301 295 "-" "Python/3.11 aiohttp/3.9.2"
118.127.40.73 - - [10/Mar/2026:22:23:16 +1000] "GET / HTTP/1.1" 301 295 "-" "Python/3.11 aiohttp/3.9.2"
118.127.40.73 - - [10/Mar/2026:22:53:16 +1000] "GET / HTTP/1.1" 301 295 "-" "Python/3.11 aiohttp/3.9.2"
118.127.40.73 - - [10/Mar/2026:23:23:17 +1000] "GET / HTTP/1.1" 301 295 "-" "Python/3.11 aiohttp/3.9.2"
118.127.40.73 - - [10/Mar/2026:23:53:17 +1000] "GET / HTTP/1.1" 301 295 "-" "Python/3.11 aiohttp/3.9.2"
118.127.40.73 - - [11/Mar/2026:00:23:25 +1000] "GET / HTTP/1.1" 301 295 "-" "Python/3.11 aiohttp/3.9.2"
118.127.40.73 - - [11/Mar/2026:00:53:42 +1000] "GET / HTTP/1.1" 301 295 "-" "Python/3.11 aiohttp/3.9.2"
118.127.40.73 - - [11/Mar/2026:01:23:23 +1000] "GET / HTTP/1.1" 301 295 "-" "Python/3.11 aiohttp/3.9.2"
118.127.40.73 - - [11/Mar/2026:01:53:21 +1000] "GET / HTTP/1.1" 301 295 "-" "Python/3.11 aiohttp/3.9.2"
118.127.40.73 - - [11/Mar/2026:02:23:21 +1000] "GET / HTTP/1.1" 301 295 "-" "Python/3.11 aiohttp/3.9.2"
118.127.40.73 - - [11/Mar/2026:02:53:24 +1000] "GET / HTTP/1.1" 301 295 "-" "Python/3.11 aiohttp/3.9.2"
118.127.40.73 - - [11/Mar/2026:03:23:20 +1000] "GET / HTTP/1.1" 301 295 "-" "Python/3.11 aiohttp/3.9.2"
118.127.40.73 - - [11/Mar/2026:03:53:23 +1000] "GET / HTTP/1.1" 301 295 "-" "Python/3.11 aiohttp/3.9.2"
118.127.40.73 - - [11/Mar/2026:04:23:21 +1000] "GET / HTTP/1.1" 301 295 "-" "Python/3.11 aiohttp/3.9.2"
118.127.40.73 - - [11/Mar/2026:04:53:21 +1000] "GET / HTTP/1.1" 301 295 "-" "Python/3.11 aiohttp/3.9.2"
118.127.40.73 - - [11/Mar/2026:05:23:21 +1000] "GET / HTTP/1.1" 301 295 "-" "Python/3.11 aiohttp/3.9.2"
118.127.40.73 - - [11/Mar/2026:05:53:22 +1000] "GET / HTTP/1.1" 301 295 "-" "Python/3.11 aiohttp/3.9.2"
118.127.40.73 - - [11/Mar/2026:06:23:20 +1000] "GET / HTTP/1.1" 301 295 "-" "Python/3.11 aiohttp/3.9.2"
118.127.40.73 - - [11/Mar/2026:06:53:22 +1000] "GET / HTTP/1.1" 301 295 "-" "Python/3.11 aiohttp/3.9.2"
118.127.40.73 - - [11/Mar/2026:07:23:22 +1000] "GET / HTTP/1.1" 301 295 "-" "Python/3.11 aiohttp/3.9.2"
118.127.40.73 - - [11/Mar/2026:07:53:22 +1000] "GET / HTTP/1.1" 301 295 "-" "Python/3.11 aiohttp/3.9.2"
118.127.40.73 - - [11/Mar/2026:08:23:23 +1000] "GET / HTTP/1.1" 301 295 "-" "Python/3.11 aiohttp/3.9.2"
118.127.40.73 - - [11/Mar/2026:08:53:23 +1000] "GET / HTTP/1.1" 301 295 "-" "Python/3.11 aiohttp/3.9.2"
118.127.40.73 - - [11/Mar/2026:09:23:22 +1000] "GET / HTTP/1.1" 301 295 "-" "Python/3.11 aiohttp/3.9.2"
118.127.40.73 - - [11/Mar/2026:09:53:23 +1000] "GET / HTTP/1.1" 301 295 "-" "Python/3.11 aiohttp/3.9.2"
118.127.40.73 - - [11/Mar/2026:10:23:23 +1000] "GET / HTTP/1.1" 301 295 "-" "Python/3.11 aiohttp/3.9.2"
159.65.167.144 - - [11/Mar/2026:10:43:54 +1000] "GET /.git/config HTTP/1.1" 301 295 "-" "Mozilla/5.0 (Windows NT 6.3; WOW64) AppleWebKit/537.36 (KHTML, like Gecko) Chrome/76.0.3809.100 Safari/537.36"
118.127.40.73 - - [11/Mar/2026:10:53:22 +1000] "GET / HTTP/1.1" 301 295 "-" "Python/3.11 aiohttp/3.9.2"
118.127.40.73 - - [11/Mar/2026:11:23:24 +1000] "GET / HTTP/1.1" 301 295 "-" "Python/3.11 aiohttp/3.9.2"
118.127.40.73 - - [11/Mar/2026:11:53:25 +1000] "GET / HTTP/1.1" 301 295 "-" "Python/3.11 aiohttp/3.9.2"
118.127.40.73 - - [11/Mar/2026:12:23:23 +1000] "GET / HTTP/1.1" 301 295 "-" "Python/3.11 aiohttp/3.9.2"
18.246.50.51 - - [11/Mar/2026:12:23:51 +1000] "GET /robots.txt HTTP/1.1" 301 295 "-" "Mozilla/5.0 (compatible; wpbot/1.4; +https://forms.gle/ajBaxygz9jSR8p8G9)"
118.127.40.73 - - [11/Mar/2026:12:53:24 +1000] "GET / HTTP/1.1" 301 295 "-" "Python/3.11 aiohttp/3.9.2"
118.127.40.73 - - [11/Mar/2026:13:23:29 +1000] "GET / HTTP/1.1" 301 295 "-" "Python/3.11 aiohttp/3.9.2"
118.127.40.73 - - [11/Mar/2026:13:53:23 +1000] "GET / HTTP/1.1" 301 295 "-" "Python/3.11 aiohttp/3.9.2"
74.7.230.10 - - [11/Mar/2026:14:00:29 +1000] "GET /robots.txt HTTP/1.1" 301 295 "-" "Mozilla/5.0 (Macintosh; Intel Mac OS X 10_15_7) AppleWebKit/537.36 (KHTML, like Gecko) Chrome/131.0.0.0 Safari/537.36; compatible; OAI-SearchBot/1.3; robots.txt; +https://openai.com/searchbot"
118.127.40.73 - - [11/Mar/2026:14:23:24 +1000] "GET / HTTP/1.1" 301 295 "-" "Python/3.11 aiohttp/3.9.2"
118.127.40.73 - - [11/Mar/2026:14:53:27 +1000] "GET / HTTP/1.1" 301 295 "-" "Python/3.11 aiohttp/3.9.2"
