File: //home/posscale/access-logs/softwareupdate.posscales.com.au-ssl_log
118.127.40.73 - - [28/Feb/2026:22:44:58 +1000] "GET / HTTP/1.1" 301 295 "-" "Python/3.11 aiohttp/3.9.2"
118.127.40.73 - - [28/Feb/2026:23:15:00 +1000] "GET / HTTP/1.1" 301 295 "-" "Python/3.11 aiohttp/3.9.2"
118.127.40.73 - - [28/Feb/2026:23:44:58 +1000] "GET / HTTP/1.1" 301 295 "-" "Python/3.11 aiohttp/3.9.2"
118.127.40.73 - - [01/Mar/2026:00:14:58 +1000] "GET / HTTP/1.1" 301 295 "-" "Python/3.11 aiohttp/3.9.2"
118.127.40.73 - - [01/Mar/2026:00:45:01 +1000] "GET / HTTP/1.1" 301 295 "-" "Python/3.11 aiohttp/3.9.2"
118.127.40.73 - - [01/Mar/2026:01:14:59 +1000] "GET / HTTP/1.1" 301 295 "-" "Python/3.11 aiohttp/3.9.2"
118.127.40.73 - - [01/Mar/2026:01:44:59 +1000] "GET / HTTP/1.1" 301 295 "-" "Python/3.11 aiohttp/3.9.2"
118.127.40.73 - - [01/Mar/2026:02:14:59 +1000] "GET / HTTP/1.1" 301 295 "-" "Python/3.11 aiohttp/3.9.2"
118.127.40.73 - - [01/Mar/2026:02:45:01 +1000] "GET / HTTP/1.1" 301 295 "-" "Python/3.11 aiohttp/3.9.2"
74.7.175.147 - - [01/Mar/2026:03:04:24 +1000] "GET /robots.txt HTTP/1.1" 301 295 "-" "Mozilla/5.0 (Macintosh; Intel Mac OS X 10_15_7) AppleWebKit/537.36 (KHTML, like Gecko) Chrome/131.0.0.0 Safari/537.36; compatible; OAI-SearchBot/1.3; robots.txt; +https://openai.com/searchbot"
74.7.242.33 - - [01/Mar/2026:03:04:25 +1000] "GET / HTTP/1.1" 301 295 "-" "Mozilla/5.0 AppleWebKit/537.36 (KHTML, like Gecko; compatible; GPTBot/1.3; +https://openai.com/gptbot)"
118.127.40.73 - - [01/Mar/2026:03:15:00 +1000] "GET / HTTP/1.1" 301 295 "-" "Python/3.11 aiohttp/3.9.2"
118.127.40.73 - - [01/Mar/2026:03:45:00 +1000] "GET / HTTP/1.1" 301 295 "-" "Python/3.11 aiohttp/3.9.2"
165.227.173.41 - - [01/Mar/2026:03:53:40 +1000] "GET / HTTP/1.1" 301 295 "-" "Mozilla/5.0 (l9scan/2.0.330313e20343e2732313e2831313; +https://leakix.net)"
165.227.173.41 - - [01/Mar/2026:03:53:41 +1000] "GET /console/ HTTP/1.1" 301 295 "-" "Mozilla/5.0 (l9scan/2.0.330313e20343e2732313e2831313; +https://leakix.net)"
165.227.173.41 - - [01/Mar/2026:03:53:42 +1000] "GET /server HTTP/1.1" 301 295 "-" "Mozilla/5.0 (l9scan/2.0.330313e20343e2732313e2831313; +https://leakix.net)"
165.227.173.41 - - [01/Mar/2026:03:53:43 +1000] "GET /server-status HTTP/1.1" 301 295 "-" "Mozilla/5.0 (l9scan/2.0.330313e20343e2732313e2831313; +https://leakix.net)"
165.227.173.41 - - [01/Mar/2026:03:53:45 +1000] "GET /about HTTP/1.1" 301 295 "-" "Mozilla/5.0 (l9scan/2.0.330313e20343e2732313e2831313; +https://leakix.net)"
165.227.173.41 - - [01/Mar/2026:03:53:46 +1000] "GET /login.action HTTP/1.1" 301 295 "-" "Mozilla/5.0 (l9scan/2.0.330313e20343e2732313e2831313; +https://leakix.net)"
195.221.56.3 - - [01/Mar/2026:03:53:47 +1000] "GET / HTTP/1.1" 301 295 "-" "Mozilla/5.0 (Windows NT 10.0; Win64; x64) AppleWebKit/537.36 (KHTML, like Gecko) Chrome/131.0.0.0 Safari/537.36"
165.227.173.41 - - [01/Mar/2026:03:53:47 +1000] "GET /v2/_catalog HTTP/1.1" 301 295 "-" "Mozilla/5.0 (l9scan/2.0.330313e20343e2732313e2831313; +https://leakix.net)"
165.227.173.41 - - [01/Mar/2026:03:53:48 +1000] "GET /.DS_Store HTTP/1.1" 301 295 "-" "Mozilla/5.0 (l9scan/2.0.330313e20343e2732313e2831313; +https://leakix.net)"
195.221.56.3 - - [01/Mar/2026:03:53:48 +1000] "GET /setup/ HTTP/1.1" 301 295 "-" "Mozilla/5.0 (Windows NT 10.0; Win64; x64) AppleWebKit/537.36 (KHTML, like Gecko) Chrome/131.0.0.0 Safari/537.36"
165.227.173.41 - - [01/Mar/2026:03:53:49 +1000] "GET /.env HTTP/1.1" 301 295 "-" "Mozilla/5.0 (l9scan/2.0.330313e20343e2732313e2831313; +https://leakix.net)"
195.221.56.3 - - [01/Mar/2026:03:53:50 +1000] "POST /_internal/api/setup.php?action=exists HTTP/1.1" 301 309 "-" "Mozilla/5.0 (Windows NT 10.0; Win64; x64) AppleWebKit/537.36 (KHTML, like Gecko) Chrome/131.0.0.0 Safari/537.36"
165.227.173.41 - - [01/Mar/2026:03:53:51 +1000] "GET /ecp/Current/exporttool/microsoft.exchange.ediscovery.exporttool.application HTTP/1.1" 301 295 "-" "Mozilla/5.0 (l9scan/2.0.330313e20343e2732313e2831313; +https://leakix.net)"
195.221.56.3 - - [01/Mar/2026:03:53:51 +1000] "POST /_internal/api/setup.php?action=exists HTTP/1.1" 301 309 "-" "Mozilla/5.0 (Windows NT 10.0; Win64; x64) AppleWebKit/537.36 (KHTML, like Gecko) Chrome/131.0.0.0 Safari/537.36"
195.221.56.3 - - [01/Mar/2026:03:53:53 +1000] "GET /api/user/ HTTP/1.1" 301 295 "-" "Mozilla/5.0 (Windows NT 10.0; Win64; x64) AppleWebKit/537.36 (KHTML, like Gecko) Chrome/131.0.0.0 Safari/537.36"
165.227.173.41 - - [01/Mar/2026:03:53:53 +1000] "GET /.git/config HTTP/1.1" 301 295 "-" "Mozilla/5.0 (l9scan/2.0.330313e20343e2732313e2831313; +https://leakix.net)"
165.227.173.41 - - [01/Mar/2026:03:53:54 +1000] "POST /graphql HTTP/1.1" 301 295 "-" "Mozilla/5.0 (l9scan/2.0.330313e20343e2732313e2831313; +https://leakix.net)"
165.227.173.41 - - [01/Mar/2026:03:53:55 +1000] "POST /api HTTP/1.1" 301 295 "-" "Mozilla/5.0 (l9scan/2.0.330313e20343e2732313e2831313; +https://leakix.net)"
165.227.173.41 - - [01/Mar/2026:03:53:56 +1000] "POST /api/graphql HTTP/1.1" 301 295 "-" "Mozilla/5.0 (l9scan/2.0.330313e20343e2732313e2831313; +https://leakix.net)"
165.227.173.41 - - [01/Mar/2026:03:53:57 +1000] "POST /graphql/api HTTP/1.1" 301 295 "-" "Mozilla/5.0 (l9scan/2.0.330313e20343e2732313e2831313; +https://leakix.net)"
165.227.173.41 - - [01/Mar/2026:03:53:57 +1000] "POST /api/gql HTTP/1.1" 301 295 "-" "Mozilla/5.0 (l9scan/2.0.330313e20343e2732313e2831313; +https://leakix.net)"
165.227.173.41 - - [01/Mar/2026:03:53:58 +1000] "GET /s/330313e20343e2732313e2831313/_/;/META-INF/maven/com.atlassian.jira/jira-webapp-dist/pom.properties HTTP/1.1" 301 295 "-" "Mozilla/5.0 (l9scan/2.0.330313e20343e2732313e2831313; +https://leakix.net)"
165.227.173.41 - - [01/Mar/2026:03:53:59 +1000] "GET /config.json HTTP/1.1" 301 295 "-" "Mozilla/5.0 (l9scan/2.0.330313e20343e2732313e2831313; +https://leakix.net)"
51.81.245.138 - - [01/Mar/2026:03:54:01 +1000] "GET / HTTP/1.1" 301 295 "-" "Mozilla/5.0 (Windows NT 10.0; Win64; x64) AppleWebKit/537.36 (KHTML, like Gecko) Chrome/108.0.0.0 Safari/537.36"
165.227.173.41 - - [01/Mar/2026:03:54:01 +1000] "GET /telescope/requests HTTP/1.1" 301 295 "-" "Mozilla/5.0 (l9scan/2.0.330313e20343e2732313e2831313; +https://leakix.net)"
165.227.173.41 - - [01/Mar/2026:03:54:02 +1000] "GET /info.php HTTP/1.1" 301 295 "-" "Mozilla/5.0 (l9scan/2.0.330313e20343e2732313e2831313; +https://leakix.net)"
51.81.245.138 - - [01/Mar/2026:03:54:03 +1000] "GET /favicon.ico HTTP/1.1" 301 295 "-" "python-requests/2.25.1"
165.227.173.41 - - [01/Mar/2026:03:54:03 +1000] "GET /.well-known/security.txt HTTP/1.1" 301 295 "-" "Mozilla/5.0 (l9scan/2.0.330313e20343e2732313e2831313; +https://leakix.net)"
165.227.173.41 - - [01/Mar/2026:03:54:04 +1000] "GET /actuator/env HTTP/1.1" 301 295 "-" "Mozilla/5.0 (l9scan/2.0.330313e20343e2732313e2831313; +https://leakix.net)"
165.227.173.41 - - [01/Mar/2026:03:54:06 +1000] "GET /swagger-ui.html HTTP/1.1" 301 295 "-" "Mozilla/5.0 (l9scan/2.0.330313e20343e2732313e2831313; +https://leakix.net)"
165.227.173.41 - - [01/Mar/2026:03:54:07 +1000] "GET /swagger/index.html HTTP/1.1" 301 295 "-" "Mozilla/5.0 (l9scan/2.0.330313e20343e2732313e2831313; +https://leakix.net)"
165.227.173.41 - - [01/Mar/2026:03:54:08 +1000] "GET /swagger/swagger-ui.html HTTP/1.1" 301 295 "-" "Mozilla/5.0 (l9scan/2.0.330313e20343e2732313e2831313; +https://leakix.net)"
165.227.173.41 - - [01/Mar/2026:03:54:09 +1000] "GET /webjars/swagger-ui/index.html HTTP/1.1" 301 295 "-" "Mozilla/5.0 (l9scan/2.0.330313e20343e2732313e2831313; +https://leakix.net)"
165.227.173.41 - - [01/Mar/2026:03:54:10 +1000] "GET /swagger.json HTTP/1.1" 301 295 "-" "Mozilla/5.0 (l9scan/2.0.330313e20343e2732313e2831313; +https://leakix.net)"
165.227.173.41 - - [01/Mar/2026:03:54:11 +1000] "GET /swagger/v1/swagger.json HTTP/1.1" 301 295 "-" "Mozilla/5.0 (l9scan/2.0.330313e20343e2732313e2831313; +https://leakix.net)"
165.227.173.41 - - [01/Mar/2026:03:54:13 +1000] "GET /v2/api-docs HTTP/1.1" 301 295 "-" "Mozilla/5.0 (l9scan/2.0.330313e20343e2732313e2831313; +https://leakix.net)"
165.227.173.41 - - [01/Mar/2026:03:54:14 +1000] "GET /v3/api-docs HTTP/1.1" 301 295 "-" "Mozilla/5.0 (l9scan/2.0.330313e20343e2732313e2831313; +https://leakix.net)"
165.227.173.41 - - [01/Mar/2026:03:54:15 +1000] "GET /api-docs/swagger.json HTTP/1.1" 301 295 "-" "Mozilla/5.0 (l9scan/2.0.330313e20343e2732313e2831313; +https://leakix.net)"
165.227.173.41 - - [01/Mar/2026:03:54:16 +1000] "GET /api/swagger.json HTTP/1.1" 301 295 "-" "Mozilla/5.0 (l9scan/2.0.330313e20343e2732313e2831313; +https://leakix.net)"
165.227.173.41 - - [01/Mar/2026:03:54:17 +1000] "GET /@vite/env HTTP/1.1" 301 295 "-" "Mozilla/5.0 (l9scan/2.0.330313e20343e2732313e2831313; +https://leakix.net)"
165.227.173.41 - - [01/Mar/2026:03:54:18 +1000] "GET /.vscode/sftp.json HTTP/1.1" 301 295 "-" "Mozilla/5.0 (l9scan/2.0.330313e20343e2732313e2831313; +https://leakix.net)"
165.227.173.41 - - [01/Mar/2026:03:54:19 +1000] "OPTIONS / HTTP/1.1" 301 295 "-" "Mozilla/5.0 (l9scan/2.0.330313e20343e2732313e2831313; +https://leakix.net)"
165.227.173.41 - - [01/Mar/2026:03:54:20 +1000] "GET /?rest_route=/wp/v2/users/ HTTP/1.1" 301 320 "-" "Mozilla/5.0 (l9scan/2.0.330313e20343e2732313e2831313; +https://leakix.net)"
165.227.173.41 - - [01/Mar/2026:03:54:21 +1000] "GET /debug/default/view?panel=config HTTP/1.1" 301 308 "-" "Mozilla/5.0 (l9scan/2.0.330313e20343e2732313e2831313; +https://leakix.net)"
120.88.115.8 - - [01/Mar/2026:03:57:13 +1000] "GET / HTTP/1.1" 301 295 "-" "Mozilla/5.0 (Windows NT 10.0; Win64; x64) AppleWebKit/537.36 (KHTML, like Gecko) Chrome/104.0.5112.102 Safari/537.36"
120.88.115.8 - - [01/Mar/2026:03:58:06 +1000] "GET / HTTP/1.1" 301 295 "-" "Mozilla/5.0 (iPhone; CPU iPhone OS 18_7 like Mac OS X) AppleWebKit/605.1.15 (KHTML, like Gecko) Version/26.0.1 Mobile/15E148 Safari/604.1"
120.88.115.8 - - [01/Mar/2026:03:59:11 +1000] "GET /favicon.ico HTTP/1.1" 301 295 "-" "Mozilla/5.0 (Windows NT 10.0; Win64; x64) AppleWebKit/537.36 (KHTML, like Gecko) Chrome/104.0.5112.102 Safari/537.36"
45.156.87.52 - - [01/Mar/2026:04:09:07 +1000] "GET /wp-login.php HTTP/1.1" 301 295 "-" "Mozilla/5.0 (Windows NT 10.0; Win64; x64) Gecko/20100101 Firefox/119.0.1"
45.156.87.52 - - [01/Mar/2026:04:09:12 +1000] "GET /wp-admin/ HTTP/1.1" 301 295 "-" "Mozilla/5.0 (Windows NT 11.0; Win64; x64) AppleWebKit/537.36 (KHTML, like Gecko) Chrome/119.0.6045.159 Safari/537.36"
45.156.87.52 - - [01/Mar/2026:04:09:15 +1000] "GET /administrator/ HTTP/1.1" 301 295 "-" "Mozilla/5.0 (Windows NT 11.0; Win64; x64) AppleWebKit/537.36 (KHTML, like Gecko) Chrome/120.0.6099.130 Safari/537.36"
118.127.40.73 - - [01/Mar/2026:04:15:13 +1000] "GET / HTTP/1.1" 301 295 "-" "Python/3.11 aiohttp/3.9.2"
91.231.89.103 - - [01/Mar/2026:04:18:46 +1000] "GET / HTTP/1.1" 301 295 "-" "Mozilla/5.0 (X11; Ubuntu; Linux x86_64; rv:134.0) Gecko/20100101 Firefox/134.0"
185.177.72.60 - - [01/Mar/2026:04:23:39 +1000] "GET / HTTP/1.1" 301 295 "-" "Mozilla/5.0 (Windows NT 10.0; Win64; x64) AppleWebKit/537.36"
185.177.72.60 - - [01/Mar/2026:04:23:40 +1000] "GET /index.html HTTP/1.1" 301 295 "-" "Mozilla/5.0 (Windows NT 10.0; Win64; x64) AppleWebKit/537.36"
185.177.72.60 - - [01/Mar/2026:04:23:40 +1000] "GET /checkout HTTP/1.1" 301 295 "-" "Mozilla/5.0 (Windows NT 10.0; Win64; x64) AppleWebKit/537.36"
185.177.72.60 - - [01/Mar/2026:04:23:40 +1000] "GET /robots.txt HTTP/1.1" 301 295 "-" "Mozilla/5.0 (Windows NT 10.0; Win64; x64) AppleWebKit/537.36"
185.177.72.60 - - [01/Mar/2026:04:23:41 +1000] "GET /sitemap.xml HTTP/1.1" 301 295 "-" "Mozilla/5.0 (Windows NT 10.0; Win64; x64) AppleWebKit/537.36"
185.177.72.60 - - [01/Mar/2026:04:23:41 +1000] "GET /.env HTTP/1.1" 301 295 "-" "Mozilla/5.0 (Windows NT 10.0; Win64; x64) AppleWebKit/537.36"
185.177.72.60 - - [01/Mar/2026:04:23:42 +1000] "GET /api/.env HTTP/1.1" 301 295 "-" "Mozilla/5.0 (Windows NT 10.0; Win64; x64) AppleWebKit/537.36"
185.177.72.60 - - [01/Mar/2026:04:23:42 +1000] "GET /.env.vite HTTP/1.1" 301 295 "-" "Mozilla/5.0 (Windows NT 10.0; Win64; x64) AppleWebKit/537.36"
185.177.72.60 - - [01/Mar/2026:04:23:42 +1000] "GET /backend/.env HTTP/1.1" 301 295 "-" "Mozilla/5.0 (Windows NT 10.0; Win64; x64) AppleWebKit/537.36"
185.177.72.60 - - [01/Mar/2026:04:23:43 +1000] "GET /laravel/.env HTTP/1.1" 301 295 "-" "Mozilla/5.0 (Windows NT 10.0; Win64; x64) AppleWebKit/537.36"
185.177.72.60 - - [01/Mar/2026:04:23:43 +1000] "GET /payment/.env HTTP/1.1" 301 295 "-" "Mozilla/5.0 (Windows NT 10.0; Win64; x64) AppleWebKit/537.36"
185.177.72.60 - - [01/Mar/2026:04:23:43 +1000] "GET /admin/.env HTTP/1.1" 301 295 "-" "Mozilla/5.0 (Windows NT 10.0; Win64; x64) AppleWebKit/537.36"
185.177.72.60 - - [01/Mar/2026:04:23:44 +1000] "GET /.env.example HTTP/1.1" 301 295 "-" "Mozilla/5.0 (Windows NT 10.0; Win64; x64) AppleWebKit/537.36"
185.177.72.60 - - [01/Mar/2026:04:23:44 +1000] "GET /core/.env HTTP/1.1" 301 295 "-" "Mozilla/5.0 (Windows NT 10.0; Win64; x64) AppleWebKit/537.36"
185.177.72.60 - - [01/Mar/2026:04:23:44 +1000] "GET /env HTTP/1.1" 301 295 "-" "Mozilla/5.0 (Windows NT 10.0; Win64; x64) AppleWebKit/537.36"
185.177.72.60 - - [01/Mar/2026:04:23:45 +1000] "GET /stripe/.env HTTP/1.1" 301 295 "-" "Mozilla/5.0 (Windows NT 10.0; Win64; x64) AppleWebKit/537.36"
185.177.72.60 - - [01/Mar/2026:04:23:45 +1000] "GET /.env.production HTTP/1.1" 301 295 "-" "Mozilla/5.0 (Windows NT 10.0; Win64; x64) AppleWebKit/537.36"
185.177.72.60 - - [01/Mar/2026:04:23:45 +1000] "GET /.env.bak HTTP/1.1" 301 295 "-" "Mozilla/5.0 (Windows NT 10.0; Win64; x64) AppleWebKit/537.36"
185.177.72.60 - - [01/Mar/2026:04:23:45 +1000] "GET /.env.local HTTP/1.1" 301 295 "-" "Mozilla/5.0 (Windows NT 10.0; Win64; x64) AppleWebKit/537.36"
185.177.72.60 - - [01/Mar/2026:04:23:46 +1000] "GET /assets/.env HTTP/1.1" 301 295 "-" "Mozilla/5.0 (Windows NT 10.0; Win64; x64) AppleWebKit/537.36"
185.177.72.60 - - [01/Mar/2026:04:23:46 +1000] "GET /app/.env HTTP/1.1" 301 295 "-" "Mozilla/5.0 (Windows NT 10.0; Win64; x64) AppleWebKit/537.36"
185.177.72.60 - - [01/Mar/2026:04:23:46 +1000] "GET /config.env HTTP/1.1" 301 295 "-" "Mozilla/5.0 (Windows NT 10.0; Win64; x64) AppleWebKit/537.36"
185.177.72.60 - - [01/Mar/2026:04:23:46 +1000] "GET /docker/.env HTTP/1.1" 301 295 "-" "Mozilla/5.0 (Windows NT 10.0; Win64; x64) AppleWebKit/537.36"
185.177.72.60 - - [01/Mar/2026:04:23:47 +1000] "GET /server/.env HTTP/1.1" 301 295 "-" "Mozilla/5.0 (Windows NT 10.0; Win64; x64) AppleWebKit/537.36"
185.177.72.60 - - [01/Mar/2026:04:23:47 +1000] "GET /web/.env HTTP/1.1" 301 295 "-" "Mozilla/5.0 (Windows NT 10.0; Win64; x64) AppleWebKit/537.36"
185.177.72.60 - - [01/Mar/2026:04:23:47 +1000] "GET /src/.env HTTP/1.1" 301 295 "-" "Mozilla/5.0 (Windows NT 10.0; Win64; x64) AppleWebKit/537.36"
185.177.72.60 - - [01/Mar/2026:04:23:48 +1000] "GET /.env.txt HTTP/1.1" 301 295 "-" "Mozilla/5.0 (Windows NT 10.0; Win64; x64) AppleWebKit/537.36"
185.177.72.60 - - [01/Mar/2026:04:23:48 +1000] "GET /public/.env HTTP/1.1" 301 295 "-" "Mozilla/5.0 (Windows NT 10.0; Win64; x64) AppleWebKit/537.36"
185.177.72.60 - - [01/Mar/2026:04:23:48 +1000] "GET /config.js HTTP/1.1" 301 295 "-" "Mozilla/5.0 (Windows NT 10.0; Win64; x64) AppleWebKit/537.36"
185.177.72.60 - - [01/Mar/2026:04:23:48 +1000] "GET /main.js HTTP/1.1" 301 295 "-" "Mozilla/5.0 (Windows NT 10.0; Win64; x64) AppleWebKit/537.36"
185.177.72.60 - - [01/Mar/2026:04:23:49 +1000] "GET /env.js HTTP/1.1" 301 295 "-" "Mozilla/5.0 (Windows NT 10.0; Win64; x64) AppleWebKit/537.36"
185.177.72.60 - - [01/Mar/2026:04:23:49 +1000] "GET /app.js HTTP/1.1" 301 295 "-" "Mozilla/5.0 (Windows NT 10.0; Win64; x64) AppleWebKit/537.36"
185.177.72.60 - - [01/Mar/2026:04:23:49 +1000] "GET /constants.js HTTP/1.1" 301 295 "-" "Mozilla/5.0 (Windows NT 10.0; Win64; x64) AppleWebKit/537.36"
185.177.72.60 - - [01/Mar/2026:04:23:49 +1000] "GET /bundle.js HTTP/1.1" 301 295 "-" "Mozilla/5.0 (Windows NT 10.0; Win64; x64) AppleWebKit/537.36"
185.177.72.60 - - [01/Mar/2026:04:23:50 +1000] "GET /index.js HTTP/1.1" 301 295 "-" "Mozilla/5.0 (Windows NT 10.0; Win64; x64) AppleWebKit/537.36"
185.177.72.60 - - [01/Mar/2026:04:23:50 +1000] "GET /@vite/client HTTP/1.1" 301 295 "-" "Mozilla/5.0 (Windows NT 10.0; Win64; x64) AppleWebKit/537.36"
185.177.72.60 - - [01/Mar/2026:04:23:50 +1000] "GET /__env.js HTTP/1.1" 301 295 "-" "Mozilla/5.0 (Windows NT 10.0; Win64; x64) AppleWebKit/537.36"
185.177.72.60 - - [01/Mar/2026:04:23:51 +1000] "GET /vendor.js HTTP/1.1" 301 295 "-" "Mozilla/5.0 (Windows NT 10.0; Win64; x64) AppleWebKit/537.36"
185.177.72.60 - - [01/Mar/2026:04:23:51 +1000] "GET /env.json HTTP/1.1" 301 295 "-" "Mozilla/5.0 (Windows NT 10.0; Win64; x64) AppleWebKit/537.36"
185.177.72.60 - - [01/Mar/2026:04:23:51 +1000] "GET /.vite/manifest.json HTTP/1.1" 301 295 "-" "Mozilla/5.0 (Windows NT 10.0; Win64; x64) AppleWebKit/537.36"
185.177.72.60 - - [01/Mar/2026:04:23:51 +1000] "GET /manifest.json HTTP/1.1" 301 295 "-" "Mozilla/5.0 (Windows NT 10.0; Win64; x64) AppleWebKit/537.36"
185.177.72.60 - - [01/Mar/2026:04:23:52 +1000] "GET /asset-manifest.json HTTP/1.1" 301 295 "-" "Mozilla/5.0 (Windows NT 10.0; Win64; x64) AppleWebKit/537.36"
185.177.72.60 - - [01/Mar/2026:04:23:52 +1000] "GET /.git/config HTTP/1.1" 301 295 "-" "Mozilla/5.0 (Windows NT 10.0; Win64; x64) AppleWebKit/537.36"
185.177.72.60 - - [01/Mar/2026:04:23:52 +1000] "GET /.git/HEAD HTTP/1.1" 301 295 "-" "Mozilla/5.0 (Windows NT 10.0; Win64; x64) AppleWebKit/537.36"
185.177.72.60 - - [01/Mar/2026:04:23:52 +1000] "GET /wp-config.php.bak HTTP/1.1" 301 295 "-" "Mozilla/5.0 (Windows NT 10.0; Win64; x64) AppleWebKit/537.36"
185.177.72.60 - - [01/Mar/2026:04:23:53 +1000] "GET /wp-config.php.old HTTP/1.1" 301 295 "-" "Mozilla/5.0 (Windows NT 10.0; Win64; x64) AppleWebKit/537.36"
185.177.72.60 - - [01/Mar/2026:04:23:53 +1000] "GET /wp-config.php.txt HTTP/1.1" 301 295 "-" "Mozilla/5.0 (Windows NT 10.0; Win64; x64) AppleWebKit/537.36"
185.177.72.60 - - [01/Mar/2026:04:23:53 +1000] "GET /wp-config.php.save HTTP/1.1" 301 295 "-" "Mozilla/5.0 (Windows NT 10.0; Win64; x64) AppleWebKit/537.36"
185.177.72.60 - - [01/Mar/2026:04:23:54 +1000] "GET /wp-config.php~ HTTP/1.1" 301 295 "-" "Mozilla/5.0 (Windows NT 10.0; Win64; x64) AppleWebKit/537.36"
185.177.72.60 - - [01/Mar/2026:04:23:54 +1000] "GET /wp-content/debug.log HTTP/1.1" 301 295 "-" "Mozilla/5.0 (Windows NT 10.0; Win64; x64) AppleWebKit/537.36"
185.177.72.60 - - [01/Mar/2026:04:23:55 +1000] "GET /.env.dev HTTP/1.1" 301 295 "-" "Mozilla/5.0 (Windows NT 10.0; Win64; x64) AppleWebKit/537.36"
185.177.72.60 - - [01/Mar/2026:04:23:56 +1000] "GET /.env.staging HTTP/1.1" 301 295 "-" "Mozilla/5.0 (Windows NT 10.0; Win64; x64) AppleWebKit/537.36"
185.177.72.60 - - [01/Mar/2026:04:23:57 +1000] "GET /.env.backup HTTP/1.1" 301 295 "-" "Mozilla/5.0 (Windows NT 10.0; Win64; x64) AppleWebKit/537.36"
185.177.72.60 - - [01/Mar/2026:04:23:58 +1000] "GET /.env.old HTTP/1.1" 301 295 "-" "Mozilla/5.0 (Windows NT 10.0; Win64; x64) AppleWebKit/537.36"
185.177.72.60 - - [01/Mar/2026:04:23:59 +1000] "GET /.env.save HTTP/1.1" 301 295 "-" "Mozilla/5.0 (Windows NT 10.0; Win64; x64) AppleWebKit/537.36"
185.177.72.60 - - [01/Mar/2026:04:23:59 +1000] "GET /credentials.json HTTP/1.1" 301 295 "-" "Mozilla/5.0 (Windows NT 10.0; Win64; x64) AppleWebKit/537.36"
185.177.72.60 - - [01/Mar/2026:04:24:00 +1000] "GET /.vscode/sftp.json HTTP/1.1" 301 295 "-" "Mozilla/5.0 (Windows NT 10.0; Win64; x64) AppleWebKit/537.36"
185.177.72.60 - - [01/Mar/2026:04:24:01 +1000] "GET /docker-compose.yml HTTP/1.1" 301 295 "-" "Mozilla/5.0 (Windows NT 10.0; Win64; x64) AppleWebKit/537.36"
185.177.72.60 - - [01/Mar/2026:04:24:01 +1000] "GET /wp-json/wc/v3/payment_gateways HTTP/1.1" 301 295 "-" "Mozilla/5.0 (Windows NT 10.0; Win64; x64) AppleWebKit/537.36"
185.177.72.60 - - [01/Mar/2026:04:24:02 +1000] "GET /wp-json/wc/v2/payment_gateways HTTP/1.1" 301 295 "-" "Mozilla/5.0 (Windows NT 10.0; Win64; x64) AppleWebKit/537.36"
185.177.72.60 - - [01/Mar/2026:04:24:03 +1000] "GET /wp-json/wc/v3/settings/checkout HTTP/1.1" 301 295 "-" "Mozilla/5.0 (Windows NT 10.0; Win64; x64) AppleWebKit/537.36"
185.177.72.60 - - [01/Mar/2026:04:24:03 +1000] "GET /wp-admin/admin-ajax.php HTTP/1.1" 301 295 "-" "Mozilla/5.0 (Windows NT 10.0; Win64; x64) AppleWebKit/537.36"
185.177.72.60 - - [01/Mar/2026:04:24:04 +1000] "GET /wp-content/uploads/wc-logs/ HTTP/1.1" 301 295 "-" "Mozilla/5.0 (Windows NT 10.0; Win64; x64) AppleWebKit/537.36"
185.177.72.60 - - [01/Mar/2026:04:24:05 +1000] "GET /api/config HTTP/1.1" 301 295 "-" "Mozilla/5.0 (Windows NT 10.0; Win64; x64) AppleWebKit/537.36"
185.177.72.60 - - [01/Mar/2026:04:24:05 +1000] "GET /api/v1/config HTTP/1.1" 301 295 "-" "Mozilla/5.0 (Windows NT 10.0; Win64; x64) AppleWebKit/537.36"
185.177.72.60 - - [01/Mar/2026:04:24:06 +1000] "GET /api/settings HTTP/1.1" 301 295 "-" "Mozilla/5.0 (Windows NT 10.0; Win64; x64) AppleWebKit/537.36"
185.177.72.60 - - [01/Mar/2026:04:24:06 +1000] "GET /api/v1/settings HTTP/1.1" 301 295 "-" "Mozilla/5.0 (Windows NT 10.0; Win64; x64) AppleWebKit/537.36"
185.177.72.60 - - [01/Mar/2026:04:24:07 +1000] "GET /api/stripe/config HTTP/1.1" 301 295 "-" "Mozilla/5.0 (Windows NT 10.0; Win64; x64) AppleWebKit/537.36"
185.177.72.60 - - [01/Mar/2026:04:24:08 +1000] "GET /api/payment/config HTTP/1.1" 301 295 "-" "Mozilla/5.0 (Windows NT 10.0; Win64; x64) AppleWebKit/537.36"
185.177.72.60 - - [01/Mar/2026:04:24:33 +1000] "GET /payment HTTP/1.1" 301 295 "-" "Mozilla/5.0 (Windows NT 10.0; Win64; x64) AppleWebKit/537.36"
185.177.72.60 - - [01/Mar/2026:04:24:34 +1000] "GET /cart HTTP/1.1" 301 295 "-" "Mozilla/5.0 (Windows NT 10.0; Win64; x64) AppleWebKit/537.36"
185.177.72.60 - - [01/Mar/2026:04:24:34 +1000] "GET /donate HTTP/1.1" 301 295 "-" "Mozilla/5.0 (Windows NT 10.0; Win64; x64) AppleWebKit/537.36"
185.177.72.60 - - [01/Mar/2026:04:24:35 +1000] "GET /subscribe HTTP/1.1" 301 295 "-" "Mozilla/5.0 (Windows NT 10.0; Win64; x64) AppleWebKit/537.36"
185.177.72.60 - - [01/Mar/2026:04:24:36 +1000] "GET /pricing HTTP/1.1" 301 295 "-" "Mozilla/5.0 (Windows NT 10.0; Win64; x64) AppleWebKit/537.36"
185.177.72.60 - - [01/Mar/2026:04:24:37 +1000] "GET /admin HTTP/1.1" 301 295 "-" "Mozilla/5.0 (Windows NT 10.0; Win64; x64) AppleWebKit/537.36"
185.177.72.60 - - [01/Mar/2026:04:24:38 +1000] "GET /dashboard HTTP/1.1" 301 295 "-" "Mozilla/5.0 (Windows NT 10.0; Win64; x64) AppleWebKit/537.36"
185.177.72.60 - - [01/Mar/2026:04:24:39 +1000] "GET /billing HTTP/1.1" 301 295 "-" "Mozilla/5.0 (Windows NT 10.0; Win64; x64) AppleWebKit/537.36"
185.177.72.60 - - [01/Mar/2026:04:24:40 +1000] "GET /account HTTP/1.1" 301 295 "-" "Mozilla/5.0 (Windows NT 10.0; Win64; x64) AppleWebKit/537.36"
185.177.72.60 - - [01/Mar/2026:04:24:41 +1000] "GET /plans HTTP/1.1" 301 295 "-" "Mozilla/5.0 (Windows NT 10.0; Win64; x64) AppleWebKit/537.36"
185.177.72.60 - - [01/Mar/2026:04:24:42 +1000] "GET /signup HTTP/1.1" 301 295 "-" "Mozilla/5.0 (Windows NT 10.0; Win64; x64) AppleWebKit/537.36"
185.177.72.60 - - [01/Mar/2026:04:24:42 +1000] "GET /register HTTP/1.1" 301 295 "-" "Mozilla/5.0 (Windows NT 10.0; Win64; x64) AppleWebKit/537.36"
185.177.72.60 - - [01/Mar/2026:04:24:43 +1000] "GET /order HTTP/1.1" 301 295 "-" "Mozilla/5.0 (Windows NT 10.0; Win64; x64) AppleWebKit/537.36"
185.177.72.60 - - [01/Mar/2026:04:24:43 +1000] "GET /shop HTTP/1.1" 301 295 "-" "Mozilla/5.0 (Windows NT 10.0; Win64; x64) AppleWebKit/537.36"
185.177.72.60 - - [01/Mar/2026:04:24:44 +1000] "GET /info.php HTTP/1.1" 301 295 "-" "Mozilla/5.0 (Windows NT 10.0; Win64; x64) AppleWebKit/537.36"
185.177.72.60 - - [01/Mar/2026:04:24:44 +1000] "GET /test.php HTTP/1.1" 301 295 "-" "Mozilla/5.0 (Windows NT 10.0; Win64; x64) AppleWebKit/537.36"
185.177.72.60 - - [01/Mar/2026:04:24:45 +1000] "GET /phpinfo.php HTTP/1.1" 301 295 "-" "Mozilla/5.0 (Windows NT 10.0; Win64; x64) AppleWebKit/537.36"
185.177.72.60 - - [01/Mar/2026:04:24:46 +1000] "GET /_profiler/latest HTTP/1.1" 301 295 "-" "Mozilla/5.0 (Windows NT 10.0; Win64; x64) AppleWebKit/537.36"
185.177.72.60 - - [01/Mar/2026:04:24:46 +1000] "GET /admin/settings HTTP/1.1" 301 295 "-" "Mozilla/5.0 (Windows NT 10.0; Win64; x64) AppleWebKit/537.36"
185.177.72.60 - - [01/Mar/2026:04:24:47 +1000] "GET /horizon/api/stats HTTP/1.1" 301 295 "-" "Mozilla/5.0 (Windows NT 10.0; Win64; x64) AppleWebKit/537.36"
185.177.72.60 - - [01/Mar/2026:04:24:47 +1000] "GET /config/stripe.env HTTP/1.1" 301 295 "-" "Mozilla/5.0 (Windows NT 10.0; Win64; x64) AppleWebKit/537.36"
185.177.72.60 - - [01/Mar/2026:04:24:48 +1000] "GET /manage/env HTTP/1.1" 301 295 "-" "Mozilla/5.0 (Windows NT 10.0; Win64; x64) AppleWebKit/537.36"
185.177.72.60 - - [01/Mar/2026:04:24:48 +1000] "GET /debug.log HTTP/1.1" 301 295 "-" "Mozilla/5.0 (Windows NT 10.0; Win64; x64) AppleWebKit/537.36"
185.177.72.60 - - [01/Mar/2026:04:25:27 +1000] "GET /storage/logs/laravel.log HTTP/1.1" 301 295 "-" "Mozilla/5.0 (Windows NT 10.0; Win64; x64) AppleWebKit/537.36"
185.177.72.60 - - [01/Mar/2026:04:25:28 +1000] "GET /cgi-bin/.%2e/%2e%2e/%2e%2e/%2e%2e/var/www/.env HTTP/1.1" 301 295 "-" "Mozilla/5.0 (Windows NT 10.0; Win64; x64) AppleWebKit/537.36"
74.7.175.147 - - [01/Mar/2026:04:37:38 +1000] "GET /robots.txt HTTP/1.1" 301 295 "-" "Mozilla/5.0 (Macintosh; Intel Mac OS X 10_15_7) AppleWebKit/537.36 (KHTML, like Gecko) Chrome/131.0.0.0 Safari/537.36; compatible; OAI-SearchBot/1.3; robots.txt; +https://openai.com/searchbot"
185.177.72.60 - - [01/Mar/2026:04:41:31 +1000] "GET / HTTP/1.1" 301 295 "-" "Mozilla/5.0 (Windows NT 10.0; Win64; x64) AppleWebKit/537.36 (KHTML, like Gecko) Chrome/120.0.0.0 Safari/537.36"
118.127.40.73 - - [01/Mar/2026:04:45:03 +1000] "GET / HTTP/1.1" 301 295 "-" "Python/3.11 aiohttp/3.9.2"
81.29.142.6 - - [01/Mar/2026:04:47:56 +1000] "GET / HTTP/1.1" 301 295 "-" "Mozilla/5.0 (Windows NT 10.0; Win64; x64) AppleWebKit/537.36 (KHTML, like Gecko) Chrome/89.0.4389.72 Safari/537.36 Edg/89.0.774.45"
118.127.40.73 - - [01/Mar/2026:05:15:02 +1000] "GET / HTTP/1.1" 301 295 "-" "Python/3.11 aiohttp/3.9.2"
74.7.175.147 - - [01/Mar/2026:05:21:06 +1000] "GET /robots.txt HTTP/1.1" 301 295 "-" "Mozilla/5.0 (Macintosh; Intel Mac OS X 10_15_7) AppleWebKit/537.36 (KHTML, like Gecko) Chrome/131.0.0.0 Safari/537.36; compatible; OAI-SearchBot/1.3; robots.txt; +https://openai.com/searchbot"
216.73.216.5 - - [01/Mar/2026:05:27:28 +1000] "GET /robots.txt HTTP/1.1" 301 295 "-" "Mozilla/5.0 AppleWebKit/537.36 (KHTML, like Gecko; compatible; ClaudeBot/1.0; +claudebot@anthropic.com)"
216.73.216.5 - - [01/Mar/2026:05:27:28 +1000] "GET /robots.txt HTTP/1.1" 301 295 "-" ""
118.127.40.73 - - [01/Mar/2026:05:45:03 +1000] "GET / HTTP/1.1" 301 295 "-" "Python/3.11 aiohttp/3.9.2"
118.127.40.73 - - [01/Mar/2026:06:15:03 +1000] "GET / HTTP/1.1" 301 295 "-" "Python/3.11 aiohttp/3.9.2"
118.127.40.73 - - [01/Mar/2026:06:45:03 +1000] "GET / HTTP/1.1" 301 295 "-" "Python/3.11 aiohttp/3.9.2"
118.127.40.73 - - [01/Mar/2026:07:15:03 +1000] "GET / HTTP/1.1" 301 295 "-" "Python/3.11 aiohttp/3.9.2"
118.127.40.73 - - [01/Mar/2026:07:45:07 +1000] "GET / HTTP/1.1" 301 295 "-" "Python/3.11 aiohttp/3.9.2"
118.127.40.73 - - [01/Mar/2026:08:15:05 +1000] "GET / HTTP/1.1" 301 295 "-" "Python/3.11 aiohttp/3.9.2"
118.127.40.73 - - [01/Mar/2026:08:45:06 +1000] "GET / HTTP/1.1" 301 295 "-" "Python/3.11 aiohttp/3.9.2"
118.127.40.73 - - [01/Mar/2026:09:15:04 +1000] "GET / HTTP/1.1" 301 295 "-" "Python/3.11 aiohttp/3.9.2"
118.127.40.73 - - [01/Mar/2026:09:45:05 +1000] "GET / HTTP/1.1" 301 295 "-" "Python/3.11 aiohttp/3.9.2"
118.127.40.73 - - [01/Mar/2026:10:15:05 +1000] "GET / HTTP/1.1" 301 295 "-" "Python/3.11 aiohttp/3.9.2"
74.7.175.147 - - [01/Mar/2026:10:34:13 +1000] "GET /robots.txt HTTP/1.1" 301 295 "-" "Mozilla/5.0 (Macintosh; Intel Mac OS X 10_15_7) AppleWebKit/537.36 (KHTML, like Gecko) Chrome/131.0.0.0 Safari/537.36; compatible; OAI-SearchBot/1.3; robots.txt; +https://openai.com/searchbot"
118.127.40.73 - - [01/Mar/2026:10:45:05 +1000] "GET / HTTP/1.1" 301 295 "-" "Python/3.11 aiohttp/3.9.2"
34.169.249.34 - - [01/Mar/2026:11:12:22 +1000] "GET / HTTP/1.1" 301 295 "-" "Mozilla/5.0 (Linux; Android 12; Pixel 6) AppleWebKit/537.36 (KHTML, like Gecko) Chrome/114.0.0.0 Mobile Safari/537.36"
34.169.249.34 - - [01/Mar/2026:11:12:33 +1000] "GET / HTTP/1.1" 301 295 "-" "Mozilla/5.0 (Linux; Android 12; Pixel 6) AppleWebKit/537.36 (KHTML, like Gecko) Chrome/114.0.0.0 Mobile Safari/537.36"
118.127.40.73 - - [01/Mar/2026:11:15:05 +1000] "GET / HTTP/1.1" 301 295 "-" "Python/3.11 aiohttp/3.9.2"
167.86.118.77 - - [01/Mar/2026:11:28:52 +1000] "HEAD / HTTP/1.1" 301 - "-" "python-requests/2.32.5"
118.127.40.73 - - [01/Mar/2026:11:45:06 +1000] "GET / HTTP/1.1" 301 295 "-" "Python/3.11 aiohttp/3.9.2"
118.127.40.73 - - [01/Mar/2026:12:15:06 +1000] "GET / HTTP/1.1" 301 295 "-" "Python/3.11 aiohttp/3.9.2"
206.189.109.206 - - [01/Mar/2026:12:27:41 +1000] "GET / HTTP/1.1" 301 295 "-" "Mozilla/5.0 (X11; Linux x86_64; rv:142.0) Gecko/20100101 Firefox/142.0"
206.189.109.206 - - [01/Mar/2026:12:27:48 +1000] "GET /favicon.ico HTTP/1.1" 301 295 "https://softwareupdate.posscales.com.au/" "Mozilla/5.0 (X11; Linux x86_64; rv:142.0) Gecko/20100101 Firefox/142.0"
118.127.40.73 - - [01/Mar/2026:12:45:10 +1000] "GET / HTTP/1.1" 301 295 "-" "Python/3.11 aiohttp/3.9.2"
93.123.109.214 - - [01/Mar/2026:12:52:19 +1000] "GET / HTTP/1.1" 301 295 "-" "Mozilla/5.0 (Windows NT 10.0; Win64; x64) AppleWebKit/537.36 (KHTML, like Gecko) Chrome/131.0.0.0 Safari/537.36"
118.127.40.73 - - [01/Mar/2026:13:15:06 +1000] "GET / HTTP/1.1" 301 295 "-" "Python/3.11 aiohttp/3.9.2"
18.236.164.4 - - [01/Mar/2026:13:43:09 +1000] "GET / HTTP/1.1" 301 295 "-" "Mozilla/5.0 (Linux; Android 9; SAMSUNG SM-G965U Build/PPR1.180610.011) AppleWebKit/537.36 (KHTML, like Gecko) SamsungBrowser/9.0 Chrome/67.0.3396.87 Mobile Safari/537.36"
118.127.40.73 - - [01/Mar/2026:13:45:06 +1000] "GET / HTTP/1.1" 301 295 "-" "Python/3.11 aiohttp/3.9.2"
118.127.40.73 - - [01/Mar/2026:14:15:07 +1000] "GET / HTTP/1.1" 301 295 "-" "Python/3.11 aiohttp/3.9.2"
118.127.40.73 - - [01/Mar/2026:14:45:07 +1000] "GET / HTTP/1.1" 301 295 "-" "Python/3.11 aiohttp/3.9.2"
118.127.40.73 - - [01/Mar/2026:15:15:07 +1000] "GET / HTTP/1.1" 301 295 "-" "Python/3.11 aiohttp/3.9.2"
45.148.10.238 - - [01/Mar/2026:15:36:49 +1000] "GET /.git/config HTTP/1.1" 301 295 "-" "Mozilla/5.0 (Linux; U; Android 2.0; en-us; Milestone Build/ SHOLS_U2_01.03.1) AppleWebKit/530.17 (KHTML, like Gecko) Version/4.0 Mobile Safari/530.17"
118.127.40.73 - - [01/Mar/2026:15:45:07 +1000] "GET / HTTP/1.1" 301 295 "-" "Python/3.11 aiohttp/3.9.2"
3.83.29.2 - - [01/Mar/2026:15:48:04 +1000] "GET /.git/config HTTP/1.1" 301 295 "-" "Mozilla/5.0 (Macintosh; Intel Mac OS X 10.15; rv:128.0) Gecko/20100101 Firefox/128.3"
118.127.40.73 - - [01/Mar/2026:16:15:07 +1000] "GET / HTTP/1.1" 301 295 "-" "Python/3.11 aiohttp/3.9.2"
118.127.40.73 - - [01/Mar/2026:16:45:08 +1000] "GET / HTTP/1.1" 301 295 "-" "Python/3.11 aiohttp/3.9.2"
118.127.40.73 - - [01/Mar/2026:17:15:08 +1000] "GET / HTTP/1.1" 301 295 "-" "Python/3.11 aiohttp/3.9.2"
118.127.40.73 - - [01/Mar/2026:17:45:08 +1000] "GET / HTTP/1.1" 301 295 "-" "Python/3.11 aiohttp/3.9.2"
118.127.40.73 - - [01/Mar/2026:18:15:10 +1000] "GET / HTTP/1.1" 301 295 "-" "Python/3.11 aiohttp/3.9.2"
118.127.40.73 - - [01/Mar/2026:18:45:08 +1000] "GET / HTTP/1.1" 301 295 "-" "Python/3.11 aiohttp/3.9.2"
118.127.40.73 - - [01/Mar/2026:19:15:09 +1000] "GET / HTTP/1.1" 301 295 "-" "Python/3.11 aiohttp/3.9.2"
118.127.40.73 - - [01/Mar/2026:19:45:08 +1000] "GET / HTTP/1.1" 301 295 "-" "Python/3.11 aiohttp/3.9.2"
118.127.40.73 - - [01/Mar/2026:20:15:09 +1000] "GET / HTTP/1.1" 301 295 "-" "Python/3.11 aiohttp/3.9.2"
44.203.55.203 - - [01/Mar/2026:20:22:24 +1000] "GET /_ignition/execute-solution HTTP/1.1" 301 295 "-" "Mozilla/5.0 (Windows NT 10.0; Win64; x64) AppleWebKit/537.36 (KHTML, like Gecko) Chrome/70.0.3538.102 Safari/537.36 Edge/18.18363"
118.127.40.73 - - [01/Mar/2026:20:45:09 +1000] "GET / HTTP/1.1" 301 295 "-" "Python/3.11 aiohttp/3.9.2"
118.127.40.73 - - [01/Mar/2026:21:15:09 +1000] "GET / HTTP/1.1" 301 295 "-" "Python/3.11 aiohttp/3.9.2"
118.127.40.73 - - [01/Mar/2026:21:45:10 +1000] "GET / HTTP/1.1" 301 295 "-" "Python/3.11 aiohttp/3.9.2"
118.127.40.73 - - [01/Mar/2026:22:15:10 +1000] "GET / HTTP/1.1" 301 295 "-" "Python/3.11 aiohttp/3.9.2"
118.127.40.73 - - [01/Mar/2026:22:45:10 +1000] "GET / HTTP/1.1" 301 295 "-" "Python/3.11 aiohttp/3.9.2"
74.7.230.44 - - [01/Mar/2026:22:49:22 +1000] "GET /robots.txt HTTP/1.1" 301 295 "-" "Mozilla/5.0 (Macintosh; Intel Mac OS X 10_15_7) AppleWebKit/537.36 (KHTML, like Gecko) Chrome/131.0.0.0 Safari/537.36; compatible; OAI-SearchBot/1.3; robots.txt; +https://openai.com/searchbot"
118.127.40.73 - - [01/Mar/2026:23:15:10 +1000] "GET / HTTP/1.1" 301 295 "-" "Python/3.11 aiohttp/3.9.2"
118.127.40.73 - - [01/Mar/2026:23:45:10 +1000] "GET / HTTP/1.1" 301 295 "-" "Python/3.11 aiohttp/3.9.2"
118.127.40.73 - - [02/Mar/2026:00:15:11 +1000] "GET / HTTP/1.1" 301 295 "-" "Python/3.11 aiohttp/3.9.2"
85.11.167.4 - - [02/Mar/2026:00:17:34 +1000] "POST / HTTP/1.1" 301 295 "https://softwareupdate.posscales.com.au" "Mozilla/5.0 (Windows NT 10.0; Win64; x64) AppleWebKit/537.36 (KHTML, like Gecko) Chrome/131.0.0.0 Safari/537.36"
85.11.167.4 - - [02/Mar/2026:00:17:35 +1000] "POST / HTTP/1.1" 301 295 "https://softwareupdate.posscales.com.au" "Mozilla/5.0 (Windows NT 10.0; Win64; x64) AppleWebKit/537.36 (KHTML, like Gecko) Chrome/131.0.0.0 Safari/537.36"
118.127.40.73 - - [02/Mar/2026:00:45:11 +1000] "GET / HTTP/1.1" 301 295 "-" "Python/3.11 aiohttp/3.9.2"
118.127.40.73 - - [02/Mar/2026:01:15:11 +1000] "GET / HTTP/1.1" 301 295 "-" "Python/3.11 aiohttp/3.9.2"
118.127.40.73 - - [02/Mar/2026:01:45:11 +1000] "GET / HTTP/1.1" 301 295 "-" "Python/3.11 aiohttp/3.9.2"
118.127.40.73 - - [02/Mar/2026:02:15:11 +1000] "GET / HTTP/1.1" 301 295 "-" "Python/3.11 aiohttp/3.9.2"
118.127.40.73 - - [02/Mar/2026:02:45:11 +1000] "GET / HTTP/1.1" 301 295 "-" "Python/3.11 aiohttp/3.9.2"
118.127.40.73 - - [02/Mar/2026:03:15:11 +1000] "GET / HTTP/1.1" 301 295 "-" "Python/3.11 aiohttp/3.9.2"
118.127.40.73 - - [02/Mar/2026:03:45:12 +1000] "GET / HTTP/1.1" 301 295 "-" "Python/3.11 aiohttp/3.9.2"
118.127.40.73 - - [02/Mar/2026:04:15:14 +1000] "GET / HTTP/1.1" 301 295 "-" "Python/3.11 aiohttp/3.9.2"
74.7.230.44 - - [02/Mar/2026:04:41:32 +1000] "GET /robots.txt HTTP/1.1" 301 295 "-" "Mozilla/5.0 (Macintosh; Intel Mac OS X 10_15_7) AppleWebKit/537.36 (KHTML, like Gecko) Chrome/131.0.0.0 Safari/537.36; compatible; OAI-SearchBot/1.3; robots.txt; +https://openai.com/searchbot"
118.127.40.73 - - [02/Mar/2026:04:45:12 +1000] "GET / HTTP/1.1" 301 295 "-" "Python/3.11 aiohttp/3.9.2"
118.127.40.73 - - [02/Mar/2026:05:15:13 +1000] "GET / HTTP/1.1" 301 295 "-" "Python/3.11 aiohttp/3.9.2"
118.127.40.73 - - [02/Mar/2026:05:45:13 +1000] "GET / HTTP/1.1" 301 295 "-" "Python/3.11 aiohttp/3.9.2"
118.127.40.73 - - [02/Mar/2026:06:15:16 +1000] "GET / HTTP/1.1" 301 295 "-" "Python/3.11 aiohttp/3.9.2"
118.127.40.73 - - [02/Mar/2026:06:45:13 +1000] "GET / HTTP/1.1" 301 295 "-" "Python/3.11 aiohttp/3.9.2"
118.127.40.73 - - [02/Mar/2026:07:15:13 +1000] "GET / HTTP/1.1" 301 295 "-" "Python/3.11 aiohttp/3.9.2"
118.127.40.73 - - [02/Mar/2026:07:45:14 +1000] "GET / HTTP/1.1" 301 295 "-" "Python/3.11 aiohttp/3.9.2"
118.127.40.73 - - [02/Mar/2026:08:15:15 +1000] "GET / HTTP/1.1" 301 295 "-" "Python/3.11 aiohttp/3.9.2"
118.127.40.73 - - [02/Mar/2026:08:45:14 +1000] "GET / HTTP/1.1" 301 295 "-" "Python/3.11 aiohttp/3.9.2"
118.127.40.73 - - [02/Mar/2026:09:15:14 +1000] "GET / HTTP/1.1" 301 295 "-" "Python/3.11 aiohttp/3.9.2"
54.162.53.4 - - [02/Mar/2026:09:38:14 +1000] "GET / HTTP/1.1" 301 295 "-" "Mozilla/5.0 (X11; Linux i686; rv:124.0) Gecko/20100101 Firefox/124.0"
118.127.40.73 - - [02/Mar/2026:09:45:14 +1000] "GET / HTTP/1.1" 301 295 "-" "Python/3.11 aiohttp/3.9.2"
118.127.40.73 - - [02/Mar/2026:10:15:16 +1000] "GET / HTTP/1.1" 301 295 "-" "Python/3.11 aiohttp/3.9.2"
118.127.40.73 - - [02/Mar/2026:10:45:15 +1000] "GET / HTTP/1.1" 301 295 "-" "Python/3.11 aiohttp/3.9.2"
118.127.40.73 - - [02/Mar/2026:11:15:15 +1000] "GET / HTTP/1.1" 301 295 "-" "Python/3.11 aiohttp/3.9.2"
118.127.40.73 - - [02/Mar/2026:11:45:15 +1000] "GET / HTTP/1.1" 301 295 "-" "Python/3.11 aiohttp/3.9.2"
118.127.40.73 - - [02/Mar/2026:12:15:16 +1000] "GET / HTTP/1.1" 301 295 "-" "Python/3.11 aiohttp/3.9.2"
118.127.40.73 - - [02/Mar/2026:12:45:16 +1000] "GET / HTTP/1.1" 301 295 "-" "Python/3.11 aiohttp/3.9.2"
118.127.40.73 - - [02/Mar/2026:13:15:16 +1000] "GET / HTTP/1.1" 301 295 "-" "Python/3.11 aiohttp/3.9.2"
118.127.40.73 - - [02/Mar/2026:13:45:18 +1000] "GET / HTTP/1.1" 301 295 "-" "Python/3.11 aiohttp/3.9.2"
118.127.40.73 - - [02/Mar/2026:14:15:17 +1000] "GET / HTTP/1.1" 301 295 "-" "Python/3.11 aiohttp/3.9.2"
118.127.40.73 - - [02/Mar/2026:14:45:17 +1000] "GET / HTTP/1.1" 301 295 "-" "Python/3.11 aiohttp/3.9.2"
118.127.40.73 - - [02/Mar/2026:15:15:17 +1000] "GET / HTTP/1.1" 301 295 "-" "Python/3.11 aiohttp/3.9.2"
118.127.40.73 - - [02/Mar/2026:15:45:17 +1000] "GET / HTTP/1.1" 301 295 "-" "Python/3.11 aiohttp/3.9.2"
118.127.40.73 - - [02/Mar/2026:16:15:18 +1000] "GET / HTTP/1.1" 301 295 "-" "Python/3.11 aiohttp/3.9.2"
118.127.40.73 - - [02/Mar/2026:16:45:18 +1000] "GET / HTTP/1.1" 301 295 "-" "Python/3.11 aiohttp/3.9.2"
118.127.40.73 - - [02/Mar/2026:17:15:18 +1000] "GET / HTTP/1.1" 301 295 "-" "Python/3.11 aiohttp/3.9.2"
118.127.40.73 - - [02/Mar/2026:17:45:18 +1000] "GET / HTTP/1.1" 301 295 "-" "Python/3.11 aiohttp/3.9.2"
118.127.40.73 - - [02/Mar/2026:18:15:18 +1000] "GET / HTTP/1.1" 301 295 "-" "Python/3.11 aiohttp/3.9.2"
118.127.40.73 - - [02/Mar/2026:18:45:19 +1000] "GET / HTTP/1.1" 301 295 "-" "Python/3.11 aiohttp/3.9.2"
118.127.40.73 - - [02/Mar/2026:19:15:19 +1000] "GET / HTTP/1.1" 301 295 "-" "Python/3.11 aiohttp/3.9.2"
118.127.40.73 - - [02/Mar/2026:19:45:19 +1000] "GET / HTTP/1.1" 301 295 "-" "Python/3.11 aiohttp/3.9.2"
85.11.167.4 - - [02/Mar/2026:20:10:51 +1000] "POST / HTTP/1.1" 301 295 "https://softwareupdate.posscales.com.au" "Mozilla/5.0 (Windows NT 10.0; Win64; x64) AppleWebKit/537.36 (KHTML, like Gecko) Chrome/131.0.0.0 Safari/537.36"
118.127.40.73 - - [02/Mar/2026:20:15:19 +1000] "GET / HTTP/1.1" 301 295 "-" "Python/3.11 aiohttp/3.9.2"
27.115.124.41 - - [02/Mar/2026:20:21:30 +1000] "GET / HTTP/1.1" 301 295 "-" "Mozilla/5.0 (Macintosh; Intel Mac OS X 10_15_7) AppleWebKit/537.36 (KHTML, like Gecko) Chrome/120.0.0.0 Safari/537.36 Edg/120.0.0.0"
27.115.124.40 - - [02/Mar/2026:20:21:39 +1000] "GET /favicon.ico HTTP/1.1" 301 295 "-" "Mozilla/5.0 (Macintosh; Intel Mac OS X 10_15_7) AppleWebKit/537.36 (KHTML, like Gecko) Chrome/120.0.0.0 Safari/537.36 Edg/120.0.0.0"
27.115.124.48 - - [02/Mar/2026:20:21:57 +1000] "GET /robots.txt HTTP/1.1" 301 295 "-" "Mozilla/5.0 (Macintosh; Intel Mac OS X 10_15_7) AppleWebKit/537.36 (KHTML, like Gecko) Chrome/120.0.0.0 Safari/537.36 Edg/120.0.0.0"
118.127.40.73 - - [02/Mar/2026:20:45:19 +1000] "GET / HTTP/1.1" 301 295 "-" "Python/3.11 aiohttp/3.9.2"
118.127.40.73 - - [02/Mar/2026:21:15:19 +1000] "GET / HTTP/1.1" 301 295 "-" "Python/3.11 aiohttp/3.9.2"
118.127.40.73 - - [02/Mar/2026:21:45:20 +1000] "GET / HTTP/1.1" 301 295 "-" "Python/3.11 aiohttp/3.9.2"
83.142.209.33 - - [02/Mar/2026:21:51:46 +1000] "GET /wp-content/plugins/lastudio-element-kit/readme.txt HTTP/1.1" 301 295 "www.google.com" "Mozlila/5.0 (Linux; Android 7.0; SM-G892A Bulid/NRD90M; wv) AppleWebKit/537.36 (KHTML, like Gecko) Version/4.0 Chrome/60.0.3112.107 Moblie Safari/537.36"
118.127.40.73 - - [02/Mar/2026:22:15:20 +1000] "GET / HTTP/1.1" 301 295 "-" "Python/3.11 aiohttp/3.9.2"
74.7.244.39 - - [02/Mar/2026:22:40:30 +1000] "GET /robots.txt HTTP/1.1" 301 295 "-" "Mozilla/5.0 (Macintosh; Intel Mac OS X 10_15_7) AppleWebKit/537.36 (KHTML, like Gecko) Chrome/131.0.0.0 Safari/537.36; compatible; OAI-SearchBot/1.3; robots.txt; +https://openai.com/searchbot"
118.127.40.73 - - [02/Mar/2026:22:45:20 +1000] "GET / HTTP/1.1" 301 295 "-" "Python/3.11 aiohttp/3.9.2"
118.127.40.73 - - [02/Mar/2026:23:15:20 +1000] "GET / HTTP/1.1" 301 295 "-" "Python/3.11 aiohttp/3.9.2"
118.127.40.73 - - [02/Mar/2026:23:45:21 +1000] "GET / HTTP/1.1" 301 295 "-" "Python/3.11 aiohttp/3.9.2"
118.127.40.73 - - [03/Mar/2026:00:15:21 +1000] "GET / HTTP/1.1" 301 295 "-" "Python/3.11 aiohttp/3.9.2"
118.127.40.73 - - [03/Mar/2026:00:45:22 +1000] "GET / HTTP/1.1" 301 295 "-" "Python/3.11 aiohttp/3.9.2"
118.127.40.73 - - [03/Mar/2026:01:15:21 +1000] "GET / HTTP/1.1" 301 295 "-" "Python/3.11 aiohttp/3.9.2"
118.127.40.73 - - [03/Mar/2026:01:45:21 +1000] "GET / HTTP/1.1" 301 295 "-" "Python/3.11 aiohttp/3.9.2"
118.127.40.73 - - [03/Mar/2026:02:15:22 +1000] "GET / HTTP/1.1" 301 295 "-" "Python/3.11 aiohttp/3.9.2"
204.76.203.25 - - [03/Mar/2026:02:36:23 +1000] "GET / HTTP/1.1" 301 295 "-" "Mozilla/5.0 (Windows NT 10.0; Win64; x64) AppleWebKit/537.36 (KHTML, like Gecko) Chrome/134.0.0.0 Safari/537.3"
118.127.40.73 - - [03/Mar/2026:02:45:22 +1000] "GET / HTTP/1.1" 301 295 "-" "Python/3.11 aiohttp/3.9.2"
118.127.40.73 - - [03/Mar/2026:03:15:22 +1000] "GET / HTTP/1.1" 301 295 "-" "Python/3.11 aiohttp/3.9.2"
118.127.40.73 - - [03/Mar/2026:03:45:23 +1000] "GET / HTTP/1.1" 301 295 "-" "Python/3.11 aiohttp/3.9.2"
118.127.40.73 - - [03/Mar/2026:04:15:26 +1000] "GET / HTTP/1.1" 301 295 "-" "Python/3.11 aiohttp/3.9.2"
118.127.40.73 - - [03/Mar/2026:04:45:23 +1000] "GET / HTTP/1.1" 301 295 "-" "Python/3.11 aiohttp/3.9.2"
118.127.40.73 - - [03/Mar/2026:05:15:23 +1000] "GET / HTTP/1.1" 301 295 "-" "Python/3.11 aiohttp/3.9.2"
118.127.40.73 - - [03/Mar/2026:05:45:23 +1000] "GET / HTTP/1.1" 301 295 "-" "Python/3.11 aiohttp/3.9.2"
176.44.117.9 - - [03/Mar/2026:06:10:44 +1000] "GET /xmlrpc.php HTTP/1.1" 301 295 "-" "Mozilla/5.0 (X11; Linux x86_64) AppleWebKit/537.36 (KHTML, like Gecko) Chrome/143.0.0.0 Safari/537.36"
176.44.117.9 - - [03/Mar/2026:06:10:44 +1000] "GET /wp-login.php HTTP/1.1" 301 295 "-" "Mozilla/5.0 (X11; Linux x86_64) AppleWebKit/537.36 (KHTML, like Gecko) Chrome/143.0.0.0 Safari/537.36"
118.127.40.73 - - [03/Mar/2026:06:15:23 +1000] "GET / HTTP/1.1" 301 295 "-" "Python/3.11 aiohttp/3.9.2"
118.127.40.73 - - [03/Mar/2026:06:45:24 +1000] "GET / HTTP/1.1" 301 295 "-" "Python/3.11 aiohttp/3.9.2"
118.127.40.73 - - [03/Mar/2026:07:15:24 +1000] "GET / HTTP/1.1" 301 295 "-" "Python/3.11 aiohttp/3.9.2"
118.127.40.73 - - [03/Mar/2026:07:45:24 +1000] "GET / HTTP/1.1" 301 295 "-" "Python/3.11 aiohttp/3.9.2"
118.127.40.73 - - [03/Mar/2026:08:15:25 +1000] "GET / HTTP/1.1" 301 295 "-" "Python/3.11 aiohttp/3.9.2"
118.127.40.73 - - [03/Mar/2026:08:45:24 +1000] "GET / HTTP/1.1" 301 295 "-" "Python/3.11 aiohttp/3.9.2"
118.127.40.73 - - [03/Mar/2026:09:15:25 +1000] "GET / HTTP/1.1" 301 295 "-" "Python/3.11 aiohttp/3.9.2"
118.127.40.73 - - [03/Mar/2026:09:45:25 +1000] "GET / HTTP/1.1" 301 295 "-" "Python/3.11 aiohttp/3.9.2"
118.127.40.73 - - [03/Mar/2026:10:15:25 +1000] "GET / HTTP/1.1" 301 295 "-" "Python/3.11 aiohttp/3.9.2"
118.127.40.73 - - [03/Mar/2026:10:45:25 +1000] "GET / HTTP/1.1" 301 295 "-" "Python/3.11 aiohttp/3.9.2"
118.127.40.73 - - [03/Mar/2026:11:15:25 +1000] "GET / HTTP/1.1" 301 295 "-" "Python/3.11 aiohttp/3.9.2"
118.127.40.73 - - [03/Mar/2026:11:45:26 +1000] "GET / HTTP/1.1" 301 295 "-" "Python/3.11 aiohttp/3.9.2"
18.206.217.244 - - [03/Mar/2026:12:12:46 +1000] "GET / HTTP/1.1" 301 295 "-" "python-requests/2.32.4"
118.127.40.73 - - [03/Mar/2026:12:15:26 +1000] "GET / HTTP/1.1" 301 295 "-" "Python/3.11 aiohttp/3.9.2"
118.127.40.73 - - [03/Mar/2026:12:45:26 +1000] "GET / HTTP/1.1" 301 295 "-" "Python/3.11 aiohttp/3.9.2"
165.227.32.6 - - [03/Mar/2026:12:46:24 +1000] "GET / HTTP/1.1" 301 295 "-" "Mozilla/5.0 (X11; Linux x86_64; rv:142.0) Gecko/20100101 Firefox/142.0"
165.227.32.6 - - [03/Mar/2026:12:46:30 +1000] "GET /favicon.ico HTTP/1.1" 301 295 "https://softwareupdate.posscales.com.au/" "Mozilla/5.0 (X11; Linux x86_64; rv:142.0) Gecko/20100101 Firefox/142.0"
118.127.40.73 - - [03/Mar/2026:13:15:27 +1000] "GET / HTTP/1.1" 301 295 "-" "Python/3.11 aiohttp/3.9.2"
118.127.40.73 - - [03/Mar/2026:13:45:40 +1000] "GET / HTTP/1.1" 301 295 "-" "Python/3.11 aiohttp/3.9.2"
118.127.40.73 - - [03/Mar/2026:14:15:29 +1000] "GET / HTTP/1.1" 301 295 "-" "Python/3.11 aiohttp/3.9.2"
118.127.40.73 - - [03/Mar/2026:14:45:30 +1000] "GET / HTTP/1.1" 301 295 "-" "Python/3.11 aiohttp/3.9.2"
118.127.40.73 - - [03/Mar/2026:15:15:30 +1000] "GET / HTTP/1.1" 301 295 "-" "Python/3.11 aiohttp/3.9.2"
104.234.53.129 - - [03/Mar/2026:15:20:54 +1000] "GET /.git/ HTTP/1.1" 301 295 "-" "Mozilla/5.0 (X11; Linux x86_64)"
118.127.40.73 - - [03/Mar/2026:15:45:30 +1000] "GET / HTTP/1.1" 301 295 "-" "Python/3.11 aiohttp/3.9.2"
118.127.40.73 - - [03/Mar/2026:16:15:30 +1000] "GET / HTTP/1.1" 301 295 "-" "Python/3.11 aiohttp/3.9.2"
118.127.40.73 - - [03/Mar/2026:16:45:30 +1000] "GET / HTTP/1.1" 301 295 "-" "Python/3.11 aiohttp/3.9.2"
118.127.40.73 - - [03/Mar/2026:17:15:30 +1000] "GET / HTTP/1.1" 301 295 "-" "Python/3.11 aiohttp/3.9.2"
118.127.40.73 - - [03/Mar/2026:17:45:31 +1000] "GET / HTTP/1.1" 301 295 "-" "Python/3.11 aiohttp/3.9.2"
74.7.243.241 - - [03/Mar/2026:18:06:42 +1000] "GET / HTTP/1.1" 301 295 "-" "Mozilla/5.0 AppleWebKit/537.36 (KHTML, like Gecko; compatible; GPTBot/1.3; +https://openai.com/gptbot)"
74.7.241.181 - - [03/Mar/2026:18:06:43 +1000] "GET /robots.txt HTTP/1.1" 301 295 "-" "Mozilla/5.0 (Macintosh; Intel Mac OS X 10_15_7) AppleWebKit/537.36 (KHTML, like Gecko) Chrome/131.0.0.0 Safari/537.36; compatible; OAI-SearchBot/1.3; robots.txt; +https://openai.com/searchbot"
118.127.40.73 - - [03/Mar/2026:18:15:31 +1000] "GET / HTTP/1.1" 301 295 "-" "Python/3.11 aiohttp/3.9.2"
83.142.209.33 - - [03/Mar/2026:18:44:10 +1000] "GET /wp-admin/?platform=000webhost HTTP/1.1" 301 315 "www.google.com" "Mozlila/5.0 (Linux; Android 7.0; SM-G892A Bulid/NRD90M; wv) AppleWebKit/537.36 (KHTML, like Gecko) Version/4.0 Chrome/60.0.3112.107 Moblie Safari/537.36"
118.127.40.73 - - [03/Mar/2026:18:45:31 +1000] "GET / HTTP/1.1" 301 295 "-" "Python/3.11 aiohttp/3.9.2"
118.127.40.73 - - [03/Mar/2026:19:15:31 +1000] "GET / HTTP/1.1" 301 295 "-" "Python/3.11 aiohttp/3.9.2"
118.127.40.73 - - [03/Mar/2026:19:45:31 +1000] "GET / HTTP/1.1" 301 295 "-" "Python/3.11 aiohttp/3.9.2"
118.127.40.73 - - [03/Mar/2026:20:15:32 +1000] "GET / HTTP/1.1" 301 295 "-" "Python/3.11 aiohttp/3.9.2"
118.127.40.73 - - [03/Mar/2026:20:45:32 +1000] "GET / HTTP/1.1" 301 295 "-" "Python/3.11 aiohttp/3.9.2"
118.127.40.73 - - [03/Mar/2026:21:15:32 +1000] "GET / HTTP/1.1" 301 295 "-" "Python/3.11 aiohttp/3.9.2"
118.127.40.73 - - [03/Mar/2026:21:45:32 +1000] "GET / HTTP/1.1" 301 295 "-" "Python/3.11 aiohttp/3.9.2"
118.127.40.73 - - [03/Mar/2026:22:15:33 +1000] "GET / HTTP/1.1" 301 295 "-" "Python/3.11 aiohttp/3.9.2"
118.127.40.73 - - [03/Mar/2026:22:45:33 +1000] "GET / HTTP/1.1" 301 295 "-" "Python/3.11 aiohttp/3.9.2"
118.127.40.73 - - [03/Mar/2026:23:15:34 +1000] "GET / HTTP/1.1" 301 295 "-" "Python/3.11 aiohttp/3.9.2"
118.127.40.73 - - [04/Mar/2026:00:12:15 +1000] "GET / HTTP/1.1" 301 295 "-" "Python/3.11 aiohttp/3.9.2"
118.127.40.73 - - [04/Mar/2026:00:42:10 +1000] "GET / HTTP/1.1" 301 295 "-" "Python/3.11 aiohttp/3.9.2"
118.127.40.73 - - [04/Mar/2026:01:12:13 +1000] "GET / HTTP/1.1" 301 295 "-" "Python/3.11 aiohttp/3.9.2"
118.127.40.73 - - [04/Mar/2026:01:42:09 +1000] "GET / HTTP/1.1" 301 295 "-" "Python/3.11 aiohttp/3.9.2"
118.127.40.73 - - [04/Mar/2026:02:12:13 +1000] "GET / HTTP/1.1" 301 295 "-" "Python/3.11 aiohttp/3.9.2"
118.127.40.73 - - [04/Mar/2026:02:42:12 +1000] "GET / HTTP/1.1" 301 295 "-" "Python/3.11 aiohttp/3.9.2"
118.127.40.73 - - [04/Mar/2026:03:12:11 +1000] "GET / HTTP/1.1" 301 295 "-" "Python/3.11 aiohttp/3.9.2"
118.127.40.73 - - [04/Mar/2026:03:42:13 +1000] "GET / HTTP/1.1" 301 295 "-" "Python/3.11 aiohttp/3.9.2"
118.127.40.73 - - [04/Mar/2026:04:12:11 +1000] "GET / HTTP/1.1" 301 295 "-" "Python/3.11 aiohttp/3.9.2"
118.127.40.73 - - [04/Mar/2026:04:42:11 +1000] "GET / HTTP/1.1" 301 295 "-" "Python/3.11 aiohttp/3.9.2"
118.127.40.73 - - [04/Mar/2026:05:12:18 +1000] "GET / HTTP/1.1" 301 295 "-" "Python/3.11 aiohttp/3.9.2"
118.127.40.73 - - [04/Mar/2026:05:42:13 +1000] "GET / HTTP/1.1" 301 295 "-" "Python/3.11 aiohttp/3.9.2"
118.127.40.73 - - [04/Mar/2026:06:12:11 +1000] "GET / HTTP/1.1" 301 295 "-" "Python/3.11 aiohttp/3.9.2"
118.127.40.73 - - [04/Mar/2026:06:42:13 +1000] "GET / HTTP/1.1" 301 295 "-" "Python/3.11 aiohttp/3.9.2"
118.127.40.73 - - [04/Mar/2026:07:12:11 +1000] "GET / HTTP/1.1" 301 295 "-" "Python/3.11 aiohttp/3.9.2"
118.127.40.73 - - [04/Mar/2026:07:42:12 +1000] "GET / HTTP/1.1" 301 295 "-" "Python/3.11 aiohttp/3.9.2"
118.127.40.73 - - [04/Mar/2026:08:12:11 +1000] "GET / HTTP/1.1" 301 295 "-" "Python/3.11 aiohttp/3.9.2"
136.119.200.86 - - [04/Mar/2026:08:19:11 +1000] "GET /.env HTTP/1.1" 301 295 "-" "Mozilla/5.0 (Macintosh; Intel Mac OS X 10.15; rv:135.0) Gecko/20100101 Firefox/135.0"
118.127.40.73 - - [04/Mar/2026:08:42:13 +1000] "GET / HTTP/1.1" 301 295 "-" "Python/3.11 aiohttp/3.9.2"
118.127.40.73 - - [04/Mar/2026:09:12:12 +1000] "GET / HTTP/1.1" 301 295 "-" "Python/3.11 aiohttp/3.9.2"
118.127.40.73 - - [04/Mar/2026:09:42:15 +1000] "GET / HTTP/1.1" 301 295 "-" "Python/3.11 aiohttp/3.9.2"
118.127.40.73 - - [04/Mar/2026:10:12:12 +1000] "GET / HTTP/1.1" 301 295 "-" "Python/3.11 aiohttp/3.9.2"
118.127.40.73 - - [04/Mar/2026:10:42:14 +1000] "GET / HTTP/1.1" 301 295 "-" "Python/3.11 aiohttp/3.9.2"
118.127.40.73 - - [04/Mar/2026:11:12:12 +1000] "GET / HTTP/1.1" 301 295 "-" "Python/3.11 aiohttp/3.9.2"
118.127.40.73 - - [04/Mar/2026:11:42:13 +1000] "GET / HTTP/1.1" 301 295 "-" "Python/3.11 aiohttp/3.9.2"
118.127.40.73 - - [04/Mar/2026:12:12:13 +1000] "GET / HTTP/1.1" 301 295 "-" "Python/3.11 aiohttp/3.9.2"
118.127.40.73 - - [04/Mar/2026:12:42:14 +1000] "GET / HTTP/1.1" 301 295 "-" "Python/3.11 aiohttp/3.9.2"
118.127.40.73 - - [04/Mar/2026:13:12:15 +1000] "GET / HTTP/1.1" 301 295 "-" "Python/3.11 aiohttp/3.9.2"
118.127.40.73 - - [04/Mar/2026:13:42:13 +1000] "GET / HTTP/1.1" 301 295 "-" "Python/3.11 aiohttp/3.9.2"
