74.7.175.184 - - [07/Mar/2026:03:57:31 +1000] "GET /robots.txt HTTP/1.1" 200 24 "-" "Mozilla/5.0 (Macintosh; Intel Mac OS X 10_15_7) AppleWebKit/537.36 (KHTML, like Gecko) Chrome/131.0.0.0 Safari/537.36; compatible; OAI-SearchBot/1.3; robots.txt; +https://openai.com/searchbot"
74.7.241.2 - - [07/Mar/2026:03:57:31 +1000] "GET / HTTP/1.1" 200 4125 "-" "Mozilla/5.0 AppleWebKit/537.36 (KHTML, like Gecko; compatible; GPTBot/1.3; +https://openai.com/gptbot)"
118.127.40.73 - - [07/Mar/2026:04:22:40 +1000] "GET / HTTP/1.1" 200 4125 "-" "Python/3.11 aiohttp/3.9.2"
118.127.40.73 - - [07/Mar/2026:04:52:41 +1000] "GET / HTTP/1.1" 200 4125 "-" "Python/3.11 aiohttp/3.9.2"
118.127.40.73 - - [07/Mar/2026:05:22:41 +1000] "GET / HTTP/1.1" 200 4125 "-" "Python/3.11 aiohttp/3.9.2"
118.127.40.73 - - [07/Mar/2026:05:52:42 +1000] "GET / HTTP/1.1" 200 4125 "-" "Python/3.11 aiohttp/3.9.2"
118.127.40.73 - - [07/Mar/2026:06:22:45 +1000] "GET / HTTP/1.1" 200 4125 "-" "Python/3.11 aiohttp/3.9.2"
118.127.40.73 - - [07/Mar/2026:06:52:43 +1000] "GET / HTTP/1.1" 200 4125 "-" "Python/3.11 aiohttp/3.9.2"
118.127.40.73 - - [07/Mar/2026:07:22:42 +1000] "GET / HTTP/1.1" 200 4125 "-" "Python/3.11 aiohttp/3.9.2"
118.127.40.73 - - [07/Mar/2026:07:52:45 +1000] "GET / HTTP/1.1" 200 4125 "-" "Python/3.11 aiohttp/3.9.2"
118.127.40.73 - - [07/Mar/2026:08:22:47 +1000] "GET / HTTP/1.1" 200 4125 "-" "Python/3.11 aiohttp/3.9.2"
118.127.40.73 - - [07/Mar/2026:08:52:42 +1000] "GET / HTTP/1.1" 200 4125 "-" "Python/3.11 aiohttp/3.9.2"
118.127.40.73 - - [07/Mar/2026:09:22:42 +1000] "GET / HTTP/1.1" 200 4125 "-" "Python/3.11 aiohttp/3.9.2"
118.127.40.73 - - [07/Mar/2026:09:52:43 +1000] "GET / HTTP/1.1" 200 4125 "-" "Python/3.11 aiohttp/3.9.2"
118.127.40.73 - - [07/Mar/2026:10:22:44 +1000] "GET / HTTP/1.1" 200 4125 "-" "Python/3.11 aiohttp/3.9.2"
118.127.40.73 - - [07/Mar/2026:10:52:45 +1000] "GET / HTTP/1.1" 200 4125 "-" "Python/3.11 aiohttp/3.9.2"
118.127.40.73 - - [07/Mar/2026:11:22:43 +1000] "GET / HTTP/1.1" 200 4125 "-" "Python/3.11 aiohttp/3.9.2"
118.127.40.73 - - [07/Mar/2026:11:52:44 +1000] "GET / HTTP/1.1" 200 4125 "-" "Python/3.11 aiohttp/3.9.2"
118.127.40.73 - - [07/Mar/2026:12:22:43 +1000] "GET / HTTP/1.1" 200 4125 "-" "Python/3.11 aiohttp/3.9.2"
118.127.40.73 - - [07/Mar/2026:12:52:44 +1000] "GET / HTTP/1.1" 200 4125 "-" "Python/3.11 aiohttp/3.9.2"
118.127.40.73 - - [07/Mar/2026:13:22:44 +1000] "GET / HTTP/1.1" 200 4125 "-" "Python/3.11 aiohttp/3.9.2"
118.127.40.73 - - [07/Mar/2026:13:52:45 +1000] "GET / HTTP/1.1" 200 4125 "-" "Python/3.11 aiohttp/3.9.2"
118.127.40.73 - - [07/Mar/2026:14:22:43 +1000] "GET / HTTP/1.1" 200 4125 "-" "Python/3.11 aiohttp/3.9.2"
118.127.40.73 - - [07/Mar/2026:14:52:46 +1000] "GET / HTTP/1.1" 200 4125 "-" "Python/3.11 aiohttp/3.9.2"
118.127.40.73 - - [07/Mar/2026:15:22:44 +1000] "GET / HTTP/1.1" 200 4125 "-" "Python/3.11 aiohttp/3.9.2"
118.127.40.73 - - [07/Mar/2026:15:52:46 +1000] "GET / HTTP/1.1" 200 4125 "-" "Python/3.11 aiohttp/3.9.2"
118.127.40.73 - - [07/Mar/2026:16:22:46 +1000] "GET / HTTP/1.1" 200 4125 "-" "Python/3.11 aiohttp/3.9.2"
118.127.40.73 - - [07/Mar/2026:16:52:46 +1000] "GET / HTTP/1.1" 200 4125 "-" "Python/3.11 aiohttp/3.9.2"
118.127.40.73 - - [07/Mar/2026:17:22:46 +1000] "GET / HTTP/1.1" 200 4125 "-" "Python/3.11 aiohttp/3.9.2"
118.127.40.73 - - [07/Mar/2026:17:52:47 +1000] "GET / HTTP/1.1" 200 4125 "-" "Python/3.11 aiohttp/3.9.2"
118.127.40.73 - - [07/Mar/2026:18:22:47 +1000] "GET / HTTP/1.1" 200 4125 "-" "Python/3.11 aiohttp/3.9.2"
118.127.40.73 - - [07/Mar/2026:18:52:49 +1000] "GET / HTTP/1.1" 200 4125 "-" "Python/3.11 aiohttp/3.9.2"
118.127.40.73 - - [07/Mar/2026:19:22:47 +1000] "GET / HTTP/1.1" 200 4125 "-" "Python/3.11 aiohttp/3.9.2"
118.127.40.73 - - [07/Mar/2026:19:52:47 +1000] "GET / HTTP/1.1" 200 4125 "-" "Python/3.11 aiohttp/3.9.2"
118.127.40.73 - - [07/Mar/2026:20:22:47 +1000] "GET / HTTP/1.1" 200 4125 "-" "Python/3.11 aiohttp/3.9.2"
118.127.40.73 - - [07/Mar/2026:20:52:48 +1000] "GET / HTTP/1.1" 200 4125 "-" "Python/3.11 aiohttp/3.9.2"
118.127.40.73 - - [07/Mar/2026:21:22:47 +1000] "GET / HTTP/1.1" 200 4125 "-" "Python/3.11 aiohttp/3.9.2"
118.127.40.73 - - [07/Mar/2026:21:52:46 +1000] "GET / HTTP/1.1" 200 4125 "-" "Python/3.11 aiohttp/3.9.2"
51.222.105.197 - - [07/Mar/2026:22:14:25 +1000] "GET /robots.txt HTTP/1.1" 200 24 "-" "Mozilla/5.0 (compatible; MJ12bot/v1.4.8; http://mj12bot.com/)"
51.222.105.197 - - [07/Mar/2026:22:14:27 +1000] "GET / HTTP/1.1" 200 4125 "-" "Mozilla/5.0 (compatible; MJ12bot/v1.4.8; http://mj12bot.com/)"
51.222.105.197 - - [07/Mar/2026:22:14:37 +1000] "GET /robots.txt HTTP/1.1" 200 24 "-" "Mozilla/5.0 (compatible; MJ12bot/v1.4.8; http://mj12bot.com/)"
51.222.105.197 - - [07/Mar/2026:22:14:38 +1000] "GET / HTTP/1.1" 200 4125 "-" "Mozilla/5.0 (compatible; MJ12bot/v1.4.8; http://mj12bot.com/)"
51.222.105.197 - - [07/Mar/2026:22:15:30 +1000] "GET /robots.txt HTTP/1.1" 200 24 "-" "Mozilla/5.0 (compatible; MJ12bot/v1.4.8; http://mj12bot.com/)"
51.222.105.197 - - [07/Mar/2026:22:15:32 +1000] "GET / HTTP/1.1" 200 4125 "-" "Mozilla/5.0 (compatible; MJ12bot/v1.4.8; http://mj12bot.com/)"
51.222.105.197 - - [07/Mar/2026:22:15:53 +1000] "GET /robots.txt HTTP/1.1" 200 24 "-" "Mozilla/5.0 (compatible; MJ12bot/v1.4.8; http://mj12bot.com/)"
51.222.105.197 - - [07/Mar/2026:22:15:55 +1000] "GET / HTTP/1.1" 200 4125 "-" "Mozilla/5.0 (compatible; MJ12bot/v1.4.8; http://mj12bot.com/)"
51.222.105.197 - - [07/Mar/2026:22:15:59 +1000] "GET /robots.txt HTTP/1.1" 200 24 "-" "Mozilla/5.0 (compatible; MJ12bot/v1.4.8; http://mj12bot.com/)"
51.222.105.197 - - [07/Mar/2026:22:16:01 +1000] "GET / HTTP/1.1" 200 4125 "-" "Mozilla/5.0 (compatible; MJ12bot/v1.4.8; http://mj12bot.com/)"
51.222.105.197 - - [07/Mar/2026:22:16:53 +1000] "GET /robots.txt HTTP/1.1" 200 24 "-" "Mozilla/5.0 (compatible; MJ12bot/v1.4.8; http://mj12bot.com/)"
51.222.105.197 - - [07/Mar/2026:22:16:55 +1000] "GET / HTTP/1.1" 200 4125 "-" "Mozilla/5.0 (compatible; MJ12bot/v1.4.8; http://mj12bot.com/)"
51.222.105.197 - - [07/Mar/2026:22:17:25 +1000] "GET /robots.txt HTTP/1.1" 200 24 "-" "Mozilla/5.0 (compatible; MJ12bot/v1.4.8; http://mj12bot.com/)"
51.222.105.197 - - [07/Mar/2026:22:17:26 +1000] "GET / HTTP/1.1" 200 4125 "-" "Mozilla/5.0 (compatible; MJ12bot/v1.4.8; http://mj12bot.com/)"
51.222.105.197 - - [07/Mar/2026:22:17:39 +1000] "GET /robots.txt HTTP/1.1" 200 24 "-" "Mozilla/5.0 (compatible; MJ12bot/v1.4.8; http://mj12bot.com/)"
51.222.105.197 - - [07/Mar/2026:22:17:42 +1000] "GET / HTTP/1.1" 200 4125 "-" "Mozilla/5.0 (compatible; MJ12bot/v1.4.8; http://mj12bot.com/)"
51.222.105.197 - - [07/Mar/2026:22:18:07 +1000] "GET /robots.txt HTTP/1.1" 200 24 "-" "Mozilla/5.0 (compatible; MJ12bot/v1.4.8; http://mj12bot.com/)"
51.222.105.197 - - [07/Mar/2026:22:18:11 +1000] "GET / HTTP/1.1" 200 4125 "-" "Mozilla/5.0 (compatible; MJ12bot/v1.4.8; http://mj12bot.com/)"
51.222.105.197 - - [07/Mar/2026:22:20:46 +1000] "GET /robots.txt HTTP/1.1" 200 24 "-" "Mozilla/5.0 (compatible; MJ12bot/v1.4.8; http://mj12bot.com/)"
51.222.105.197 - - [07/Mar/2026:22:20:48 +1000] "GET / HTTP/1.1" 200 4125 "-" "Mozilla/5.0 (compatible; MJ12bot/v1.4.8; http://mj12bot.com/)"
118.127.40.73 - - [07/Mar/2026:22:22:48 +1000] "GET / HTTP/1.1" 200 4125 "-" "Python/3.11 aiohttp/3.9.2"
51.222.105.197 - - [07/Mar/2026:22:22:53 +1000] "GET /robots.txt HTTP/1.1" 200 24 "-" "Mozilla/5.0 (compatible; MJ12bot/v1.4.8; http://mj12bot.com/)"
51.222.105.197 - - [07/Mar/2026:22:22:59 +1000] "GET / HTTP/1.1" 200 4125 "-" "Mozilla/5.0 (compatible; MJ12bot/v1.4.8; http://mj12bot.com/)"
51.222.105.197 - - [07/Mar/2026:22:23:59 +1000] "GET /robots.txt HTTP/1.1" 200 24 "-" "Mozilla/5.0 (compatible; MJ12bot/v1.4.8; http://mj12bot.com/)"
51.222.105.197 - - [07/Mar/2026:22:24:02 +1000] "GET / HTTP/1.1" 200 4125 "-" "Mozilla/5.0 (compatible; MJ12bot/v1.4.8; http://mj12bot.com/)"
118.127.40.73 - - [07/Mar/2026:22:52:48 +1000] "GET / HTTP/1.1" 200 4125 "-" "Python/3.11 aiohttp/3.9.2"
118.127.40.73 - - [07/Mar/2026:23:22:48 +1000] "GET / HTTP/1.1" 200 4125 "-" "Python/3.11 aiohttp/3.9.2"
118.127.40.73 - - [07/Mar/2026:23:52:48 +1000] "GET / HTTP/1.1" 200 4125 "-" "Python/3.11 aiohttp/3.9.2"
118.127.40.73 - - [08/Mar/2026:00:22:48 +1000] "GET / HTTP/1.1" 200 4125 "-" "Python/3.11 aiohttp/3.9.2"
204.76.203.25 - - [08/Mar/2026:00:36:05 +1000] "GET /.env HTTP/1.1" 404 6603 "-" "Mozilla/5.0 (Windows NT 10.0; Win64; x64) AppleWebKit/537.36 (KHTML, like Gecko) Chrome/134.0.0.0 Safari/537.3"
118.127.40.73 - - [08/Mar/2026:00:52:49 +1000] "GET / HTTP/1.1" 200 4125 "-" "Python/3.11 aiohttp/3.9.2"
118.127.40.73 - - [08/Mar/2026:01:22:51 +1000] "GET / HTTP/1.1" 200 4125 "-" "Python/3.11 aiohttp/3.9.2"
74.7.175.184 - - [08/Mar/2026:01:44:37 +1000] "GET /robots.txt HTTP/1.1" 200 24 "-" "Mozilla/5.0 (Macintosh; Intel Mac OS X 10_15_7) AppleWebKit/537.36 (KHTML, like Gecko) Chrome/131.0.0.0 Safari/537.36; compatible; OAI-SearchBot/1.3; robots.txt; +https://openai.com/searchbot"
118.127.40.73 - - [08/Mar/2026:01:52:49 +1000] "GET / HTTP/1.1" 200 4125 "-" "Python/3.11 aiohttp/3.9.2"
118.127.40.73 - - [08/Mar/2026:02:22:53 +1000] "GET / HTTP/1.1" 200 4125 "-" "Python/3.11 aiohttp/3.9.2"
118.127.40.73 - - [08/Mar/2026:02:52:51 +1000] "GET / HTTP/1.1" 200 4125 "-" "Python/3.11 aiohttp/3.9.2"
124.223.220.201 - - [08/Mar/2026:03:05:49 +1000] "GET / HTTP/1.1" 500 384984 "-" "Mozilla/5.0 (Linux; Android 10; LIO-AN00 Build/HUAWEILIO-AN00; wv) MicroMessenger Weixin QQ AppleWebKit/537.36 (KHTML, like Gecko) Version/4.0 Chrome/78.0.3904.62 XWEB/2692 MMWEBSDK/200901 Mobile Safari/537.36"
124.223.220.201 - - [08/Mar/2026:03:05:58 +1000] "GET / HTTP/1.1" 500 417744 "-" "Mozilla/5.0 (Linux; Android 10; LIO-AN00 Build/HUAWEILIO-AN00; wv) MicroMessenger Weixin QQ AppleWebKit/537.36 (KHTML, like Gecko) Version/4.0 Chrome/78.0.3904.62 XWEB/2692 MMWEBSDK/200901 Mobile Safari/537.36"
118.127.40.73 - - [08/Mar/2026:03:22:50 +1000] "GET / HTTP/1.1" 200 4125 "-" "Python/3.11 aiohttp/3.9.2"
194.180.48.253 - - [08/Mar/2026:03:23:09 +1000] "GET /.git/config HTTP/1.1" 404 6603 "-" "fasthttp"
118.127.40.73 - - [08/Mar/2026:03:52:51 +1000] "GET / HTTP/1.1" 200 4125 "-" "Python/3.11 aiohttp/3.9.2"
118.127.40.73 - - [08/Mar/2026:04:22:49 +1000] "GET / HTTP/1.1" 200 4125 "-" "Python/3.11 aiohttp/3.9.2"
118.127.40.73 - - [08/Mar/2026:04:52:50 +1000] "GET / HTTP/1.1" 200 4125 "-" "Python/3.11 aiohttp/3.9.2"
118.127.40.73 - - [08/Mar/2026:05:22:51 +1000] "GET / HTTP/1.1" 200 4125 "-" "Python/3.11 aiohttp/3.9.2"
118.127.40.73 - - [08/Mar/2026:05:52:50 +1000] "GET / HTTP/1.1" 200 4125 "-" "Python/3.11 aiohttp/3.9.2"
118.127.40.73 - - [08/Mar/2026:06:22:51 +1000] "GET / HTTP/1.1" 200 4125 "-" "Python/3.11 aiohttp/3.9.2"
118.127.40.73 - - [08/Mar/2026:06:52:50 +1000] "GET / HTTP/1.1" 200 4125 "-" "Python/3.11 aiohttp/3.9.2"
98.90.116.248 - - [08/Mar/2026:07:10:17 +1000] "GET / HTTP/1.1" 500 212968 "-" "Mozilla/5.0 (Windows NT 6.1; WOW64) AppleWebKit/537.36 (KHTML, like Gecko) Chrome/29.0.1547.66 Safari/537.36"
118.127.40.73 - - [08/Mar/2026:07:22:51 +1000] "GET / HTTP/1.1" 200 4125 "-" "Python/3.11 aiohttp/3.9.2"
118.127.40.73 - - [08/Mar/2026:07:52:51 +1000] "GET / HTTP/1.1" 200 4125 "-" "Python/3.11 aiohttp/3.9.2"
118.127.40.73 - - [08/Mar/2026:08:22:52 +1000] "GET / HTTP/1.1" 200 4125 "-" "Python/3.11 aiohttp/3.9.2"
118.127.40.73 - - [08/Mar/2026:08:52:55 +1000] "GET / HTTP/1.1" 200 4125 "-" "Python/3.11 aiohttp/3.9.2"
118.127.40.73 - - [08/Mar/2026:09:22:52 +1000] "GET / HTTP/1.1" 200 4125 "-" "Python/3.11 aiohttp/3.9.2"
118.127.40.73 - - [08/Mar/2026:09:52:53 +1000] "GET / HTTP/1.1" 200 4125 "-" "Python/3.11 aiohttp/3.9.2"
118.127.40.73 - - [08/Mar/2026:10:22:51 +1000] "GET / HTTP/1.1" 200 4125 "-" "Python/3.11 aiohttp/3.9.2"
118.127.40.73 - - [08/Mar/2026:10:52:52 +1000] "GET / HTTP/1.1" 200 4125 "-" "Python/3.11 aiohttp/3.9.2"
118.127.40.73 - - [08/Mar/2026:11:22:53 +1000] "GET / HTTP/1.1" 200 4125 "-" "Python/3.11 aiohttp/3.9.2"
118.127.40.73 - - [08/Mar/2026:11:52:53 +1000] "GET / HTTP/1.1" 200 4125 "-" "Python/3.11 aiohttp/3.9.2"
118.127.40.73 - - [08/Mar/2026:12:22:52 +1000] "GET / HTTP/1.1" 200 4125 "-" "Python/3.11 aiohttp/3.9.2"
118.127.40.73 - - [08/Mar/2026:12:52:53 +1000] "GET / HTTP/1.1" 200 4125 "-" "Python/3.11 aiohttp/3.9.2"
118.127.40.73 - - [08/Mar/2026:13:22:54 +1000] "GET / HTTP/1.1" 200 4125 "-" "Python/3.11 aiohttp/3.9.2"
118.127.40.73 - - [08/Mar/2026:13:52:54 +1000] "GET / HTTP/1.1" 200 4125 "-" "Python/3.11 aiohttp/3.9.2"
118.127.40.73 - - [08/Mar/2026:14:22:53 +1000] "GET / HTTP/1.1" 200 4125 "-" "Python/3.11 aiohttp/3.9.2"
118.127.40.73 - - [08/Mar/2026:14:52:54 +1000] "GET / HTTP/1.1" 200 4125 "-" "Python/3.11 aiohttp/3.9.2"
62.84.185.63 - - [08/Mar/2026:14:56:17 +1000] "GET /robots.txt HTTP/1.1" 200 24 "-" "Mozilla/5.0 (compatible; MJ12bot/v1.4.8; http://mj12bot.com/)"
62.84.185.63 - - [08/Mar/2026:14:56:20 +1000] "GET / HTTP/1.1" 200 4125 "-" "Mozilla/5.0 (compatible; MJ12bot/v1.4.8; http://mj12bot.com/)"
118.127.40.73 - - [08/Mar/2026:15:22:54 +1000] "GET / HTTP/1.1" 200 4125 "-" "Python/3.11 aiohttp/3.9.2"
118.127.40.73 - - [08/Mar/2026:15:52:54 +1000] "GET / HTTP/1.1" 200 4125 "-" "Python/3.11 aiohttp/3.9.2"
118.127.40.73 - - [08/Mar/2026:16:22:54 +1000] "GET / HTTP/1.1" 200 4125 "-" "Python/3.11 aiohttp/3.9.2"
118.127.40.73 - - [08/Mar/2026:16:52:57 +1000] "GET / HTTP/1.1" 200 4125 "-" "Python/3.11 aiohttp/3.9.2"
118.127.40.73 - - [08/Mar/2026:17:22:54 +1000] "GET / HTTP/1.1" 200 4125 "-" "Python/3.11 aiohttp/3.9.2"
118.127.40.73 - - [08/Mar/2026:17:52:55 +1000] "GET / HTTP/1.1" 200 4125 "-" "Python/3.11 aiohttp/3.9.2"
118.127.40.73 - - [08/Mar/2026:18:22:55 +1000] "GET / HTTP/1.1" 200 4125 "-" "Python/3.11 aiohttp/3.9.2"
118.127.40.73 - - [08/Mar/2026:18:52:58 +1000] "GET / HTTP/1.1" 200 4125 "-" "Python/3.11 aiohttp/3.9.2"
118.127.40.73 - - [08/Mar/2026:19:22:56 +1000] "GET / HTTP/1.1" 200 4125 "-" "Python/3.11 aiohttp/3.9.2"
118.127.40.73 - - [08/Mar/2026:19:52:58 +1000] "GET / HTTP/1.1" 200 4125 "-" "Python/3.11 aiohttp/3.9.2"
118.127.40.73 - - [08/Mar/2026:20:22:56 +1000] "GET / HTTP/1.1" 200 4125 "-" "Python/3.11 aiohttp/3.9.2"
118.127.40.73 - - [08/Mar/2026:20:52:58 +1000] "GET / HTTP/1.1" 200 4125 "-" "Python/3.11 aiohttp/3.9.2"
118.127.40.73 - - [08/Mar/2026:21:22:56 +1000] "GET / HTTP/1.1" 200 4125 "-" "Python/3.11 aiohttp/3.9.2"
118.127.40.73 - - [08/Mar/2026:21:52:58 +1000] "GET / HTTP/1.1" 200 4125 "-" "Python/3.11 aiohttp/3.9.2"
118.127.40.73 - - [08/Mar/2026:22:22:56 +1000] "GET / HTTP/1.1" 200 4125 "-" "Python/3.11 aiohttp/3.9.2"
118.127.40.73 - - [08/Mar/2026:22:52:56 +1000] "GET / HTTP/1.1" 200 4125 "-" "Python/3.11 aiohttp/3.9.2"
118.127.40.73 - - [08/Mar/2026:23:22:58 +1000] "GET / HTTP/1.1" 200 4125 "-" "Python/3.11 aiohttp/3.9.2"
118.127.40.73 - - [08/Mar/2026:23:52:56 +1000] "GET / HTTP/1.1" 200 4125 "-" "Python/3.11 aiohttp/3.9.2"
118.127.40.73 - - [09/Mar/2026:00:22:58 +1000] "GET / HTTP/1.1" 200 4125 "-" "Python/3.11 aiohttp/3.9.2"
3.18.186.238 - - [09/Mar/2026:00:52:17 +1000] "GET / HTTP/1.1" 200 4125 "-" "visionheight.com/scan Mozilla/5.0 (Macintosh; Intel Mac OS X 10_15_7) Chrome/126.0.0.0 Safari/537.36"
118.127.40.73 - - [09/Mar/2026:00:52:59 +1000] "GET / HTTP/1.1" 200 4125 "-" "Python/3.11 aiohttp/3.9.2"
118.127.40.73 - - [09/Mar/2026:01:23:07 +1000] "GET / HTTP/1.1" 200 4125 "-" "Python/3.11 aiohttp/3.9.2"
118.127.40.73 - - [09/Mar/2026:01:52:57 +1000] "GET / HTTP/1.1" 200 4125 "-" "Python/3.11 aiohttp/3.9.2"
118.127.40.73 - - [09/Mar/2026:02:22:58 +1000] "GET / HTTP/1.1" 200 4125 "-" "Python/3.11 aiohttp/3.9.2"
118.127.40.73 - - [09/Mar/2026:02:53:00 +1000] "GET / HTTP/1.1" 200 4125 "-" "Python/3.11 aiohttp/3.9.2"
118.127.40.73 - - [09/Mar/2026:03:23:06 +1000] "GET / HTTP/1.1" 200 4125 "-" "Python/3.11 aiohttp/3.9.2"
118.127.40.73 - - [09/Mar/2026:03:52:59 +1000] "GET / HTTP/1.1" 200 4125 "-" "Python/3.11 aiohttp/3.9.2"
118.127.40.73 - - [09/Mar/2026:04:23:14 +1000] "GET / HTTP/1.1" 200 4125 "-" "Python/3.11 aiohttp/3.9.2"
118.127.40.73 - - [09/Mar/2026:04:53:00 +1000] "GET / HTTP/1.1" 200 4125 "-" "Python/3.11 aiohttp/3.9.2"
118.127.40.73 - - [09/Mar/2026:05:23:00 +1000] "GET / HTTP/1.1" 200 4125 "-" "Python/3.11 aiohttp/3.9.2"
118.127.40.73 - - [09/Mar/2026:05:53:02 +1000] "GET / HTTP/1.1" 200 4125 "-" "Python/3.11 aiohttp/3.9.2"
118.127.40.73 - - [09/Mar/2026:06:23:02 +1000] "GET / HTTP/1.1" 200 4125 "-" "Python/3.11 aiohttp/3.9.2"
118.127.40.73 - - [09/Mar/2026:06:53:04 +1000] "GET / HTTP/1.1" 200 4125 "-" "Python/3.11 aiohttp/3.9.2"
118.127.40.73 - - [09/Mar/2026:07:23:01 +1000] "GET / HTTP/1.1" 200 4125 "-" "Python/3.11 aiohttp/3.9.2"
118.127.40.73 - - [09/Mar/2026:07:53:09 +1000] "GET / HTTP/1.1" 200 4125 "-" "Python/3.11 aiohttp/3.9.2"
204.76.203.25 - - [09/Mar/2026:08:18:32 +1000] "GET / HTTP/1.1" 500 1076192 "-" "Mozilla/5.0 (Windows NT 10.0; Win64; x64) AppleWebKit/537.36 (KHTML, like Gecko) Chrome/134.0.0.0 Safari/537.3"
118.127.40.73 - - [09/Mar/2026:08:23:07 +1000] "GET / HTTP/1.1" 200 4125 "-" "Python/3.11 aiohttp/3.9.2"
118.127.40.73 - - [09/Mar/2026:08:53:08 +1000] "GET / HTTP/1.1" 200 4125 "-" "Python/3.11 aiohttp/3.9.2"
118.127.40.73 - - [09/Mar/2026:09:23:03 +1000] "GET / HTTP/1.1" 200 4125 "-" "Python/3.11 aiohttp/3.9.2"
194.180.48.253 - - [09/Mar/2026:09:26:41 +1000] "GET /.git/config HTTP/1.1" 404 6603 "-" "fasthttp"
118.127.40.73 - - [09/Mar/2026:09:53:09 +1000] "GET / HTTP/1.1" 200 4125 "-" "Python/3.11 aiohttp/3.9.2"
118.127.40.73 - - [09/Mar/2026:10:23:09 +1000] "GET / HTTP/1.1" 200 4125 "-" "Python/3.11 aiohttp/3.9.2"
118.127.40.73 - - [09/Mar/2026:10:53:03 +1000] "GET / HTTP/1.1" 200 4125 "-" "Python/3.11 aiohttp/3.9.2"
118.127.40.73 - - [09/Mar/2026:11:23:08 +1000] "GET / HTTP/1.1" 200 4125 "-" "Python/3.11 aiohttp/3.9.2"
118.127.40.73 - - [09/Mar/2026:11:53:02 +1000] "GET / HTTP/1.1" 200 4125 "-" "Python/3.11 aiohttp/3.9.2"
118.127.40.73 - - [09/Mar/2026:12:23:03 +1000] "GET / HTTP/1.1" 200 4125 "-" "Python/3.11 aiohttp/3.9.2"
118.127.40.73 - - [09/Mar/2026:12:53:12 +1000] "GET / HTTP/1.1" 200 4125 "-" "Python/3.11 aiohttp/3.9.2"
118.127.40.73 - - [09/Mar/2026:13:23:03 +1000] "GET / HTTP/1.1" 200 4125 "-" "Python/3.11 aiohttp/3.9.2"
118.127.40.73 - - [09/Mar/2026:13:53:03 +1000] "GET / HTTP/1.1" 200 4125 "-" "Python/3.11 aiohttp/3.9.2"
118.127.40.73 - - [09/Mar/2026:14:23:04 +1000] "GET / HTTP/1.1" 200 4125 "-" "Python/3.11 aiohttp/3.9.2"
118.127.40.73 - - [09/Mar/2026:14:53:04 +1000] "GET / HTTP/1.1" 200 4125 "-" "Python/3.11 aiohttp/3.9.2"
118.127.40.73 - - [09/Mar/2026:15:23:04 +1000] "GET / HTTP/1.1" 200 4125 "-" "Python/3.11 aiohttp/3.9.2"
98.88.137.2 - - [09/Mar/2026:15:25:22 +1000] "GET / HTTP/1.1" 421 362 "-" "RecordedFuture Global Inventory Crawler"
118.127.40.73 - - [09/Mar/2026:15:53:05 +1000] "GET / HTTP/1.1" 200 4125 "-" "Python/3.11 aiohttp/3.9.2"
118.127.40.73 - - [09/Mar/2026:16:23:06 +1000] "GET / HTTP/1.1" 200 4125 "-" "Python/3.11 aiohttp/3.9.2"
74.7.241.152 - - [09/Mar/2026:16:29:28 +1000] "GET /robots.txt HTTP/1.1" 200 24 "-" "Mozilla/5.0 (Macintosh; Intel Mac OS X 10_15_7) AppleWebKit/537.36 (KHTML, like Gecko) Chrome/131.0.0.0 Safari/537.36; compatible; OAI-SearchBot/1.3; robots.txt; +https://openai.com/searchbot"
74.7.227.36 - - [09/Mar/2026:16:29:28 +1000] "GET / HTTP/1.1" 500 114680 "-" "Mozilla/5.0 AppleWebKit/537.36 (KHTML, like Gecko; compatible; GPTBot/1.3; +https://openai.com/gptbot)"
118.127.40.73 - - [09/Mar/2026:16:53:05 +1000] "GET / HTTP/1.1" 200 4125 "-" "Python/3.11 aiohttp/3.9.2"
118.127.40.73 - - [09/Mar/2026:17:23:06 +1000] "GET / HTTP/1.1" 200 4125 "-" "Python/3.11 aiohttp/3.9.2"
74.7.175.184 - - [09/Mar/2026:17:32:47 +1000] "GET /robots.txt HTTP/1.1" 200 24 "-" "Mozilla/5.0 (Macintosh; Intel Mac OS X 10_15_7) AppleWebKit/537.36 (KHTML, like Gecko) Chrome/131.0.0.0 Safari/537.36; compatible; OAI-SearchBot/1.3; robots.txt; +https://openai.com/searchbot"
74.7.241.2 - - [09/Mar/2026:17:32:48 +1000] "GET / HTTP/1.1" 200 4125 "-" "Mozilla/5.0 AppleWebKit/537.36 (KHTML, like Gecko; compatible; GPTBot/1.3; +https://openai.com/gptbot)"
118.127.40.73 - - [09/Mar/2026:17:53:05 +1000] "GET / HTTP/1.1" 200 4125 "-" "Python/3.11 aiohttp/3.9.2"
118.127.40.73 - - [09/Mar/2026:18:23:06 +1000] "GET / HTTP/1.1" 200 4125 "-" "Python/3.11 aiohttp/3.9.2"
118.127.40.73 - - [09/Mar/2026:18:53:07 +1000] "GET / HTTP/1.1" 200 4125 "-" "Python/3.11 aiohttp/3.9.2"
118.127.40.73 - - [09/Mar/2026:19:23:05 +1000] "GET / HTTP/1.1" 200 4125 "-" "Python/3.11 aiohttp/3.9.2"
118.127.40.73 - - [09/Mar/2026:19:53:10 +1000] "GET / HTTP/1.1" 200 4125 "-" "Python/3.11 aiohttp/3.9.2"
118.127.40.73 - - [09/Mar/2026:20:23:07 +1000] "GET / HTTP/1.1" 200 4125 "-" "Python/3.11 aiohttp/3.9.2"
118.127.40.73 - - [09/Mar/2026:20:53:07 +1000] "GET / HTTP/1.1" 200 4125 "-" "Python/3.11 aiohttp/3.9.2"
118.127.40.73 - - [09/Mar/2026:21:23:08 +1000] "GET / HTTP/1.1" 200 4125 "-" "Python/3.11 aiohttp/3.9.2"
118.127.40.73 - - [09/Mar/2026:21:53:07 +1000] "GET / HTTP/1.1" 200 4125 "-" "Python/3.11 aiohttp/3.9.2"
118.127.40.73 - - [09/Mar/2026:22:23:08 +1000] "GET / HTTP/1.1" 200 4125 "-" "Python/3.11 aiohttp/3.9.2"
118.127.40.73 - - [09/Mar/2026:22:53:10 +1000] "GET / HTTP/1.1" 200 4125 "-" "Python/3.11 aiohttp/3.9.2"
118.127.40.73 - - [09/Mar/2026:23:23:08 +1000] "GET / HTTP/1.1" 200 4125 "-" "Python/3.11 aiohttp/3.9.2"
118.127.40.73 - - [09/Mar/2026:23:53:07 +1000] "GET / HTTP/1.1" 200 4125 "-" "Python/3.11 aiohttp/3.9.2"
118.127.40.73 - - [10/Mar/2026:00:23:07 +1000] "GET / HTTP/1.1" 200 4125 "-" "Python/3.11 aiohttp/3.9.2"
74.7.175.184 - - [10/Mar/2026:00:34:27 +1000] "GET /robots.txt HTTP/1.1" 200 24 "-" "Mozilla/5.0 (Macintosh; Intel Mac OS X 10_15_7) AppleWebKit/537.36 (KHTML, like Gecko) Chrome/131.0.0.0 Safari/537.36; compatible; OAI-SearchBot/1.3; robots.txt; +https://openai.com/searchbot"
118.127.40.73 - - [10/Mar/2026:00:53:07 +1000] "GET / HTTP/1.1" 200 4125 "-" "Python/3.11 aiohttp/3.9.2"
118.127.40.73 - - [10/Mar/2026:01:23:10 +1000] "GET / HTTP/1.1" 200 4125 "-" "Python/3.11 aiohttp/3.9.2"
118.127.40.73 - - [10/Mar/2026:01:53:07 +1000] "GET / HTTP/1.1" 200 4125 "-" "Python/3.11 aiohttp/3.9.2"
118.127.40.73 - - [10/Mar/2026:02:23:11 +1000] "GET / HTTP/1.1" 200 4125 "-" "Python/3.11 aiohttp/3.9.2"
118.127.40.73 - - [10/Mar/2026:02:53:10 +1000] "GET / HTTP/1.1" 200 4125 "-" "Python/3.11 aiohttp/3.9.2"
118.127.40.73 - - [10/Mar/2026:03:23:10 +1000] "GET / HTTP/1.1" 200 4125 "-" "Python/3.11 aiohttp/3.9.2"
118.127.40.73 - - [10/Mar/2026:03:53:16 +1000] "GET / HTTP/1.1" 200 4125 "-" "Python/3.11 aiohttp/3.9.2"
162.142.125.222 - - [10/Mar/2026:04:03:57 +1000] "GET / HTTP/1.1" 500 401360 "-" "Mozilla/5.0 (compatible; CensysInspect/1.1; +https://about.censys.io/)"
162.142.125.222 - - [10/Mar/2026:04:04:16 +1000] "GET / HTTP/1.1" 421 362 "-" "Mozilla/5.0 (compatible; CensysInspect/1.1; +https://about.censys.io/)"
74.7.241.152 - - [10/Mar/2026:04:09:03 +1000] "GET /robots.txt HTTP/1.1" 200 24 "-" "Mozilla/5.0 (Macintosh; Intel Mac OS X 10_15_7) AppleWebKit/537.36 (KHTML, like Gecko) Chrome/131.0.0.0 Safari/537.36; compatible; OAI-SearchBot/1.3; robots.txt; +https://openai.com/searchbot"
118.127.40.73 - - [10/Mar/2026:04:23:11 +1000] "GET / HTTP/1.1" 200 4125 "-" "Python/3.11 aiohttp/3.9.2"
118.127.40.73 - - [10/Mar/2026:04:53:10 +1000] "GET / HTTP/1.1" 200 4125 "-" "Python/3.11 aiohttp/3.9.2"
118.127.40.73 - - [10/Mar/2026:05:23:11 +1000] "GET / HTTP/1.1" 200 4125 "-" "Python/3.11 aiohttp/3.9.2"
118.127.40.73 - - [10/Mar/2026:05:53:11 +1000] "GET / HTTP/1.1" 200 4125 "-" "Python/3.11 aiohttp/3.9.2"
118.127.40.73 - - [10/Mar/2026:06:23:10 +1000] "GET / HTTP/1.1" 200 4125 "-" "Python/3.11 aiohttp/3.9.2"
118.127.40.73 - - [10/Mar/2026:06:53:11 +1000] "GET / HTTP/1.1" 200 4125 "-" "Python/3.11 aiohttp/3.9.2"
118.127.40.73 - - [10/Mar/2026:07:23:11 +1000] "GET / HTTP/1.1" 200 4125 "-" "Python/3.11 aiohttp/3.9.2"
118.127.40.73 - - [10/Mar/2026:07:53:12 +1000] "GET / HTTP/1.1" 200 4125 "-" "Python/3.11 aiohttp/3.9.2"
118.127.40.73 - - [10/Mar/2026:08:23:11 +1000] "GET / HTTP/1.1" 200 4125 "-" "Python/3.11 aiohttp/3.9.2"
118.127.40.73 - - [10/Mar/2026:08:53:11 +1000] "GET / HTTP/1.1" 200 4125 "-" "Python/3.11 aiohttp/3.9.2"
204.76.203.25 - - [10/Mar/2026:09:08:44 +1000] "GET / HTTP/1.1" 200 4125 "-" "Mozilla/5.0 (Windows NT 10.0; Win64; x64) AppleWebKit/537.36 (KHTML, like Gecko) Chrome/134.0.0.0 Safari/537.3"
118.127.40.73 - - [10/Mar/2026:09:23:12 +1000] "GET / HTTP/1.1" 200 4125 "-" "Python/3.11 aiohttp/3.9.2"
118.127.40.73 - - [10/Mar/2026:09:53:12 +1000] "GET / HTTP/1.1" 200 4125 "-" "Python/3.11 aiohttp/3.9.2"
118.127.40.73 - - [10/Mar/2026:10:23:12 +1000] "GET / HTTP/1.1" 200 4125 "-" "Python/3.11 aiohttp/3.9.2"
118.127.40.73 - - [10/Mar/2026:10:53:13 +1000] "GET / HTTP/1.1" 200 4125 "-" "Python/3.11 aiohttp/3.9.2"
118.127.40.73 - - [10/Mar/2026:11:23:13 +1000] "GET / HTTP/1.1" 200 4125 "-" "Python/3.11 aiohttp/3.9.2"
118.127.40.73 - - [10/Mar/2026:11:53:12 +1000] "GET / HTTP/1.1" 200 4125 "-" "Python/3.11 aiohttp/3.9.2"
118.127.40.73 - - [10/Mar/2026:12:23:14 +1000] "GET / HTTP/1.1" 200 4125 "-" "Python/3.11 aiohttp/3.9.2"
118.127.40.73 - - [10/Mar/2026:12:53:12 +1000] "GET / HTTP/1.1" 200 4125 "-" "Python/3.11 aiohttp/3.9.2"
118.127.40.73 - - [10/Mar/2026:13:23:12 +1000] "GET / HTTP/1.1" 200 4125 "-" "Python/3.11 aiohttp/3.9.2"
118.127.40.73 - - [10/Mar/2026:13:53:14 +1000] "GET / HTTP/1.1" 200 4125 "-" "Python/3.11 aiohttp/3.9.2"
118.127.40.73 - - [10/Mar/2026:14:23:14 +1000] "GET / HTTP/1.1" 200 4125 "-" "Python/3.11 aiohttp/3.9.2"
118.127.40.73 - - [10/Mar/2026:14:53:15 +1000] "GET / HTTP/1.1" 200 4125 "-" "Python/3.11 aiohttp/3.9.2"
118.127.40.73 - - [10/Mar/2026:15:23:15 +1000] "GET / HTTP/1.1" 200 4125 "-" "Python/3.11 aiohttp/3.9.2"
35.83.253.42 - - [10/Mar/2026:15:50:28 +1000] "GET /robots.txt HTTP/1.1" 200 24 "-" "Mozilla/5.0 (compatible; wpbot/1.4; +https://forms.gle/ajBaxygz9jSR8p8G9)"
35.83.253.42 - - [10/Mar/2026:15:50:28 +1000] "GET / HTTP/1.1" 200 4125 "-" "Mozilla/5.0 (compatible; wpbot/1.4; +https://forms.gle/ajBaxygz9jSR8p8G9)"
118.127.40.73 - - [10/Mar/2026:15:53:15 +1000] "GET / HTTP/1.1" 200 4125 "-" "Python/3.11 aiohttp/3.9.2"
118.127.40.73 - - [10/Mar/2026:16:23:14 +1000] "GET / HTTP/1.1" 200 4125 "-" "Python/3.11 aiohttp/3.9.2"
118.127.40.73 - - [10/Mar/2026:16:53:14 +1000] "GET / HTTP/1.1" 200 4125 "-" "Python/3.11 aiohttp/3.9.2"
118.127.40.73 - - [10/Mar/2026:17:23:15 +1000] "GET / HTTP/1.1" 200 4125 "-" "Python/3.11 aiohttp/3.9.2"
118.127.40.73 - - [10/Mar/2026:17:53:20 +1000] "GET / HTTP/1.1" 200 4125 "-" "Python/3.11 aiohttp/3.9.2"
118.127.40.73 - - [10/Mar/2026:18:23:15 +1000] "GET / HTTP/1.1" 200 4125 "-" "Python/3.11 aiohttp/3.9.2"
118.127.40.73 - - [10/Mar/2026:18:53:16 +1000] "GET / HTTP/1.1" 200 4125 "-" "Python/3.11 aiohttp/3.9.2"
118.127.40.73 - - [10/Mar/2026:19:23:15 +1000] "GET / HTTP/1.1" 200 4125 "-" "Python/3.11 aiohttp/3.9.2"
118.127.40.73 - - [10/Mar/2026:19:53:18 +1000] "GET / HTTP/1.1" 200 4125 "-" "Python/3.11 aiohttp/3.9.2"
118.127.40.73 - - [10/Mar/2026:20:23:15 +1000] "GET / HTTP/1.1" 200 4125 "-" "Python/3.11 aiohttp/3.9.2"
118.127.40.73 - - [10/Mar/2026:20:53:18 +1000] "GET / HTTP/1.1" 200 4125 "-" "Python/3.11 aiohttp/3.9.2"
118.127.40.73 - - [10/Mar/2026:21:23:16 +1000] "GET / HTTP/1.1" 200 4125 "-" "Python/3.11 aiohttp/3.9.2"
118.127.40.73 - - [10/Mar/2026:21:53:17 +1000] "GET / HTTP/1.1" 200 4125 "-" "Python/3.11 aiohttp/3.9.2"
118.127.40.73 - - [10/Mar/2026:22:23:17 +1000] "GET / HTTP/1.1" 200 4125 "-" "Python/3.11 aiohttp/3.9.2"
118.127.40.73 - - [10/Mar/2026:22:53:17 +1000] "GET / HTTP/1.1" 200 4125 "-" "Python/3.11 aiohttp/3.9.2"
118.127.40.73 - - [10/Mar/2026:23:23:19 +1000] "GET / HTTP/1.1" 200 4125 "-" "Python/3.11 aiohttp/3.9.2"
118.127.40.73 - - [10/Mar/2026:23:53:18 +1000] "GET / HTTP/1.1" 200 4125 "-" "Python/3.11 aiohttp/3.9.2"
118.127.40.73 - - [11/Mar/2026:00:23:26 +1000] "GET / HTTP/1.1" 200 4125 "-" "Python/3.11 aiohttp/3.9.2"
118.127.40.73 - - [11/Mar/2026:00:53:44 +1000] "GET / HTTP/1.1" 200 4125 "-" "Python/3.11 aiohttp/3.9.2"
118.127.40.73 - - [11/Mar/2026:01:23:25 +1000] "GET / HTTP/1.1" 200 4125 "-" "Python/3.11 aiohttp/3.9.2"
118.127.40.73 - - [11/Mar/2026:01:53:22 +1000] "GET / HTTP/1.1" 200 4125 "-" "Python/3.11 aiohttp/3.9.2"
74.7.175.184 - - [11/Mar/2026:02:09:54 +1000] "GET /robots.txt HTTP/1.1" 200 24 "-" "Mozilla/5.0 (Macintosh; Intel Mac OS X 10_15_7) AppleWebKit/537.36 (KHTML, like Gecko) Chrome/131.0.0.0 Safari/537.36; compatible; OAI-SearchBot/1.3; robots.txt; +https://openai.com/searchbot"
118.127.40.73 - - [11/Mar/2026:02:23:21 +1000] "GET / HTTP/1.1" 200 4125 "-" "Python/3.11 aiohttp/3.9.2"
118.127.40.73 - - [11/Mar/2026:02:53:26 +1000] "GET / HTTP/1.1" 200 4125 "-" "Python/3.11 aiohttp/3.9.2"
118.127.40.73 - - [11/Mar/2026:03:23:20 +1000] "GET / HTTP/1.1" 200 4125 "-" "Python/3.11 aiohttp/3.9.2"
118.127.40.73 - - [11/Mar/2026:03:53:24 +1000] "GET / HTTP/1.1" 200 4125 "-" "Python/3.11 aiohttp/3.9.2"
118.127.40.73 - - [11/Mar/2026:04:23:21 +1000] "GET / HTTP/1.1" 200 4125 "-" "Python/3.11 aiohttp/3.9.2"
118.127.40.73 - - [11/Mar/2026:04:53:22 +1000] "GET / HTTP/1.1" 200 4125 "-" "Python/3.11 aiohttp/3.9.2"
118.127.40.73 - - [11/Mar/2026:05:23:21 +1000] "GET / HTTP/1.1" 200 4125 "-" "Python/3.11 aiohttp/3.9.2"
118.127.40.73 - - [11/Mar/2026:05:53:23 +1000] "GET / HTTP/1.1" 200 4125 "-" "Python/3.11 aiohttp/3.9.2"
118.127.40.73 - - [11/Mar/2026:06:23:21 +1000] "GET / HTTP/1.1" 200 4125 "-" "Python/3.11 aiohttp/3.9.2"
118.127.40.73 - - [11/Mar/2026:06:53:23 +1000] "GET / HTTP/1.1" 200 4125 "-" "Python/3.11 aiohttp/3.9.2"
118.127.40.73 - - [11/Mar/2026:07:23:23 +1000] "GET / HTTP/1.1" 200 4125 "-" "Python/3.11 aiohttp/3.9.2"
118.127.40.73 - - [11/Mar/2026:07:53:23 +1000] "GET / HTTP/1.1" 200 4125 "-" "Python/3.11 aiohttp/3.9.2"
118.127.40.73 - - [11/Mar/2026:08:23:26 +1000] "GET / HTTP/1.1" 200 4125 "-" "Python/3.11 aiohttp/3.9.2"
118.127.40.73 - - [11/Mar/2026:08:53:24 +1000] "GET / HTTP/1.1" 200 4125 "-" "Python/3.11 aiohttp/3.9.2"
118.127.40.73 - - [11/Mar/2026:09:23:23 +1000] "GET / HTTP/1.1" 200 4125 "-" "Python/3.11 aiohttp/3.9.2"
118.127.40.73 - - [11/Mar/2026:09:53:24 +1000] "GET / HTTP/1.1" 200 4125 "-" "Python/3.11 aiohttp/3.9.2"
68.183.151.56 - - [11/Mar/2026:09:59:24 +1000] "GET /.git/config HTTP/1.1" 404 6603 "-" "Mozilla/5.0 (Linux; U; Android 6.0; en-US; Redmi Note 4 Build/MRA58K) AppleWebKit/537.36 (KHTML, like Gecko) Version/4.0 Chrome/57.0.2987.108 UCBrowser/12.13.0.1207 Mobile Safari/537.36"
118.127.40.73 - - [11/Mar/2026:10:23:24 +1000] "GET / HTTP/1.1" 200 4125 "-" "Python/3.11 aiohttp/3.9.2"
118.127.40.73 - - [11/Mar/2026:10:53:23 +1000] "GET / HTTP/1.1" 200 4125 "-" "Python/3.11 aiohttp/3.9.2"
118.127.40.73 - - [11/Mar/2026:11:23:25 +1000] "GET / HTTP/1.1" 200 4125 "-" "Python/3.11 aiohttp/3.9.2"
118.127.40.73 - - [11/Mar/2026:11:53:26 +1000] "GET / HTTP/1.1" 200 4125 "-" "Python/3.11 aiohttp/3.9.2"
118.127.40.73 - - [11/Mar/2026:12:23:24 +1000] "GET / HTTP/1.1" 200 4125 "-" "Python/3.11 aiohttp/3.9.2"
118.127.40.73 - - [11/Mar/2026:12:53:25 +1000] "GET / HTTP/1.1" 200 4125 "-" "Python/3.11 aiohttp/3.9.2"
118.127.40.73 - - [11/Mar/2026:13:23:32 +1000] "GET / HTTP/1.1" 200 4125 "-" "Python/3.11 aiohttp/3.9.2"
118.127.40.73 - - [11/Mar/2026:13:53:24 +1000] "GET / HTTP/1.1" 200 4125 "-" "Python/3.11 aiohttp/3.9.2"
118.127.40.73 - - [11/Mar/2026:14:23:24 +1000] "GET / HTTP/1.1" 200 4125 "-" "Python/3.11 aiohttp/3.9.2"
74.7.241.152 - - [11/Mar/2026:14:46:55 +1000] "GET /robots.txt HTTP/1.1" 200 24 "-" "Mozilla/5.0 (Macintosh; Intel Mac OS X 10_15_7) AppleWebKit/537.36 (KHTML, like Gecko) Chrome/131.0.0.0 Safari/537.36; compatible; OAI-SearchBot/1.3; robots.txt; +https://openai.com/searchbot"
118.127.40.73 - - [11/Mar/2026:14:53:27 +1000] "GET / HTTP/1.1" 200 4125 "-" "Python/3.11 aiohttp/3.9.2"
118.127.40.73 - - [11/Mar/2026:15:23:26 +1000] "GET / HTTP/1.1" 200 4125 "-" "Python/3.11 aiohttp/3.9.2"
118.127.40.73 - - [11/Mar/2026:15:53:25 +1000] "GET / HTTP/1.1" 200 4125 "-" "Python/3.11 aiohttp/3.9.2"
188.166.171.141 - - [11/Mar/2026:16:03:10 +1000] "GET / HTTP/1.1" 200 4125 "-" "Mozilla/5.0 (X11; Linux x86_64) AppleWebKit/537.36 (KHTML, like Gecko) Chrome/142.0.0.0 Safari/537.36"
188.166.171.141 - - [11/Mar/2026:16:03:17 +1000] "GET /favicon.ico HTTP/1.1" 200 - "https://ygv.posscales.com.au/" "Mozilla/5.0 (X11; Linux x86_64) AppleWebKit/537.36 (KHTML, like Gecko) Chrome/142.0.0.0 Safari/537.36"
172.121.223.38 - - [11/Mar/2026:16:10:12 +1000] "HEAD / HTTP/1.1" 500 - "-" "Mozilla/5.0 (Windows NT 10.0; Win64; x64) AppleWebKit/537.36 (KHTML, like Gecko) Chrome/121.0.0.0 Safari/537.36 Edg/121.0.0.0"
45.5.66.129 - - [11/Mar/2026:16:10:12 +1000] "HEAD / HTTP/1.1" 200 - "-" "Mozilla/5.0 (iPhone; CPU iPhone OS 17_0_3 like Mac OS X) AppleWebKit/605.1.15 (KHTML, like Gecko) Version/17.0 Mobile/15E148 Safari/604.1 OPT/4.3.1"
45.5.66.129 - - [11/Mar/2026:16:10:13 +1000] "GET / HTTP/1.1" 200 4125 "-" "Mozilla/5.0 (iPhone; CPU iPhone OS 17_0_3 like Mac OS X) AppleWebKit/605.1.15 (KHTML, like Gecko) Version/17.0 Mobile/15E148 Safari/604.1 OPT/4.3.1"
172.121.223.38 - - [11/Mar/2026:16:10:13 +1000] "GET / HTTP/1.1" 500 1076692 "-" "Mozilla/5.0 (Windows NT 10.0; Win64; x64) AppleWebKit/537.36 (KHTML, like Gecko) Chrome/121.0.0.0 Safari/537.36 Edg/121.0.0.0"
104.232.39.241 - - [11/Mar/2026:16:10:49 +1000] "GET / HTTP/1.1" 200 4125 "-" "Mozilla/5.0 (Macintosh; U; PPC Mac OS X Mach-O; en-US; rv:1.4a) Gecko/20030401"
104.232.39.241 - - [11/Mar/2026:16:10:50 +1000] "GET /robots.txt HTTP/1.1" 200 24 "https://ygv.posscales.com.au/" "Mozilla/5.0 (Macintosh; U; PPC Mac OS X Mach-O; en-US; rv:1.4a) Gecko/20030401"
45.5.66.117 - - [11/Mar/2026:16:10:50 +1000] "GET / HTTP/1.1" 500 1076484 "-" "Mozilla/5.0 (compatible; Konqueror/3; Linux)"
104.232.39.241 - - [11/Mar/2026:16:10:51 +1000] "GET / HTTP/1.1" 200 4125 "-" "Mozilla/5.0 (Macintosh; U; PPC Mac OS X Mach-O; en-US; rv:1.4a) Gecko/20030401"
45.5.66.117 - - [11/Mar/2026:16:10:52 +1000] "GET /robots.txt HTTP/1.1" 200 24 "-" "Mozilla/5.0 (compatible; Konqueror/3; Linux)"
45.5.66.117 - - [11/Mar/2026:16:10:53 +1000] "GET / HTTP/1.1" 500 1076492 "-" "Mozilla/5.0 (compatible; Konqueror/3; Linux)"
45.5.66.117 - - [11/Mar/2026:16:10:55 +1000] "GET / HTTP/1.1" 500 1076496 "-" "Mozilla/5.0 (compatible; Konqueror/3; Linux)"
118.127.40.73 - - [11/Mar/2026:16:23:25 +1000] "GET / HTTP/1.1" 200 4125 "-" "Python/3.11 aiohttp/3.9.2"
118.127.40.73 - - [11/Mar/2026:16:53:26 +1000] "GET / HTTP/1.1" 200 4125 "-" "Python/3.11 aiohttp/3.9.2"
118.127.40.73 - - [11/Mar/2026:17:23:26 +1000] "GET / HTTP/1.1" 200 4125 "-" "Python/3.11 aiohttp/3.9.2"
68.183.151.56 - - [11/Mar/2026:17:36:33 +1000] "GET /.git/config HTTP/1.1" 404 6603 "-" "Mozilla/5.0 (Linux; Android 9; MI 8 Build/PKQ1.180729.001; wv) AppleWebKit/537.36 (KHTML, like Gecko) Version/4.0 Chrome/66.0.3359.126 MQQBrowser/6.2 TBS/044851 Mobile Safari/537.36 MMWEBID/2901 MicroMessenger/7.0.6.1460(0x2700066A) Process/tools NetType/4G Language/zh_CN"
118.127.40.73 - - [11/Mar/2026:17:53:27 +1000] "GET / HTTP/1.1" 200 4125 "-" "Python/3.11 aiohttp/3.9.2"
118.127.40.73 - - [11/Mar/2026:18:23:26 +1000] "GET / HTTP/1.1" 200 4125 "-" "Python/3.11 aiohttp/3.9.2"
118.127.40.73 - - [11/Mar/2026:18:53:28 +1000] "GET / HTTP/1.1" 200 4125 "-" "Python/3.11 aiohttp/3.9.2"
184.32.186.154 - - [11/Mar/2026:19:03:42 +1000] "GET /robots.txt HTTP/1.1" 200 24 "-" "Mozilla/5.0 (compatible; wpbot/1.4; +https://forms.gle/ajBaxygz9jSR8p8G9)"
184.32.186.154 - - [11/Mar/2026:19:03:42 +1000] "GET / HTTP/1.1" 500 1075968 "-" "Mozilla/5.0 (compatible; wpbot/1.4; +https://forms.gle/ajBaxygz9jSR8p8G9)"
118.127.40.73 - - [11/Mar/2026:19:23:27 +1000] "GET / HTTP/1.1" 200 4125 "-" "Python/3.11 aiohttp/3.9.2"
118.127.40.73 - - [11/Mar/2026:19:53:27 +1000] "GET / HTTP/1.1" 200 4125 "-" "Python/3.11 aiohttp/3.9.2"
118.127.40.73 - - [11/Mar/2026:20:23:28 +1000] "GET / HTTP/1.1" 200 4125 "-" "Python/3.11 aiohttp/3.9.2"
118.127.40.73 - - [11/Mar/2026:20:53:28 +1000] "GET / HTTP/1.1" 200 4125 "-" "Python/3.11 aiohttp/3.9.2"
118.127.40.73 - - [11/Mar/2026:21:23:27 +1000] "GET / HTTP/1.1" 200 4125 "-" "Python/3.11 aiohttp/3.9.2"
118.127.40.73 - - [11/Mar/2026:21:53:29 +1000] "GET / HTTP/1.1" 200 4125 "-" "Python/3.11 aiohttp/3.9.2"
118.127.40.73 - - [11/Mar/2026:22:23:29 +1000] "GET / HTTP/1.1" 200 4125 "-" "Python/3.11 aiohttp/3.9.2"
118.127.40.73 - - [11/Mar/2026:22:53:29 +1000] "GET / HTTP/1.1" 200 4125 "-" "Python/3.11 aiohttp/3.9.2"
118.127.40.73 - - [11/Mar/2026:23:23:29 +1000] "GET / HTTP/1.1" 200 4125 "-" "Python/3.11 aiohttp/3.9.2"
118.127.40.73 - - [11/Mar/2026:23:53:28 +1000] "GET / HTTP/1.1" 200 4125 "-" "Python/3.11 aiohttp/3.9.2"
118.127.40.73 - - [12/Mar/2026:00:23:30 +1000] "GET / HTTP/1.1" 200 4125 "-" "Python/3.11 aiohttp/3.9.2"
118.127.40.73 - - [12/Mar/2026:00:53:27 +1000] "GET / HTTP/1.1" 200 4125 "-" "Python/3.11 aiohttp/3.9.2"
199.45.155.85 - - [12/Mar/2026:01:04:05 +1000] "GET / HTTP/1.1" 500 991112 "-" "Mozilla/5.0 (compatible; CensysInspect/1.1; +https://about.censys.io/)"
199.45.155.85 - - [12/Mar/2026:01:04:28 +1000] "GET / HTTP/1.1" 421 362 "-" "Mozilla/5.0 (compatible; CensysInspect/1.1; +https://about.censys.io/)"
118.127.40.73 - - [12/Mar/2026:01:23:28 +1000] "GET / HTTP/1.1" 200 4125 "-" "Python/3.11 aiohttp/3.9.2"
118.127.40.73 - - [12/Mar/2026:01:53:30 +1000] "GET / HTTP/1.1" 200 4125 "-" "Python/3.11 aiohttp/3.9.2"
118.127.40.73 - - [12/Mar/2026:02:23:30 +1000] "GET / HTTP/1.1" 200 4125 "-" "Python/3.11 aiohttp/3.9.2"
118.127.40.73 - - [12/Mar/2026:02:53:32 +1000] "GET / HTTP/1.1" 200 4125 "-" "Python/3.11 aiohttp/3.9.2"
118.127.40.73 - - [12/Mar/2026:03:23:32 +1000] "GET / HTTP/1.1" 200 4125 "-" "Python/3.11 aiohttp/3.9.2"
118.127.40.73 - - [12/Mar/2026:03:53:33 +1000] "GET / HTTP/1.1" 200 4125 "-" "Python/3.11 aiohttp/3.9.2"
118.127.40.73 - - [12/Mar/2026:04:23:30 +1000] "GET / HTTP/1.1" 200 4125 "-" "Python/3.11 aiohttp/3.9.2"
118.127.40.73 - - [12/Mar/2026:04:53:31 +1000] "GET / HTTP/1.1" 200 4125 "-" "Python/3.11 aiohttp/3.9.2"
118.127.40.73 - - [12/Mar/2026:05:23:32 +1000] "GET / HTTP/1.1" 200 4125 "-" "Python/3.11 aiohttp/3.9.2"
118.127.40.73 - - [12/Mar/2026:05:53:31 +1000] "GET / HTTP/1.1" 200 4125 "-" "Python/3.11 aiohttp/3.9.2"
118.127.40.73 - - [12/Mar/2026:06:23:30 +1000] "GET / HTTP/1.1" 200 4125 "-" "Python/3.11 aiohttp/3.9.2"
118.127.40.73 - - [12/Mar/2026:06:53:33 +1000] "GET / HTTP/1.1" 200 4125 "-" "Python/3.11 aiohttp/3.9.2"
118.127.40.73 - - [12/Mar/2026:07:23:56 +1000] "GET / HTTP/1.1" 200 4125 "-" "Python/3.11 aiohttp/3.9.2"
118.127.40.73 - - [12/Mar/2026:07:53:41 +1000] "GET / HTTP/1.1" 200 4125 "-" "Python/3.11 aiohttp/3.9.2"
118.127.40.73 - - [12/Mar/2026:08:23:33 +1000] "GET / HTTP/1.1" 200 4125 "-" "Python/3.11 aiohttp/3.9.2"
34.12.199.195 - - [12/Mar/2026:08:30:15 +1000] "GET /.git/config HTTP/1.1" 404 6603 "-" "-"
118.127.40.73 - - [12/Mar/2026:08:53:33 +1000] "GET / HTTP/1.1" 200 4125 "-" "Python/3.11 aiohttp/3.9.2"
118.127.40.73 - - [12/Mar/2026:09:23:33 +1000] "GET / HTTP/1.1" 200 4125 "-" "Python/3.11 aiohttp/3.9.2"
118.127.40.73 - - [12/Mar/2026:09:53:35 +1000] "GET / HTTP/1.1" 200 4125 "-" "Python/3.11 aiohttp/3.9.2"
118.127.40.73 - - [12/Mar/2026:10:23:32 +1000] "GET / HTTP/1.1" 200 4125 "-" "Python/3.11 aiohttp/3.9.2"
118.127.40.73 - - [12/Mar/2026:10:53:33 +1000] "GET / HTTP/1.1" 200 4125 "-" "Python/3.11 aiohttp/3.9.2"
118.127.40.73 - - [12/Mar/2026:11:23:33 +1000] "GET / HTTP/1.1" 200 4125 "-" "Python/3.11 aiohttp/3.9.2"
118.127.40.73 - - [12/Mar/2026:11:53:33 +1000] "GET / HTTP/1.1" 200 4125 "-" "Python/3.11 aiohttp/3.9.2"
118.127.40.73 - - [12/Mar/2026:12:23:33 +1000] "GET / HTTP/1.1" 200 4125 "-" "Python/3.11 aiohttp/3.9.2"
118.127.40.73 - - [12/Mar/2026:12:53:34 +1000] "GET / HTTP/1.1" 200 4125 "-" "Python/3.11 aiohttp/3.9.2"
118.127.40.73 - - [12/Mar/2026:13:23:34 +1000] "GET / HTTP/1.1" 200 4125 "-" "Python/3.11 aiohttp/3.9.2"
118.127.40.73 - - [12/Mar/2026:13:53:36 +1000] "GET / HTTP/1.1" 200 4125 "-" "Python/3.11 aiohttp/3.9.2"
118.127.40.73 - - [12/Mar/2026:14:23:35 +1000] "GET / HTTP/1.1" 200 4125 "-" "Python/3.11 aiohttp/3.9.2"
118.127.40.73 - - [12/Mar/2026:14:53:35 +1000] "GET / HTTP/1.1" 200 4125 "-" "Python/3.11 aiohttp/3.9.2"
118.127.40.73 - - [12/Mar/2026:15:23:38 +1000] "GET / HTTP/1.1" 200 4125 "-" "Python/3.11 aiohttp/3.9.2"
118.127.40.73 - - [12/Mar/2026:15:53:36 +1000] "GET / HTTP/1.1" 200 4125 "-" "Python/3.11 aiohttp/3.9.2"
118.127.40.73 - - [12/Mar/2026:16:23:36 +1000] "GET / HTTP/1.1" 200 4125 "-" "Python/3.11 aiohttp/3.9.2"
118.127.40.73 - - [12/Mar/2026:16:53:36 +1000] "GET / HTTP/1.1" 200 4125 "-" "Python/3.11 aiohttp/3.9.2"
18.201.57.0 - - [12/Mar/2026:17:01:44 +1000] "GET / HTTP/1.0" 500 204776 "-" "Mozilla/5.0 (compatible; NetcraftSurveyAgent/1.0; +info@netcraft.com)"
118.127.40.73 - - [12/Mar/2026:17:23:36 +1000] "GET / HTTP/1.1" 200 4125 "-" "Python/3.11 aiohttp/3.9.2"
118.127.40.73 - - [12/Mar/2026:17:53:35 +1000] "GET / HTTP/1.1" 200 4125 "-" "Python/3.11 aiohttp/3.9.2"
118.127.40.73 - - [12/Mar/2026:18:23:35 +1000] "GET / HTTP/1.1" 200 4125 "-" "Python/3.11 aiohttp/3.9.2"
108.130.201.207 - - [12/Mar/2026:18:48:15 +1000] "GET / HTTP/1.0" 200 4125 "-" "Mozilla/5.0 (compatible; NetcraftSurveyAgent/1.0; +info@netcraft.com)"
118.127.40.73 - - [12/Mar/2026:18:53:36 +1000] "GET / HTTP/1.1" 200 4125 "-" "Python/3.11 aiohttp/3.9.2"
118.127.40.73 - - [12/Mar/2026:19:23:36 +1000] "GET / HTTP/1.1" 200 4125 "-" "Python/3.11 aiohttp/3.9.2"
118.127.40.73 - - [12/Mar/2026:19:53:38 +1000] "GET / HTTP/1.1" 200 4125 "-" "Python/3.11 aiohttp/3.9.2"
118.127.40.73 - - [12/Mar/2026:20:23:38 +1000] "GET / HTTP/1.1" 200 4125 "-" "Python/3.11 aiohttp/3.9.2"
118.127.40.73 - - [12/Mar/2026:20:53:36 +1000] "GET / HTTP/1.1" 200 4125 "-" "Python/3.11 aiohttp/3.9.2"
118.127.40.73 - - [12/Mar/2026:21:23:37 +1000] "GET / HTTP/1.1" 200 4125 "-" "Python/3.11 aiohttp/3.9.2"
118.127.40.73 - - [12/Mar/2026:21:53:37 +1000] "GET / HTTP/1.1" 200 4125 "-" "Python/3.11 aiohttp/3.9.2"
118.127.40.73 - - [12/Mar/2026:22:23:37 +1000] "GET / HTTP/1.1" 200 4125 "-" "Python/3.11 aiohttp/3.9.2"
118.127.40.73 - - [12/Mar/2026:22:53:39 +1000] "GET / HTTP/1.1" 200 4125 "-" "Python/3.11 aiohttp/3.9.2"
195.178.110.31 - - [12/Mar/2026:23:47:31 +1000] "GET / HTTP/1.1" 500 1076158 "-" "Mozilla/5.0 (X11; Linux x86_64) AppleWebKit/537.36 (KHTML, like Gecko) Chrome/122.0.0.0 Safari/537.36"
195.178.110.31 - - [12/Mar/2026:23:47:36 +1000] "POST / HTTP/1.1" 500 1078908 "-" "Mozilla/5.0 (X11; Linux x86_64) AppleWebKit/537.36 (KHTML, like Gecko) Chrome/122.0.0.0 Safari/537.36"
195.178.110.31 - - [12/Mar/2026:23:47:39 +1000] "POST / HTTP/1.1" 500 1079262 "-" "Mozilla/5.0 (Macintosh; Intel Mac OS X 10_15_7) AppleWebKit/537.36 (KHTML, like Gecko) Chrome/122.0.0.0 Safari/537.36"
195.178.110.31 - - [12/Mar/2026:23:47:42 +1000] "POST /en/ HTTP/1.1" 301 283 "-" "Mozilla/5.0 (X11; Linux x86_64) AppleWebKit/537.36 (KHTML, like Gecko) Chrome/122.0.0.0 Safari/537.36"
195.178.110.31 - - [12/Mar/2026:23:47:43 +1000] "POST /app/ HTTP/1.1" 301 284 "-" "Mozilla/5.0 (Windows NT 10.0; Win64; x64) AppleWebKit/537.36 (KHTML, like Gecko) Chrome/122.0.0.0 Safari/537.36"
195.178.110.31 - - [12/Mar/2026:23:47:43 +1000] "POST /api/ HTTP/1.1" 301 284 "-" "Mozilla/5.0 (Macintosh; Intel Mac OS X 10_15_7) AppleWebKit/537.36 (KHTML, like Gecko) Chrome/122.0.0.0 Safari/537.36"
195.178.110.31 - - [12/Mar/2026:23:47:43 +1000] "POST /_next/ HTTP/1.1" 301 286 "-" "Mozilla/5.0 (Macintosh; Intel Mac OS X 10_15_7) AppleWebKit/537.36 (KHTML, like Gecko) Chrome/122.0.0.0 Safari/537.36"
195.178.110.31 - - [12/Mar/2026:23:47:44 +1000] "POST / HTTP/1.1" 500 1078744 "-" "Mozilla/5.0 (Windows NT 10.0; Win64; x64) AppleWebKit/537.36 (KHTML, like Gecko) Chrome/122.0.0.0 Safari/537.36"
195.178.110.31 - - [12/Mar/2026:23:47:46 +1000] "POST / HTTP/1.1" 500 1078818 "-" "Mozilla/5.0 (Windows NT 10.0; Win64; x64; rv:121.0) Gecko/20100101 Firefox/121.0"
195.178.110.31 - - [12/Mar/2026:23:47:52 +1000] "POST /en/ HTTP/1.1" 301 283 "-" "Mozilla/5.0 (Macintosh; Intel Mac OS X 10_15_7) AppleWebKit/537.36 (KHTML, like Gecko) Chrome/122.0.0.0 Safari/537.36"
195.178.110.31 - - [12/Mar/2026:23:47:53 +1000] "POST /app/ HTTP/1.1" 301 284 "-" "Mozilla/5.0 (Windows NT 10.0; Win64; x64; rv:121.0) Gecko/20100101 Firefox/121.0"
195.178.110.31 - - [12/Mar/2026:23:47:53 +1000] "POST /api/ HTTP/1.1" 301 284 "-" "Mozilla/5.0 (Macintosh; Intel Mac OS X 14_2) AppleWebKit/605.1.15 (KHTML, like Gecko) Version/17.2 Safari/605.1.15"
195.178.110.31 - - [12/Mar/2026:23:47:54 +1000] "POST /_next/ HTTP/1.1" 301 286 "-" "Mozilla/5.0 (Windows NT 10.0; Win64; x64) AppleWebKit/537.36 (KHTML, like Gecko) Chrome/122.0.0.0 Safari/537.36"
195.178.110.31 - - [12/Mar/2026:23:47:54 +1000] "POST / HTTP/1.1" 500 1078752 "-" "Mozilla/5.0 (Macintosh; Intel Mac OS X 14_2) AppleWebKit/605.1.15 (KHTML, like Gecko) Version/17.2 Safari/605.1.15"
195.178.110.31 - - [12/Mar/2026:23:47:56 +1000] "POST / HTTP/1.1" 500 1078738 "-" "Mozilla/5.0 (Windows NT 10.0; Win64; x64; rv:121.0) Gecko/20100101 Firefox/121.0"
195.178.110.31 - - [12/Mar/2026:23:48:01 +1000] "POST /en/ HTTP/1.1" 301 283 "-" "Mozilla/5.0 (Windows NT 10.0; Win64; x64; rv:121.0) Gecko/20100101 Firefox/121.0"
195.178.110.31 - - [12/Mar/2026:23:48:02 +1000] "POST /app/ HTTP/1.1" 301 284 "-" "Mozilla/5.0 (Macintosh; Intel Mac OS X 10_15_7) AppleWebKit/537.36 (KHTML, like Gecko) Chrome/122.0.0.0 Safari/537.36"
195.178.110.31 - - [12/Mar/2026:23:48:02 +1000] "POST /api/ HTTP/1.1" 301 284 "-" "Mozilla/5.0 (Windows NT 10.0; Win64; x64; rv:121.0) Gecko/20100101 Firefox/121.0"
195.178.110.31 - - [12/Mar/2026:23:48:02 +1000] "POST /_next/ HTTP/1.1" 301 286 "-" "Mozilla/5.0 (Windows NT 10.0; Win64; x64; rv:121.0) Gecko/20100101 Firefox/121.0"
195.178.110.31 - - [12/Mar/2026:23:48:03 +1000] "POST / HTTP/1.1" 500 1078808 "-" "Mozilla/5.0 (Windows NT 10.0; Win64; x64) AppleWebKit/537.36 (KHTML, like Gecko) Chrome/122.0.0.0 Safari/537.36"
195.178.110.31 - - [12/Mar/2026:23:48:05 +1000] "POST / HTTP/1.1" 500 1078860 "-" "Mozilla/5.0 (Macintosh; Intel Mac OS X 14_2) AppleWebKit/605.1.15 (KHTML, like Gecko) Version/17.2 Safari/605.1.15"
195.178.110.31 - - [12/Mar/2026:23:48:08 +1000] "POST /en/ HTTP/1.1" 301 283 "-" "Mozilla/5.0 (Macintosh; Intel Mac OS X 14_2) AppleWebKit/605.1.15 (KHTML, like Gecko) Version/17.2 Safari/605.1.15"
195.178.110.31 - - [12/Mar/2026:23:48:09 +1000] "POST /app/ HTTP/1.1" 301 284 "-" "Mozilla/5.0 (Windows NT 10.0; Win64; x64; rv:121.0) Gecko/20100101 Firefox/121.0"
195.178.110.31 - - [12/Mar/2026:23:48:10 +1000] "POST /api/ HTTP/1.1" 301 284 "-" "Mozilla/5.0 (Macintosh; Intel Mac OS X 10_15_7) AppleWebKit/537.36 (KHTML, like Gecko) Chrome/122.0.0.0 Safari/537.36"
195.178.110.31 - - [12/Mar/2026:23:48:10 +1000] "POST /_next/ HTTP/1.1" 301 286 "-" "Mozilla/5.0 (Macintosh; Intel Mac OS X 14_2) AppleWebKit/605.1.15 (KHTML, like Gecko) Version/17.2 Safari/605.1.15"
195.178.110.31 - - [12/Mar/2026:23:48:10 +1000] "POST / HTTP/1.1" 500 1078958 "-" "Mozilla/5.0 (Macintosh; Intel Mac OS X 10_15_7) AppleWebKit/537.36 (KHTML, like Gecko) Chrome/122.0.0.0 Safari/537.36"
195.178.110.31 - - [12/Mar/2026:23:48:13 +1000] "POST / HTTP/1.1" 500 1079276 "-" "Mozilla/5.0 (Macintosh; Intel Mac OS X 10_15_7) AppleWebKit/537.36 (KHTML, like Gecko) Chrome/122.0.0.0 Safari/537.36"
195.178.110.31 - - [12/Mar/2026:23:48:15 +1000] "POST /en/ HTTP/1.1" 301 283 "-" "Mozilla/5.0 (Windows NT 10.0; Win64; x64; rv:121.0) Gecko/20100101 Firefox/121.0"
195.178.110.31 - - [12/Mar/2026:23:48:16 +1000] "POST /app/ HTTP/1.1" 301 284 "-" "Mozilla/5.0 (Windows NT 10.0; Win64; x64) AppleWebKit/537.36 (KHTML, like Gecko) Chrome/122.0.0.0 Safari/537.36"
195.178.110.31 - - [12/Mar/2026:23:48:17 +1000] "POST /api/ HTTP/1.1" 301 284 "-" "Mozilla/5.0 (Macintosh; Intel Mac OS X 10_15_7) AppleWebKit/537.36 (KHTML, like Gecko) Chrome/122.0.0.0 Safari/537.36"
195.178.110.31 - - [12/Mar/2026:23:48:17 +1000] "POST /_next/ HTTP/1.1" 301 286 "-" "Mozilla/5.0 (Macintosh; Intel Mac OS X 14_2) AppleWebKit/605.1.15 (KHTML, like Gecko) Version/17.2 Safari/605.1.15"
195.178.110.31 - - [12/Mar/2026:23:48:17 +1000] "POST / HTTP/1.1" 500 1078914 "-" "Mozilla/5.0 (Macintosh; Intel Mac OS X 14_2) AppleWebKit/605.1.15 (KHTML, like Gecko) Version/17.2 Safari/605.1.15"
195.178.110.31 - - [12/Mar/2026:23:48:21 +1000] "POST / HTTP/1.1" 500 1078950 "-" "Mozilla/5.0 (X11; Linux x86_64) AppleWebKit/537.36 (KHTML, like Gecko) Chrome/122.0.0.0 Safari/537.36"
195.178.110.31 - - [12/Mar/2026:23:48:24 +1000] "POST /en/ HTTP/1.1" 301 283 "-" "Mozilla/5.0 (Macintosh; Intel Mac OS X 14_2) AppleWebKit/605.1.15 (KHTML, like Gecko) Version/17.2 Safari/605.1.15"
195.178.110.31 - - [12/Mar/2026:23:48:25 +1000] "POST /app/ HTTP/1.1" 301 284 "-" "Mozilla/5.0 (Windows NT 10.0; Win64; x64) AppleWebKit/537.36 (KHTML, like Gecko) Chrome/122.0.0.0 Safari/537.36"
195.178.110.31 - - [12/Mar/2026:23:48:25 +1000] "POST /api/ HTTP/1.1" 301 284 "-" "Mozilla/5.0 (Windows NT 10.0; Win64; x64) AppleWebKit/537.36 (KHTML, like Gecko) Chrome/122.0.0.0 Safari/537.36"
195.178.110.31 - - [12/Mar/2026:23:48:25 +1000] "POST /_next/ HTTP/1.1" 301 286 "-" "Mozilla/5.0 (Windows NT 10.0; Win64; x64) AppleWebKit/537.36 (KHTML, like Gecko) Chrome/122.0.0.0 Safari/537.36"
195.178.110.31 - - [12/Mar/2026:23:48:26 +1000] "POST / HTTP/1.1" 500 1078808 "-" "Mozilla/5.0 (Windows NT 10.0; Win64; x64) AppleWebKit/537.36 (KHTML, like Gecko) Chrome/122.0.0.0 Safari/537.36"
195.178.110.31 - - [12/Mar/2026:23:48:29 +1000] "POST / HTTP/1.1" 500 1078714 "-" "Mozilla/5.0 (Macintosh; Intel Mac OS X 10_15_7) AppleWebKit/537.36 (KHTML, like Gecko) Chrome/122.0.0.0 Safari/537.36"
195.178.110.31 - - [12/Mar/2026:23:48:33 +1000] "POST /en/ HTTP/1.1" 301 283 "-" "Mozilla/5.0 (X11; Linux x86_64) AppleWebKit/537.36 (KHTML, like Gecko) Chrome/122.0.0.0 Safari/537.36"
195.178.110.31 - - [12/Mar/2026:23:48:34 +1000] "POST /app/ HTTP/1.1" 301 284 "-" "Mozilla/5.0 (Macintosh; Intel Mac OS X 14_2) AppleWebKit/605.1.15 (KHTML, like Gecko) Version/17.2 Safari/605.1.15"
