File: //home/posscale/access-logs/ygv.posscales.com.au-ssl_log
118.127.40.73 - - [28/Feb/2026:22:45:03 +1000] "GET / HTTP/1.1" 200 4125 "-" "Python/3.11 aiohttp/3.9.2"
178.151.245.162 - - [28/Feb/2026:22:53:10 +1000] "GET /robots.txt HTTP/1.1" 200 24 "-" "Mozilla/5.0 (compatible; MJ12bot/v1.4.8; http://mj12bot.com/)"
178.151.245.162 - - [28/Feb/2026:22:53:12 +1000] "GET /forgot-password HTTP/1.1" 200 3333 "-" "Mozilla/5.0 (compatible; MJ12bot/v1.4.8; http://mj12bot.com/)"
74.7.241.151 - - [28/Feb/2026:22:57:17 +1000] "GET /robots.txt HTTP/1.1" 200 24 "-" "Mozilla/5.0 (Macintosh; Intel Mac OS X 10_15_7) AppleWebKit/537.36 (KHTML, like Gecko) Chrome/131.0.0.0 Safari/537.36; compatible; OAI-SearchBot/1.3; robots.txt; +https://openai.com/searchbot"
118.127.40.73 - - [28/Feb/2026:23:15:09 +1000] "GET / HTTP/1.1" 200 4125 "-" "Python/3.11 aiohttp/3.9.2"
118.127.40.73 - - [28/Feb/2026:23:45:01 +1000] "GET / HTTP/1.1" 200 4125 "-" "Python/3.11 aiohttp/3.9.2"
118.127.40.73 - - [01/Mar/2026:00:15:02 +1000] "GET / HTTP/1.1" 200 4125 "-" "Python/3.11 aiohttp/3.9.2"
118.127.40.73 - - [01/Mar/2026:00:45:11 +1000] "GET / HTTP/1.1" 200 4125 "-" "Python/3.11 aiohttp/3.9.2"
74.7.230.23 - - [01/Mar/2026:01:02:49 +1000] "GET /robots.txt HTTP/1.1" 200 24 "-" "Mozilla/5.0 (Macintosh; Intel Mac OS X 10_15_7) AppleWebKit/537.36 (KHTML, like Gecko) Chrome/131.0.0.0 Safari/537.36; compatible; OAI-SearchBot/1.3; robots.txt; +https://openai.com/searchbot"
118.127.40.73 - - [01/Mar/2026:01:15:02 +1000] "GET / HTTP/1.1" 200 4125 "-" "Python/3.11 aiohttp/3.9.2"
118.127.40.73 - - [01/Mar/2026:01:45:07 +1000] "GET / HTTP/1.1" 200 4125 "-" "Python/3.11 aiohttp/3.9.2"
118.127.40.73 - - [01/Mar/2026:02:15:04 +1000] "GET / HTTP/1.1" 200 4125 "-" "Python/3.11 aiohttp/3.9.2"
118.127.40.73 - - [01/Mar/2026:02:45:10 +1000] "GET / HTTP/1.1" 200 4125 "-" "Python/3.11 aiohttp/3.9.2"
118.127.40.73 - - [01/Mar/2026:03:15:12 +1000] "GET / HTTP/1.1" 200 4125 "-" "Python/3.11 aiohttp/3.9.2"
118.127.40.73 - - [01/Mar/2026:03:45:05 +1000] "GET / HTTP/1.1" 200 4125 "-" "Python/3.11 aiohttp/3.9.2"
118.127.40.73 - - [01/Mar/2026:04:15:29 +1000] "GET / HTTP/1.1" 200 4125 "-" "Python/3.11 aiohttp/3.9.2"
118.127.40.73 - - [01/Mar/2026:04:45:11 +1000] "GET / HTTP/1.1" 200 4125 "-" "Python/3.11 aiohttp/3.9.2"
118.127.40.73 - - [01/Mar/2026:05:15:06 +1000] "GET / HTTP/1.1" 200 4125 "-" "Python/3.11 aiohttp/3.9.2"
118.127.40.73 - - [01/Mar/2026:05:45:10 +1000] "GET / HTTP/1.1" 200 4125 "-" "Python/3.11 aiohttp/3.9.2"
205.210.31.164 - - [01/Mar/2026:06:00:10 +1000] "GET / HTTP/1.1" 200 4125 "-" "Hello from Palo Alto Networks, find out more about our scans in https://docs-cortex.paloaltonetworks.com/r/1/Cortex-Xpanse/Scanning-activity"
118.127.40.73 - - [01/Mar/2026:06:15:09 +1000] "GET / HTTP/1.1" 200 4125 "-" "Python/3.11 aiohttp/3.9.2"
118.127.40.73 - - [01/Mar/2026:06:45:07 +1000] "GET / HTTP/1.1" 200 4125 "-" "Python/3.11 aiohttp/3.9.2"
118.127.40.73 - - [01/Mar/2026:07:15:07 +1000] "GET / HTTP/1.1" 200 4125 "-" "Python/3.11 aiohttp/3.9.2"
118.127.40.73 - - [01/Mar/2026:07:45:17 +1000] "GET / HTTP/1.1" 200 4125 "-" "Python/3.11 aiohttp/3.9.2"
204.76.203.25 - - [01/Mar/2026:08:08:39 +1000] "GET /.env HTTP/1.1" 404 6603 "-" "Mozilla/5.0 (Windows NT 10.0; Win64; x64) AppleWebKit/537.36 (KHTML, like Gecko) Chrome/134.0.0.0 Safari/537.3"
118.127.40.73 - - [01/Mar/2026:08:15:13 +1000] "GET / HTTP/1.1" 200 4125 "-" "Python/3.11 aiohttp/3.9.2"
118.127.40.73 - - [01/Mar/2026:08:45:11 +1000] "GET / HTTP/1.1" 200 4125 "-" "Python/3.11 aiohttp/3.9.2"
118.127.40.73 - - [01/Mar/2026:09:15:07 +1000] "GET / HTTP/1.1" 200 4125 "-" "Python/3.11 aiohttp/3.9.2"
118.127.40.73 - - [01/Mar/2026:09:45:08 +1000] "GET / HTTP/1.1" 200 4125 "-" "Python/3.11 aiohttp/3.9.2"
118.127.40.73 - - [01/Mar/2026:10:15:08 +1000] "GET / HTTP/1.1" 200 4125 "-" "Python/3.11 aiohttp/3.9.2"
118.127.40.73 - - [01/Mar/2026:10:45:08 +1000] "GET / HTTP/1.1" 200 4125 "-" "Python/3.11 aiohttp/3.9.2"
118.127.40.73 - - [01/Mar/2026:11:15:09 +1000] "GET / HTTP/1.1" 200 4125 "-" "Python/3.11 aiohttp/3.9.2"
118.127.40.73 - - [01/Mar/2026:11:45:10 +1000] "GET / HTTP/1.1" 200 4125 "-" "Python/3.11 aiohttp/3.9.2"
118.127.40.73 - - [01/Mar/2026:12:15:10 +1000] "GET / HTTP/1.1" 200 4125 "-" "Python/3.11 aiohttp/3.9.2"
118.127.40.73 - - [01/Mar/2026:12:45:24 +1000] "GET / HTTP/1.1" 200 4125 "-" "Python/3.11 aiohttp/3.9.2"
118.127.40.73 - - [01/Mar/2026:13:15:09 +1000] "GET / HTTP/1.1" 200 4125 "-" "Python/3.11 aiohttp/3.9.2"
118.127.40.73 - - [01/Mar/2026:13:45:09 +1000] "GET / HTTP/1.1" 200 4125 "-" "Python/3.11 aiohttp/3.9.2"
118.127.40.73 - - [01/Mar/2026:14:15:10 +1000] "GET / HTTP/1.1" 200 4125 "-" "Python/3.11 aiohttp/3.9.2"
118.127.40.73 - - [01/Mar/2026:14:45:10 +1000] "GET / HTTP/1.1" 200 4125 "-" "Python/3.11 aiohttp/3.9.2"
118.127.40.73 - - [01/Mar/2026:15:15:11 +1000] "GET / HTTP/1.1" 200 4125 "-" "Python/3.11 aiohttp/3.9.2"
118.127.40.73 - - [01/Mar/2026:15:45:10 +1000] "GET / HTTP/1.1" 200 4125 "-" "Python/3.11 aiohttp/3.9.2"
118.127.40.73 - - [01/Mar/2026:16:15:11 +1000] "GET / HTTP/1.1" 200 4125 "-" "Python/3.11 aiohttp/3.9.2"
118.127.40.73 - - [01/Mar/2026:16:45:11 +1000] "GET / HTTP/1.1" 200 4125 "-" "Python/3.11 aiohttp/3.9.2"
118.127.40.73 - - [01/Mar/2026:17:15:12 +1000] "GET / HTTP/1.1" 200 4125 "-" "Python/3.11 aiohttp/3.9.2"
118.127.40.73 - - [01/Mar/2026:17:45:10 +1000] "GET / HTTP/1.1" 200 4125 "-" "Python/3.11 aiohttp/3.9.2"
118.127.40.73 - - [01/Mar/2026:18:15:21 +1000] "GET / HTTP/1.1" 200 4125 "-" "Python/3.11 aiohttp/3.9.2"
118.127.40.73 - - [01/Mar/2026:18:45:13 +1000] "GET / HTTP/1.1" 200 4125 "-" "Python/3.11 aiohttp/3.9.2"
118.127.40.73 - - [01/Mar/2026:19:15:15 +1000] "GET / HTTP/1.1" 200 4125 "-" "Python/3.11 aiohttp/3.9.2"
118.127.40.73 - - [01/Mar/2026:19:45:13 +1000] "GET / HTTP/1.1" 200 4125 "-" "Python/3.11 aiohttp/3.9.2"
118.127.40.73 - - [01/Mar/2026:20:15:11 +1000] "GET / HTTP/1.1" 200 4125 "-" "Python/3.11 aiohttp/3.9.2"
118.127.40.73 - - [01/Mar/2026:20:45:13 +1000] "GET / HTTP/1.1" 200 4125 "-" "Python/3.11 aiohttp/3.9.2"
118.127.40.73 - - [01/Mar/2026:21:15:14 +1000] "GET / HTTP/1.1" 200 4125 "-" "Python/3.11 aiohttp/3.9.2"
118.127.40.73 - - [01/Mar/2026:21:45:15 +1000] "GET / HTTP/1.1" 200 4125 "-" "Python/3.11 aiohttp/3.9.2"
118.127.40.73 - - [01/Mar/2026:22:15:13 +1000] "GET / HTTP/1.1" 200 4125 "-" "Python/3.11 aiohttp/3.9.2"
118.127.40.73 - - [01/Mar/2026:22:45:13 +1000] "GET / HTTP/1.1" 200 4125 "-" "Python/3.11 aiohttp/3.9.2"
118.127.40.73 - - [01/Mar/2026:23:15:15 +1000] "GET / HTTP/1.1" 200 4125 "-" "Python/3.11 aiohttp/3.9.2"
118.127.40.73 - - [01/Mar/2026:23:45:13 +1000] "GET / HTTP/1.1" 200 4125 "-" "Python/3.11 aiohttp/3.9.2"
118.127.40.73 - - [02/Mar/2026:00:15:14 +1000] "GET / HTTP/1.1" 200 4125 "-" "Python/3.11 aiohttp/3.9.2"
118.127.40.73 - - [02/Mar/2026:00:45:15 +1000] "GET / HTTP/1.1" 200 4125 "-" "Python/3.11 aiohttp/3.9.2"
74.7.175.148 - - [02/Mar/2026:01:12:42 +1000] "GET /robots.txt HTTP/1.1" 200 24 "-" "Mozilla/5.0 (Macintosh; Intel Mac OS X 10_15_7) AppleWebKit/537.36 (KHTML, like Gecko) Chrome/131.0.0.0 Safari/537.36; compatible; OAI-SearchBot/1.3; robots.txt; +https://openai.com/searchbot"
74.7.242.48 - - [02/Mar/2026:01:12:42 +1000] "GET / HTTP/1.1" 200 4125 "-" "Mozilla/5.0 AppleWebKit/537.36 (KHTML, like Gecko; compatible; GPTBot/1.3; +https://openai.com/gptbot)"
74.7.242.48 - - [02/Mar/2026:01:12:45 +1000] "GET /build/assets/app-Bt-8Raav.js HTTP/1.1" 200 110021 "https://ygv.posscales.com.au/" "Mozilla/5.0 AppleWebKit/537.36 (KHTML, like Gecko; compatible; GPTBot/1.3; +https://openai.com/gptbot)"
74.7.242.48 - - [02/Mar/2026:01:12:48 +1000] "GET /build/assets/app-Dxto2m9p.css HTTP/1.1" 200 140615 "https://ygv.posscales.com.au/" "Mozilla/5.0 AppleWebKit/537.36 (KHTML, like Gecko; compatible; GPTBot/1.3; +https://openai.com/gptbot)"
74.7.242.48 - - [02/Mar/2026:01:12:50 +1000] "GET /forgot-password HTTP/1.1" 200 3333 "https://ygv.posscales.com.au/" "Mozilla/5.0 AppleWebKit/537.36 (KHTML, like Gecko; compatible; GPTBot/1.3; +https://openai.com/gptbot)"
74.7.242.48 - - [02/Mar/2026:01:12:53 +1000] "GET /css/new-css.css HTTP/1.1" 200 14418 "https://ygv.posscales.com.au/" "Mozilla/5.0 AppleWebKit/537.36 (KHTML, like Gecko; compatible; GPTBot/1.3; +https://openai.com/gptbot)"
118.127.40.73 - - [02/Mar/2026:01:15:13 +1000] "GET / HTTP/1.1" 200 4125 "-" "Python/3.11 aiohttp/3.9.2"
118.127.40.73 - - [02/Mar/2026:01:45:14 +1000] "GET / HTTP/1.1" 200 4125 "-" "Python/3.11 aiohttp/3.9.2"
118.127.40.73 - - [02/Mar/2026:02:15:15 +1000] "GET / HTTP/1.1" 200 4125 "-" "Python/3.11 aiohttp/3.9.2"
74.7.244.1 - - [02/Mar/2026:02:16:08 +1000] "GET /robots.txt HTTP/1.1" 200 24 "-" "Mozilla/5.0 (Macintosh; Intel Mac OS X 10_15_7) AppleWebKit/537.36 (KHTML, like Gecko) Chrome/131.0.0.0 Safari/537.36; compatible; OAI-SearchBot/1.3; robots.txt; +https://openai.com/searchbot"
74.7.241.13 - - [02/Mar/2026:02:17:11 +1000] "GET / HTTP/1.1" 500 188400 "-" "Mozilla/5.0 AppleWebKit/537.36 (KHTML, like Gecko; compatible; GPTBot/1.3; +https://openai.com/gptbot)"
118.127.40.73 - - [02/Mar/2026:02:45:14 +1000] "GET / HTTP/1.1" 200 4125 "-" "Python/3.11 aiohttp/3.9.2"
118.127.40.73 - - [02/Mar/2026:03:15:15 +1000] "GET / HTTP/1.1" 200 4125 "-" "Python/3.11 aiohttp/3.9.2"
118.127.40.73 - - [02/Mar/2026:03:45:18 +1000] "GET / HTTP/1.1" 200 4125 "-" "Python/3.11 aiohttp/3.9.2"
118.127.40.73 - - [02/Mar/2026:04:15:23 +1000] "GET / HTTP/1.1" 200 4125 "-" "Python/3.11 aiohttp/3.9.2"
118.127.40.73 - - [02/Mar/2026:04:45:18 +1000] "GET / HTTP/1.1" 200 4125 "-" "Python/3.11 aiohttp/3.9.2"
118.127.40.73 - - [02/Mar/2026:05:15:19 +1000] "GET / HTTP/1.1" 200 4125 "-" "Python/3.11 aiohttp/3.9.2"
118.127.40.73 - - [02/Mar/2026:05:45:16 +1000] "GET / HTTP/1.1" 200 4125 "-" "Python/3.11 aiohttp/3.9.2"
118.127.40.73 - - [02/Mar/2026:06:15:24 +1000] "GET / HTTP/1.1" 200 4125 "-" "Python/3.11 aiohttp/3.9.2"
118.127.40.73 - - [02/Mar/2026:06:45:19 +1000] "GET / HTTP/1.1" 200 4125 "-" "Python/3.11 aiohttp/3.9.2"
118.127.40.73 - - [02/Mar/2026:07:15:18 +1000] "GET / HTTP/1.1" 200 4125 "-" "Python/3.11 aiohttp/3.9.2"
118.127.40.73 - - [02/Mar/2026:07:45:18 +1000] "GET / HTTP/1.1" 200 4125 "-" "Python/3.11 aiohttp/3.9.2"
118.127.40.73 - - [02/Mar/2026:08:15:23 +1000] "GET / HTTP/1.1" 200 4125 "-" "Python/3.11 aiohttp/3.9.2"
204.76.203.25 - - [02/Mar/2026:08:28:52 +1000] "GET /.env HTTP/1.1" 404 6603 "-" "Mozilla/5.0 (Windows NT 10.0; Win64; x64) AppleWebKit/537.36 (KHTML, like Gecko) Chrome/134.0.0.0 Safari/537.3"
118.127.40.73 - - [02/Mar/2026:08:45:17 +1000] "GET / HTTP/1.1" 200 4125 "-" "Python/3.11 aiohttp/3.9.2"
118.127.40.73 - - [02/Mar/2026:09:15:17 +1000] "GET / HTTP/1.1" 200 4125 "-" "Python/3.11 aiohttp/3.9.2"
118.127.40.73 - - [02/Mar/2026:09:45:17 +1000] "GET / HTTP/1.1" 200 4125 "-" "Python/3.11 aiohttp/3.9.2"
118.127.40.73 - - [02/Mar/2026:10:15:23 +1000] "GET / HTTP/1.1" 200 4125 "-" "Python/3.11 aiohttp/3.9.2"
118.127.40.73 - - [02/Mar/2026:10:45:18 +1000] "GET / HTTP/1.1" 200 4125 "-" "Python/3.11 aiohttp/3.9.2"
118.127.40.73 - - [02/Mar/2026:11:15:18 +1000] "GET / HTTP/1.1" 200 4125 "-" "Python/3.11 aiohttp/3.9.2"
118.127.40.73 - - [02/Mar/2026:11:45:19 +1000] "GET / HTTP/1.1" 200 4125 "-" "Python/3.11 aiohttp/3.9.2"
118.127.40.73 - - [02/Mar/2026:12:15:20 +1000] "GET / HTTP/1.1" 200 4125 "-" "Python/3.11 aiohttp/3.9.2"
118.127.40.73 - - [02/Mar/2026:12:45:23 +1000] "GET / HTTP/1.1" 200 4125 "-" "Python/3.11 aiohttp/3.9.2"
118.127.40.73 - - [02/Mar/2026:13:15:20 +1000] "GET / HTTP/1.1" 200 4125 "-" "Python/3.11 aiohttp/3.9.2"
118.127.40.73 - - [02/Mar/2026:13:45:31 +1000] "GET / HTTP/1.1" 200 4125 "-" "Python/3.11 aiohttp/3.9.2"
118.127.40.73 - - [02/Mar/2026:14:15:21 +1000] "GET / HTTP/1.1" 200 4125 "-" "Python/3.11 aiohttp/3.9.2"
118.127.40.73 - - [02/Mar/2026:14:45:22 +1000] "GET / HTTP/1.1" 200 4125 "-" "Python/3.11 aiohttp/3.9.2"
118.127.40.73 - - [02/Mar/2026:15:15:20 +1000] "GET / HTTP/1.1" 200 4125 "-" "Python/3.11 aiohttp/3.9.2"
118.127.40.73 - - [02/Mar/2026:15:45:21 +1000] "GET / HTTP/1.1" 200 4125 "-" "Python/3.11 aiohttp/3.9.2"
118.127.40.73 - - [02/Mar/2026:16:15:22 +1000] "GET / HTTP/1.1" 200 4125 "-" "Python/3.11 aiohttp/3.9.2"
118.127.40.73 - - [02/Mar/2026:16:45:21 +1000] "GET / HTTP/1.1" 200 4125 "-" "Python/3.11 aiohttp/3.9.2"
118.127.40.73 - - [02/Mar/2026:17:15:21 +1000] "GET / HTTP/1.1" 200 4125 "-" "Python/3.11 aiohttp/3.9.2"
118.127.40.73 - - [02/Mar/2026:17:45:21 +1000] "GET / HTTP/1.1" 200 4125 "-" "Python/3.11 aiohttp/3.9.2"
118.127.40.73 - - [02/Mar/2026:18:15:23 +1000] "GET / HTTP/1.1" 200 4125 "-" "Python/3.11 aiohttp/3.9.2"
118.127.40.73 - - [02/Mar/2026:18:45:24 +1000] "GET / HTTP/1.1" 200 4125 "-" "Python/3.11 aiohttp/3.9.2"
118.127.40.73 - - [02/Mar/2026:19:15:22 +1000] "GET / HTTP/1.1" 200 4125 "-" "Python/3.11 aiohttp/3.9.2"
118.127.40.73 - - [02/Mar/2026:19:45:25 +1000] "GET / HTTP/1.1" 200 4125 "-" "Python/3.11 aiohttp/3.9.2"
195.178.110.157 - - [02/Mar/2026:20:12:27 +1000] "GET /.git/config HTTP/1.1" 404 6603 "-" "Mozilla/5.0 (Windows NT 10.0; Win64; x64) AppleWebKit/537.36 (KHTML, like Gecko) Chrome/122.0.0.0 Safari/537.36"
118.127.40.73 - - [02/Mar/2026:20:15:23 +1000] "GET / HTTP/1.1" 200 4125 "-" "Python/3.11 aiohttp/3.9.2"
3.139.242.79 - - [02/Mar/2026:20:23:12 +1000] "GET / HTTP/1.1" 200 4125 "-" "visionheight.com/scan Mozilla/5.0 (Macintosh; Intel Mac OS X 10_15_7) Chrome/126.0.0.0 Safari/537.36"
118.127.40.73 - - [02/Mar/2026:20:45:23 +1000] "GET / HTTP/1.1" 200 4125 "-" "Python/3.11 aiohttp/3.9.2"
118.127.40.73 - - [02/Mar/2026:21:15:23 +1000] "GET / HTTP/1.1" 200 4125 "-" "Python/3.11 aiohttp/3.9.2"
71.6.134.235 - - [02/Mar/2026:21:18:22 +1000] "GET / HTTP/1.1" 200 4125 "-" "Mozilla/5.0 (Windows NT 10.0; Win64; x64) AppleWebKit/537.36 (KHTML, like Gecko) Chrome/133.0.0.0 Safari/537.36"
71.6.134.235 - - [02/Mar/2026:21:22:17 +1000] "GET /favicon.ico HTTP/1.1" 200 - "-" "Mozilla/5.0 (Windows NT 10.0; Win64; x64) AppleWebKit/537.36 (KHTML, like Gecko) Chrome/133.0.0.0 Safari/537.36"
118.127.40.73 - - [02/Mar/2026:21:45:23 +1000] "GET / HTTP/1.1" 200 4125 "-" "Python/3.11 aiohttp/3.9.2"
118.127.40.73 - - [02/Mar/2026:22:15:27 +1000] "GET / HTTP/1.1" 200 4125 "-" "Python/3.11 aiohttp/3.9.2"
118.127.40.73 - - [02/Mar/2026:22:45:25 +1000] "GET / HTTP/1.1" 200 4125 "-" "Python/3.11 aiohttp/3.9.2"
74.7.244.61 - - [02/Mar/2026:23:01:05 +1000] "GET /robots.txt HTTP/1.1" 200 24 "-" "Mozilla/5.0 (Macintosh; Intel Mac OS X 10_15_7) AppleWebKit/537.36 (KHTML, like Gecko) Chrome/131.0.0.0 Safari/537.36; compatible; OAI-SearchBot/1.3; robots.txt; +https://openai.com/searchbot"
118.127.40.73 - - [02/Mar/2026:23:15:23 +1000] "GET / HTTP/1.1" 200 4125 "-" "Python/3.11 aiohttp/3.9.2"
206.168.34.114 - - [02/Mar/2026:23:19:25 +1000] "GET / HTTP/1.1" 500 409552 "-" "Mozilla/5.0 (compatible; CensysInspect/1.1; +https://about.censys.io/)"
206.168.34.114 - - [02/Mar/2026:23:20:13 +1000] "GET / HTTP/1.1" 421 362 "-" "Mozilla/5.0 (compatible; CensysInspect/1.1; +https://about.censys.io/)"
118.127.40.73 - - [02/Mar/2026:23:45:23 +1000] "GET / HTTP/1.1" 200 4125 "-" "Python/3.11 aiohttp/3.9.2"
118.127.40.73 - - [03/Mar/2026:00:15:25 +1000] "GET / HTTP/1.1" 200 4125 "-" "Python/3.11 aiohttp/3.9.2"
118.127.40.73 - - [03/Mar/2026:00:45:25 +1000] "GET / HTTP/1.1" 200 4125 "-" "Python/3.11 aiohttp/3.9.2"
185.247.137.22 - - [03/Mar/2026:00:59:07 +1000] "GET / HTTP/1.1" 500 1075990 "-" "Mozilla/5.0 (compatible; InternetMeasurement/1.0; +https://internet-measurement.com/)"
118.127.40.73 - - [03/Mar/2026:01:15:24 +1000] "GET / HTTP/1.1" 200 4125 "-" "Python/3.11 aiohttp/3.9.2"
198.235.24.22 - - [03/Mar/2026:01:30:43 +1000] "GET / HTTP/1.1" 500 1076192 "-" "Hello from Palo Alto Networks, find out more about our scans in https://docs-cortex.paloaltonetworks.com/r/1/Cortex-Xpanse/Scanning-activity"
118.127.40.73 - - [03/Mar/2026:01:45:24 +1000] "GET / HTTP/1.1" 200 4125 "-" "Python/3.11 aiohttp/3.9.2"
118.127.40.73 - - [03/Mar/2026:02:15:26 +1000] "GET / HTTP/1.1" 200 4125 "-" "Python/3.11 aiohttp/3.9.2"
118.127.40.73 - - [03/Mar/2026:02:45:25 +1000] "GET / HTTP/1.1" 200 4125 "-" "Python/3.11 aiohttp/3.9.2"
118.127.40.73 - - [03/Mar/2026:03:15:25 +1000] "GET / HTTP/1.1" 200 4125 "-" "Python/3.11 aiohttp/3.9.2"
118.127.40.73 - - [03/Mar/2026:03:45:29 +1000] "GET / HTTP/1.1" 200 4125 "-" "Python/3.11 aiohttp/3.9.2"
118.127.40.73 - - [03/Mar/2026:04:15:35 +1000] "GET / HTTP/1.1" 200 4125 "-" "Python/3.11 aiohttp/3.9.2"
118.127.40.73 - - [03/Mar/2026:04:45:27 +1000] "GET / HTTP/1.1" 200 4125 "-" "Python/3.11 aiohttp/3.9.2"
118.127.40.73 - - [03/Mar/2026:05:15:26 +1000] "GET / HTTP/1.1" 200 4125 "-" "Python/3.11 aiohttp/3.9.2"
118.127.40.73 - - [03/Mar/2026:05:45:27 +1000] "GET / HTTP/1.1" 200 4125 "-" "Python/3.11 aiohttp/3.9.2"
205.210.31.134 - - [03/Mar/2026:05:48:00 +1000] "GET / HTTP/1.1" 500 1076188 "-" "Hello from Palo Alto Networks, find out more about our scans in https://docs-cortex.paloaltonetworks.com/r/1/Cortex-Xpanse/Scanning-activity"
118.127.40.73 - - [03/Mar/2026:06:15:26 +1000] "GET / HTTP/1.1" 200 4125 "-" "Python/3.11 aiohttp/3.9.2"
118.127.40.73 - - [03/Mar/2026:06:45:27 +1000] "GET / HTTP/1.1" 200 4125 "-" "Python/3.11 aiohttp/3.9.2"
118.127.40.73 - - [03/Mar/2026:07:15:27 +1000] "GET / HTTP/1.1" 200 4125 "-" "Python/3.11 aiohttp/3.9.2"
118.127.40.73 - - [03/Mar/2026:07:45:28 +1000] "GET / HTTP/1.1" 200 4125 "-" "Python/3.11 aiohttp/3.9.2"
118.127.40.73 - - [03/Mar/2026:08:15:33 +1000] "GET / HTTP/1.1" 200 4125 "-" "Python/3.11 aiohttp/3.9.2"
118.127.40.73 - - [03/Mar/2026:08:45:29 +1000] "GET / HTTP/1.1" 200 4125 "-" "Python/3.11 aiohttp/3.9.2"
118.127.40.73 - - [03/Mar/2026:09:15:29 +1000] "GET / HTTP/1.1" 200 4125 "-" "Python/3.11 aiohttp/3.9.2"
118.127.40.73 - - [03/Mar/2026:09:45:30 +1000] "GET / HTTP/1.1" 200 4125 "-" "Python/3.11 aiohttp/3.9.2"
118.127.40.73 - - [03/Mar/2026:10:15:28 +1000] "GET / HTTP/1.1" 200 4125 "-" "Python/3.11 aiohttp/3.9.2"
118.127.40.73 - - [03/Mar/2026:10:45:28 +1000] "GET / HTTP/1.1" 200 4125 "-" "Python/3.11 aiohttp/3.9.2"
118.127.40.73 - - [03/Mar/2026:11:15:28 +1000] "GET / HTTP/1.1" 200 4125 "-" "Python/3.11 aiohttp/3.9.2"
118.127.40.73 - - [03/Mar/2026:11:45:31 +1000] "GET / HTTP/1.1" 200 4125 "-" "Python/3.11 aiohttp/3.9.2"
118.127.40.73 - - [03/Mar/2026:12:15:31 +1000] "GET / HTTP/1.1" 200 4125 "-" "Python/3.11 aiohttp/3.9.2"
118.127.40.73 - - [03/Mar/2026:12:45:33 +1000] "GET / HTTP/1.1" 200 4125 "-" "Python/3.11 aiohttp/3.9.2"
118.127.40.73 - - [03/Mar/2026:13:15:32 +1000] "GET / HTTP/1.1" 200 4125 "-" "Python/3.11 aiohttp/3.9.2"
118.127.40.73 - - [03/Mar/2026:13:45:56 +1000] "GET / HTTP/1.1" 200 4125 "-" "Python/3.11 aiohttp/3.9.2"
74.7.230.8 - - [03/Mar/2026:13:57:08 +1000] "GET /robots.txt HTTP/1.1" 200 24 "-" "Mozilla/5.0 (Macintosh; Intel Mac OS X 10_15_7) AppleWebKit/537.36 (KHTML, like Gecko) Chrome/131.0.0.0 Safari/537.36; compatible; OAI-SearchBot/1.3; robots.txt; +https://openai.com/searchbot"
118.127.40.73 - - [03/Mar/2026:14:15:33 +1000] "GET / HTTP/1.1" 200 4125 "-" "Python/3.11 aiohttp/3.9.2"
118.127.40.73 - - [03/Mar/2026:14:45:34 +1000] "GET / HTTP/1.1" 200 4125 "-" "Python/3.11 aiohttp/3.9.2"
118.127.40.73 - - [03/Mar/2026:15:15:33 +1000] "GET / HTTP/1.1" 200 4125 "-" "Python/3.11 aiohttp/3.9.2"
118.127.40.73 - - [03/Mar/2026:15:45:34 +1000] "GET / HTTP/1.1" 200 4125 "-" "Python/3.11 aiohttp/3.9.2"
204.76.203.25 - - [03/Mar/2026:15:56:14 +1000] "GET / HTTP/1.1" 500 1076196 "-" "Mozilla/5.0 (Windows NT 10.0; Win64; x64) AppleWebKit/537.36 (KHTML, like Gecko) Chrome/134.0.0.0 Safari/537.3"
118.127.40.73 - - [03/Mar/2026:16:15:33 +1000] "GET / HTTP/1.1" 200 4125 "-" "Python/3.11 aiohttp/3.9.2"
198.235.24.165 - - [03/Mar/2026:16:39:08 +1000] "GET / HTTP/1.1" 200 4125 "-" "Hello from Palo Alto Networks, find out more about our scans in https://docs-cortex.paloaltonetworks.com/r/1/Cortex-Xpanse/Scanning-activity"
118.127.40.73 - - [03/Mar/2026:16:45:36 +1000] "GET / HTTP/1.1" 200 4125 "-" "Python/3.11 aiohttp/3.9.2"
74.7.228.40 - - [03/Mar/2026:17:08:30 +1000] "GET /robots.txt HTTP/1.1" 200 24 "-" "Mozilla/5.0 (Macintosh; Intel Mac OS X 10_15_7) AppleWebKit/537.36 (KHTML, like Gecko) Chrome/131.0.0.0 Safari/537.36; compatible; OAI-SearchBot/1.3; robots.txt; +https://openai.com/searchbot"
118.127.40.73 - - [03/Mar/2026:17:15:34 +1000] "GET / HTTP/1.1" 200 4125 "-" "Python/3.11 aiohttp/3.9.2"
118.127.40.73 - - [03/Mar/2026:17:45:34 +1000] "GET / HTTP/1.1" 200 4125 "-" "Python/3.11 aiohttp/3.9.2"
118.127.40.73 - - [03/Mar/2026:18:15:34 +1000] "GET / HTTP/1.1" 200 4125 "-" "Python/3.11 aiohttp/3.9.2"
118.127.40.73 - - [03/Mar/2026:18:45:36 +1000] "GET / HTTP/1.1" 200 4125 "-" "Python/3.11 aiohttp/3.9.2"
118.127.40.73 - - [03/Mar/2026:19:15:36 +1000] "GET / HTTP/1.1" 200 4125 "-" "Python/3.11 aiohttp/3.9.2"
118.127.40.73 - - [03/Mar/2026:19:45:35 +1000] "GET / HTTP/1.1" 200 4125 "-" "Python/3.11 aiohttp/3.9.2"
118.127.40.73 - - [03/Mar/2026:20:15:35 +1000] "GET / HTTP/1.1" 200 4125 "-" "Python/3.11 aiohttp/3.9.2"
118.127.40.73 - - [03/Mar/2026:20:45:36 +1000] "GET / HTTP/1.1" 200 4125 "-" "Python/3.11 aiohttp/3.9.2"
118.127.40.73 - - [03/Mar/2026:21:15:35 +1000] "GET / HTTP/1.1" 200 4125 "-" "Python/3.11 aiohttp/3.9.2"
118.127.40.73 - - [03/Mar/2026:21:45:35 +1000] "GET / HTTP/1.1" 200 4125 "-" "Python/3.11 aiohttp/3.9.2"
118.127.40.73 - - [03/Mar/2026:22:15:39 +1000] "GET / HTTP/1.1" 200 4125 "-" "Python/3.11 aiohttp/3.9.2"
118.127.40.73 - - [03/Mar/2026:22:45:36 +1000] "GET / HTTP/1.1" 200 4125 "-" "Python/3.11 aiohttp/3.9.2"
118.127.40.73 - - [03/Mar/2026:23:15:55 +1000] "GET / HTTP/1.1" 200 4125 "-" "Python/3.11 aiohttp/3.9.2"
118.127.40.73 - - [04/Mar/2026:00:12:06 +1000] "GET / HTTP/1.1" 200 4125 "-" "Python/3.11 aiohttp/3.9.2"
118.127.40.73 - - [04/Mar/2026:00:42:05 +1000] "GET / HTTP/1.1" 200 4125 "-" "Python/3.11 aiohttp/3.9.2"
118.127.40.73 - - [04/Mar/2026:01:12:06 +1000] "GET / HTTP/1.1" 200 4125 "-" "Python/3.11 aiohttp/3.9.2"
118.127.40.73 - - [04/Mar/2026:01:42:06 +1000] "GET / HTTP/1.1" 200 4125 "-" "Python/3.11 aiohttp/3.9.2"
118.127.40.73 - - [04/Mar/2026:02:12:07 +1000] "GET / HTTP/1.1" 200 4125 "-" "Python/3.11 aiohttp/3.9.2"
118.127.40.73 - - [04/Mar/2026:02:42:06 +1000] "GET / HTTP/1.1" 200 4125 "-" "Python/3.11 aiohttp/3.9.2"
185.247.137.156 - - [04/Mar/2026:02:46:20 +1000] "GET / HTTP/1.1" 500 1076084 "-" "Mozilla/5.0 (compatible; InternetMeasurement/1.0; +https://internet-measurement.com/)"
118.127.40.73 - - [04/Mar/2026:03:12:07 +1000] "GET / HTTP/1.1" 200 4125 "-" "Python/3.11 aiohttp/3.9.2"
118.127.40.73 - - [04/Mar/2026:03:42:07 +1000] "GET / HTTP/1.1" 200 4125 "-" "Python/3.11 aiohttp/3.9.2"
118.127.40.73 - - [04/Mar/2026:04:12:07 +1000] "GET / HTTP/1.1" 200 4125 "-" "Python/3.11 aiohttp/3.9.2"
118.127.40.73 - - [04/Mar/2026:04:42:07 +1000] "GET / HTTP/1.1" 200 4125 "-" "Python/3.11 aiohttp/3.9.2"
118.127.40.73 - - [04/Mar/2026:05:12:09 +1000] "GET / HTTP/1.1" 200 4125 "-" "Python/3.11 aiohttp/3.9.2"
118.127.40.73 - - [04/Mar/2026:05:42:09 +1000] "GET / HTTP/1.1" 200 4125 "-" "Python/3.11 aiohttp/3.9.2"
118.127.40.73 - - [04/Mar/2026:06:12:07 +1000] "GET / HTTP/1.1" 200 4125 "-" "Python/3.11 aiohttp/3.9.2"
118.127.40.73 - - [04/Mar/2026:06:42:08 +1000] "GET / HTTP/1.1" 200 4125 "-" "Python/3.11 aiohttp/3.9.2"
118.127.40.73 - - [04/Mar/2026:07:12:08 +1000] "GET / HTTP/1.1" 200 4125 "-" "Python/3.11 aiohttp/3.9.2"
118.127.40.73 - - [04/Mar/2026:07:42:09 +1000] "GET / HTTP/1.1" 200 4125 "-" "Python/3.11 aiohttp/3.9.2"
118.127.40.73 - - [04/Mar/2026:08:12:08 +1000] "GET / HTTP/1.1" 200 4125 "-" "Python/3.11 aiohttp/3.9.2"
118.127.40.73 - - [04/Mar/2026:08:42:09 +1000] "GET / HTTP/1.1" 200 4125 "-" "Python/3.11 aiohttp/3.9.2"
118.127.40.73 - - [04/Mar/2026:09:12:08 +1000] "GET / HTTP/1.1" 200 4125 "-" "Python/3.11 aiohttp/3.9.2"
118.127.40.73 - - [04/Mar/2026:09:42:09 +1000] "GET / HTTP/1.1" 200 4125 "-" "Python/3.11 aiohttp/3.9.2"
118.127.40.73 - - [04/Mar/2026:10:12:09 +1000] "GET / HTTP/1.1" 200 4125 "-" "Python/3.11 aiohttp/3.9.2"
118.127.40.73 - - [04/Mar/2026:10:42:10 +1000] "GET / HTTP/1.1" 200 4125 "-" "Python/3.11 aiohttp/3.9.2"
71.6.134.234 - - [04/Mar/2026:10:45:44 +1000] "GET / HTTP/1.1" 200 4125 "-" "Mozilla/5.0 (Windows NT 10.0; Win64; x64) AppleWebKit/537.36 (KHTML, like Gecko) Chrome/133.0.0.0 Safari/537.36"
71.6.134.234 - - [04/Mar/2026:10:46:04 +1000] "GET /favicon.ico HTTP/1.1" 200 - "-" "Mozilla/5.0 (Windows NT 10.0; Win64; x64) AppleWebKit/537.36 (KHTML, like Gecko) Chrome/133.0.0.0 Safari/537.36"
118.127.40.73 - - [04/Mar/2026:11:12:09 +1000] "GET / HTTP/1.1" 200 4125 "-" "Python/3.11 aiohttp/3.9.2"
118.127.40.73 - - [04/Mar/2026:11:42:10 +1000] "GET / HTTP/1.1" 200 4125 "-" "Python/3.11 aiohttp/3.9.2"
118.127.40.73 - - [04/Mar/2026:12:12:10 +1000] "GET / HTTP/1.1" 200 4125 "-" "Python/3.11 aiohttp/3.9.2"
118.127.40.73 - - [04/Mar/2026:12:42:10 +1000] "GET / HTTP/1.1" 200 4125 "-" "Python/3.11 aiohttp/3.9.2"
118.127.40.73 - - [04/Mar/2026:13:12:10 +1000] "GET / HTTP/1.1" 200 4125 "-" "Python/3.11 aiohttp/3.9.2"
118.127.40.73 - - [04/Mar/2026:13:42:10 +1000] "GET / HTTP/1.1" 200 4125 "-" "Python/3.11 aiohttp/3.9.2"
118.127.40.73 - - [04/Mar/2026:14:12:11 +1000] "GET / HTTP/1.1" 200 4125 "-" "Python/3.11 aiohttp/3.9.2"
118.127.40.73 - - [04/Mar/2026:14:42:11 +1000] "GET / HTTP/1.1" 200 4125 "-" "Python/3.11 aiohttp/3.9.2"
118.127.40.73 - - [04/Mar/2026:15:12:12 +1000] "GET / HTTP/1.1" 200 4125 "-" "Python/3.11 aiohttp/3.9.2"
118.127.40.73 - - [04/Mar/2026:15:42:11 +1000] "GET / HTTP/1.1" 200 4125 "-" "Python/3.11 aiohttp/3.9.2"
118.127.40.73 - - [04/Mar/2026:16:12:11 +1000] "GET / HTTP/1.1" 200 4125 "-" "Python/3.11 aiohttp/3.9.2"
118.127.40.73 - - [04/Mar/2026:16:42:12 +1000] "GET / HTTP/1.1" 200 4125 "-" "Python/3.11 aiohttp/3.9.2"
118.127.40.73 - - [04/Mar/2026:17:12:12 +1000] "GET / HTTP/1.1" 200 4125 "-" "Python/3.11 aiohttp/3.9.2"
118.127.40.73 - - [04/Mar/2026:17:42:13 +1000] "GET / HTTP/1.1" 200 4125 "-" "Python/3.11 aiohttp/3.9.2"
118.127.40.73 - - [04/Mar/2026:18:12:12 +1000] "GET / HTTP/1.1" 200 4125 "-" "Python/3.11 aiohttp/3.9.2"
74.7.241.152 - - [04/Mar/2026:18:37:34 +1000] "GET /robots.txt HTTP/1.1" 200 24 "-" "Mozilla/5.0 (Macintosh; Intel Mac OS X 10_15_7) AppleWebKit/537.36 (KHTML, like Gecko) Chrome/131.0.0.0 Safari/537.36; compatible; OAI-SearchBot/1.3; robots.txt; +https://openai.com/searchbot"
74.7.227.36 - - [04/Mar/2026:18:37:34 +1000] "GET / HTTP/1.1" 500 155632 "-" "Mozilla/5.0 AppleWebKit/537.36 (KHTML, like Gecko; compatible; GPTBot/1.3; +https://openai.com/gptbot)"
118.127.40.73 - - [04/Mar/2026:18:42:13 +1000] "GET / HTTP/1.1" 200 4125 "-" "Python/3.11 aiohttp/3.9.2"
118.127.40.73 - - [04/Mar/2026:19:12:15 +1000] "GET / HTTP/1.1" 200 4125 "-" "Python/3.11 aiohttp/3.9.2"
204.76.203.25 - - [04/Mar/2026:19:36:39 +1000] "GET / HTTP/1.1" 200 4125 "-" "Mozilla/5.0 (Windows NT 10.0; Win64; x64) AppleWebKit/537.36 (KHTML, like Gecko) Chrome/134.0.0.0 Safari/537.3"
118.127.40.73 - - [04/Mar/2026:19:42:13 +1000] "GET / HTTP/1.1" 200 4125 "-" "Python/3.11 aiohttp/3.9.2"
118.127.40.73 - - [04/Mar/2026:20:12:14 +1000] "GET / HTTP/1.1" 200 4125 "-" "Python/3.11 aiohttp/3.9.2"
118.127.40.73 - - [04/Mar/2026:20:42:14 +1000] "GET / HTTP/1.1" 200 4125 "-" "Python/3.11 aiohttp/3.9.2"
118.127.40.73 - - [04/Mar/2026:21:12:14 +1000] "GET / HTTP/1.1" 200 4125 "-" "Python/3.11 aiohttp/3.9.2"
118.127.40.73 - - [04/Mar/2026:21:42:14 +1000] "GET / HTTP/1.1" 200 4125 "-" "Python/3.11 aiohttp/3.9.2"
118.127.40.73 - - [04/Mar/2026:22:12:14 +1000] "GET / HTTP/1.1" 200 4125 "-" "Python/3.11 aiohttp/3.9.2"
118.127.40.73 - - [04/Mar/2026:22:42:15 +1000] "GET / HTTP/1.1" 200 4125 "-" "Python/3.11 aiohttp/3.9.2"
118.127.40.73 - - [04/Mar/2026:23:12:14 +1000] "GET / HTTP/1.1" 200 4125 "-" "Python/3.11 aiohttp/3.9.2"
118.127.40.73 - - [04/Mar/2026:23:42:14 +1000] "GET / HTTP/1.1" 200 4125 "-" "Python/3.11 aiohttp/3.9.2"
74.7.175.184 - - [04/Mar/2026:23:49:19 +1000] "GET /robots.txt HTTP/1.1" 200 24 "-" "Mozilla/5.0 (Macintosh; Intel Mac OS X 10_15_7) AppleWebKit/537.36 (KHTML, like Gecko) Chrome/131.0.0.0 Safari/537.36; compatible; OAI-SearchBot/1.3; robots.txt; +https://openai.com/searchbot"
74.7.241.2 - - [04/Mar/2026:23:49:20 +1000] "GET / HTTP/1.1" 200 4125 "-" "Mozilla/5.0 AppleWebKit/537.36 (KHTML, like Gecko; compatible; GPTBot/1.3; +https://openai.com/gptbot)"
118.127.40.73 - - [05/Mar/2026:00:12:15 +1000] "GET / HTTP/1.1" 200 4125 "-" "Python/3.11 aiohttp/3.9.2"
118.127.40.73 - - [05/Mar/2026:00:42:15 +1000] "GET / HTTP/1.1" 200 4125 "-" "Python/3.11 aiohttp/3.9.2"
118.127.40.73 - - [05/Mar/2026:01:12:15 +1000] "GET / HTTP/1.1" 200 4125 "-" "Python/3.11 aiohttp/3.9.2"
118.127.40.73 - - [05/Mar/2026:01:42:15 +1000] "GET / HTTP/1.1" 200 4125 "-" "Python/3.11 aiohttp/3.9.2"
118.127.40.73 - - [05/Mar/2026:02:12:16 +1000] "GET / HTTP/1.1" 200 4125 "-" "Python/3.11 aiohttp/3.9.2"
118.127.40.73 - - [05/Mar/2026:02:42:19 +1000] "GET / HTTP/1.1" 200 4125 "-" "Python/3.11 aiohttp/3.9.2"
118.127.40.73 - - [05/Mar/2026:03:12:17 +1000] "GET / HTTP/1.1" 200 4125 "-" "Python/3.11 aiohttp/3.9.2"
118.127.40.73 - - [05/Mar/2026:03:42:16 +1000] "GET / HTTP/1.1" 200 4125 "-" "Python/3.11 aiohttp/3.9.2"
118.127.40.73 - - [05/Mar/2026:04:12:17 +1000] "GET / HTTP/1.1" 200 4125 "-" "Python/3.11 aiohttp/3.9.2"
118.127.40.73 - - [05/Mar/2026:04:42:17 +1000] "GET / HTTP/1.1" 200 4125 "-" "Python/3.11 aiohttp/3.9.2"
118.127.40.73 - - [05/Mar/2026:05:12:17 +1000] "GET / HTTP/1.1" 200 4125 "-" "Python/3.11 aiohttp/3.9.2"
118.127.40.73 - - [05/Mar/2026:05:42:18 +1000] "GET / HTTP/1.1" 200 4125 "-" "Python/3.11 aiohttp/3.9.2"
118.127.40.73 - - [05/Mar/2026:06:12:19 +1000] "GET / HTTP/1.1" 200 4125 "-" "Python/3.11 aiohttp/3.9.2"
118.127.40.73 - - [05/Mar/2026:06:42:18 +1000] "GET / HTTP/1.1" 200 4125 "-" "Python/3.11 aiohttp/3.9.2"
118.127.40.73 - - [05/Mar/2026:07:12:18 +1000] "GET / HTTP/1.1" 200 4125 "-" "Python/3.11 aiohttp/3.9.2"
118.127.40.73 - - [05/Mar/2026:07:42:18 +1000] "GET / HTTP/1.1" 200 4125 "-" "Python/3.11 aiohttp/3.9.2"
118.127.40.73 - - [05/Mar/2026:08:12:18 +1000] "GET / HTTP/1.1" 200 4125 "-" "Python/3.11 aiohttp/3.9.2"
118.127.40.73 - - [05/Mar/2026:08:42:19 +1000] "GET / HTTP/1.1" 200 4125 "-" "Python/3.11 aiohttp/3.9.2"
118.127.40.73 - - [05/Mar/2026:09:12:22 +1000] "GET / HTTP/1.1" 200 4125 "-" "Python/3.11 aiohttp/3.9.2"
118.127.40.73 - - [05/Mar/2026:09:42:20 +1000] "GET / HTTP/1.1" 200 4125 "-" "Python/3.11 aiohttp/3.9.2"
118.127.40.73 - - [05/Mar/2026:10:12:20 +1000] "GET / HTTP/1.1" 200 4125 "-" "Python/3.11 aiohttp/3.9.2"
118.127.40.73 - - [05/Mar/2026:10:42:19 +1000] "GET / HTTP/1.1" 200 4125 "-" "Python/3.11 aiohttp/3.9.2"
118.127.40.73 - - [05/Mar/2026:11:12:20 +1000] "GET / HTTP/1.1" 200 4125 "-" "Python/3.11 aiohttp/3.9.2"
118.127.40.73 - - [05/Mar/2026:11:42:21 +1000] "GET / HTTP/1.1" 200 4125 "-" "Python/3.11 aiohttp/3.9.2"
139.64.164.4 - - [05/Mar/2026:11:44:48 +1000] "GET /admin/login HTTP/1.1" 200 43103 "-" "Mozilla/5.0 (Windows NT 10.0; Win64; x64; rv:128.0) Gecko/20100101 Firefox/128.0"
139.64.164.4 - - [05/Mar/2026:11:44:48 +1000] "POST /livewire/update HTTP/1.1" 200 35942 "-" "Mozilla/5.0 (Windows NT 10.0; Win64; x64; rv:128.0) Gecko/20100101 Firefox/128.0"
139.64.164.4 - - [05/Mar/2026:11:44:49 +1000] "POST /livewire/update HTTP/1.1" 200 34398 "-" "Mozilla/5.0 (Windows NT 10.0; Win64; x64; rv:128.0) Gecko/20100101 Firefox/128.0"
139.64.164.4 - - [05/Mar/2026:11:44:49 +1000] "POST /livewire/update HTTP/1.1" 200 35942 "-" "Mozilla/5.0 (Windows NT 10.0; Win64; x64; rv:128.0) Gecko/20100101 Firefox/128.0"
139.64.164.4 - - [05/Mar/2026:11:44:49 +1000] "POST /livewire/update HTTP/1.1" 200 34449 "-" "Mozilla/5.0 (Windows NT 10.0; Win64; x64; rv:128.0) Gecko/20100101 Firefox/128.0"
139.64.164.4 - - [05/Mar/2026:11:44:50 +1000] "POST /livewire/update HTTP/1.1" 200 35993 "-" "Mozilla/5.0 (Windows NT 10.0; Win64; x64; rv:128.0) Gecko/20100101 Firefox/128.0"
139.64.164.4 - - [05/Mar/2026:11:45:28 +1000] "POST /livewire/update HTTP/1.1" 200 34449 "-" "Mozilla/5.0 (Windows NT 10.0; Win64; x64; rv:128.0) Gecko/20100101 Firefox/128.0"
139.64.164.4 - - [05/Mar/2026:11:45:28 +1000] "POST /livewire/update HTTP/1.1" 200 35993 "-" "Mozilla/5.0 (Windows NT 10.0; Win64; x64; rv:128.0) Gecko/20100101 Firefox/128.0"
139.64.164.4 - - [05/Mar/2026:11:45:29 +1000] "POST /livewire/update HTTP/1.1" 200 34449 "-" "Mozilla/5.0 (Windows NT 10.0; Win64; x64; rv:128.0) Gecko/20100101 Firefox/128.0"
139.64.164.4 - - [05/Mar/2026:11:45:29 +1000] "POST /livewire/update HTTP/1.1" 200 35993 "-" "Mozilla/5.0 (Windows NT 10.0; Win64; x64; rv:128.0) Gecko/20100101 Firefox/128.0"
139.64.164.4 - - [05/Mar/2026:11:45:30 +1000] "POST /livewire/update HTTP/1.1" 200 34465 "-" "Mozilla/5.0 (Windows NT 10.0; Win64; x64; rv:128.0) Gecko/20100101 Firefox/128.0"
139.64.164.4 - - [05/Mar/2026:11:45:31 +1000] "POST /livewire/update HTTP/1.1" 200 36009 "-" "Mozilla/5.0 (Windows NT 10.0; Win64; x64; rv:128.0) Gecko/20100101 Firefox/128.0"
139.64.164.4 - - [05/Mar/2026:11:45:32 +1000] "POST /livewire/update HTTP/1.1" 200 34465 "-" "Mozilla/5.0 (Windows NT 10.0; Win64; x64; rv:128.0) Gecko/20100101 Firefox/128.0"
139.64.164.4 - - [05/Mar/2026:11:45:32 +1000] "POST /livewire/update HTTP/1.1" 200 36009 "-" "Mozilla/5.0 (Windows NT 10.0; Win64; x64; rv:128.0) Gecko/20100101 Firefox/128.0"
139.64.164.4 - - [05/Mar/2026:11:45:33 +1000] "POST /livewire/update HTTP/1.1" 200 34449 "-" "Mozilla/5.0 (Windows NT 10.0; Win64; x64; rv:128.0) Gecko/20100101 Firefox/128.0"
139.64.164.4 - - [05/Mar/2026:11:45:33 +1000] "POST /livewire/update HTTP/1.1" 200 35993 "-" "Mozilla/5.0 (Windows NT 10.0; Win64; x64; rv:128.0) Gecko/20100101 Firefox/128.0"
139.64.164.4 - - [05/Mar/2026:11:45:34 +1000] "POST /livewire/update HTTP/1.1" 500 1201942 "-" "Mozilla/5.0 (Windows NT 10.0; Win64; x64; rv:128.0) Gecko/20100101 Firefox/128.0"
139.64.164.4 - - [05/Mar/2026:11:45:38 +1000] "POST /livewire/update HTTP/1.1" 200 34449 "-" "Mozilla/5.0 (Windows NT 10.0; Win64; x64; rv:128.0) Gecko/20100101 Firefox/128.0"
139.64.164.4 - - [05/Mar/2026:11:45:39 +1000] "POST /livewire/update HTTP/1.1" 200 35993 "-" "Mozilla/5.0 (Windows NT 10.0; Win64; x64; rv:128.0) Gecko/20100101 Firefox/128.0"
139.64.164.4 - - [05/Mar/2026:11:45:39 +1000] "POST /livewire/update HTTP/1.1" 200 34449 "-" "Mozilla/5.0 (Windows NT 10.0; Win64; x64; rv:128.0) Gecko/20100101 Firefox/128.0"
139.64.164.4 - - [05/Mar/2026:11:45:40 +1000] "POST /livewire/update HTTP/1.1" 200 35993 "-" "Mozilla/5.0 (Windows NT 10.0; Win64; x64; rv:128.0) Gecko/20100101 Firefox/128.0"
139.64.164.4 - - [05/Mar/2026:11:45:40 +1000] "POST /livewire/update HTTP/1.1" 200 34449 "-" "Mozilla/5.0 (Windows NT 10.0; Win64; x64; rv:128.0) Gecko/20100101 Firefox/128.0"
139.64.164.4 - - [05/Mar/2026:11:45:41 +1000] "POST /livewire/update HTTP/1.1" 200 35993 "-" "Mozilla/5.0 (Windows NT 10.0; Win64; x64; rv:128.0) Gecko/20100101 Firefox/128.0"
139.64.164.4 - - [05/Mar/2026:11:45:41 +1000] "POST /livewire/update HTTP/1.1" 200 34449 "-" "Mozilla/5.0 (Windows NT 10.0; Win64; x64; rv:128.0) Gecko/20100101 Firefox/128.0"
139.64.164.4 - - [05/Mar/2026:11:45:42 +1000] "POST /livewire/update HTTP/1.1" 200 35993 "-" "Mozilla/5.0 (Windows NT 10.0; Win64; x64; rv:128.0) Gecko/20100101 Firefox/128.0"
139.64.164.4 - - [05/Mar/2026:11:45:42 +1000] "POST /livewire/update HTTP/1.1" 200 34449 "-" "Mozilla/5.0 (Windows NT 10.0; Win64; x64; rv:128.0) Gecko/20100101 Firefox/128.0"
139.64.164.4 - - [05/Mar/2026:11:45:43 +1000] "POST /livewire/update HTTP/1.1" 500 1226627 "-" "Mozilla/5.0 (Windows NT 10.0; Win64; x64; rv:128.0) Gecko/20100101 Firefox/128.0"
139.64.164.4 - - [05/Mar/2026:11:45:47 +1000] "POST /livewire/update HTTP/1.1" 200 34449 "-" "Mozilla/5.0 (Windows NT 10.0; Win64; x64; rv:128.0) Gecko/20100101 Firefox/128.0"
139.64.164.4 - - [05/Mar/2026:11:45:48 +1000] "POST /livewire/update HTTP/1.1" 200 35993 "-" "Mozilla/5.0 (Windows NT 10.0; Win64; x64; rv:128.0) Gecko/20100101 Firefox/128.0"
139.64.164.4 - - [05/Mar/2026:11:45:48 +1000] "POST /livewire/update HTTP/1.1" 500 1162760 "-" "Mozilla/5.0 (Windows NT 10.0; Win64; x64; rv:128.0) Gecko/20100101 Firefox/128.0"
139.64.164.4 - - [05/Mar/2026:11:45:54 +1000] "POST /livewire/update HTTP/1.1" 500 1162742 "-" "Mozilla/5.0 (Windows NT 10.0; Win64; x64; rv:128.0) Gecko/20100101 Firefox/128.0"
139.64.164.4 - - [05/Mar/2026:11:45:58 +1000] "POST /livewire/update HTTP/1.1" 500 1185675 "-" "Mozilla/5.0 (Windows NT 10.0; Win64; x64; rv:128.0) Gecko/20100101 Firefox/128.0"
139.64.164.4 - - [05/Mar/2026:11:46:03 +1000] "POST /livewire/update HTTP/1.1" 500 1159846 "-" "Mozilla/5.0 (Windows NT 10.0; Win64; x64; rv:128.0) Gecko/20100101 Firefox/128.0"
139.64.164.4 - - [05/Mar/2026:11:46:07 +1000] "POST /livewire/update HTTP/1.1" 200 897 "-" "Mozilla/5.0 (Windows NT 10.0; Win64; x64; rv:128.0) Gecko/20100101 Firefox/128.0"
139.64.164.4 - - [05/Mar/2026:11:46:07 +1000] "POST /livewire/update HTTP/1.1" 500 1185617 "-" "Mozilla/5.0 (Windows NT 10.0; Win64; x64; rv:128.0) Gecko/20100101 Firefox/128.0"
118.127.40.73 - - [05/Mar/2026:12:12:20 +1000] "GET / HTTP/1.1" 200 4125 "-" "Python/3.11 aiohttp/3.9.2"
118.127.40.73 - - [05/Mar/2026:12:42:22 +1000] "GET / HTTP/1.1" 200 4125 "-" "Python/3.11 aiohttp/3.9.2"
204.76.203.25 - - [05/Mar/2026:13:07:20 +1000] "GET /build/assets/app-Bt-8Raav.js HTTP/1.1" 200 110021 "-" "Mozilla/5.0 (Windows NT 10.0; Win64; x64) AppleWebKit/537.36 (KHTML, like Gecko) Chrome/134.0.0.0 Safari/537.3"
118.127.40.73 - - [05/Mar/2026:13:42:21 +1000] "GET / HTTP/1.1" 200 4125 "-" "Python/3.11 aiohttp/3.9.2"
118.127.40.73 - - [05/Mar/2026:14:12:21 +1000] "GET / HTTP/1.1" 200 4125 "-" "Python/3.11 aiohttp/3.9.2"
118.127.40.73 - - [05/Mar/2026:14:42:21 +1000] "GET / HTTP/1.1" 200 4125 "-" "Python/3.11 aiohttp/3.9.2"
118.127.40.73 - - [05/Mar/2026:15:12:22 +1000] "GET / HTTP/1.1" 200 4125 "-" "Python/3.11 aiohttp/3.9.2"
118.127.40.73 - - [05/Mar/2026:15:42:22 +1000] "GET / HTTP/1.1" 200 4125 "-" "Python/3.11 aiohttp/3.9.2"
118.127.40.73 - - [05/Mar/2026:16:12:22 +1000] "GET / HTTP/1.1" 200 4125 "-" "Python/3.11 aiohttp/3.9.2"
118.127.40.73 - - [05/Mar/2026:16:42:22 +1000] "GET / HTTP/1.1" 200 4125 "-" "Python/3.11 aiohttp/3.9.2"
118.127.40.73 - - [05/Mar/2026:17:12:22 +1000] "GET / HTTP/1.1" 200 4125 "-" "Python/3.11 aiohttp/3.9.2"
118.127.40.73 - - [05/Mar/2026:17:42:23 +1000] "GET / HTTP/1.1" 200 4125 "-" "Python/3.11 aiohttp/3.9.2"
118.127.40.73 - - [05/Mar/2026:18:12:23 +1000] "GET / HTTP/1.1" 200 4125 "-" "Python/3.11 aiohttp/3.9.2"
118.127.40.73 - - [05/Mar/2026:18:42:23 +1000] "GET / HTTP/1.1" 200 4125 "-" "Python/3.11 aiohttp/3.9.2"
118.127.40.73 - - [05/Mar/2026:19:12:23 +1000] "GET / HTTP/1.1" 200 4125 "-" "Python/3.11 aiohttp/3.9.2"
64.227.171.71 - - [05/Mar/2026:19:24:31 +1000] "GET / HTTP/1.1" 500 1077142 "-" "Mozilla/5.0 (X11; Linux x86_64) AppleWebKit/537.36 (KHTML, like Gecko) Chrome/142.0.0.0 Safari/537.36"
64.227.171.71 - - [05/Mar/2026:19:24:37 +1000] "GET /favicon.ico HTTP/1.1" 200 - "https://www.ygv.posscales.com.au/" "Mozilla/5.0 (X11; Linux x86_64) AppleWebKit/537.36 (KHTML, like Gecko) Chrome/142.0.0.0 Safari/537.36"
118.127.40.73 - - [05/Mar/2026:19:42:23 +1000] "GET / HTTP/1.1" 200 4125 "-" "Python/3.11 aiohttp/3.9.2"
118.127.40.73 - - [05/Mar/2026:20:12:24 +1000] "GET / HTTP/1.1" 200 4125 "-" "Python/3.11 aiohttp/3.9.2"
118.127.40.73 - - [05/Mar/2026:20:42:24 +1000] "GET / HTTP/1.1" 200 4125 "-" "Python/3.11 aiohttp/3.9.2"
15.206.205.194 - - [05/Mar/2026:21:02:36 +1000] "GET / HTTP/1.1" 200 4125 "-" "Mozilla/5.0 (Windows NT 10.0; Win64; x64) AppleWebKit/537.36 (KHTML, like Gecko) Chrome/131.0.0.0 Safari/537.36"
15.206.205.194 - - [05/Mar/2026:21:02:37 +1000] "POST / HTTP/1.1" 419 6609 "-" "Mozilla/5.0 (Windows NT 10.0; Win64; x64) AppleWebKit/537.36 (KHTML, like Gecko) Chrome/131.0.0.0 Safari/537.36"
15.206.205.194 - - [05/Mar/2026:21:02:37 +1000] "POST / HTTP/1.1" 419 6609 "-" "Mozilla/5.0 (Windows NT 10.0; Win64; x64) AppleWebKit/537.36 (KHTML, like Gecko) Chrome/131.0.0.0 Safari/537.36"
15.206.205.194 - - [05/Mar/2026:21:02:37 +1000] "POST / HTTP/1.1" 419 6609 "-" "Mozilla/5.0 (Windows NT 10.0; Win64; x64) AppleWebKit/537.36 (KHTML, like Gecko) Chrome/131.0.0.0 Safari/537.36"
65.2.78.85 - - [05/Mar/2026:21:05:10 +1000] "GET / HTTP/1.1" 500 1076322 "-" "Mozilla/5.0 (Windows NT 10.0; Win64; x64) AppleWebKit/537.36 (KHTML, like Gecko) Chrome/131.0.0.0 Safari/537.36"
65.2.78.85 - - [05/Mar/2026:21:05:13 +1000] "POST / HTTP/1.1" 500 1077892 "-" "Mozilla/5.0 (Windows NT 10.0; Win64; x64) AppleWebKit/537.36 (KHTML, like Gecko) Chrome/131.0.0.0 Safari/537.36"
65.2.78.85 - - [05/Mar/2026:21:05:14 +1000] "POST / HTTP/1.1" 500 1077990 "-" "Mozilla/5.0 (Windows NT 10.0; Win64; x64) AppleWebKit/537.36 (KHTML, like Gecko) Chrome/131.0.0.0 Safari/537.36"
65.2.78.85 - - [05/Mar/2026:21:05:16 +1000] "POST / HTTP/1.1" 500 1077650 "-" "Mozilla/5.0 (Windows NT 10.0; Win64; x64) AppleWebKit/537.36 (KHTML, like Gecko) Chrome/131.0.0.0 Safari/537.36"
118.127.40.73 - - [05/Mar/2026:21:12:24 +1000] "GET / HTTP/1.1" 200 4125 "-" "Python/3.11 aiohttp/3.9.2"
118.127.40.73 - - [05/Mar/2026:21:42:24 +1000] "GET / HTTP/1.1" 200 4125 "-" "Python/3.11 aiohttp/3.9.2"
118.127.40.73 - - [05/Mar/2026:22:12:24 +1000] "GET / HTTP/1.1" 200 4125 "-" "Python/3.11 aiohttp/3.9.2"
118.127.40.73 - - [05/Mar/2026:22:42:24 +1000] "GET / HTTP/1.1" 200 4125 "-" "Python/3.11 aiohttp/3.9.2"
118.127.40.73 - - [05/Mar/2026:23:12:25 +1000] "GET / HTTP/1.1" 200 4125 "-" "Python/3.11 aiohttp/3.9.2"
118.127.40.73 - - [05/Mar/2026:23:42:25 +1000] "GET / HTTP/1.1" 200 4125 "-" "Python/3.11 aiohttp/3.9.2"
74.7.241.152 - - [05/Mar/2026:23:54:42 +1000] "GET /robots.txt HTTP/1.1" 200 24 "-" "Mozilla/5.0 (Macintosh; Intel Mac OS X 10_15_7) AppleWebKit/537.36 (KHTML, like Gecko) Chrome/131.0.0.0 Safari/537.36; compatible; OAI-SearchBot/1.3; robots.txt; +https://openai.com/searchbot"
118.127.40.73 - - [06/Mar/2026:00:12:25 +1000] "GET / HTTP/1.1" 200 4125 "-" "Python/3.11 aiohttp/3.9.2"
118.127.40.73 - - [06/Mar/2026:00:42:26 +1000] "GET / HTTP/1.1" 200 4125 "-" "Python/3.11 aiohttp/3.9.2"
74.7.175.184 - - [06/Mar/2026:00:56:26 +1000] "GET /robots.txt HTTP/1.1" 200 24 "-" "Mozilla/5.0 (Macintosh; Intel Mac OS X 10_15_7) AppleWebKit/537.36 (KHTML, like Gecko) Chrome/131.0.0.0 Safari/537.36; compatible; OAI-SearchBot/1.3; robots.txt; +https://openai.com/searchbot"
118.127.40.73 - - [06/Mar/2026:01:12:26 +1000] "GET / HTTP/1.1" 200 4125 "-" "Python/3.11 aiohttp/3.9.2"
118.127.40.73 - - [06/Mar/2026:01:42:26 +1000] "GET / HTTP/1.1" 200 4125 "-" "Python/3.11 aiohttp/3.9.2"
118.127.40.73 - - [06/Mar/2026:02:12:26 +1000] "GET / HTTP/1.1" 200 4125 "-" "Python/3.11 aiohttp/3.9.2"
118.127.40.73 - - [06/Mar/2026:02:42:26 +1000] "GET / HTTP/1.1" 200 4125 "-" "Python/3.11 aiohttp/3.9.2"
118.127.40.73 - - [06/Mar/2026:03:12:26 +1000] "GET / HTTP/1.1" 200 4125 "-" "Python/3.11 aiohttp/3.9.2"
118.127.40.73 - - [06/Mar/2026:03:42:26 +1000] "GET / HTTP/1.1" 200 4125 "-" "Python/3.11 aiohttp/3.9.2"
118.127.40.73 - - [06/Mar/2026:04:12:26 +1000] "GET / HTTP/1.1" 200 4125 "-" "Python/3.11 aiohttp/3.9.2"
118.127.40.73 - - [06/Mar/2026:04:42:27 +1000] "GET / HTTP/1.1" 200 4125 "-" "Python/3.11 aiohttp/3.9.2"
118.127.40.73 - - [06/Mar/2026:05:12:27 +1000] "GET / HTTP/1.1" 200 4125 "-" "Python/3.11 aiohttp/3.9.2"
118.127.40.73 - - [06/Mar/2026:05:42:27 +1000] "GET / HTTP/1.1" 200 4125 "-" "Python/3.11 aiohttp/3.9.2"
118.127.40.73 - - [06/Mar/2026:06:12:27 +1000] "GET / HTTP/1.1" 200 4125 "-" "Python/3.11 aiohttp/3.9.2"
118.127.40.73 - - [06/Mar/2026:06:42:27 +1000] "GET / HTTP/1.1" 200 4125 "-" "Python/3.11 aiohttp/3.9.2"
118.127.40.73 - - [06/Mar/2026:07:12:27 +1000] "GET / HTTP/1.1" 200 4125 "-" "Python/3.11 aiohttp/3.9.2"
118.127.40.73 - - [06/Mar/2026:07:42:27 +1000] "GET / HTTP/1.1" 200 4125 "-" "Python/3.11 aiohttp/3.9.2"
118.127.40.73 - - [06/Mar/2026:08:12:28 +1000] "GET / HTTP/1.1" 200 4125 "-" "Python/3.11 aiohttp/3.9.2"
118.127.40.73 - - [06/Mar/2026:08:42:28 +1000] "GET / HTTP/1.1" 200 4125 "-" "Python/3.11 aiohttp/3.9.2"
118.127.40.73 - - [06/Mar/2026:09:12:28 +1000] "GET / HTTP/1.1" 200 4125 "-" "Python/3.11 aiohttp/3.9.2"
118.127.40.73 - - [06/Mar/2026:09:42:29 +1000] "GET / HTTP/1.1" 200 4125 "-" "Python/3.11 aiohttp/3.9.2"
118.127.40.73 - - [06/Mar/2026:10:12:29 +1000] "GET / HTTP/1.1" 200 4125 "-" "Python/3.11 aiohttp/3.9.2"
118.127.40.73 - - [06/Mar/2026:10:42:29 +1000] "GET / HTTP/1.1" 200 4125 "-" "Python/3.11 aiohttp/3.9.2"
118.127.40.73 - - [06/Mar/2026:11:12:29 +1000] "GET / HTTP/1.1" 200 4125 "-" "Python/3.11 aiohttp/3.9.2"
118.127.40.73 - - [06/Mar/2026:11:42:29 +1000] "GET / HTTP/1.1" 200 4125 "-" "Python/3.11 aiohttp/3.9.2"
118.127.40.73 - - [06/Mar/2026:12:12:29 +1000] "GET / HTTP/1.1" 200 4125 "-" "Python/3.11 aiohttp/3.9.2"
118.127.40.73 - - [06/Mar/2026:12:42:30 +1000] "GET / HTTP/1.1" 200 4125 "-" "Python/3.11 aiohttp/3.9.2"
118.127.40.73 - - [06/Mar/2026:13:12:30 +1000] "GET / HTTP/1.1" 200 4125 "-" "Python/3.11 aiohttp/3.9.2"
101.199.254.233 - - [06/Mar/2026:13:40:27 +1000] "GET / HTTP/1.1" 500 1076284 "-" "Mozilla/5.0 (Macintosh; Intel Mac OS X 10_15_7) AppleWebKit/537.36 (KHTML, like Gecko) Chrome/120.0.0.0 Safari/537.36 Edg/120.0.0.0"
101.199.254.231 - - [06/Mar/2026:13:41:08 +1000] "GET /favicon.ico HTTP/1.1" 200 - "-" "Mozilla/5.0 (Macintosh; Intel Mac OS X 10_15_7) AppleWebKit/537.36 (KHTML, like Gecko) Chrome/120.0.0.0 Safari/537.36 Edg/120.0.0.0"
101.199.254.209 - - [06/Mar/2026:13:41:09 +1000] "GET /robots.txt HTTP/1.1" 200 24 "-" "Mozilla/5.0 (Macintosh; Intel Mac OS X 10_15_7) AppleWebKit/537.36 (KHTML, like Gecko) Chrome/120.0.0.0 Safari/537.36 Edg/120.0.0.0"
101.199.254.231 - - [06/Mar/2026:13:41:11 +1000] "GET /sitemap.xml HTTP/1.1" 404 6603 "-" "Mozilla/5.0 (Macintosh; Intel Mac OS X 10_15_7) AppleWebKit/537.36 (KHTML, like Gecko) Chrome/120.0.0.0 Safari/537.36 Edg/120.0.0.0"
118.127.40.73 - - [06/Mar/2026:13:42:31 +1000] "GET / HTTP/1.1" 200 4125 "-" "Python/3.11 aiohttp/3.9.2"
118.127.40.73 - - [06/Mar/2026:14:12:30 +1000] "GET / HTTP/1.1" 200 4125 "-" "Python/3.11 aiohttp/3.9.2"
118.127.40.73 - - [06/Mar/2026:14:42:30 +1000] "GET / HTTP/1.1" 200 4125 "-" "Python/3.11 aiohttp/3.9.2"
118.127.40.73 - - [06/Mar/2026:15:12:31 +1000] "GET / HTTP/1.1" 200 4125 "-" "Python/3.11 aiohttp/3.9.2"
118.127.40.73 - - [06/Mar/2026:15:42:31 +1000] "GET / HTTP/1.1" 200 4125 "-" "Python/3.11 aiohttp/3.9.2"
118.127.40.73 - - [06/Mar/2026:16:12:31 +1000] "GET / HTTP/1.1" 200 4125 "-" "Python/3.11 aiohttp/3.9.2"
118.127.40.73 - - [06/Mar/2026:16:42:31 +1000] "GET / HTTP/1.1" 200 4125 "-" "Python/3.11 aiohttp/3.9.2"
118.127.40.73 - - [06/Mar/2026:17:12:31 +1000] "GET / HTTP/1.1" 200 4125 "-" "Python/3.11 aiohttp/3.9.2"
118.127.40.73 - - [06/Mar/2026:17:42:32 +1000] "GET / HTTP/1.1" 200 4125 "-" "Python/3.11 aiohttp/3.9.2"
118.127.40.73 - - [06/Mar/2026:18:12:32 +1000] "GET / HTTP/1.1" 200 4125 "-" "Python/3.11 aiohttp/3.9.2"
118.127.40.73 - - [06/Mar/2026:18:42:32 +1000] "GET / HTTP/1.1" 200 4125 "-" "Python/3.11 aiohttp/3.9.2"
118.127.40.73 - - [06/Mar/2026:19:12:32 +1000] "GET / HTTP/1.1" 200 4125 "-" "Python/3.11 aiohttp/3.9.2"
118.127.40.73 - - [06/Mar/2026:19:42:32 +1000] "GET / HTTP/1.1" 200 4125 "-" "Python/3.11 aiohttp/3.9.2"
118.127.40.73 - - [06/Mar/2026:20:12:32 +1000] "GET / HTTP/1.1" 200 4125 "-" "Python/3.11 aiohttp/3.9.2"
118.127.40.73 - - [06/Mar/2026:20:42:33 +1000] "GET / HTTP/1.1" 200 4125 "-" "Python/3.11 aiohttp/3.9.2"
118.127.40.73 - - [06/Mar/2026:21:12:32 +1000] "GET / HTTP/1.1" 200 4125 "-" "Python/3.11 aiohttp/3.9.2"
118.127.40.73 - - [06/Mar/2026:21:42:33 +1000] "GET / HTTP/1.1" 200 4125 "-" "Python/3.11 aiohttp/3.9.2"
185.247.137.148 - - [06/Mar/2026:21:57:51 +1000] "GET / HTTP/1.1" 500 1076088 "-" "Mozilla/5.0 (compatible; InternetMeasurement/1.0; +https://internet-measurement.com/)"
118.127.40.73 - - [06/Mar/2026:22:12:33 +1000] "GET / HTTP/1.1" 200 4125 "-" "Python/3.11 aiohttp/3.9.2"
118.127.40.73 - - [06/Mar/2026:22:42:34 +1000] "GET / HTTP/1.1" 200 4125 "-" "Python/3.11 aiohttp/3.9.2"
118.127.40.73 - - [06/Mar/2026:23:12:33 +1000] "GET / HTTP/1.1" 200 4125 "-" "Python/3.11 aiohttp/3.9.2"
118.127.40.73 - - [06/Mar/2026:23:42:34 +1000] "GET / HTTP/1.1" 200 4125 "-" "Python/3.11 aiohttp/3.9.2"
204.76.203.25 - - [07/Mar/2026:00:06:11 +1000] "GET /.env HTTP/1.1" 404 6603 "-" "Mozilla/5.0 (Windows NT 10.0; Win64; x64) AppleWebKit/537.36 (KHTML, like Gecko) Chrome/134.0.0.0 Safari/537.3"
118.127.40.73 - - [07/Mar/2026:00:12:35 +1000] "GET / HTTP/1.1" 200 4125 "-" "Python/3.11 aiohttp/3.9.2"
118.127.40.73 - - [07/Mar/2026:00:42:34 +1000] "GET / HTTP/1.1" 200 4125 "-" "Python/3.11 aiohttp/3.9.2"
118.127.40.73 - - [07/Mar/2026:01:22:42 +1000] "GET / HTTP/1.1" 200 4125 "-" "Python/3.11 aiohttp/3.9.2"
74.7.241.152 - - [07/Mar/2026:01:51:07 +1000] "GET /robots.txt HTTP/1.1" 200 24 "-" "Mozilla/5.0 (Macintosh; Intel Mac OS X 10_15_7) AppleWebKit/537.36 (KHTML, like Gecko) Chrome/131.0.0.0 Safari/537.36; compatible; OAI-SearchBot/1.3; robots.txt; +https://openai.com/searchbot"
74.7.227.36 - - [07/Mar/2026:01:51:07 +1000] "GET / HTTP/1.1" 500 155632 "-" "Mozilla/5.0 AppleWebKit/537.36 (KHTML, like Gecko; compatible; GPTBot/1.3; +https://openai.com/gptbot)"
118.127.40.73 - - [07/Mar/2026:01:52:40 +1000] "GET / HTTP/1.1" 200 4125 "-" "Python/3.11 aiohttp/3.9.2"
118.127.40.73 - - [07/Mar/2026:02:22:44 +1000] "GET / HTTP/1.1" 200 4125 "-" "Python/3.11 aiohttp/3.9.2"
118.127.40.73 - - [07/Mar/2026:02:52:49 +1000] "GET / HTTP/1.1" 200 4125 "-" "Python/3.11 aiohttp/3.9.2"
118.127.40.73 - - [07/Mar/2026:03:22:41 +1000] "GET / HTTP/1.1" 200 4125 "-" "Python/3.11 aiohttp/3.9.2"
118.127.40.73 - - [07/Mar/2026:03:52:41 +1000] "GET / HTTP/1.1" 200 4125 "-" "Python/3.11 aiohttp/3.9.2"
