HEX
Server: Apache
System: Linux server2.voipitup.com.au 4.18.0-553.104.1.lve.el8.x86_64 #1 SMP Tue Feb 10 20:07:30 UTC 2026 x86_64
User: posscale (1027)
PHP: 8.2.29
Disabled: exec,passthru,shell_exec,system
Upload Files
File: /home/posscale/access-logs/backup.posscales.com.au-ssl_log
204.76.203.25 - - [28/Feb/2026:22:41:10 +1000] "GET /.env HTTP/1.1" 404 - "-" "Mozilla/5.0 (Windows NT 10.0; Win64; x64) AppleWebKit/537.36 (KHTML, like Gecko) Chrome/134.0.0.0 Safari/537.3"
118.127.40.73 - - [28/Feb/2026:22:44:57 +1000] "GET / HTTP/1.1" 200 1018 "-" "Python/3.11 aiohttp/3.9.2"
118.127.40.73 - - [28/Feb/2026:23:14:58 +1000] "GET / HTTP/1.1" 200 1018 "-" "Python/3.11 aiohttp/3.9.2"
52.167.144.160 - - [28/Feb/2026:23:41:58 +1000] "GET /MT_Backups/Cameron_Plat/WG-Clients/BACKUP-Elizabeth%20Summerset%20-%20HapAc2-2022oct05-091322.backup HTTP/1.1" 304 - "-" "Mozilla/5.0 AppleWebKit/537.36 (KHTML, like Gecko; compatible; bingbot/2.0; +http://www.bing.com/bingbot.htm) Chrome/116.0.1938.76 Safari/537.36"
118.127.40.73 - - [28/Feb/2026:23:44:57 +1000] "GET / HTTP/1.1" 200 1018 "-" "Python/3.11 aiohttp/3.9.2"
118.127.40.73 - - [01/Mar/2026:00:14:58 +1000] "GET / HTTP/1.1" 200 1018 "-" "Python/3.11 aiohttp/3.9.2"
118.127.40.73 - - [01/Mar/2026:00:44:59 +1000] "GET / HTTP/1.1" 200 1018 "-" "Python/3.11 aiohttp/3.9.2"
118.127.40.73 - - [01/Mar/2026:01:14:58 +1000] "GET / HTTP/1.1" 200 1018 "-" "Python/3.11 aiohttp/3.9.2"
52.167.144.211 - - [01/Mar/2026:01:18:27 +1000] "GET /MT_Backups/Abetta_Carpit_Court/BACKUP-Macgregor-Carpet-2022mar10-203556.backup HTTP/1.1" 304 - "-" "Mozilla/5.0 AppleWebKit/537.36 (KHTML, like Gecko; compatible; bingbot/2.0; +http://www.bing.com/bingbot.htm) Chrome/116.0.1938.76 Safari/537.36"
40.77.167.18 - - [01/Mar/2026:01:24:22 +1000] "GET /MT_Backups/Cameron_Plat/WG-Clients/BACKUP-Darren%20Knowles%20-%20hAP-AC2-2022jun08-085452.rsc HTTP/1.1" 304 - "-" "Mozilla/5.0 AppleWebKit/537.36 (KHTML, like Gecko; compatible; bingbot/2.0; +http://www.bing.com/bingbot.htm) Chrome/116.0.1938.76 Safari/537.36"
207.46.13.116 - - [01/Mar/2026:01:24:36 +1000] "GET /MT_Backups/DR_Suzan_Gyno/BACKUP-Dr-Suzan-2026feb05-210201.backup HTTP/1.1" 200 75619 "-" "Mozilla/5.0 AppleWebKit/537.36 (KHTML, like Gecko; compatible; bingbot/2.0; +http://www.bing.com/bingbot.htm) Chrome/116.0.1938.76 Safari/537.36"
118.127.40.73 - - [01/Mar/2026:01:44:58 +1000] "GET / HTTP/1.1" 200 1018 "-" "Python/3.11 aiohttp/3.9.2"
118.127.40.73 - - [01/Mar/2026:02:14:58 +1000] "GET / HTTP/1.1" 200 1018 "-" "Python/3.11 aiohttp/3.9.2"
40.77.167.149 - - [01/Mar/2026:02:16:53 +1000] "GET /MT_Backups/DR_Suzan_Gyno/BACKUP-Dr-Suzan-2025sep25-210201.rsc HTTP/1.1" 200 10793 "-" "Mozilla/5.0 AppleWebKit/537.36 (KHTML, like Gecko; compatible; bingbot/2.0; +http://www.bing.com/bingbot.htm) Chrome/116.0.1938.76 Safari/537.36"
118.127.40.73 - - [01/Mar/2026:02:44:59 +1000] "GET / HTTP/1.1" 200 1018 "-" "Python/3.11 aiohttp/3.9.2"
118.127.40.73 - - [01/Mar/2026:03:14:59 +1000] "GET / HTTP/1.1" 200 1018 "-" "Python/3.11 aiohttp/3.9.2"
74.7.230.63 - - [01/Mar/2026:03:32:43 +1000] "GET /robots.txt HTTP/1.1" 404 - "-" "Mozilla/5.0 (Macintosh; Intel Mac OS X 10_15_7) AppleWebKit/537.36 (KHTML, like Gecko) Chrome/131.0.0.0 Safari/537.36; compatible; OAI-SearchBot/1.3; robots.txt; +https://openai.com/searchbot"
118.127.40.73 - - [01/Mar/2026:03:44:59 +1000] "GET / HTTP/1.1" 200 1018 "-" "Python/3.11 aiohttp/3.9.2"
74.7.230.42 - - [01/Mar/2026:03:55:59 +1000] "GET /robots.txt HTTP/1.1" 404 - "-" "Mozilla/5.0 (Macintosh; Intel Mac OS X 10_15_7) AppleWebKit/537.36 (KHTML, like Gecko) Chrome/131.0.0.0 Safari/537.36; compatible; OAI-SearchBot/1.3; robots.txt; +https://openai.com/searchbot"
118.127.40.73 - - [01/Mar/2026:04:15:08 +1000] "GET / HTTP/1.1" 200 1018 "-" "Python/3.11 aiohttp/3.9.2"
118.127.40.73 - - [01/Mar/2026:04:45:01 +1000] "GET / HTTP/1.1" 200 1018 "-" "Python/3.11 aiohttp/3.9.2"
118.127.40.73 - - [01/Mar/2026:05:15:01 +1000] "GET / HTTP/1.1" 200 1018 "-" "Python/3.11 aiohttp/3.9.2"
157.55.39.7 - - [01/Mar/2026:05:31:10 +1000] "GET /MT_Backups/Abetta_Carpit_Court/BACKUP-Macgregor-Carpet-2022oct06-203556.backup HTTP/1.1" 304 - "-" "Mozilla/5.0 AppleWebKit/537.36 (KHTML, like Gecko; compatible; bingbot/2.0; +http://www.bing.com/bingbot.htm) Chrome/116.0.1938.76 Safari/537.36"
40.77.177.162 - - [01/Mar/2026:05:32:02 +1000] "GET /MT_Backups/Abetta_Carpit_Court/BACKUP-Macgregor-Carpet-2022oct06-203556.backup HTTP/1.1" 200 93767 "-" "Mozilla/5.0 AppleWebKit/537.36 (KHTML, like Gecko; compatible; bingbot/2.0; +http://www.bing.com/bingbot.htm) Chrome/100.0.4896.127 Safari/537.36"
40.77.177.7 - - [01/Mar/2026:05:32:52 +1000] "GET /MT_Backups/Abetta_Carpit_Court/BACKUP-Macgregor-Carpet-2022oct06-203556.backup HTTP/1.1" 200 93767 "-" "Mozilla/5.0 AppleWebKit/537.36 (KHTML, like Gecko; compatible; bingbot/2.0; +http://www.bing.com/bingbot.htm) Chrome/136.0.0.0 Safari/537.36"
118.127.40.73 - - [01/Mar/2026:05:45:02 +1000] "GET / HTTP/1.1" 200 1018 "-" "Python/3.11 aiohttp/3.9.2"
118.127.40.73 - - [01/Mar/2026:06:15:02 +1000] "GET / HTTP/1.1" 200 1018 "-" "Python/3.11 aiohttp/3.9.2"
118.127.40.73 - - [01/Mar/2026:06:45:02 +1000] "GET / HTTP/1.1" 200 1018 "-" "Python/3.11 aiohttp/3.9.2"
118.127.40.73 - - [01/Mar/2026:07:15:02 +1000] "GET / HTTP/1.1" 200 1018 "-" "Python/3.11 aiohttp/3.9.2"
52.167.144.188 - - [01/Mar/2026:07:43:28 +1000] "GET /MT_Backups/AWS_TLC/BACKUP-Amazon-TLC--CHR-172.31.15.163-2022jun02-204411.backup HTTP/1.1" 200 61711 "-" "Mozilla/5.0 AppleWebKit/537.36 (KHTML, like Gecko; compatible; bingbot/2.0; +http://www.bing.com/bingbot.htm) Chrome/116.0.1938.76 Safari/537.36"
118.127.40.73 - - [01/Mar/2026:07:45:05 +1000] "GET / HTTP/1.1" 200 1018 "-" "Python/3.11 aiohttp/3.9.2"
118.127.40.73 - - [01/Mar/2026:08:15:04 +1000] "GET / HTTP/1.1" 200 1018 "-" "Python/3.11 aiohttp/3.9.2"
87.236.176.103 - - [01/Mar/2026:08:30:37 +1000] "GET / HTTP/1.1" 200 1018 "-" "Mozilla/5.0 (compatible; InternetMeasurement/1.0; +https://internet-measurement.com/)"
118.127.40.73 - - [01/Mar/2026:08:45:04 +1000] "GET / HTTP/1.1" 200 1018 "-" "Python/3.11 aiohttp/3.9.2"
40.77.167.6 - - [01/Mar/2026:08:46:30 +1000] "GET /MT_Backups/TLC_Freedom_Agecare/BACKUP-Community%201-2025apr17-211832.rsc HTTP/1.1" 200 - "-" "Mozilla/5.0 AppleWebKit/537.36 (KHTML, like Gecko; compatible; bingbot/2.0; +http://www.bing.com/bingbot.htm) Chrome/116.0.1938.76 Safari/537.36"
118.127.40.73 - - [01/Mar/2026:09:15:04 +1000] "GET / HTTP/1.1" 200 1018 "-" "Python/3.11 aiohttp/3.9.2"
118.127.40.73 - - [01/Mar/2026:09:45:04 +1000] "GET / HTTP/1.1" 200 1018 "-" "Python/3.11 aiohttp/3.9.2"
118.127.40.73 - - [01/Mar/2026:10:15:04 +1000] "GET / HTTP/1.1" 200 1018 "-" "Python/3.11 aiohttp/3.9.2"
118.127.40.73 - - [01/Mar/2026:10:45:04 +1000] "GET / HTTP/1.1" 200 1018 "-" "Python/3.11 aiohttp/3.9.2"
118.127.40.73 - - [01/Mar/2026:11:15:05 +1000] "GET / HTTP/1.1" 200 1018 "-" "Python/3.11 aiohttp/3.9.2"
167.86.118.77 - - [01/Mar/2026:11:28:53 +1000] "HEAD / HTTP/1.1" 200 - "-" "python-requests/2.32.5"
167.86.118.77 - - [01/Mar/2026:11:28:54 +1000] "GET /wp-admin/ HTTP/1.1" 404 - "binance.com" "Mozilla/5.0 (Windows NT 10.0; Win64; x64; rv:120.0) Gecko/20100101 Firefox/120.0"
167.86.118.77 - - [01/Mar/2026:11:32:52 +1000] "HEAD / HTTP/1.1" 200 - "-" "python-requests/2.32.5"
167.86.118.77 - - [01/Mar/2026:11:32:59 +1000] "GET /wp-admin/ HTTP/1.1" 404 - "binance.com" "Mozilla/5.0 (Windows NT 10.0; Win64; x64) AppleWebKit/537.36 (KHTML, like Gecko) Edge/119.0.2151.97"
118.127.40.73 - - [01/Mar/2026:11:45:05 +1000] "GET / HTTP/1.1" 200 1018 "-" "Python/3.11 aiohttp/3.9.2"
118.127.40.73 - - [01/Mar/2026:12:15:05 +1000] "GET / HTTP/1.1" 200 1018 "-" "Python/3.11 aiohttp/3.9.2"
118.127.40.73 - - [01/Mar/2026:12:45:08 +1000] "GET / HTTP/1.1" 200 1018 "-" "Python/3.11 aiohttp/3.9.2"
157.55.39.57 - - [01/Mar/2026:12:59:23 +1000] "GET /MT_Backups/Black_Arts/BACKUP-Home-Main-2024feb01-205226.backup HTTP/1.1" 304 - "-" "Mozilla/5.0 AppleWebKit/537.36 (KHTML, like Gecko; compatible; bingbot/2.0; +http://www.bing.com/bingbot.htm) Chrome/116.0.1938.76 Safari/537.36"
118.127.40.73 - - [01/Mar/2026:13:15:06 +1000] "GET / HTTP/1.1" 200 1018 "-" "Python/3.11 aiohttp/3.9.2"
157.55.39.15 - - [01/Mar/2026:13:15:49 +1000] "GET /MT_Backups/Black_Arts/BACKUP-Office-The%20Cave-2025feb06-205353.backup HTTP/1.1" 304 - "-" "Mozilla/5.0 AppleWebKit/537.36 (KHTML, like Gecko; compatible; bingbot/2.0; +http://www.bing.com/bingbot.htm) Chrome/116.0.1938.76 Safari/537.36"
118.127.40.73 - - [01/Mar/2026:13:45:06 +1000] "GET / HTTP/1.1" 200 1018 "-" "Python/3.11 aiohttp/3.9.2"
118.127.40.73 - - [01/Mar/2026:14:15:06 +1000] "GET / HTTP/1.1" 200 1018 "-" "Python/3.11 aiohttp/3.9.2"
118.127.40.73 - - [01/Mar/2026:14:45:06 +1000] "GET / HTTP/1.1" 200 1018 "-" "Python/3.11 aiohttp/3.9.2"
118.127.40.73 - - [01/Mar/2026:15:15:07 +1000] "GET / HTTP/1.1" 200 1018 "-" "Python/3.11 aiohttp/3.9.2"
118.127.40.73 - - [01/Mar/2026:15:45:06 +1000] "GET / HTTP/1.1" 200 1018 "-" "Python/3.11 aiohttp/3.9.2"
157.55.39.15 - - [01/Mar/2026:15:59:45 +1000] "GET /MT_Backups/DR_Suzan_Gyno/?C=M;O=A HTTP/1.1" 200 73488 "-" "Mozilla/5.0 AppleWebKit/537.36 (KHTML, like Gecko; compatible; bingbot/2.0; +http://www.bing.com/bingbot.htm) Chrome/116.0.1938.76 Safari/537.36"
157.55.39.15 - - [01/Mar/2026:16:05:06 +1000] "GET /MT_Backups/Black_Arts/BACKUP-Home-Main-2022aug18-205226.backup HTTP/1.1" 304 - "-" "Mozilla/5.0 AppleWebKit/537.36 (KHTML, like Gecko; compatible; bingbot/2.0; +http://www.bing.com/bingbot.htm) Chrome/116.0.1938.76 Safari/537.36"
65.55.210.134 - - [01/Mar/2026:16:05:58 +1000] "GET /MT_Backups/Black_Arts/BACKUP-Home-Main-2022aug18-205226.backup HTTP/1.1" 200 62596 "-" "Mozilla/5.0 AppleWebKit/537.36 (KHTML, like Gecko; compatible; bingbot/2.0; +http://www.bing.com/bingbot.htm) Chrome/100.0.4896.127 Safari/537.36"
65.55.210.171 - - [01/Mar/2026:16:07:07 +1000] "GET /MT_Backups/Black_Arts/BACKUP-Home-Main-2022aug18-205226.backup HTTP/1.1" 200 62596 "-" "Mozilla/5.0 AppleWebKit/537.36 (KHTML, like Gecko; compatible; bingbot/2.0; +http://www.bing.com/bingbot.htm) Chrome/136.0.0.0 Safari/537.36"
118.127.40.73 - - [01/Mar/2026:16:15:07 +1000] "GET / HTTP/1.1" 200 1018 "-" "Python/3.11 aiohttp/3.9.2"
118.127.40.73 - - [01/Mar/2026:16:45:07 +1000] "GET / HTTP/1.1" 200 1018 "-" "Python/3.11 aiohttp/3.9.2"
52.167.144.57 - - [01/Mar/2026:17:08:58 +1000] "GET /robots.txt HTTP/1.1" 404 - "-" "Mozilla/5.0 AppleWebKit/537.36 (KHTML, like Gecko; compatible; bingbot/2.0; +http://www.bing.com/bingbot.htm) Chrome/116.0.1938.76 Safari/537.36"
40.77.167.11 - - [01/Mar/2026:17:08:58 +1000] "GET /MT_Backups/DR_Suzan_Gyno/BACKUP-Dr-Suzan-2024nov28-210201.backup HTTP/1.1" 304 - "-" "Mozilla/5.0 AppleWebKit/537.36 (KHTML, like Gecko; compatible; bingbot/2.0; +http://www.bing.com/bingbot.htm) Chrome/116.0.1938.76 Safari/537.36"
118.127.40.73 - - [01/Mar/2026:17:15:07 +1000] "GET / HTTP/1.1" 200 1018 "-" "Python/3.11 aiohttp/3.9.2"
157.55.39.63 - - [01/Mar/2026:17:40:40 +1000] "GET /MT_Backups/DR_Suzan_Gyno/BACKUP-Dr-Suzan-2025jan16-210201.backup HTTP/1.1" 304 - "-" "Mozilla/5.0 AppleWebKit/537.36 (KHTML, like Gecko; compatible; bingbot/2.0; +http://www.bing.com/bingbot.htm) Chrome/116.0.1938.76 Safari/537.36"
118.127.40.73 - - [01/Mar/2026:17:45:07 +1000] "GET / HTTP/1.1" 200 1018 "-" "Python/3.11 aiohttp/3.9.2"
118.127.40.73 - - [01/Mar/2026:18:15:08 +1000] "GET / HTTP/1.1" 200 1018 "-" "Python/3.11 aiohttp/3.9.2"
157.55.39.62 - - [01/Mar/2026:18:17:42 +1000] "GET /MT_Backups/Abetta_Carpit_Court/BACKUP-Capalaba-2022mar03-203317.rsc HTTP/1.1" 304 - "-" "Mozilla/5.0 AppleWebKit/537.36 (KHTML, like Gecko; compatible; bingbot/2.0; +http://www.bing.com/bingbot.htm) Chrome/116.0.1938.76 Safari/537.36"
118.127.40.73 - - [01/Mar/2026:18:45:08 +1000] "GET / HTTP/1.1" 200 1018 "-" "Python/3.11 aiohttp/3.9.2"
118.127.40.73 - - [01/Mar/2026:19:15:08 +1000] "GET / HTTP/1.1" 200 1018 "-" "Python/3.11 aiohttp/3.9.2"
118.127.40.73 - - [01/Mar/2026:19:45:08 +1000] "GET / HTTP/1.1" 200 1018 "-" "Python/3.11 aiohttp/3.9.2"
118.127.40.73 - - [01/Mar/2026:20:15:08 +1000] "GET / HTTP/1.1" 200 1018 "-" "Python/3.11 aiohttp/3.9.2"
157.55.39.63 - - [01/Mar/2026:20:43:14 +1000] "GET /MT_Backups/Black_Arts/BACKUP-Office-The%20Cave-2022jun23-205353.rsc HTTP/1.1" 304 - "-" "Mozilla/5.0 AppleWebKit/537.36 (KHTML, like Gecko; compatible; bingbot/2.0; +http://www.bing.com/bingbot.htm) Chrome/116.0.1938.76 Safari/537.36"
118.127.40.73 - - [01/Mar/2026:20:45:09 +1000] "GET / HTTP/1.1" 200 1018 "-" "Python/3.11 aiohttp/3.9.2"
118.127.40.73 - - [01/Mar/2026:21:15:09 +1000] "GET / HTTP/1.1" 200 1018 "-" "Python/3.11 aiohttp/3.9.2"
118.127.40.73 - - [01/Mar/2026:21:45:09 +1000] "GET / HTTP/1.1" 200 1018 "-" "Python/3.11 aiohttp/3.9.2"
157.55.39.15 - - [01/Mar/2026:22:10:16 +1000] "GET /MT_Backups/TLC_Freedom_Agecare/BACKUP-Community%201-2022apr14-211832.rsc HTTP/1.1" 304 - "-" "Mozilla/5.0 AppleWebKit/537.36 (KHTML, like Gecko; compatible; bingbot/2.0; +http://www.bing.com/bingbot.htm) Chrome/116.0.1938.76 Safari/537.36"
118.127.40.73 - - [01/Mar/2026:22:15:09 +1000] "GET / HTTP/1.1" 200 1018 "-" "Python/3.11 aiohttp/3.9.2"
118.127.40.73 - - [01/Mar/2026:22:45:09 +1000] "GET / HTTP/1.1" 200 1018 "-" "Python/3.11 aiohttp/3.9.2"
207.46.13.9 - - [01/Mar/2026:22:59:17 +1000] "GET /MT_Backups/TLC_Freedom_Agecare/BACKUP-Main%20VoIP%20Router-2024apr25-211623.rsc HTTP/1.1" 200 27290 "-" "Mozilla/5.0 AppleWebKit/537.36 (KHTML, like Gecko; compatible; bingbot/2.0; +http://www.bing.com/bingbot.htm) Chrome/116.0.1938.76 Safari/537.36"
118.127.40.73 - - [01/Mar/2026:23:15:09 +1000] "GET / HTTP/1.1" 200 1018 "-" "Python/3.11 aiohttp/3.9.2"
118.127.40.73 - - [01/Mar/2026:23:45:09 +1000] "GET / HTTP/1.1" 200 1018 "-" "Python/3.11 aiohttp/3.9.2"
207.46.13.17 - - [01/Mar/2026:23:55:40 +1000] "GET /MT_Backups/workrehab/BACKUP-Work-Rehab_Paddington-2025jan09-232553.backup HTTP/1.1" 200 55976 "-" "Mozilla/5.0 AppleWebKit/537.36 (KHTML, like Gecko; compatible; bingbot/2.0; +http://www.bing.com/bingbot.htm) Chrome/116.0.1938.76 Safari/537.36"
65.55.210.109 - - [01/Mar/2026:23:56:32 +1000] "GET /MT_Backups/workrehab/BACKUP-Work-Rehab_Paddington-2025jan09-232553.backup HTTP/1.1" 200 55976 "-" "Mozilla/5.0 AppleWebKit/537.36 (KHTML, like Gecko; compatible; bingbot/2.0; +http://www.bing.com/bingbot.htm) Chrome/100.0.4896.127 Safari/537.36"
65.55.210.51 - - [01/Mar/2026:23:57:28 +1000] "GET /MT_Backups/workrehab/BACKUP-Work-Rehab_Paddington-2025jan09-232553.backup HTTP/1.1" 200 55976 "-" "Mozilla/5.0 AppleWebKit/537.36 (KHTML, like Gecko; compatible; bingbot/2.0; +http://www.bing.com/bingbot.htm) Chrome/136.0.0.0 Safari/537.36"
118.127.40.73 - - [02/Mar/2026:00:15:10 +1000] "GET / HTTP/1.1" 200 1018 "-" "Python/3.11 aiohttp/3.9.2"
157.55.39.59 - - [02/Mar/2026:00:25:55 +1000] "GET /MT_Backups/Black_Arts/BACKUP-Office-The%20Cave-2022sep01-205353.backup HTTP/1.1" 304 - "-" "Mozilla/5.0 AppleWebKit/537.36 (KHTML, like Gecko; compatible; bingbot/2.0; +http://www.bing.com/bingbot.htm) Chrome/116.0.1938.76 Safari/537.36"
40.77.179.110 - - [02/Mar/2026:00:26:48 +1000] "GET /MT_Backups/Black_Arts/BACKUP-Office-The%20Cave-2022sep01-205353.backup HTTP/1.1" 200 34103 "-" "Mozilla/5.0 AppleWebKit/537.36 (KHTML, like Gecko; compatible; bingbot/2.0; +http://www.bing.com/bingbot.htm) Chrome/100.0.4896.127 Safari/537.36"
40.77.177.41 - - [02/Mar/2026:00:27:38 +1000] "GET /MT_Backups/Black_Arts/BACKUP-Office-The%20Cave-2022sep01-205353.backup HTTP/1.1" 200 34103 "-" "Mozilla/5.0 AppleWebKit/537.36 (KHTML, like Gecko; compatible; bingbot/2.0; +http://www.bing.com/bingbot.htm) Chrome/100.0.4896.127 Safari/537.36"
198.235.24.10 - - [02/Mar/2026:00:43:44 +1000] "GET / HTTP/1.1" 200 1018 "-" "Hello from Palo Alto Networks, find out more about our scans in https://docs-cortex.paloaltonetworks.com/r/1/Cortex-Xpanse/Scanning-activity"
118.127.40.73 - - [02/Mar/2026:00:45:10 +1000] "GET / HTTP/1.1" 200 1018 "-" "Python/3.11 aiohttp/3.9.2"
52.167.144.206 - - [02/Mar/2026:00:46:24 +1000] "GET /MT_Backups/Cameron_Plat/WG-Clients/BACKUP-Kelvin%20Marks%20-%20HapAc2-2024jan24-091322.backup HTTP/1.1" 304 - "-" "Mozilla/5.0 AppleWebKit/537.36 (KHTML, like Gecko; compatible; bingbot/2.0; +http://www.bing.com/bingbot.htm) Chrome/116.0.1938.76 Safari/537.36"
118.127.40.73 - - [02/Mar/2026:01:15:10 +1000] "GET / HTTP/1.1" 200 1018 "-" "Python/3.11 aiohttp/3.9.2"
118.127.40.73 - - [02/Mar/2026:01:45:10 +1000] "GET / HTTP/1.1" 200 1018 "-" "Python/3.11 aiohttp/3.9.2"
74.7.175.165 - - [02/Mar/2026:02:02:20 +1000] "GET /robots.txt HTTP/1.1" 404 - "-" "Mozilla/5.0 (Macintosh; Intel Mac OS X 10_15_7) AppleWebKit/537.36 (KHTML, like Gecko) Chrome/131.0.0.0 Safari/537.36; compatible; OAI-SearchBot/1.3; robots.txt; +https://openai.com/searchbot"
74.7.242.19 - - [02/Mar/2026:02:02:26 +1000] "GET / HTTP/1.1" 200 1018 "-" "Mozilla/5.0 AppleWebKit/537.36 (KHTML, like Gecko; compatible; GPTBot/1.3; +https://openai.com/gptbot)"
74.7.242.19 - - [02/Mar/2026:02:02:35 +1000] "GET /MT_Backups/ HTTP/1.1" 200 4601 "https://www.backup.posscales.com.au/" "Mozilla/5.0 AppleWebKit/537.36 (KHTML, like Gecko; compatible; GPTBot/1.3; +https://openai.com/gptbot)"
74.7.242.19 - - [02/Mar/2026:02:02:42 +1000] "GET /?C=N;O=D HTTP/1.1" 200 1018 "https://www.backup.posscales.com.au/" "Mozilla/5.0 AppleWebKit/537.36 (KHTML, like Gecko; compatible; GPTBot/1.3; +https://openai.com/gptbot)"
74.7.242.19 - - [02/Mar/2026:02:02:49 +1000] "GET /?C=D;O=A HTTP/1.1" 200 1018 "https://www.backup.posscales.com.au/" "Mozilla/5.0 AppleWebKit/537.36 (KHTML, like Gecko; compatible; GPTBot/1.3; +https://openai.com/gptbot)"
74.7.242.19 - - [02/Mar/2026:02:02:56 +1000] "GET /?C=S;O=A HTTP/1.1" 200 1018 "https://www.backup.posscales.com.au/" "Mozilla/5.0 AppleWebKit/537.36 (KHTML, like Gecko; compatible; GPTBot/1.3; +https://openai.com/gptbot)"
74.7.242.19 - - [02/Mar/2026:02:03:04 +1000] "GET /?C=N;O=A HTTP/1.1" 200 1018 "https://www.backup.posscales.com.au/?C=N;O=D" "Mozilla/5.0 AppleWebKit/537.36 (KHTML, like Gecko; compatible; GPTBot/1.3; +https://openai.com/gptbot)"
74.7.242.19 - - [02/Mar/2026:02:03:11 +1000] "GET /?C=M;O=A HTTP/1.1" 200 1018 "https://www.backup.posscales.com.au/" "Mozilla/5.0 AppleWebKit/537.36 (KHTML, like Gecko; compatible; GPTBot/1.3; +https://openai.com/gptbot)"
74.7.242.19 - - [02/Mar/2026:02:03:20 +1000] "GET /?C=D;O=D HTTP/1.1" 200 1018 "https://www.backup.posscales.com.au/?C=D;O=A" "Mozilla/5.0 AppleWebKit/537.36 (KHTML, like Gecko; compatible; GPTBot/1.3; +https://openai.com/gptbot)"
74.7.242.19 - - [02/Mar/2026:02:03:29 +1000] "GET /?C=S;O=D HTTP/1.1" 200 1018 "https://www.backup.posscales.com.au/?C=S;O=A" "Mozilla/5.0 AppleWebKit/537.36 (KHTML, like Gecko; compatible; GPTBot/1.3; +https://openai.com/gptbot)"
74.7.242.19 - - [02/Mar/2026:02:03:38 +1000] "GET /?C=M;O=D HTTP/1.1" 200 1018 "https://www.backup.posscales.com.au/?C=M;O=A" "Mozilla/5.0 AppleWebKit/537.36 (KHTML, like Gecko; compatible; GPTBot/1.3; +https://openai.com/gptbot)"
118.127.40.73 - - [02/Mar/2026:02:15:10 +1000] "GET / HTTP/1.1" 200 1018 "-" "Python/3.11 aiohttp/3.9.2"
118.127.40.73 - - [02/Mar/2026:02:45:11 +1000] "GET / HTTP/1.1" 200 1018 "-" "Python/3.11 aiohttp/3.9.2"
74.7.230.42 - - [02/Mar/2026:03:05:53 +1000] "GET /robots.txt HTTP/1.1" 404 - "-" "Mozilla/5.0 (Macintosh; Intel Mac OS X 10_15_7) AppleWebKit/537.36 (KHTML, like Gecko) Chrome/131.0.0.0 Safari/537.36; compatible; OAI-SearchBot/1.3; robots.txt; +https://openai.com/searchbot"
118.127.40.73 - - [02/Mar/2026:03:15:11 +1000] "GET / HTTP/1.1" 200 1018 "-" "Python/3.11 aiohttp/3.9.2"
203.55.131.3 - - [02/Mar/2026:03:23:08 +1000] "GET / HTTP/1.1" 200 1018 "-" "Mozilla/5.0 (Windows NT 10.0; Win64; x64) AppleWebKit/537.36 (KHTML, like Gecko) Chrome/133.0.0.0 Safari/537.36"
40.77.167.61 - - [02/Mar/2026:03:25:58 +1000] "GET /MT_Backups/Black_Arts/BACKUP-Home-Main-2022apr21-205226.rsc HTTP/1.1" 304 - "-" "Mozilla/5.0 AppleWebKit/537.36 (KHTML, like Gecko; compatible; bingbot/2.0; +http://www.bing.com/bingbot.htm) Chrome/116.0.1938.76 Safari/537.36"
118.127.40.73 - - [02/Mar/2026:03:45:11 +1000] "GET / HTTP/1.1" 200 1018 "-" "Python/3.11 aiohttp/3.9.2"
118.127.40.73 - - [02/Mar/2026:04:15:12 +1000] "GET / HTTP/1.1" 200 1018 "-" "Python/3.11 aiohttp/3.9.2"
40.77.167.7 - - [02/Mar/2026:04:32:45 +1000] "GET /MT_Backups/Cameron_Plat/WG-Clients/BACKUP-LJ%20Hooker%20-%20Homeloans%20-%20HapAc2-2022oct05-091322.rsc HTTP/1.1" 304 - "-" "Mozilla/5.0 AppleWebKit/537.36 (KHTML, like Gecko; compatible; bingbot/2.0; +http://www.bing.com/bingbot.htm) Chrome/116.0.1938.76 Safari/537.36"
40.77.167.71 - - [02/Mar/2026:04:37:28 +1000] "GET /MT_Backups/Cameron_Plat/WG-Clients/BACKUP-Cameron%20White%20-%20HAPAC2-2022aug31-091322.backup HTTP/1.1" 304 - "-" "Mozilla/5.0 AppleWebKit/537.36 (KHTML, like Gecko; compatible; bingbot/2.0; +http://www.bing.com/bingbot.htm) Chrome/116.0.1938.76 Safari/537.36"
118.127.40.73 - - [02/Mar/2026:04:45:12 +1000] "GET / HTTP/1.1" 200 1018 "-" "Python/3.11 aiohttp/3.9.2"
118.127.40.73 - - [02/Mar/2026:05:15:12 +1000] "GET / HTTP/1.1" 200 1018 "-" "Python/3.11 aiohttp/3.9.2"
118.127.40.73 - - [02/Mar/2026:05:45:12 +1000] "GET / HTTP/1.1" 200 1018 "-" "Python/3.11 aiohttp/3.9.2"
207.46.13.64 - - [02/Mar/2026:05:55:10 +1000] "GET /MT_Backups/DR_Suzan_Gyno/BACKUP-Dr-Suzan-2022apr14-210201.backup HTTP/1.1" 304 - "-" "Mozilla/5.0 AppleWebKit/537.36 (KHTML, like Gecko; compatible; bingbot/2.0; +http://www.bing.com/bingbot.htm) Chrome/116.0.1938.76 Safari/537.36"
118.127.40.73 - - [02/Mar/2026:06:15:14 +1000] "GET / HTTP/1.1" 200 1018 "-" "Python/3.11 aiohttp/3.9.2"
207.46.13.87 - - [02/Mar/2026:06:42:09 +1000] "GET /MT_Backups/Sandstone_World/BACKUP-Sandstone%20World-2024dec20-104024.backup HTTP/1.1" 200 - "-" "Mozilla/5.0 AppleWebKit/537.36 (KHTML, like Gecko; compatible; bingbot/2.0; +http://www.bing.com/bingbot.htm) Chrome/116.0.1938.76 Safari/537.36"
118.127.40.73 - - [02/Mar/2026:06:45:13 +1000] "GET / HTTP/1.1" 200 1018 "-" "Python/3.11 aiohttp/3.9.2"
118.127.40.73 - - [02/Mar/2026:07:15:13 +1000] "GET / HTTP/1.1" 200 1018 "-" "Python/3.11 aiohttp/3.9.2"
194.180.48.253 - - [02/Mar/2026:07:15:53 +1000] "GET /.git/config HTTP/1.1" 404 - "-" "fasthttp"
52.167.144.57 - - [02/Mar/2026:07:21:23 +1000] "GET /robots.txt HTTP/1.1" 404 - "-" "Mozilla/5.0 AppleWebKit/537.36 (KHTML, like Gecko; compatible; bingbot/2.0; +http://www.bing.com/bingbot.htm) Chrome/116.0.1938.76 Safari/537.36"
157.55.39.56 - - [02/Mar/2026:07:21:29 +1000] "GET /MT_Backups/DR_Suzan_Gyno/BACKUP-Dr-Suzan-2026jan15-210201.backup HTTP/1.1" 200 73944 "-" "Mozilla/5.0 AppleWebKit/537.36 (KHTML, like Gecko; compatible; bingbot/2.0; +http://www.bing.com/bingbot.htm) Chrome/116.0.1938.76 Safari/537.36"
118.127.40.73 - - [02/Mar/2026:07:45:13 +1000] "GET / HTTP/1.1" 200 1018 "-" "Python/3.11 aiohttp/3.9.2"
205.210.31.183 - - [02/Mar/2026:08:03:18 +1000] "GET / HTTP/1.1" 200 1018 "-" "Hello from Palo Alto Networks, find out more about our scans in https://docs-cortex.paloaltonetworks.com/r/1/Cortex-Xpanse/Scanning-activity"
118.127.40.73 - - [02/Mar/2026:08:15:14 +1000] "GET / HTTP/1.1" 200 1018 "-" "Python/3.11 aiohttp/3.9.2"
118.127.40.73 - - [02/Mar/2026:08:45:13 +1000] "GET / HTTP/1.1" 200 1018 "-" "Python/3.11 aiohttp/3.9.2"
207.46.13.9 - - [02/Mar/2026:09:06:11 +1000] "GET /MT_Backups/RPG_Plumbing/BACKUP-RPG_Plumbing-2024oct25-175715.rsc HTTP/1.1" 200 - "-" "Mozilla/5.0 AppleWebKit/537.36 (KHTML, like Gecko; compatible; bingbot/2.0; +http://www.bing.com/bingbot.htm) Chrome/116.0.1938.76 Safari/537.36"
118.127.40.73 - - [02/Mar/2026:09:15:13 +1000] "GET / HTTP/1.1" 200 1018 "-" "Python/3.11 aiohttp/3.9.2"
118.127.40.73 - - [02/Mar/2026:09:45:14 +1000] "GET / HTTP/1.1" 200 1018 "-" "Python/3.11 aiohttp/3.9.2"
118.127.40.73 - - [02/Mar/2026:10:15:15 +1000] "GET / HTTP/1.1" 200 1018 "-" "Python/3.11 aiohttp/3.9.2"
157.55.39.192 - - [02/Mar/2026:10:43:59 +1000] "GET /MT_Backups/DR_Suzan_Gyno/BACKUP-Dr-Suzan-2024apr11-210201.backup HTTP/1.1" 304 - "-" "Mozilla/5.0 AppleWebKit/537.36 (KHTML, like Gecko; compatible; bingbot/2.0; +http://www.bing.com/bingbot.htm) Chrome/116.0.1938.76 Safari/537.36"
65.55.210.27 - - [02/Mar/2026:10:44:51 +1000] "GET /MT_Backups/DR_Suzan_Gyno/BACKUP-Dr-Suzan-2024apr11-210201.backup HTTP/1.1" 200 72848 "-" "Mozilla/5.0 AppleWebKit/537.36 (KHTML, like Gecko; compatible; bingbot/2.0; +http://www.bing.com/bingbot.htm) Chrome/100.0.4896.127 Safari/537.36"
118.127.40.73 - - [02/Mar/2026:10:45:14 +1000] "GET / HTTP/1.1" 200 1018 "-" "Python/3.11 aiohttp/3.9.2"
65.55.210.8 - - [02/Mar/2026:10:45:41 +1000] "GET /MT_Backups/DR_Suzan_Gyno/BACKUP-Dr-Suzan-2024apr11-210201.backup HTTP/1.1" 200 72848 "-" "Mozilla/5.0 AppleWebKit/537.36 (KHTML, like Gecko; compatible; bingbot/2.0; +http://www.bing.com/bingbot.htm) Chrome/136.0.0.0 Safari/537.36"
118.127.40.73 - - [02/Mar/2026:11:15:14 +1000] "GET / HTTP/1.1" 200 1018 "-" "Python/3.11 aiohttp/3.9.2"
118.127.40.73 - - [02/Mar/2026:11:45:15 +1000] "GET / HTTP/1.1" 200 1018 "-" "Python/3.11 aiohttp/3.9.2"
118.127.40.73 - - [02/Mar/2026:12:15:15 +1000] "GET / HTTP/1.1" 200 1018 "-" "Python/3.11 aiohttp/3.9.2"
118.127.40.73 - - [02/Mar/2026:12:45:15 +1000] "GET / HTTP/1.1" 200 1018 "-" "Python/3.11 aiohttp/3.9.2"
118.127.40.73 - - [02/Mar/2026:13:15:15 +1000] "GET / HTTP/1.1" 200 1018 "-" "Python/3.11 aiohttp/3.9.2"
74.7.242.24 - - [02/Mar/2026:13:28:02 +1000] "GET / HTTP/1.1" 200 1018 "-" "Mozilla/5.0 AppleWebKit/537.36 (KHTML, like Gecko; compatible; GPTBot/1.3; +https://openai.com/gptbot)"
74.7.175.161 - - [02/Mar/2026:13:28:40 +1000] "GET /robots.txt HTTP/1.1" 404 - "-" "Mozilla/5.0 (Macintosh; Intel Mac OS X 10_15_7) AppleWebKit/537.36 (KHTML, like Gecko) Chrome/131.0.0.0 Safari/537.36; compatible; OAI-SearchBot/1.3; robots.txt; +https://openai.com/searchbot"
74.7.242.24 - - [02/Mar/2026:13:30:13 +1000] "GET /?C=D;O=A HTTP/1.1" 200 1018 "https://backup.posscales.com.au/" "Mozilla/5.0 AppleWebKit/537.36 (KHTML, like Gecko; compatible; GPTBot/1.3; +https://openai.com/gptbot)"
74.7.242.24 - - [02/Mar/2026:13:30:57 +1000] "GET /MT_Backups/ HTTP/1.1" 200 4601 "https://backup.posscales.com.au/" "Mozilla/5.0 AppleWebKit/537.36 (KHTML, like Gecko; compatible; GPTBot/1.3; +https://openai.com/gptbot)"
74.7.242.24 - - [02/Mar/2026:13:31:16 +1000] "GET /?C=M;O=A HTTP/1.1" 200 1018 "https://backup.posscales.com.au/" "Mozilla/5.0 AppleWebKit/537.36 (KHTML, like Gecko; compatible; GPTBot/1.3; +https://openai.com/gptbot)"
74.7.242.24 - - [02/Mar/2026:13:31:48 +1000] "GET /?C=S;O=A HTTP/1.1" 200 1018 "https://backup.posscales.com.au/" "Mozilla/5.0 AppleWebKit/537.36 (KHTML, like Gecko; compatible; GPTBot/1.3; +https://openai.com/gptbot)"
74.7.242.24 - - [02/Mar/2026:13:32:29 +1000] "GET /?C=N;O=D HTTP/1.1" 200 1018 "https://backup.posscales.com.au/" "Mozilla/5.0 AppleWebKit/537.36 (KHTML, like Gecko; compatible; GPTBot/1.3; +https://openai.com/gptbot)"
74.7.242.24 - - [02/Mar/2026:13:35:59 +1000] "GET /?C=M;O=D HTTP/1.1" 200 1018 "https://backup.posscales.com.au/?C=M;O=A" "Mozilla/5.0 AppleWebKit/537.36 (KHTML, like Gecko; compatible; GPTBot/1.3; +https://openai.com/gptbot)"
74.7.175.161 - - [02/Mar/2026:13:36:31 +1000] "GET /robots.txt HTTP/1.1" 404 - "-" "Mozilla/5.0 (Macintosh; Intel Mac OS X 10_15_7) AppleWebKit/537.36 (KHTML, like Gecko) Chrome/131.0.0.0 Safari/537.36; compatible; OAI-SearchBot/1.3; robots.txt; +https://openai.com/searchbot"
74.7.242.24 - - [02/Mar/2026:13:36:39 +1000] "GET /?C=N;O=A HTTP/1.1" 200 1018 "https://backup.posscales.com.au/?C=D;O=A" "Mozilla/5.0 AppleWebKit/537.36 (KHTML, like Gecko; compatible; GPTBot/1.3; +https://openai.com/gptbot)"
74.7.242.24 - - [02/Mar/2026:13:36:52 +1000] "GET /?C=D;O=D HTTP/1.1" 200 1018 "https://backup.posscales.com.au/?C=D;O=A" "Mozilla/5.0 AppleWebKit/537.36 (KHTML, like Gecko; compatible; GPTBot/1.3; +https://openai.com/gptbot)"
118.127.40.73 - - [02/Mar/2026:13:45:17 +1000] "GET / HTTP/1.1" 200 1018 "-" "Python/3.11 aiohttp/3.9.2"
118.127.40.73 - - [02/Mar/2026:14:15:16 +1000] "GET / HTTP/1.1" 200 1018 "-" "Python/3.11 aiohttp/3.9.2"
118.127.40.73 - - [02/Mar/2026:14:45:16 +1000] "GET / HTTP/1.1" 200 1018 "-" "Python/3.11 aiohttp/3.9.2"
207.46.13.153 - - [02/Mar/2026:15:00:22 +1000] "GET /MT_Backups/Cameron_Plat/WG-Clients/BACKUP-Kelvin%20Marks%20-%20HapAc2-2023dec20-091322.rsc HTTP/1.1" 304 - "-" "Mozilla/5.0 AppleWebKit/537.36 (KHTML, like Gecko; compatible; bingbot/2.0; +http://www.bing.com/bingbot.htm) Chrome/116.0.1938.76 Safari/537.36"
118.127.40.73 - - [02/Mar/2026:15:15:16 +1000] "GET / HTTP/1.1" 200 1018 "-" "Python/3.11 aiohttp/3.9.2"
157.55.39.56 - - [02/Mar/2026:15:17:11 +1000] "GET /MT_Backups/Abetta_Carpit_Court/BACKUP-Abetta%20Carpet%20Court-2022sep01-202704.rsc HTTP/1.1" 304 - "-" "Mozilla/5.0 AppleWebKit/537.36 (KHTML, like Gecko; compatible; bingbot/2.0; +http://www.bing.com/bingbot.htm) Chrome/116.0.1938.76 Safari/537.36"
118.127.40.73 - - [02/Mar/2026:15:45:17 +1000] "GET / HTTP/1.1" 200 1018 "-" "Python/3.11 aiohttp/3.9.2"
157.55.39.59 - - [02/Mar/2026:16:07:00 +1000] "GET /MT_Backups/Black_Arts/BACKUP-Home-Main-2021aug26-205226.rsc HTTP/1.1" 304 - "-" "Mozilla/5.0 AppleWebKit/537.36 (KHTML, like Gecko; compatible; bingbot/2.0; +http://www.bing.com/bingbot.htm) Chrome/116.0.1938.76 Safari/537.36"
118.127.40.73 - - [02/Mar/2026:16:15:17 +1000] "GET / HTTP/1.1" 200 1018 "-" "Python/3.11 aiohttp/3.9.2"
118.127.40.73 - - [02/Mar/2026:16:45:17 +1000] "GET / HTTP/1.1" 200 1018 "-" "Python/3.11 aiohttp/3.9.2"
118.127.40.73 - - [02/Mar/2026:17:15:17 +1000] "GET / HTTP/1.1" 200 1018 "-" "Python/3.11 aiohttp/3.9.2"
118.127.40.73 - - [02/Mar/2026:17:45:17 +1000] "GET / HTTP/1.1" 200 1018 "-" "Python/3.11 aiohttp/3.9.2"
118.127.40.73 - - [02/Mar/2026:18:15:18 +1000] "GET / HTTP/1.1" 200 1018 "-" "Python/3.11 aiohttp/3.9.2"
157.55.39.58 - - [02/Mar/2026:18:19:21 +1000] "GET /MT_Backups/Cameron_Plat/WG-Clients/BACKUP-Elizabeth%20Summerset%20-%20HapAc2-2023dec06-091322.backup HTTP/1.1" 304 - "-" "Mozilla/5.0 AppleWebKit/537.36 (KHTML, like Gecko; compatible; bingbot/2.0; +http://www.bing.com/bingbot.htm) Chrome/116.0.1938.76 Safari/537.36"
118.127.40.73 - - [02/Mar/2026:18:45:18 +1000] "GET / HTTP/1.1" 200 1018 "-" "Python/3.11 aiohttp/3.9.2"
157.55.39.49 - - [02/Mar/2026:19:03:47 +1000] "GET /MT_Backups/Black_Arts/BACKUP-Home-Main-2023dec14-205226.rsc HTTP/1.1" 304 - "-" "Mozilla/5.0 AppleWebKit/537.36 (KHTML, like Gecko; compatible; bingbot/2.0; +http://www.bing.com/bingbot.htm) Chrome/116.0.1938.76 Safari/537.36"
118.127.40.73 - - [02/Mar/2026:19:15:18 +1000] "GET / HTTP/1.1" 200 1018 "-" "Python/3.11 aiohttp/3.9.2"
194.164.107.6 - - [02/Mar/2026:19:19:23 +1000] "GET / HTTP/1.1" 200 1018 "-" "Mozilla/5.0 (Windows NT 10.0; Win64; x64) AppleWebKit/537.36 (KHTML, like Gecko) Chrome/133.0.0.0 Safari/537.36"
118.127.40.73 - - [02/Mar/2026:19:45:18 +1000] "GET / HTTP/1.1" 200 1018 "-" "Python/3.11 aiohttp/3.9.2"
118.127.40.73 - - [02/Mar/2026:20:15:18 +1000] "GET / HTTP/1.1" 200 1018 "-" "Python/3.11 aiohttp/3.9.2"
52.167.144.225 - - [02/Mar/2026:20:40:30 +1000] "GET /MT_Backups/DR_Suzan_Gyno/BACKUP-Dr-Suzan-2025oct02-210201.backup HTTP/1.1" 200 75233 "-" "Mozilla/5.0 AppleWebKit/537.36 (KHTML, like Gecko; compatible; bingbot/2.0; +http://www.bing.com/bingbot.htm) Chrome/116.0.1938.76 Safari/537.36"
118.127.40.73 - - [02/Mar/2026:20:45:19 +1000] "GET / HTTP/1.1" 200 1018 "-" "Python/3.11 aiohttp/3.9.2"
40.77.167.224 - - [02/Mar/2026:20:55:59 +1000] "GET /MT_Backups/Cameron_Plat/WG-Clients/BACKUP-Kerrie%20Felsman%20-%20HapAc2-2022aug31-091322.backup HTTP/1.1" 304 - "-" "Mozilla/5.0 AppleWebKit/537.36 (KHTML, like Gecko; compatible; bingbot/2.0; +http://www.bing.com/bingbot.htm) Chrome/116.0.1938.76 Safari/537.36"
52.167.144.183 - - [02/Mar/2026:20:57:09 +1000] "GET /MT_Backups/Sandstone_World/BACKUP-Sandstone%20World-2024oct18-104024.rsc HTTP/1.1" 200 - "-" "Mozilla/5.0 AppleWebKit/537.36 (KHTML, like Gecko; compatible; bingbot/2.0; +http://www.bing.com/bingbot.htm) Chrome/116.0.1938.76 Safari/537.36"
118.127.40.73 - - [02/Mar/2026:21:15:19 +1000] "GET / HTTP/1.1" 200 1018 "-" "Python/3.11 aiohttp/3.9.2"
118.127.40.73 - - [02/Mar/2026:21:45:19 +1000] "GET / HTTP/1.1" 200 1018 "-" "Python/3.11 aiohttp/3.9.2"
118.127.40.73 - - [02/Mar/2026:22:15:19 +1000] "GET / HTTP/1.1" 200 1018 "-" "Python/3.11 aiohttp/3.9.2"
118.127.40.73 - - [02/Mar/2026:22:45:20 +1000] "GET / HTTP/1.1" 200 1018 "-" "Python/3.11 aiohttp/3.9.2"
40.77.167.41 - - [02/Mar/2026:22:48:12 +1000] "GET /MT_Backups/AWS_Multisite/BACKUP-Amazon-Agrogation%20VPN%20Server%20-2022jun09-203607.backup HTTP/1.1" 200 67971 "-" "Mozilla/5.0 AppleWebKit/537.36 (KHTML, like Gecko; compatible; bingbot/2.0; +http://www.bing.com/bingbot.htm) Chrome/116.0.1938.76 Safari/537.36"
66.132.153.124 - - [02/Mar/2026:23:06:09 +1000] "GET / HTTP/1.1" 200 1018 "-" "Mozilla/5.0 (compatible; CensysInspect/1.1; +https://about.censys.io/)"
66.132.153.124 - - [02/Mar/2026:23:06:11 +1000] "GET /favicon.ico HTTP/1.1" 404 - "-" "Mozilla/5.0 (compatible; CensysInspect/1.1; +https://about.censys.io/)"
66.132.153.124 - - [02/Mar/2026:23:07:21 +1000] "GET / HTTP/1.1" 200 1018 "-" "Mozilla/5.0 (compatible; CensysInspect/1.1; +https://about.censys.io/)"
66.132.153.124 - - [02/Mar/2026:23:07:22 +1000] "GET /cgi-bin HTTP/1.1" 301 288 "-" "Mozilla/5.0 (compatible; CensysInspect/1.1; +https://about.censys.io/)"
66.132.153.124 - - [02/Mar/2026:23:07:22 +1000] "GET /cgi-bin/ HTTP/1.1" 404 - "https://backup.posscales.com.au:443/cgi-bin" "Mozilla/5.0 (compatible; CensysInspect/1.1; +https://about.censys.io/)"
66.132.153.124 - - [02/Mar/2026:23:07:23 +1000] "GET /MT_Backups HTTP/1.1" 301 291 "-" "Mozilla/5.0 (compatible; CensysInspect/1.1; +https://about.censys.io/)"
66.132.153.124 - - [02/Mar/2026:23:07:23 +1000] "GET /MT_Backups/ HTTP/1.1" 200 4601 "https://backup.posscales.com.au:443/MT_Backups" "Mozilla/5.0 (compatible; CensysInspect/1.1; +https://about.censys.io/)"
66.132.153.124 - - [02/Mar/2026:23:07:24 +1000] "GET /MT_Backups/SmartReal HTTP/1.1" 301 301 "-" "Mozilla/5.0 (compatible; CensysInspect/1.1; +https://about.censys.io/)"
66.132.153.124 - - [02/Mar/2026:23:07:26 +1000] "GET /MT_Backups/SmartReal/ HTTP/1.1" 200 68344 "https://backup.posscales.com.au:443/MT_Backups/SmartReal" "Mozilla/5.0 (compatible; CensysInspect/1.1; +https://about.censys.io/)"
66.132.153.124 - - [02/Mar/2026:23:07:31 +1000] "GET /MT_Backups/CWE HTTP/1.1" 301 295 "-" "Mozilla/5.0 (compatible; CensysInspect/1.1; +https://about.censys.io/)"
66.132.153.124 - - [02/Mar/2026:23:07:31 +1000] "GET /MT_Backups/CWE/ HTTP/1.1" 200 73533 "https://backup.posscales.com.au:443/MT_Backups/CWE" "Mozilla/5.0 (compatible; CensysInspect/1.1; +https://about.censys.io/)"
66.132.153.124 - - [02/Mar/2026:23:07:33 +1000] "GET /MT_Backups/KC_Psych HTTP/1.1" 301 300 "-" "Mozilla/5.0 (compatible; CensysInspect/1.1; +https://about.censys.io/)"
66.132.153.124 - - [02/Mar/2026:23:07:33 +1000] "GET /MT_Backups/KC_Psych/ HTTP/1.1" 200 34619 "https://backup.posscales.com.au:443/MT_Backups/KC_Psych" "Mozilla/5.0 (compatible; CensysInspect/1.1; +https://about.censys.io/)"
66.132.153.124 - - [02/Mar/2026:23:07:35 +1000] "GET /MT_Backups/POS_Scales HTTP/1.1" 301 302 "-" "Mozilla/5.0 (compatible; CensysInspect/1.1; +https://about.censys.io/)"
66.132.153.124 - - [02/Mar/2026:23:07:36 +1000] "GET /MT_Backups/POS_Scales/ HTTP/1.1" 200 74700 "https://backup.posscales.com.au:443/MT_Backups/POS_Scales" "Mozilla/5.0 (compatible; CensysInspect/1.1; +https://about.censys.io/)"
66.132.153.124 - - [02/Mar/2026:23:07:41 +1000] "GET /MT_Backups/Black_Arts HTTP/1.1" 301 302 "-" "Mozilla/5.0 (compatible; CensysInspect/1.1; +https://about.censys.io/)"
66.132.153.124 - - [02/Mar/2026:23:07:41 +1000] "GET /MT_Backups/Black_Arts/ HTTP/1.1" 200 142230 "https://backup.posscales.com.au:443/MT_Backups/Black_Arts" "Mozilla/5.0 (compatible; CensysInspect/1.1; +https://about.censys.io/)"
118.127.40.73 - - [02/Mar/2026:23:15:20 +1000] "GET / HTTP/1.1" 200 1018 "-" "Python/3.11 aiohttp/3.9.2"
118.127.40.73 - - [02/Mar/2026:23:45:20 +1000] "GET / HTTP/1.1" 200 1018 "-" "Python/3.11 aiohttp/3.9.2"
199.45.155.105 - - [03/Mar/2026:00:01:40 +1000] "GET / HTTP/1.1" 200 1018 "-" "Mozilla/5.0 (compatible; CensysInspect/1.1; +https://about.censys.io/)"
199.45.155.105 - - [03/Mar/2026:00:01:46 +1000] "GET /favicon.ico HTTP/1.1" 404 - "-" "Mozilla/5.0 (compatible; CensysInspect/1.1; +https://about.censys.io/)"
199.45.155.105 - - [03/Mar/2026:00:02:03 +1000] "GET / HTTP/1.1" 200 1018 "-" "Mozilla/5.0 (compatible; CensysInspect/1.1; +https://about.censys.io/)"
199.45.155.105 - - [03/Mar/2026:00:02:04 +1000] "GET /MT_Backups HTTP/1.1" 301 295 "-" "Mozilla/5.0 (compatible; CensysInspect/1.1; +https://about.censys.io/)"
199.45.155.105 - - [03/Mar/2026:00:02:04 +1000] "GET /MT_Backups/ HTTP/1.1" 200 4601 "https://www.backup.posscales.com.au:443/MT_Backups" "Mozilla/5.0 (compatible; CensysInspect/1.1; +https://about.censys.io/)"
199.45.155.105 - - [03/Mar/2026:00:02:05 +1000] "GET /MT_Backups/Reflections HTTP/1.1" 301 307 "-" "Mozilla/5.0 (compatible; CensysInspect/1.1; +https://about.censys.io/)"
199.45.155.105 - - [03/Mar/2026:00:02:05 +1000] "GET /MT_Backups/Reflections/ HTTP/1.1" 200 190155 "https://www.backup.posscales.com.au:443/MT_Backups/Reflections" "Mozilla/5.0 (compatible; CensysInspect/1.1; +https://about.censys.io/)"
199.45.155.105 - - [03/Mar/2026:00:02:09 +1000] "GET /MT_Backups/SmartReal HTTP/1.1" 301 305 "-" "Mozilla/5.0 (compatible; CensysInspect/1.1; +https://about.censys.io/)"
199.45.155.105 - - [03/Mar/2026:00:02:10 +1000] "GET /MT_Backups/SmartReal/ HTTP/1.1" 200 68344 "https://www.backup.posscales.com.au:443/MT_Backups/SmartReal" "Mozilla/5.0 (compatible; CensysInspect/1.1; +https://about.censys.io/)"
199.45.155.105 - - [03/Mar/2026:00:02:11 +1000] "GET /MT_Backups/Sandstone_World HTTP/1.1" 301 311 "-" "Mozilla/5.0 (compatible; CensysInspect/1.1; +https://about.censys.io/)"
199.45.155.105 - - [03/Mar/2026:00:02:11 +1000] "GET /MT_Backups/Sandstone_World/ HTTP/1.1" 200 64852 "https://www.backup.posscales.com.au:443/MT_Backups/Sandstone_World" "Mozilla/5.0 (compatible; CensysInspect/1.1; +https://about.censys.io/)"
199.45.155.105 - - [03/Mar/2026:00:02:14 +1000] "GET /MT_Backups/The_Henley HTTP/1.1" 301 306 "-" "Mozilla/5.0 (compatible; CensysInspect/1.1; +https://about.censys.io/)"
199.45.155.105 - - [03/Mar/2026:00:02:14 +1000] "GET /MT_Backups/The_Henley/ HTTP/1.1" 200 14249 "https://www.backup.posscales.com.au:443/MT_Backups/The_Henley" "Mozilla/5.0 (compatible; CensysInspect/1.1; +https://about.censys.io/)"
199.45.155.105 - - [03/Mar/2026:00:02:16 +1000] "GET /MT_Backups/DR_Suzan_Gyno HTTP/1.1" 301 309 "-" "Mozilla/5.0 (compatible; CensysInspect/1.1; +https://about.censys.io/)"
199.45.155.105 - - [03/Mar/2026:00:02:16 +1000] "GET /MT_Backups/DR_Suzan_Gyno/ HTTP/1.1" 200 73488 "https://www.backup.posscales.com.au:443/MT_Backups/DR_Suzan_Gyno" "Mozilla/5.0 (compatible; CensysInspect/1.1; +https://about.censys.io/)"
199.45.155.105 - - [03/Mar/2026:00:02:18 +1000] "GET /MT_Backups/workrehab HTTP/1.1" 301 305 "-" "Mozilla/5.0 (compatible; CensysInspect/1.1; +https://about.censys.io/)"
199.45.155.105 - - [03/Mar/2026:00:02:19 +1000] "GET /MT_Backups/workrehab/ HTTP/1.1" 200 50331 "https://www.backup.posscales.com.au:443/MT_Backups/workrehab" "Mozilla/5.0 (compatible; CensysInspect/1.1; +https://about.censys.io/)"
199.45.155.105 - - [03/Mar/2026:00:02:20 +1000] "GET /MT_Backups/Black_Arts HTTP/1.1" 301 306 "-" "Mozilla/5.0 (compatible; CensysInspect/1.1; +https://about.censys.io/)"
199.45.155.105 - - [03/Mar/2026:00:02:21 +1000] "GET /MT_Backups/Black_Arts/ HTTP/1.1" 200 142230 "https://www.backup.posscales.com.au:443/MT_Backups/Black_Arts" "Mozilla/5.0 (compatible; CensysInspect/1.1; +https://about.censys.io/)"
199.45.155.105 - - [03/Mar/2026:00:02:23 +1000] "GET /MT_Backups/Abetta_Carpit_Court HTTP/1.1" 301 315 "-" "Mozilla/5.0 (compatible; CensysInspect/1.1; +https://about.censys.io/)"
199.45.155.105 - - [03/Mar/2026:00:02:23 +1000] "GET /MT_Backups/Abetta_Carpit_Court/ HTTP/1.1" 200 203869 "https://www.backup.posscales.com.au:443/MT_Backups/Abetta_Carpit_Court" "Mozilla/5.0 (compatible; CensysInspect/1.1; +https://about.censys.io/)"
118.127.40.73 - - [03/Mar/2026:00:15:20 +1000] "GET / HTTP/1.1" 200 1018 "-" "Python/3.11 aiohttp/3.9.2"
205.210.31.33 - - [03/Mar/2026:00:31:05 +1000] "GET / HTTP/1.1" 200 1018 "-" "Hello from Palo Alto Networks, find out more about our scans in https://docs-cortex.paloaltonetworks.com/r/1/Cortex-Xpanse/Scanning-activity"
118.127.40.73 - - [03/Mar/2026:00:45:21 +1000] "GET / HTTP/1.1" 200 1018 "-" "Python/3.11 aiohttp/3.9.2"
52.167.144.220 - - [03/Mar/2026:00:55:00 +1000] "GET /MT_Backups/workrehab/BACKUP-Work-Rehab_Paddington-2024oct31-232553.backup HTTP/1.1" 304 - "-" "Mozilla/5.0 AppleWebKit/537.36 (KHTML, like Gecko; compatible; bingbot/2.0; +http://www.bing.com/bingbot.htm) Chrome/116.0.1938.76 Safari/537.36"
118.127.40.73 - - [03/Mar/2026:01:15:21 +1000] "GET / HTTP/1.1" 200 1018 "-" "Python/3.11 aiohttp/3.9.2"
118.127.40.73 - - [03/Mar/2026:01:45:21 +1000] "GET / HTTP/1.1" 200 1018 "-" "Python/3.11 aiohttp/3.9.2"
118.127.40.73 - - [03/Mar/2026:02:15:21 +1000] "GET / HTTP/1.1" 200 1018 "-" "Python/3.11 aiohttp/3.9.2"
118.127.40.73 - - [03/Mar/2026:02:45:21 +1000] "GET / HTTP/1.1" 200 1018 "-" "Python/3.11 aiohttp/3.9.2"
118.127.40.73 - - [03/Mar/2026:03:15:21 +1000] "GET / HTTP/1.1" 200 1018 "-" "Python/3.11 aiohttp/3.9.2"
74.7.175.161 - - [03/Mar/2026:03:17:17 +1000] "GET /robots.txt HTTP/1.1" 404 - "-" "Mozilla/5.0 (Macintosh; Intel Mac OS X 10_15_7) AppleWebKit/537.36 (KHTML, like Gecko) Chrome/131.0.0.0 Safari/537.36; compatible; OAI-SearchBot/1.3; robots.txt; +https://openai.com/searchbot"
40.77.167.224 - - [03/Mar/2026:03:31:18 +1000] "GET /MT_Backups/AWS_Multisite/BACKUP-Amazon-Agrogation%20VPN%20Server%20-2021oct21-203607.backup HTTP/1.1" 200 49332 "-" "Mozilla/5.0 AppleWebKit/537.36 (KHTML, like Gecko; compatible; bingbot/2.0; +http://www.bing.com/bingbot.htm) Chrome/116.0.1938.76 Safari/537.36"
118.127.40.73 - - [03/Mar/2026:03:45:22 +1000] "GET / HTTP/1.1" 200 1018 "-" "Python/3.11 aiohttp/3.9.2"
118.127.40.73 - - [03/Mar/2026:04:15:23 +1000] "GET / HTTP/1.1" 200 1018 "-" "Python/3.11 aiohttp/3.9.2"
118.127.40.73 - - [03/Mar/2026:04:45:22 +1000] "GET / HTTP/1.1" 200 1018 "-" "Python/3.11 aiohttp/3.9.2"
207.46.13.6 - - [03/Mar/2026:04:53:49 +1000] "GET /MT_Backups/TLC_Freedom_Agecare/BACKUP-Main%20VoIP%20Router-2021sep23-211623.backup HTTP/1.1" 304 - "-" "Mozilla/5.0 AppleWebKit/537.36 (KHTML, like Gecko; compatible; bingbot/2.0; +http://www.bing.com/bingbot.htm) Chrome/116.0.1938.76 Safari/537.36"
74.7.230.41 - - [03/Mar/2026:05:01:21 +1000] "GET /robots.txt HTTP/1.1" 404 - "-" "Mozilla/5.0 (Macintosh; Intel Mac OS X 10_15_7) AppleWebKit/537.36 (KHTML, like Gecko) Chrome/131.0.0.0 Safari/537.36; compatible; OAI-SearchBot/1.3; robots.txt; +https://openai.com/searchbot"
40.77.167.16 - - [03/Mar/2026:05:10:21 +1000] "GET /MT_Backups/Cameron_Plat/WG-Clients/BACKUP-Dale%20-%20Shreks%20Home%20-%20Cecil%20plains-2022sep28-091322.rsc HTTP/1.1" 304 - "-" "Mozilla/5.0 AppleWebKit/537.36 (KHTML, like Gecko; compatible; bingbot/2.0; +http://www.bing.com/bingbot.htm) Chrome/116.0.1938.76 Safari/537.36"
118.127.40.73 - - [03/Mar/2026:05:15:22 +1000] "GET / HTTP/1.1" 200 1018 "-" "Python/3.11 aiohttp/3.9.2"
118.127.40.73 - - [03/Mar/2026:05:45:23 +1000] "GET / HTTP/1.1" 200 1018 "-" "Python/3.11 aiohttp/3.9.2"
118.127.40.73 - - [03/Mar/2026:06:15:23 +1000] "GET / HTTP/1.1" 200 1018 "-" "Python/3.11 aiohttp/3.9.2"
204.76.203.25 - - [03/Mar/2026:06:21:37 +1000] "GET / HTTP/1.1" 200 1018 "-" "Mozilla/5.0 (Windows NT 10.0; Win64; x64) AppleWebKit/537.36 (KHTML, like Gecko) Chrome/134.0.0.0 Safari/537.3"
118.127.40.73 - - [03/Mar/2026:06:45:23 +1000] "GET / HTTP/1.1" 200 1018 "-" "Python/3.11 aiohttp/3.9.2"
118.127.40.73 - - [03/Mar/2026:07:15:23 +1000] "GET / HTTP/1.1" 200 1018 "-" "Python/3.11 aiohttp/3.9.2"
207.46.13.116 - - [03/Mar/2026:07:23:26 +1000] "GET /MT_Backups/The_Henley/BACKUP-TheHenley%20FibreSwitch-2022oct10-183220.rsc HTTP/1.1" 200 115392 "-" "Mozilla/5.0 AppleWebKit/537.36 (KHTML, like Gecko; compatible; bingbot/2.0; +http://www.bing.com/bingbot.htm) Chrome/116.0.1938.76 Safari/537.36"
118.127.40.73 - - [03/Mar/2026:07:45:23 +1000] "GET / HTTP/1.1" 200 1018 "-" "Python/3.11 aiohttp/3.9.2"
118.127.40.73 - - [03/Mar/2026:08:15:24 +1000] "GET / HTTP/1.1" 200 1018 "-" "Python/3.11 aiohttp/3.9.2"
118.127.40.73 - - [03/Mar/2026:08:45:23 +1000] "GET / HTTP/1.1" 200 1018 "-" "Python/3.11 aiohttp/3.9.2"
118.127.40.73 - - [03/Mar/2026:09:15:24 +1000] "GET / HTTP/1.1" 200 1018 "-" "Python/3.11 aiohttp/3.9.2"
40.77.167.7 - - [03/Mar/2026:09:21:16 +1000] "GET /MT_Backups/CWE/BACKUP-MikroTik-2024mar14-205645.backup HTTP/1.1" 200 - "-" "Mozilla/5.0 AppleWebKit/537.36 (KHTML, like Gecko; compatible; bingbot/2.0; +http://www.bing.com/bingbot.htm) Chrome/116.0.1938.76 Safari/537.36"
52.167.144.237 - - [03/Mar/2026:09:35:33 +1000] "GET /MT_Backups/Reflections/BACKUP-Reflections_T2-D-2022nov21-192406.backup HTTP/1.1" 200 - "-" "Mozilla/5.0 AppleWebKit/537.36 (KHTML, like Gecko; compatible; bingbot/2.0; +http://www.bing.com/bingbot.htm) Chrome/116.0.1938.76 Safari/537.36"
118.127.40.73 - - [03/Mar/2026:09:45:24 +1000] "GET / HTTP/1.1" 200 1018 "-" "Python/3.11 aiohttp/3.9.2"
40.77.167.74 - - [03/Mar/2026:09:58:46 +1000] "GET /MT_Backups/Black_Arts/BACKUP-Home-Main-2021sep02-205226.rsc HTTP/1.1" 304 - "-" "Mozilla/5.0 AppleWebKit/537.36 (KHTML, like Gecko; compatible; bingbot/2.0; +http://www.bing.com/bingbot.htm) Chrome/116.0.1938.76 Safari/537.36"
118.127.40.73 - - [03/Mar/2026:10:15:24 +1000] "GET / HTTP/1.1" 200 1018 "-" "Python/3.11 aiohttp/3.9.2"
118.127.40.73 - - [03/Mar/2026:10:45:24 +1000] "GET / HTTP/1.1" 200 1018 "-" "Python/3.11 aiohttp/3.9.2"
118.127.40.73 - - [03/Mar/2026:11:15:24 +1000] "GET / HTTP/1.1" 200 1018 "-" "Python/3.11 aiohttp/3.9.2"
118.127.40.73 - - [03/Mar/2026:11:45:25 +1000] "GET / HTTP/1.1" 200 1018 "-" "Python/3.11 aiohttp/3.9.2"
18.206.217.244 - - [03/Mar/2026:12:12:47 +1000] "GET / HTTP/1.1" 200 1018 "-" "python-requests/2.32.4"
118.127.40.73 - - [03/Mar/2026:12:15:25 +1000] "GET / HTTP/1.1" 200 1018 "-" "Python/3.11 aiohttp/3.9.2"
118.127.40.73 - - [03/Mar/2026:12:45:25 +1000] "GET / HTTP/1.1" 200 1018 "-" "Python/3.11 aiohttp/3.9.2"
40.77.167.149 - - [03/Mar/2026:13:14:45 +1000] "GET /MT_Backups/Black_Arts/BACKUP-Office-The%20Cave-2024may02-205353.rsc HTTP/1.1" 304 - "-" "Mozilla/5.0 AppleWebKit/537.36 (KHTML, like Gecko; compatible; bingbot/2.0; +http://www.bing.com/bingbot.htm) Chrome/116.0.1938.76 Safari/537.36"
118.127.40.73 - - [03/Mar/2026:13:15:26 +1000] "GET / HTTP/1.1" 200 1018 "-" "Python/3.11 aiohttp/3.9.2"
118.127.40.73 - - [03/Mar/2026:13:45:35 +1000] "GET / HTTP/1.1" 200 1018 "-" "Python/3.11 aiohttp/3.9.2"
118.127.40.73 - - [03/Mar/2026:14:15:28 +1000] "GET / HTTP/1.1" 200 1018 "-" "Python/3.11 aiohttp/3.9.2"
40.77.167.77 - - [03/Mar/2026:14:22:38 +1000] "GET /MT_Backups/SmartReal/BACKUP-MikroTik-Smart-Realestate-hAP_ac-2024dec16-122601.backup HTTP/1.1" 200 305835 "-" "Mozilla/5.0 AppleWebKit/537.36 (KHTML, like Gecko; compatible; bingbot/2.0; +http://www.bing.com/bingbot.htm) Chrome/116.0.1938.76 Safari/537.36"
40.77.167.77 - - [03/Mar/2026:14:30:58 +1000] "GET /MT_Backups/DR_Suzan_Gyno/BACKUP-Dr-Suzan-2022jan20-210201.backup HTTP/1.1" 304 - "-" "Mozilla/5.0 AppleWebKit/537.36 (KHTML, like Gecko; compatible; bingbot/2.0; +http://www.bing.com/bingbot.htm) Chrome/116.0.1938.76 Safari/537.36"
40.77.167.136 - - [03/Mar/2026:14:38:11 +1000] "GET /MT_Backups/Sandstone_World/BACKUP-Sandstone%20World-2024feb23-104024.rsc HTTP/1.1" 200 - "-" "Mozilla/5.0 AppleWebKit/537.36 (KHTML, like Gecko; compatible; bingbot/2.0; +http://www.bing.com/bingbot.htm) Chrome/116.0.1938.76 Safari/537.36"
118.127.40.73 - - [03/Mar/2026:14:45:29 +1000] "GET / HTTP/1.1" 200 1018 "-" "Python/3.11 aiohttp/3.9.2"
64.176.48.214 - - [03/Mar/2026:15:07:08 +1000] "GET / HTTP/1.1" 200 1018 "-" "httpx - Open-source project (github.com/projectdiscovery/httpx)"
118.127.40.73 - - [03/Mar/2026:15:15:29 +1000] "GET / HTTP/1.1" 200 1018 "-" "Python/3.11 aiohttp/3.9.2"
118.127.40.73 - - [03/Mar/2026:15:45:29 +1000] "GET / HTTP/1.1" 200 1018 "-" "Python/3.11 aiohttp/3.9.2"
118.127.40.73 - - [03/Mar/2026:16:15:29 +1000] "GET / HTTP/1.1" 200 1018 "-" "Python/3.11 aiohttp/3.9.2"
118.127.40.73 - - [03/Mar/2026:16:45:29 +1000] "GET / HTTP/1.1" 200 1018 "-" "Python/3.11 aiohttp/3.9.2"
118.127.40.73 - - [03/Mar/2026:17:15:30 +1000] "GET / HTTP/1.1" 200 1018 "-" "Python/3.11 aiohttp/3.9.2"
118.127.40.73 - - [03/Mar/2026:17:45:30 +1000] "GET / HTTP/1.1" 200 1018 "-" "Python/3.11 aiohttp/3.9.2"
118.127.40.73 - - [03/Mar/2026:18:15:30 +1000] "GET / HTTP/1.1" 200 1018 "-" "Python/3.11 aiohttp/3.9.2"
74.7.241.145 - - [03/Mar/2026:18:16:03 +1000] "GET /robots.txt HTTP/1.1" 404 - "-" "Mozilla/5.0 (Macintosh; Intel Mac OS X 10_15_7) AppleWebKit/537.36 (KHTML, like Gecko) Chrome/131.0.0.0 Safari/537.36; compatible; OAI-SearchBot/1.3; robots.txt; +https://openai.com/searchbot"
118.127.40.73 - - [03/Mar/2026:18:45:30 +1000] "GET / HTTP/1.1" 200 1018 "-" "Python/3.11 aiohttp/3.9.2"
52.167.144.186 - - [03/Mar/2026:18:50:44 +1000] "GET /MT_Backups/Abetta_Carpit_Court/BACKUP-Abetta%20Carpet%20Court-2024sep19-202704.backup HTTP/1.1" 304 - "-" "Mozilla/5.0 AppleWebKit/537.36 (KHTML, like Gecko; compatible; bingbot/2.0; +http://www.bing.com/bingbot.htm) Chrome/116.0.1938.76 Safari/537.36"
52.167.144.57 - - [03/Mar/2026:18:54:26 +1000] "GET /robots.txt HTTP/1.1" 404 - "-" "Mozilla/5.0 AppleWebKit/537.36 (KHTML, like Gecko; compatible; bingbot/2.0; +http://www.bing.com/bingbot.htm) Chrome/116.0.1938.76 Safari/537.36"
