74.7.230.49 - - [07/Mar/2026:03:57:17 +1000] "GET /robots.txt HTTP/1.1" 200 24 "-" "Mozilla/5.0 (Macintosh; Intel Mac OS X 10_15_7) AppleWebKit/537.36 (KHTML, like Gecko) Chrome/131.0.0.0 Safari/537.36; compatible; OAI-SearchBot/1.3; robots.txt; +https://openai.com/searchbot"
74.7.227.164 - - [07/Mar/2026:03:57:17 +1000] "GET / HTTP/1.1" 200 4230 "-" "Mozilla/5.0 AppleWebKit/537.36 (KHTML, like Gecko; compatible; GPTBot/1.3; +https://openai.com/gptbot)"
118.127.40.73 - - [07/Mar/2026:04:22:41 +1000] "GET / HTTP/1.1" 200 4230 "-" "Python/3.11 aiohttp/3.9.2"
118.127.40.73 - - [07/Mar/2026:04:52:42 +1000] "GET / HTTP/1.1" 200 4230 "-" "Python/3.11 aiohttp/3.9.2"
118.127.40.73 - - [07/Mar/2026:05:22:42 +1000] "GET / HTTP/1.1" 200 4230 "-" "Python/3.11 aiohttp/3.9.2"
118.127.40.73 - - [07/Mar/2026:05:52:43 +1000] "GET / HTTP/1.1" 200 4230 "-" "Python/3.11 aiohttp/3.9.2"
118.127.40.73 - - [07/Mar/2026:06:22:46 +1000] "GET / HTTP/1.1" 200 4230 "-" "Python/3.11 aiohttp/3.9.2"
118.127.40.73 - - [07/Mar/2026:06:52:44 +1000] "GET / HTTP/1.1" 200 4230 "-" "Python/3.11 aiohttp/3.9.2"
118.127.40.73 - - [07/Mar/2026:07:22:43 +1000] "GET / HTTP/1.1" 200 4230 "-" "Python/3.11 aiohttp/3.9.2"
118.127.40.73 - - [07/Mar/2026:07:52:47 +1000] "GET / HTTP/1.1" 200 4230 "-" "Python/3.11 aiohttp/3.9.2"
118.127.40.73 - - [07/Mar/2026:08:22:48 +1000] "GET / HTTP/1.1" 200 4230 "-" "Python/3.11 aiohttp/3.9.2"
118.127.40.73 - - [07/Mar/2026:08:52:43 +1000] "GET / HTTP/1.1" 200 4230 "-" "Python/3.11 aiohttp/3.9.2"
118.127.40.73 - - [07/Mar/2026:09:22:43 +1000] "GET / HTTP/1.1" 200 4230 "-" "Python/3.11 aiohttp/3.9.2"
118.127.40.73 - - [07/Mar/2026:09:52:44 +1000] "GET / HTTP/1.1" 200 4230 "-" "Python/3.11 aiohttp/3.9.2"
118.127.40.73 - - [07/Mar/2026:10:22:44 +1000] "GET / HTTP/1.1" 200 4230 "-" "Python/3.11 aiohttp/3.9.2"
199.45.155.98 - - [07/Mar/2026:10:32:12 +1000] "GET / HTTP/1.1" 500 442320 "-" "Mozilla/5.0 (compatible; CensysInspect/1.1; +https://about.censys.io/)"
199.45.155.98 - - [07/Mar/2026:10:32:24 +1000] "GET / HTTP/1.1" 421 362 "-" "Mozilla/5.0 (compatible; CensysInspect/1.1; +https://about.censys.io/)"
118.127.40.73 - - [07/Mar/2026:10:52:46 +1000] "GET / HTTP/1.1" 200 4230 "-" "Python/3.11 aiohttp/3.9.2"
118.127.40.73 - - [07/Mar/2026:11:22:44 +1000] "GET / HTTP/1.1" 200 4230 "-" "Python/3.11 aiohttp/3.9.2"
118.127.40.73 - - [07/Mar/2026:11:52:46 +1000] "GET / HTTP/1.1" 200 4230 "-" "Python/3.11 aiohttp/3.9.2"
65.49.27.187 - - [07/Mar/2026:12:18:45 +1000] "GET / HTTP/1.1" 500 1077598 "-" "Mozilla/5.0 (Macintosh; Intel Mac OS X 10_15_7) AppleWebKit/537.36 (KHTML, like Gecko) Chrome/121.0.0.0 Safari/537.36"
65.49.27.187 - - [07/Mar/2026:12:18:45 +1000] "GET / HTTP/1.1" 500 1077594 "-" "Mozilla/5.0 (Macintosh; Intel Mac OS X 10_15_7) AppleWebKit/537.36 (KHTML, like Gecko) Chrome/121.0.0.0 Safari/537.36"
118.127.40.73 - - [07/Mar/2026:12:22:44 +1000] "GET / HTTP/1.1" 200 4230 "-" "Python/3.11 aiohttp/3.9.2"
118.127.40.73 - - [07/Mar/2026:12:52:46 +1000] "GET / HTTP/1.1" 200 4230 "-" "Python/3.11 aiohttp/3.9.2"
65.49.27.187 - - [07/Mar/2026:13:16:12 +1000] "GET / HTTP/1.1" 500 1077600 "-" "Mozilla/5.0 (Macintosh; Intel Mac OS X 10_15_7) AppleWebKit/537.36 (KHTML, like Gecko) Chrome/121.0.0.0 Safari/537.36"
118.127.40.73 - - [07/Mar/2026:13:22:46 +1000] "GET / HTTP/1.1" 200 4230 "-" "Python/3.11 aiohttp/3.9.2"
118.127.40.73 - - [07/Mar/2026:13:52:47 +1000] "GET / HTTP/1.1" 200 4230 "-" "Python/3.11 aiohttp/3.9.2"
118.127.40.73 - - [07/Mar/2026:14:22:44 +1000] "GET / HTTP/1.1" 200 4230 "-" "Python/3.11 aiohttp/3.9.2"
65.49.27.187 - - [07/Mar/2026:14:27:37 +1000] "GET / HTTP/1.1" 500 1077586 "-" "Mozilla/5.0 (Macintosh; Intel Mac OS X 10_15_7) AppleWebKit/537.36 (KHTML, like Gecko) Chrome/121.0.0.0 Safari/537.36"
118.127.40.73 - - [07/Mar/2026:14:52:47 +1000] "GET / HTTP/1.1" 200 4230 "-" "Python/3.11 aiohttp/3.9.2"
118.127.40.73 - - [07/Mar/2026:15:22:45 +1000] "GET / HTTP/1.1" 200 4230 "-" "Python/3.11 aiohttp/3.9.2"
65.49.27.187 - - [07/Mar/2026:15:32:18 +1000] "GET / HTTP/1.1" 500 1077596 "-" "Mozilla/5.0 (Macintosh; Intel Mac OS X 10_15_7) AppleWebKit/537.36 (KHTML, like Gecko) Chrome/121.0.0.0 Safari/537.36"
118.127.40.73 - - [07/Mar/2026:15:52:47 +1000] "GET / HTTP/1.1" 200 4230 "-" "Python/3.11 aiohttp/3.9.2"
16.52.49.91 - - [07/Mar/2026:16:21:17 +1000] "GET / HTTP/1.1" 200 4230 "-" "Mozilla/5.0 (X11; Linux x86_64) AppleWebKit/537.36 (KHTML, like Gecko) Chrome/131.0.0.0 Safari/537.36"
16.52.49.91 - - [07/Mar/2026:16:21:17 +1000] "POST / HTTP/1.1" 419 6609 "-" "Mozilla/5.0 (X11; Linux x86_64) AppleWebKit/537.36 (KHTML, like Gecko) Chrome/131.0.0.0 Safari/537.36"
16.52.49.91 - - [07/Mar/2026:16:21:18 +1000] "POST / HTTP/1.1" 419 6609 "-" "Mozilla/5.0 (X11; Linux x86_64) AppleWebKit/537.36 (KHTML, like Gecko) Chrome/131.0.0.0 Safari/537.36"
16.52.49.91 - - [07/Mar/2026:16:21:18 +1000] "POST / HTTP/1.1" 419 6609 "-" "Mozilla/5.0 (X11; Linux x86_64) AppleWebKit/537.36 (KHTML, like Gecko) Chrome/131.0.0.0 Safari/537.36"
118.127.40.73 - - [07/Mar/2026:16:22:47 +1000] "GET / HTTP/1.1" 200 4230 "-" "Python/3.11 aiohttp/3.9.2"
34.219.57.24 - - [07/Mar/2026:16:25:45 +1000] "GET / HTTP/1.1" 500 1077456 "-" "Mozilla/5.0 (Macintosh; Intel Mac OS X 10_15_7) AppleWebKit/537.36 (KHTML, like Gecko) Chrome/131.0.0.0 Safari/537.36"
34.219.57.24 - - [07/Mar/2026:16:25:49 +1000] "POST / HTTP/1.1" 500 1079032 "-" "Mozilla/5.0 (Macintosh; Intel Mac OS X 10_15_7) AppleWebKit/537.36 (KHTML, like Gecko) Chrome/131.0.0.0 Safari/537.36"
34.219.57.24 - - [07/Mar/2026:16:25:52 +1000] "POST / HTTP/1.1" 500 1079122 "-" "Mozilla/5.0 (Macintosh; Intel Mac OS X 10_15_7) AppleWebKit/537.36 (KHTML, like Gecko) Chrome/131.0.0.0 Safari/537.36"
34.219.57.24 - - [07/Mar/2026:16:25:56 +1000] "POST / HTTP/1.1" 500 1078790 "-" "Mozilla/5.0 (Macintosh; Intel Mac OS X 10_15_7) AppleWebKit/537.36 (KHTML, like Gecko) Chrome/131.0.0.0 Safari/537.36"
65.49.27.187 - - [07/Mar/2026:16:45:52 +1000] "GET / HTTP/1.1" 500 1077596 "-" "Mozilla/5.0 (Macintosh; Intel Mac OS X 10_15_7) AppleWebKit/537.36 (KHTML, like Gecko) Chrome/121.0.0.0 Safari/537.36"
118.127.40.73 - - [07/Mar/2026:16:52:47 +1000] "GET / HTTP/1.1" 200 4230 "-" "Python/3.11 aiohttp/3.9.2"
118.127.40.73 - - [07/Mar/2026:17:22:47 +1000] "GET / HTTP/1.1" 200 4230 "-" "Python/3.11 aiohttp/3.9.2"
65.49.27.187 - - [07/Mar/2026:17:51:50 +1000] "GET / HTTP/1.1" 500 1077596 "-" "Mozilla/5.0 (Macintosh; Intel Mac OS X 10_15_7) AppleWebKit/537.36 (KHTML, like Gecko) Chrome/121.0.0.0 Safari/537.36"
118.127.40.73 - - [07/Mar/2026:17:52:49 +1000] "GET / HTTP/1.1" 200 4230 "-" "Python/3.11 aiohttp/3.9.2"
118.127.40.73 - - [07/Mar/2026:18:22:47 +1000] "GET / HTTP/1.1" 200 4230 "-" "Python/3.11 aiohttp/3.9.2"
54.211.48.27 - - [07/Mar/2026:18:46:47 +1000] "GET / HTTP/1.1" 200 4230 "-" "python-requests/2.32.4"
118.127.40.73 - - [07/Mar/2026:18:52:52 +1000] "GET / HTTP/1.1" 200 4230 "-" "Python/3.11 aiohttp/3.9.2"
65.49.27.187 - - [07/Mar/2026:19:07:03 +1000] "GET / HTTP/1.1" 500 1077594 "-" "Mozilla/5.0 (Macintosh; Intel Mac OS X 10_15_7) AppleWebKit/537.36 (KHTML, like Gecko) Chrome/121.0.0.0 Safari/537.36"
65.49.27.187 - - [07/Mar/2026:19:07:03 +1000] "GET / HTTP/1.1" 500 1077596 "-" "Mozilla/5.0 (Macintosh; Intel Mac OS X 10_15_7) AppleWebKit/537.36 (KHTML, like Gecko) Chrome/121.0.0.0 Safari/537.36"
118.127.40.73 - - [07/Mar/2026:19:22:48 +1000] "GET / HTTP/1.1" 200 4230 "-" "Python/3.11 aiohttp/3.9.2"
129.212.179.95 - - [07/Mar/2026:19:35:26 +1000] "GET /wp-login.php HTTP/1.1" 404 6603 "https://t.co/" "Mozilla/5.0 (Windows NT 10.0; Win64; x64; rv:120.0) Gecko/20100101 Firefox/120.0"
129.212.179.95 - - [07/Mar/2026:19:35:26 +1000] "GET /wp-admin/ HTTP/1.1" 301 300 "" "Mozilla/5.0 (Macintosh; Intel Mac OS X 13_6_1; rv:121.0) Gecko/20100101 Firefox/121.0"
129.212.179.95 - - [07/Mar/2026:19:35:26 +1000] "GET /wp-admin HTTP/1.1" 404 6603 "" "Mozilla/5.0 (Macintosh; Intel Mac OS X 13_6_1; rv:121.0) Gecko/20100101 Firefox/121.0"
129.212.179.95 - - [07/Mar/2026:19:35:27 +1000] "GET /wp-login.php HTTP/1.1" 404 6603 "-" "Mozilla/5.0 (Macintosh; Intel Mac OS X 10_15_7) AppleWebKit/605.1.15 (KHTML, like Gecko) Version/17.1 Safari/605.1.15"
129.212.179.95 - - [07/Mar/2026:19:35:28 +1000] "GET /wp-admin/ HTTP/1.1" 301 304 "-" "Mozilla/5.0 (Windows NT 11.0; Win64; x64) AppleWebKit/537.36 (KHTML, like Gecko) Chrome/121.0.0.0 Safari/537.36"
129.212.179.95 - - [07/Mar/2026:19:35:28 +1000] "GET /wp-admin HTTP/1.1" 404 6603 "-" "Mozilla/5.0 (Windows NT 11.0; Win64; x64) AppleWebKit/537.36 (KHTML, like Gecko) Chrome/121.0.0.0 Safari/537.36"
118.127.40.73 - - [07/Mar/2026:19:52:48 +1000] "GET / HTTP/1.1" 200 4230 "-" "Python/3.11 aiohttp/3.9.2"
65.49.27.187 - - [07/Mar/2026:20:09:48 +1000] "GET / HTTP/1.1" 500 1077596 "-" "Mozilla/5.0 (Macintosh; Intel Mac OS X 10_15_7) AppleWebKit/537.36 (KHTML, like Gecko) Chrome/121.0.0.0 Safari/537.36"
118.127.40.73 - - [07/Mar/2026:20:22:48 +1000] "GET / HTTP/1.1" 200 4230 "-" "Python/3.11 aiohttp/3.9.2"
118.127.40.73 - - [07/Mar/2026:20:52:49 +1000] "GET / HTTP/1.1" 200 4230 "-" "Python/3.11 aiohttp/3.9.2"
118.127.40.73 - - [07/Mar/2026:21:22:48 +1000] "GET / HTTP/1.1" 200 4230 "-" "Python/3.11 aiohttp/3.9.2"
65.49.27.187 - - [07/Mar/2026:21:25:29 +1000] "GET / HTTP/1.1" 500 1077600 "-" "Mozilla/5.0 (Macintosh; Intel Mac OS X 10_15_7) AppleWebKit/537.36 (KHTML, like Gecko) Chrome/121.0.0.0 Safari/537.36"
118.127.40.73 - - [07/Mar/2026:21:52:47 +1000] "GET / HTTP/1.1" 200 4230 "-" "Python/3.11 aiohttp/3.9.2"
118.127.40.73 - - [07/Mar/2026:22:22:49 +1000] "GET / HTTP/1.1" 200 4230 "-" "Python/3.11 aiohttp/3.9.2"
46.101.147.78 - - [07/Mar/2026:22:32:12 +1000] "GET / HTTP/1.1" 200 4230 "-" "Mozilla/5.0 (X11; Linux x86_64) AppleWebKit/537.36 (KHTML, like Gecko) Chrome/142.0.0.0 Safari/537.36"
46.101.147.78 - - [07/Mar/2026:22:32:19 +1000] "GET /favicon.ico HTTP/1.1" 200 - "https://printmanagertenant.posscales.com.au/" "Mozilla/5.0 (X11; Linux x86_64) AppleWebKit/537.36 (KHTML, like Gecko) Chrome/142.0.0.0 Safari/537.36"
65.49.27.187 - - [07/Mar/2026:22:36:17 +1000] "GET / HTTP/1.1" 500 1077592 "-" "Mozilla/5.0 (Macintosh; Intel Mac OS X 10_15_7) AppleWebKit/537.36 (KHTML, like Gecko) Chrome/121.0.0.0 Safari/537.36"
118.127.40.73 - - [07/Mar/2026:22:52:49 +1000] "GET / HTTP/1.1" 200 4230 "-" "Python/3.11 aiohttp/3.9.2"
46.101.34.241 - - [07/Mar/2026:23:08:23 +1000] "GET / HTTP/1.1" 500 1077664 "-" "Mozilla/5.0 (X11; Linux x86_64; rv:142.0) Gecko/20100101 Firefox/142.0"
46.101.34.241 - - [07/Mar/2026:23:08:31 +1000] "GET /favicon.ico HTTP/1.1" 200 - "https://www.printmanagertenant.posscales.com.au/" "Mozilla/5.0 (X11; Linux x86_64; rv:142.0) Gecko/20100101 Firefox/142.0"
118.127.40.73 - - [07/Mar/2026:23:22:50 +1000] "GET / HTTP/1.1" 200 4230 "-" "Python/3.11 aiohttp/3.9.2"
118.127.40.73 - - [07/Mar/2026:23:52:49 +1000] "GET / HTTP/1.1" 200 4230 "-" "Python/3.11 aiohttp/3.9.2"
65.49.27.187 - - [07/Mar/2026:23:54:42 +1000] "GET / HTTP/1.1" 500 1077594 "-" "Mozilla/5.0 (Macintosh; Intel Mac OS X 10_15_7) AppleWebKit/537.36 (KHTML, like Gecko) Chrome/121.0.0.0 Safari/537.36"
118.127.40.73 - - [08/Mar/2026:00:22:49 +1000] "GET / HTTP/1.1" 200 4230 "-" "Python/3.11 aiohttp/3.9.2"
52.200.211.242 - - [08/Mar/2026:00:36:21 +1000] "GET / HTTP/1.1" 500 245736 "-" "Mozilla/5.0 (Windows NT 10.0; Win64; x64) AppleWebKit/537.36 (KHTML, like Gecko) Chrome/136.0.0.0 Safari/537.36"
74.7.244.53 - - [08/Mar/2026:00:50:54 +1000] "GET /robots.txt HTTP/1.1" 200 24 "-" "Mozilla/5.0 (Macintosh; Intel Mac OS X 10_15_7) AppleWebKit/537.36 (KHTML, like Gecko) Chrome/131.0.0.0 Safari/537.36; compatible; OAI-SearchBot/1.3; robots.txt; +https://openai.com/searchbot"
118.127.40.73 - - [08/Mar/2026:00:52:51 +1000] "GET / HTTP/1.1" 200 4230 "-" "Python/3.11 aiohttp/3.9.2"
65.49.27.187 - - [08/Mar/2026:01:01:48 +1000] "GET / HTTP/1.1" 500 1077598 "-" "Mozilla/5.0 (Macintosh; Intel Mac OS X 10_15_7) AppleWebKit/537.36 (KHTML, like Gecko) Chrome/121.0.0.0 Safari/537.36"
118.127.40.73 - - [08/Mar/2026:01:22:53 +1000] "GET / HTTP/1.1" 200 4230 "-" "Python/3.11 aiohttp/3.9.2"
65.49.27.187 - - [08/Mar/2026:01:52:06 +1000] "GET / HTTP/1.1" 500 1077596 "-" "Mozilla/5.0 (Macintosh; Intel Mac OS X 10_15_7) AppleWebKit/537.36 (KHTML, like Gecko) Chrome/121.0.0.0 Safari/537.36"
65.49.27.187 - - [08/Mar/2026:01:52:06 +1000] "GET / HTTP/1.1" 500 1077596 "-" "Mozilla/5.0 (Macintosh; Intel Mac OS X 10_15_7) AppleWebKit/537.36 (KHTML, like Gecko) Chrome/121.0.0.0 Safari/537.36"
118.127.40.73 - - [08/Mar/2026:01:52:50 +1000] "GET / HTTP/1.1" 200 4230 "-" "Python/3.11 aiohttp/3.9.2"
118.127.40.73 - - [08/Mar/2026:02:22:55 +1000] "GET / HTTP/1.1" 200 4230 "-" "Python/3.11 aiohttp/3.9.2"
118.127.40.73 - - [08/Mar/2026:02:52:52 +1000] "GET / HTTP/1.1" 200 4230 "-" "Python/3.11 aiohttp/3.9.2"
65.49.27.187 - - [08/Mar/2026:02:54:42 +1000] "GET / HTTP/1.1" 500 1077594 "-" "Mozilla/5.0 (Macintosh; Intel Mac OS X 10_15_7) AppleWebKit/537.36 (KHTML, like Gecko) Chrome/121.0.0.0 Safari/537.36"
118.127.40.73 - - [08/Mar/2026:03:22:50 +1000] "GET / HTTP/1.1" 200 4230 "-" "Python/3.11 aiohttp/3.9.2"
118.127.40.73 - - [08/Mar/2026:03:52:52 +1000] "GET / HTTP/1.1" 200 4230 "-" "Python/3.11 aiohttp/3.9.2"
65.49.27.187 - - [08/Mar/2026:04:11:27 +1000] "GET / HTTP/1.1" 500 1077594 "-" "Mozilla/5.0 (Macintosh; Intel Mac OS X 10_15_7) AppleWebKit/537.36 (KHTML, like Gecko) Chrome/121.0.0.0 Safari/537.36"
118.127.40.73 - - [08/Mar/2026:04:22:50 +1000] "GET / HTTP/1.1" 200 4230 "-" "Python/3.11 aiohttp/3.9.2"
118.127.40.73 - - [08/Mar/2026:04:52:51 +1000] "GET / HTTP/1.1" 200 4230 "-" "Python/3.11 aiohttp/3.9.2"
118.127.40.73 - - [08/Mar/2026:05:22:52 +1000] "GET / HTTP/1.1" 200 4230 "-" "Python/3.11 aiohttp/3.9.2"
118.127.40.73 - - [08/Mar/2026:05:52:51 +1000] "GET / HTTP/1.1" 200 4230 "-" "Python/3.11 aiohttp/3.9.2"
118.127.40.73 - - [08/Mar/2026:06:22:53 +1000] "GET / HTTP/1.1" 200 4230 "-" "Python/3.11 aiohttp/3.9.2"
198.235.24.235 - - [08/Mar/2026:06:47:41 +1000] "GET / HTTP/1.1" 500 1077296 "-" "Hello from Palo Alto Networks, find out more about our scans in https://docs-cortex.paloaltonetworks.com/r/1/Cortex-Xpanse/Scanning-activity"
118.127.40.73 - - [08/Mar/2026:06:52:51 +1000] "GET / HTTP/1.1" 200 4230 "-" "Python/3.11 aiohttp/3.9.2"
118.127.40.73 - - [08/Mar/2026:07:22:51 +1000] "GET / HTTP/1.1" 200 4230 "-" "Python/3.11 aiohttp/3.9.2"
118.127.40.73 - - [08/Mar/2026:07:52:53 +1000] "GET / HTTP/1.1" 200 4230 "-" "Python/3.11 aiohttp/3.9.2"
118.127.40.73 - - [08/Mar/2026:08:22:54 +1000] "GET / HTTP/1.1" 200 4230 "-" "Python/3.11 aiohttp/3.9.2"
118.127.40.73 - - [08/Mar/2026:08:52:56 +1000] "GET / HTTP/1.1" 200 4230 "-" "Python/3.11 aiohttp/3.9.2"
118.127.40.73 - - [08/Mar/2026:09:22:54 +1000] "GET / HTTP/1.1" 200 4230 "-" "Python/3.11 aiohttp/3.9.2"
118.127.40.73 - - [08/Mar/2026:09:52:54 +1000] "GET / HTTP/1.1" 200 4230 "-" "Python/3.11 aiohttp/3.9.2"
118.127.40.73 - - [08/Mar/2026:10:22:52 +1000] "GET / HTTP/1.1" 200 4230 "-" "Python/3.11 aiohttp/3.9.2"
65.49.27.187 - - [08/Mar/2026:10:37:32 +1000] "GET / HTTP/1.1" 500 1077596 "-" "Mozilla/5.0 (Macintosh; Intel Mac OS X 10_15_7) AppleWebKit/537.36 (KHTML, like Gecko) Chrome/121.0.0.0 Safari/537.36"
65.49.27.187 - - [08/Mar/2026:10:37:32 +1000] "GET / HTTP/1.1" 500 1077598 "-" "Mozilla/5.0 (Macintosh; Intel Mac OS X 10_15_7) AppleWebKit/537.36 (KHTML, like Gecko) Chrome/121.0.0.0 Safari/537.36"
118.127.40.73 - - [08/Mar/2026:10:52:53 +1000] "GET / HTTP/1.1" 200 4230 "-" "Python/3.11 aiohttp/3.9.2"
118.127.40.73 - - [08/Mar/2026:11:22:54 +1000] "GET / HTTP/1.1" 200 4230 "-" "Python/3.11 aiohttp/3.9.2"
65.49.27.187 - - [08/Mar/2026:11:38:19 +1000] "GET / HTTP/1.1" 500 1077596 "-" "Mozilla/5.0 (Macintosh; Intel Mac OS X 10_15_7) AppleWebKit/537.36 (KHTML, like Gecko) Chrome/121.0.0.0 Safari/537.36"
3.239.73.237 - - [08/Mar/2026:11:38:43 +1000] "GET / HTTP/1.1" 200 4230 "-" "Mozilla/5.0 (X11; Linux x86_64) AppleWebKit/537.36 (KHTML, like Gecko) Chrome/131.0.0.0 Safari/537.36"
3.239.73.237 - - [08/Mar/2026:11:38:44 +1000] "POST / HTTP/1.1" 419 6609 "-" "Mozilla/5.0 (X11; Linux x86_64) AppleWebKit/537.36 (KHTML, like Gecko) Chrome/131.0.0.0 Safari/537.36"
3.239.73.237 - - [08/Mar/2026:11:38:44 +1000] "POST / HTTP/1.1" 419 6609 "-" "Mozilla/5.0 (X11; Linux x86_64) AppleWebKit/537.36 (KHTML, like Gecko) Chrome/131.0.0.0 Safari/537.36"
3.239.73.237 - - [08/Mar/2026:11:38:44 +1000] "POST / HTTP/1.1" 419 6609 "-" "Mozilla/5.0 (X11; Linux x86_64) AppleWebKit/537.36 (KHTML, like Gecko) Chrome/131.0.0.0 Safari/537.36"
118.127.40.73 - - [08/Mar/2026:11:52:54 +1000] "GET / HTTP/1.1" 200 4230 "-" "Python/3.11 aiohttp/3.9.2"
118.127.40.73 - - [08/Mar/2026:12:22:53 +1000] "GET / HTTP/1.1" 200 4230 "-" "Python/3.11 aiohttp/3.9.2"
65.49.27.187 - - [08/Mar/2026:12:50:35 +1000] "GET / HTTP/1.1" 500 1077598 "-" "Mozilla/5.0 (Macintosh; Intel Mac OS X 10_15_7) AppleWebKit/537.36 (KHTML, like Gecko) Chrome/121.0.0.0 Safari/537.36"
118.127.40.73 - - [08/Mar/2026:12:52:54 +1000] "GET / HTTP/1.1" 200 4230 "-" "Python/3.11 aiohttp/3.9.2"
118.127.40.73 - - [08/Mar/2026:13:22:55 +1000] "GET / HTTP/1.1" 200 4230 "-" "Python/3.11 aiohttp/3.9.2"
118.127.40.73 - - [08/Mar/2026:13:52:56 +1000] "GET / HTTP/1.1" 200 4230 "-" "Python/3.11 aiohttp/3.9.2"
65.49.27.187 - - [08/Mar/2026:14:01:27 +1000] "GET / HTTP/1.1" 500 1077594 "-" "Mozilla/5.0 (Macintosh; Intel Mac OS X 10_15_7) AppleWebKit/537.36 (KHTML, like Gecko) Chrome/121.0.0.0 Safari/537.36"
18.217.186.74 - - [08/Mar/2026:14:12:37 +1000] "GET / HTTP/1.1" 200 4230 "-" "python-requests/2.32.5"
118.127.40.73 - - [08/Mar/2026:14:22:54 +1000] "GET / HTTP/1.1" 200 4230 "-" "Python/3.11 aiohttp/3.9.2"
118.127.40.73 - - [08/Mar/2026:14:52:56 +1000] "GET / HTTP/1.1" 200 4230 "-" "Python/3.11 aiohttp/3.9.2"
3.142.122.28 - - [08/Mar/2026:15:18:05 +1000] "GET / HTTP/1.1" 200 4230 "-" "python-requests/2.32.5"
118.127.40.73 - - [08/Mar/2026:15:22:55 +1000] "GET / HTTP/1.1" 200 4230 "-" "Python/3.11 aiohttp/3.9.2"
65.49.27.187 - - [08/Mar/2026:15:23:35 +1000] "GET / HTTP/1.1" 500 1077586 "-" "Mozilla/5.0 (Macintosh; Intel Mac OS X 10_15_7) AppleWebKit/537.36 (KHTML, like Gecko) Chrome/121.0.0.0 Safari/537.36"
118.127.40.73 - - [08/Mar/2026:15:52:55 +1000] "GET / HTTP/1.1" 200 4230 "-" "Python/3.11 aiohttp/3.9.2"
118.127.40.73 - - [08/Mar/2026:16:22:55 +1000] "GET / HTTP/1.1" 200 4230 "-" "Python/3.11 aiohttp/3.9.2"
65.49.27.187 - - [08/Mar/2026:16:29:42 +1000] "GET / HTTP/1.1" 500 1077596 "-" "Mozilla/5.0 (Macintosh; Intel Mac OS X 10_15_7) AppleWebKit/537.36 (KHTML, like Gecko) Chrome/121.0.0.0 Safari/537.36"
118.127.40.73 - - [08/Mar/2026:16:52:59 +1000] "GET / HTTP/1.1" 200 4230 "-" "Python/3.11 aiohttp/3.9.2"
65.49.27.187 - - [08/Mar/2026:17:17:01 +1000] "GET / HTTP/1.1" 500 1077590 "-" "Mozilla/5.0 (Macintosh; Intel Mac OS X 10_15_7) AppleWebKit/537.36 (KHTML, like Gecko) Chrome/121.0.0.0 Safari/537.36"
65.49.27.187 - - [08/Mar/2026:17:17:01 +1000] "GET / HTTP/1.1" 500 1077600 "-" "Mozilla/5.0 (Macintosh; Intel Mac OS X 10_15_7) AppleWebKit/537.36 (KHTML, like Gecko) Chrome/121.0.0.0 Safari/537.36"
118.127.40.73 - - [08/Mar/2026:17:22:55 +1000] "GET / HTTP/1.1" 200 4230 "-" "Python/3.11 aiohttp/3.9.2"
118.127.40.73 - - [08/Mar/2026:17:52:56 +1000] "GET / HTTP/1.1" 200 4230 "-" "Python/3.11 aiohttp/3.9.2"
65.49.27.187 - - [08/Mar/2026:18:13:53 +1000] "GET / HTTP/1.1" 500 1077598 "-" "Mozilla/5.0 (Macintosh; Intel Mac OS X 10_15_7) AppleWebKit/537.36 (KHTML, like Gecko) Chrome/121.0.0.0 Safari/537.36"
118.127.40.73 - - [08/Mar/2026:18:22:56 +1000] "GET / HTTP/1.1" 200 4230 "-" "Python/3.11 aiohttp/3.9.2"
118.127.40.73 - - [08/Mar/2026:18:52:59 +1000] "GET / HTTP/1.1" 200 4230 "-" "Python/3.11 aiohttp/3.9.2"
118.127.40.73 - - [08/Mar/2026:19:22:57 +1000] "GET / HTTP/1.1" 200 4230 "-" "Python/3.11 aiohttp/3.9.2"
65.49.27.187 - - [08/Mar/2026:19:30:24 +1000] "GET / HTTP/1.1" 500 1077600 "-" "Mozilla/5.0 (Macintosh; Intel Mac OS X 10_15_7) AppleWebKit/537.36 (KHTML, like Gecko) Chrome/121.0.0.0 Safari/537.36"
118.127.40.73 - - [08/Mar/2026:19:53:00 +1000] "GET / HTTP/1.1" 200 4230 "-" "Python/3.11 aiohttp/3.9.2"
118.127.40.73 - - [08/Mar/2026:20:22:57 +1000] "GET / HTTP/1.1" 200 4230 "-" "Python/3.11 aiohttp/3.9.2"
65.49.27.187 - - [08/Mar/2026:20:36:08 +1000] "GET / HTTP/1.1" 500 1077596 "-" "Mozilla/5.0 (Macintosh; Intel Mac OS X 10_15_7) AppleWebKit/537.36 (KHTML, like Gecko) Chrome/121.0.0.0 Safari/537.36"
118.127.40.73 - - [08/Mar/2026:20:52:59 +1000] "GET / HTTP/1.1" 200 4230 "-" "Python/3.11 aiohttp/3.9.2"
118.127.40.73 - - [08/Mar/2026:21:22:57 +1000] "GET / HTTP/1.1" 200 4230 "-" "Python/3.11 aiohttp/3.9.2"
65.49.27.187 - - [08/Mar/2026:21:51:44 +1000] "GET / HTTP/1.1" 500 1077596 "-" "Mozilla/5.0 (Macintosh; Intel Mac OS X 10_15_7) AppleWebKit/537.36 (KHTML, like Gecko) Chrome/121.0.0.0 Safari/537.36"
118.127.40.73 - - [08/Mar/2026:21:53:00 +1000] "GET / HTTP/1.1" 200 4230 "-" "Python/3.11 aiohttp/3.9.2"
204.76.203.25 - - [08/Mar/2026:22:13:28 +1000] "GET / HTTP/1.1" 200 4230 "-" "Mozilla/5.0 (Windows NT 10.0; Win64; x64) AppleWebKit/537.36 (KHTML, like Gecko) Chrome/134.0.0.0 Safari/537.3"
118.127.40.73 - - [08/Mar/2026:22:22:57 +1000] "GET / HTTP/1.1" 200 4230 "-" "Python/3.11 aiohttp/3.9.2"
118.127.40.73 - - [08/Mar/2026:22:52:56 +1000] "GET / HTTP/1.1" 200 4230 "-" "Python/3.11 aiohttp/3.9.2"
65.49.27.187 - - [08/Mar/2026:23:00:49 +1000] "GET / HTTP/1.1" 500 1077598 "-" "Mozilla/5.0 (Macintosh; Intel Mac OS X 10_15_7) AppleWebKit/537.36 (KHTML, like Gecko) Chrome/121.0.0.0 Safari/537.36"
118.127.40.73 - - [08/Mar/2026:23:22:59 +1000] "GET / HTTP/1.1" 200 4230 "-" "Python/3.11 aiohttp/3.9.2"
118.127.40.73 - - [08/Mar/2026:23:52:58 +1000] "GET / HTTP/1.1" 200 4230 "-" "Python/3.11 aiohttp/3.9.2"
65.49.27.187 - - [09/Mar/2026:00:05:52 +1000] "GET / HTTP/1.1" 500 1077594 "-" "Mozilla/5.0 (Macintosh; Intel Mac OS X 10_15_7) AppleWebKit/537.36 (KHTML, like Gecko) Chrome/121.0.0.0 Safari/537.36"
65.49.27.187 - - [09/Mar/2026:00:05:52 +1000] "GET / HTTP/1.1" 500 1077598 "-" "Mozilla/5.0 (Macintosh; Intel Mac OS X 10_15_7) AppleWebKit/537.36 (KHTML, like Gecko) Chrome/121.0.0.0 Safari/537.36"
118.127.40.73 - - [09/Mar/2026:00:22:59 +1000] "GET / HTTP/1.1" 200 4230 "-" "Python/3.11 aiohttp/3.9.2"
118.127.40.73 - - [09/Mar/2026:00:52:59 +1000] "GET / HTTP/1.1" 200 4230 "-" "Python/3.11 aiohttp/3.9.2"
65.49.27.187 - - [09/Mar/2026:01:05:41 +1000] "GET / HTTP/1.1" 500 1077600 "-" "Mozilla/5.0 (Macintosh; Intel Mac OS X 10_15_7) AppleWebKit/537.36 (KHTML, like Gecko) Chrome/121.0.0.0 Safari/537.36"
118.127.40.73 - - [09/Mar/2026:01:23:09 +1000] "GET / HTTP/1.1" 200 4230 "-" "Python/3.11 aiohttp/3.9.2"
118.127.40.73 - - [09/Mar/2026:01:52:58 +1000] "GET / HTTP/1.1" 200 4230 "-" "Python/3.11 aiohttp/3.9.2"
65.49.27.187 - - [09/Mar/2026:02:22:13 +1000] "GET / HTTP/1.1" 500 1077600 "-" "Mozilla/5.0 (Macintosh; Intel Mac OS X 10_15_7) AppleWebKit/537.36 (KHTML, like Gecko) Chrome/121.0.0.0 Safari/537.36"
118.127.40.73 - - [09/Mar/2026:02:22:59 +1000] "GET / HTTP/1.1" 200 4230 "-" "Python/3.11 aiohttp/3.9.2"
118.127.40.73 - - [09/Mar/2026:02:53:01 +1000] "GET / HTTP/1.1" 200 4230 "-" "Python/3.11 aiohttp/3.9.2"
118.127.40.73 - - [09/Mar/2026:03:23:08 +1000] "GET / HTTP/1.1" 200 4230 "-" "Python/3.11 aiohttp/3.9.2"
65.49.27.187 - - [09/Mar/2026:03:24:02 +1000] "GET / HTTP/1.1" 500 1077592 "-" "Mozilla/5.0 (Macintosh; Intel Mac OS X 10_15_7) AppleWebKit/537.36 (KHTML, like Gecko) Chrome/121.0.0.0 Safari/537.36"
118.127.40.73 - - [09/Mar/2026:03:53:00 +1000] "GET / HTTP/1.1" 200 4230 "-" "Python/3.11 aiohttp/3.9.2"
118.127.40.73 - - [09/Mar/2026:04:23:17 +1000] "GET / HTTP/1.1" 200 4230 "-" "Python/3.11 aiohttp/3.9.2"
65.49.27.187 - - [09/Mar/2026:04:35:40 +1000] "GET / HTTP/1.1" 500 1077600 "-" "Mozilla/5.0 (Macintosh; Intel Mac OS X 10_15_7) AppleWebKit/537.36 (KHTML, like Gecko) Chrome/121.0.0.0 Safari/537.36"
118.127.40.73 - - [09/Mar/2026:04:53:01 +1000] "GET / HTTP/1.1" 200 4230 "-" "Python/3.11 aiohttp/3.9.2"
118.127.40.73 - - [09/Mar/2026:05:23:01 +1000] "GET / HTTP/1.1" 200 4230 "-" "Python/3.11 aiohttp/3.9.2"
65.49.27.187 - - [09/Mar/2026:05:37:57 +1000] "GET / HTTP/1.1" 500 1077600 "-" "Mozilla/5.0 (Macintosh; Intel Mac OS X 10_15_7) AppleWebKit/537.36 (KHTML, like Gecko) Chrome/121.0.0.0 Safari/537.36"
118.127.40.73 - - [09/Mar/2026:05:53:03 +1000] "GET / HTTP/1.1" 200 4230 "-" "Python/3.11 aiohttp/3.9.2"
118.127.40.73 - - [09/Mar/2026:06:23:03 +1000] "GET / HTTP/1.1" 200 4230 "-" "Python/3.11 aiohttp/3.9.2"
54.87.41.152 - - [09/Mar/2026:06:28:30 +1000] "GET / HTTP/1.1" 500 810912 "-" "Mozilla/5.0 (Windows NT 10.0; Win64; x64) AppleWebKit/537.36"
54.87.41.152 - - [09/Mar/2026:06:28:33 +1000] "GET / HTTP/1.1" 500 1077288 "-" "Mozilla/5.0 (Windows NT 10.0; Win64; x64) AppleWebKit/537.36 (KHTML, like Gecko) Chrome/91.0.4472.124 Safari/537.36"
54.87.41.152 - - [09/Mar/2026:06:28:48 +1000] "GET / HTTP/1.1" 500 1076814 "-" "Mozilla/5.0"
54.87.41.152 - - [09/Mar/2026:06:28:53 +1000] "GET /?s=/Index/\\think\\app/invokefunction&function=call_user_func_array&vars[0]=system&vars[1][]=printenv HTTP/1.1" 500 1085140 "-" "Mozilla/5.0"
54.87.41.152 - - [09/Mar/2026:06:29:08 +1000] "GET /index.php/module/action/param1/$%7B@print%28env%29%7D HTTP/1.1" 404 6603 "-" "Mozilla/5.0"
54.87.41.152 - - [09/Mar/2026:06:29:12 +1000] "POST /_ignition/health-check HTTP/1.1" 405 1056022 "-" "Mozilla/5.0"
71.6.134.233 - - [09/Mar/2026:06:46:02 +1000] "GET / HTTP/1.1" 200 4230 "-" "Mozilla/5.0 (Windows NT 10.0; Win64; x64) AppleWebKit/537.36 (KHTML, like Gecko) Chrome/133.0.0.0 Safari/537.36"
65.49.27.187 - - [09/Mar/2026:06:50:05 +1000] "GET / HTTP/1.1" 500 1077596 "-" "Mozilla/5.0 (Macintosh; Intel Mac OS X 10_15_7) AppleWebKit/537.36 (KHTML, like Gecko) Chrome/121.0.0.0 Safari/537.36"
65.49.27.187 - - [09/Mar/2026:06:50:05 +1000] "GET / HTTP/1.1" 500 1077594 "-" "Mozilla/5.0 (Macintosh; Intel Mac OS X 10_15_7) AppleWebKit/537.36 (KHTML, like Gecko) Chrome/121.0.0.0 Safari/537.36"
118.127.40.73 - - [09/Mar/2026:06:53:06 +1000] "GET / HTTP/1.1" 200 4230 "-" "Python/3.11 aiohttp/3.9.2"
71.6.134.233 - - [09/Mar/2026:06:54:41 +1000] "GET /favicon.ico HTTP/1.1" 200 - "-" "Mozilla/5.0 (Windows NT 10.0; Win64; x64) AppleWebKit/537.36 (KHTML, like Gecko) Chrome/133.0.0.0 Safari/537.36"
3.142.122.28 - - [09/Mar/2026:07:14:11 +1000] "GET /admin/login HTTP/1.1" 200 43223 "-" "Apache/2.4.34 (Ubuntu) OpenSSL/1.1.1 (internal dummy connection)"
3.142.122.28 - - [09/Mar/2026:07:14:12 +1000] "GET /login HTTP/1.1" 404 8807 "-" "Apache/2.4.34 (Ubuntu) OpenSSL/1.1.1 (internal dummy connection)"
3.142.122.28 - - [09/Mar/2026:07:14:13 +1000] "GET /admin HTTP/1.1" 401 30 "-" "Apache/2.4.34 (Ubuntu) OpenSSL/1.1.1 (internal dummy connection)"
3.142.122.28 - - [09/Mar/2026:07:14:14 +1000] "GET /backend/login HTTP/1.1" 404 8815 "-" "Apache/2.4.34 (Ubuntu) OpenSSL/1.1.1 (internal dummy connection)"
3.142.122.28 - - [09/Mar/2026:07:14:15 +1000] "GET /login HTTP/1.1" 404 8807 "-" "Apache/2.4.34 (Ubuntu) OpenSSL/1.1.1 (internal dummy connection)"
3.142.122.28 - - [09/Mar/2026:07:14:16 +1000] "GET /register HTTP/1.1" 404 8810 "-" "Apache/2.4.34 (Ubuntu) OpenSSL/1.1.1 (internal dummy connection)"
3.142.122.28 - - [09/Mar/2026:07:14:16 +1000] "GET /password/reset HTTP/1.1" 404 8816 "-" "Apache/2.4.34 (Ubuntu) OpenSSL/1.1.1 (internal dummy connection)"
3.142.122.28 - - [09/Mar/2026:07:14:17 +1000] "GET /forgot-password HTTP/1.1" 200 3423 "-" "Apache/2.4.34 (Ubuntu) OpenSSL/1.1.1 (internal dummy connection)"
3.142.122.28 - - [09/Mar/2026:07:14:18 +1000] "GET /admin HTTP/1.1" 401 30 "-" "Apache/2.4.34 (Ubuntu) OpenSSL/1.1.1 (internal dummy connection)"
3.142.122.28 - - [09/Mar/2026:07:14:19 +1000] "GET /admin/login HTTP/1.1" 200 43223 "-" "Apache/2.4.34 (Ubuntu) OpenSSL/1.1.1 (internal dummy connection)"
3.142.122.28 - - [09/Mar/2026:07:14:20 +1000] "GET /panel/login HTTP/1.1" 404 8813 "-" "Apache/2.4.34 (Ubuntu) OpenSSL/1.1.1 (internal dummy connection)"
3.142.122.28 - - [09/Mar/2026:07:14:21 +1000] "GET /dashboard HTTP/1.1" 401 30 "-" "Apache/2.4.34 (Ubuntu) OpenSSL/1.1.1 (internal dummy connection)"
3.142.122.28 - - [09/Mar/2026:07:14:22 +1000] "GET /admin/dashboard HTTP/1.1" 404 8817 "-" "Apache/2.4.34 (Ubuntu) OpenSSL/1.1.1 (internal dummy connection)"
3.142.122.28 - - [09/Mar/2026:07:14:23 +1000] "GET /home HTTP/1.1" 404 8806 "-" "Apache/2.4.34 (Ubuntu) OpenSSL/1.1.1 (internal dummy connection)"
3.142.122.28 - - [09/Mar/2026:07:14:24 +1000] "GET /backend HTTP/1.1" 404 8809 "-" "Apache/2.4.34 (Ubuntu) OpenSSL/1.1.1 (internal dummy connection)"
3.142.122.28 - - [09/Mar/2026:07:14:25 +1000] "GET /cms HTTP/1.1" 404 8805 "-" "Apache/2.4.34 (Ubuntu) OpenSSL/1.1.1 (internal dummy connection)"
3.142.122.28 - - [09/Mar/2026:07:14:26 +1000] "GET /control HTTP/1.1" 404 8809 "-" "Apache/2.4.34 (Ubuntu) OpenSSL/1.1.1 (internal dummy connection)"
3.142.122.28 - - [09/Mar/2026:07:14:27 +1000] "GET /panel HTTP/1.1" 404 8807 "-" "Apache/2.4.34 (Ubuntu) OpenSSL/1.1.1 (internal dummy connection)"
3.142.122.28 - - [09/Mar/2026:07:14:28 +1000] "GET /cart HTTP/1.1" 404 8806 "-" "Apache/2.4.34 (Ubuntu) OpenSSL/1.1.1 (internal dummy connection)"
3.142.122.28 - - [09/Mar/2026:07:14:29 +1000] "GET /checkout HTTP/1.1" 404 8810 "-" "Apache/2.4.34 (Ubuntu) OpenSSL/1.1.1 (internal dummy connection)"
3.142.122.28 - - [09/Mar/2026:07:14:29 +1000] "GET /account HTTP/1.1" 404 8809 "-" "Apache/2.4.34 (Ubuntu) OpenSSL/1.1.1 (internal dummy connection)"
3.142.122.28 - - [09/Mar/2026:07:14:30 +1000] "GET /profile HTTP/1.1" 401 30 "-" "Apache/2.4.34 (Ubuntu) OpenSSL/1.1.1 (internal dummy connection)"
3.142.122.28 - - [09/Mar/2026:07:14:31 +1000] "GET /orders HTTP/1.1" 404 8808 "-" "Apache/2.4.34 (Ubuntu) OpenSSL/1.1.1 (internal dummy connection)"
3.142.122.28 - - [09/Mar/2026:07:14:32 +1000] "GET /livewire/livewire.js HTTP/1.1" 200 355518 "-" "Apache/2.4.34 (Ubuntu) OpenSSL/1.1.1 (internal dummy connection)"
3.142.122.28 - - [09/Mar/2026:07:14:34 +1000] "GET /livewire/livewire.min.js HTTP/1.1" 404 8826 "-" "Apache/2.4.34 (Ubuntu) OpenSSL/1.1.1 (internal dummy connection)"
118.127.40.73 - - [09/Mar/2026:07:23:03 +1000] "GET / HTTP/1.1" 200 4230 "-" "Python/3.11 aiohttp/3.9.2"
54.87.41.152 - - [09/Mar/2026:07:24:21 +1000] "POST /_ignition/execute-solution HTTP/1.1" 302 434 "-" "Mozilla/5.0"
54.87.41.152 - - [09/Mar/2026:07:24:24 +1000] "GET / HTTP/1.1" 500 1077106 "https://www.printmanagertenant.posscales.com.au/_ignition/execute-solution" "Mozilla/5.0"
65.49.27.187 - - [09/Mar/2026:07:49:03 +1000] "GET / HTTP/1.1" 500 1077594 "-" "Mozilla/5.0 (Macintosh; Intel Mac OS X 10_15_7) AppleWebKit/537.36 (KHTML, like Gecko) Chrome/121.0.0.0 Safari/537.36"
54.87.41.152 - - [09/Mar/2026:07:49:07 +1000] "GET /__debug__/execute?cmd=printenv HTTP/1.1" 404 6603 "-" "Mozilla/5.0"
54.87.41.152 - - [09/Mar/2026:07:49:08 +1000] "GET /script HTTP/1.1" 404 6603 "-" "Mozilla/5.0"
54.87.41.152 - - [09/Mar/2026:07:49:10 +1000] "GET /actuator/env HTTP/1.1" 404 6603 "-" "Mozilla/5.0"
54.87.41.152 - - [09/Mar/2026:07:49:12 +1000] "GET /env HTTP/1.1" 404 6603 "-" "Mozilla/5.0"
54.87.41.152 - - [09/Mar/2026:07:49:13 +1000] "GET /v2/api-docs HTTP/1.1" 404 6603 "-" "Mozilla/5.0"
54.87.41.152 - - [09/Mar/2026:07:49:14 +1000] "GET /api-docs HTTP/1.1" 404 6603 "-" "Mozilla/5.0"
54.87.41.152 - - [09/Mar/2026:07:49:16 +1000] "GET /swagger.json HTTP/1.1" 404 6603 "-" "Mozilla/5.0"
54.87.41.152 - - [09/Mar/2026:07:49:17 +1000] "GET /swagger/v1/swagger.json HTTP/1.1" 404 6603 "-" "Mozilla/5.0"
118.127.40.73 - - [09/Mar/2026:07:53:11 +1000] "GET / HTTP/1.1" 200 4230 "-" "Python/3.11 aiohttp/3.9.2"
118.127.40.73 - - [09/Mar/2026:08:23:09 +1000] "GET / HTTP/1.1" 200 4230 "-" "Python/3.11 aiohttp/3.9.2"
118.127.40.73 - - [09/Mar/2026:08:53:09 +1000] "GET / HTTP/1.1" 200 4230 "-" "Python/3.11 aiohttp/3.9.2"
65.49.27.187 - - [09/Mar/2026:09:00:39 +1000] "GET / HTTP/1.1" 500 1077588 "-" "Mozilla/5.0 (Macintosh; Intel Mac OS X 10_15_7) AppleWebKit/537.36 (KHTML, like Gecko) Chrome/121.0.0.0 Safari/537.36"
118.127.40.73 - - [09/Mar/2026:09:23:04 +1000] "GET / HTTP/1.1" 200 4230 "-" "Python/3.11 aiohttp/3.9.2"
118.127.40.73 - - [09/Mar/2026:09:53:11 +1000] "GET / HTTP/1.1" 200 4230 "-" "Python/3.11 aiohttp/3.9.2"
65.49.27.187 - - [09/Mar/2026:10:02:24 +1000] "GET / HTTP/1.1" 500 1077596 "-" "Mozilla/5.0 (Macintosh; Intel Mac OS X 10_15_7) AppleWebKit/537.36 (KHTML, like Gecko) Chrome/121.0.0.0 Safari/537.36"
118.127.40.73 - - [09/Mar/2026:10:23:11 +1000] "GET / HTTP/1.1" 200 4230 "-" "Python/3.11 aiohttp/3.9.2"
118.127.40.73 - - [09/Mar/2026:10:53:04 +1000] "GET / HTTP/1.1" 200 4230 "-" "Python/3.11 aiohttp/3.9.2"
65.49.27.187 - - [09/Mar/2026:11:18:11 +1000] "GET / HTTP/1.1" 500 1077598 "-" "Mozilla/5.0 (Macintosh; Intel Mac OS X 10_15_7) AppleWebKit/537.36 (KHTML, like Gecko) Chrome/121.0.0.0 Safari/537.36"
118.127.40.73 - - [09/Mar/2026:11:23:10 +1000] "GET / HTTP/1.1" 200 4230 "-" "Python/3.11 aiohttp/3.9.2"
118.127.40.73 - - [09/Mar/2026:11:53:03 +1000] "GET / HTTP/1.1" 200 4230 "-" "Python/3.11 aiohttp/3.9.2"
65.49.27.187 - - [09/Mar/2026:12:21:45 +1000] "GET / HTTP/1.1" 500 1077600 "-" "Mozilla/5.0 (Macintosh; Intel Mac OS X 10_15_7) AppleWebKit/537.36 (KHTML, like Gecko) Chrome/121.0.0.0 Safari/537.36"
118.127.40.73 - - [09/Mar/2026:12:23:05 +1000] "GET / HTTP/1.1" 200 4230 "-" "Python/3.11 aiohttp/3.9.2"
118.127.40.73 - - [09/Mar/2026:12:53:16 +1000] "GET / HTTP/1.1" 200 4230 "-" "Python/3.11 aiohttp/3.9.2"
118.127.40.73 - - [09/Mar/2026:13:23:04 +1000] "GET / HTTP/1.1" 200 4230 "-" "Python/3.11 aiohttp/3.9.2"
65.49.27.187 - - [09/Mar/2026:13:35:28 +1000] "GET / HTTP/1.1" 500 1077598 "-" "Mozilla/5.0 (Macintosh; Intel Mac OS X 10_15_7) AppleWebKit/537.36 (KHTML, like Gecko) Chrome/121.0.0.0 Safari/537.36"
65.49.27.187 - - [09/Mar/2026:13:35:47 +1000] "GET / HTTP/1.1" 500 1077602 "-" "Mozilla/5.0 (Macintosh; Intel Mac OS X 10_15_7) AppleWebKit/537.36 (KHTML, like Gecko) Chrome/121.0.0.0 Safari/537.36"
118.127.40.73 - - [09/Mar/2026:13:53:04 +1000] "GET / HTTP/1.1" 200 4230 "-" "Python/3.11 aiohttp/3.9.2"
118.127.40.73 - - [09/Mar/2026:14:23:05 +1000] "GET / HTTP/1.1" 200 4230 "-" "Python/3.11 aiohttp/3.9.2"
65.49.27.187 - - [09/Mar/2026:14:33:15 +1000] "GET / HTTP/1.1" 500 1077600 "-" "Mozilla/5.0 (Macintosh; Intel Mac OS X 10_15_7) AppleWebKit/537.36 (KHTML, like Gecko) Chrome/121.0.0.0 Safari/537.36"
118.127.40.73 - - [09/Mar/2026:14:53:05 +1000] "GET / HTTP/1.1" 200 4230 "-" "Python/3.11 aiohttp/3.9.2"
74.7.244.53 - - [09/Mar/2026:15:14:40 +1000] "GET /robots.txt HTTP/1.1" 200 24 "-" "Mozilla/5.0 (Macintosh; Intel Mac OS X 10_15_7) AppleWebKit/537.36 (KHTML, like Gecko) Chrome/131.0.0.0 Safari/537.36; compatible; OAI-SearchBot/1.3; robots.txt; +https://openai.com/searchbot"
74.7.227.8 - - [09/Mar/2026:15:14:40 +1000] "GET / HTTP/1.1" 500 155632 "-" "Mozilla/5.0 AppleWebKit/537.36 (KHTML, like Gecko; compatible; GPTBot/1.3; +https://openai.com/gptbot)"
118.127.40.73 - - [09/Mar/2026:15:23:06 +1000] "GET / HTTP/1.1" 200 4230 "-" "Python/3.11 aiohttp/3.9.2"
65.49.27.187 - - [09/Mar/2026:15:47:31 +1000] "GET / HTTP/1.1" 500 1077602 "-" "Mozilla/5.0 (Macintosh; Intel Mac OS X 10_15_7) AppleWebKit/537.36 (KHTML, like Gecko) Chrome/121.0.0.0 Safari/537.36"
118.127.40.73 - - [09/Mar/2026:15:53:06 +1000] "GET / HTTP/1.1" 200 4230 "-" "Python/3.11 aiohttp/3.9.2"
118.127.40.73 - - [09/Mar/2026:16:23:07 +1000] "GET / HTTP/1.1" 200 4230 "-" "Python/3.11 aiohttp/3.9.2"
65.49.27.187 - - [09/Mar/2026:16:49:18 +1000] "GET / HTTP/1.1" 500 1077600 "-" "Mozilla/5.0 (Macintosh; Intel Mac OS X 10_15_7) AppleWebKit/537.36 (KHTML, like Gecko) Chrome/121.0.0.0 Safari/537.36"
118.127.40.73 - - [09/Mar/2026:16:53:06 +1000] "GET / HTTP/1.1" 200 4230 "-" "Python/3.11 aiohttp/3.9.2"
163.245.208.50 - - [09/Mar/2026:17:05:11 +1000] "GET /.env HTTP/1.1" 404 6603 "-" "Mozilla/5.0 (X11; Linux x86_64) AppleWebKit/537.36 (KHTML, like Gecko) Chrome/105.0.0.0 Safari/537.36"
74.7.230.49 - - [09/Mar/2026:17:06:40 +1000] "GET /robots.txt HTTP/1.1" 200 24 "-" "Mozilla/5.0 (Macintosh; Intel Mac OS X 10_15_7) AppleWebKit/537.36 (KHTML, like Gecko) Chrome/131.0.0.0 Safari/537.36; compatible; OAI-SearchBot/1.3; robots.txt; +https://openai.com/searchbot"
74.7.227.164 - - [09/Mar/2026:17:06:40 +1000] "GET / HTTP/1.1" 200 4230 "-" "Mozilla/5.0 AppleWebKit/537.36 (KHTML, like Gecko; compatible; GPTBot/1.3; +https://openai.com/gptbot)"
118.127.40.73 - - [09/Mar/2026:17:23:07 +1000] "GET / HTTP/1.1" 200 4230 "-" "Python/3.11 aiohttp/3.9.2"
118.127.40.73 - - [09/Mar/2026:17:53:06 +1000] "GET / HTTP/1.1" 200 4230 "-" "Python/3.11 aiohttp/3.9.2"
65.49.27.187 - - [09/Mar/2026:18:00:07 +1000] "GET / HTTP/1.1" 500 1077602 "-" "Mozilla/5.0 (Macintosh; Intel Mac OS X 10_15_7) AppleWebKit/537.36 (KHTML, like Gecko) Chrome/121.0.0.0 Safari/537.36"
118.127.40.73 - - [09/Mar/2026:18:23:07 +1000] "GET / HTTP/1.1" 200 4230 "-" "Python/3.11 aiohttp/3.9.2"
118.127.40.73 - - [09/Mar/2026:18:53:08 +1000] "GET / HTTP/1.1" 200 4230 "-" "Python/3.11 aiohttp/3.9.2"
65.49.27.187 - - [09/Mar/2026:19:04:44 +1000] "GET / HTTP/1.1" 500 1077602 "-" "Mozilla/5.0 (Macintosh; Intel Mac OS X 10_15_7) AppleWebKit/537.36 (KHTML, like Gecko) Chrome/121.0.0.0 Safari/537.36"
118.127.40.73 - - [09/Mar/2026:19:23:06 +1000] "GET / HTTP/1.1" 200 4230 "-" "Python/3.11 aiohttp/3.9.2"
118.127.40.73 - - [09/Mar/2026:19:53:11 +1000] "GET / HTTP/1.1" 200 4230 "-" "Python/3.11 aiohttp/3.9.2"
118.127.40.73 - - [09/Mar/2026:20:23:08 +1000] "GET / HTTP/1.1" 200 4230 "-" "Python/3.11 aiohttp/3.9.2"
65.49.27.187 - - [09/Mar/2026:20:23:39 +1000] "GET / HTTP/1.1" 500 1077600 "-" "Mozilla/5.0 (Macintosh; Intel Mac OS X 10_15_7) AppleWebKit/537.36 (KHTML, like Gecko) Chrome/121.0.0.0 Safari/537.36"
65.49.27.187 - - [09/Mar/2026:20:23:39 +1000] "GET / HTTP/1.1" 500 1077596 "-" "Mozilla/5.0 (Macintosh; Intel Mac OS X 10_15_7) AppleWebKit/537.36 (KHTML, like Gecko) Chrome/121.0.0.0 Safari/537.36"
118.127.40.73 - - [09/Mar/2026:20:53:08 +1000] "GET / HTTP/1.1" 200 4230 "-" "Python/3.11 aiohttp/3.9.2"
65.49.27.187 - - [09/Mar/2026:21:22:03 +1000] "GET / HTTP/1.1" 500 1077600 "-" "Mozilla/5.0 (Macintosh; Intel Mac OS X 10_15_7) AppleWebKit/537.36 (KHTML, like Gecko) Chrome/121.0.0.0 Safari/537.36"
118.127.40.73 - - [09/Mar/2026:21:23:09 +1000] "GET / HTTP/1.1" 200 4230 "-" "Python/3.11 aiohttp/3.9.2"
118.127.40.73 - - [09/Mar/2026:21:53:08 +1000] "GET / HTTP/1.1" 200 4230 "-" "Python/3.11 aiohttp/3.9.2"
118.127.40.73 - - [09/Mar/2026:22:23:09 +1000] "GET / HTTP/1.1" 200 4230 "-" "Python/3.11 aiohttp/3.9.2"
65.49.27.187 - - [09/Mar/2026:22:37:02 +1000] "GET / HTTP/1.1" 500 1077596 "-" "Mozilla/5.0 (Macintosh; Intel Mac OS X 10_15_7) AppleWebKit/537.36 (KHTML, like Gecko) Chrome/121.0.0.0 Safari/537.36"
118.127.40.73 - - [09/Mar/2026:22:53:11 +1000] "GET / HTTP/1.1" 200 4230 "-" "Python/3.11 aiohttp/3.9.2"
118.127.40.73 - - [09/Mar/2026:23:23:12 +1000] "GET / HTTP/1.1" 200 4230 "-" "Python/3.11 aiohttp/3.9.2"
65.49.27.187 - - [09/Mar/2026:23:45:35 +1000] "GET / HTTP/1.1" 500 1077596 "-" "Mozilla/5.0 (Macintosh; Intel Mac OS X 10_15_7) AppleWebKit/537.36 (KHTML, like Gecko) Chrome/121.0.0.0 Safari/537.36"
118.127.40.73 - - [09/Mar/2026:23:53:08 +1000] "GET / HTTP/1.1" 200 4230 "-" "Python/3.11 aiohttp/3.9.2"
118.127.40.73 - - [10/Mar/2026:00:23:08 +1000] "GET / HTTP/1.1" 200 4230 "-" "Python/3.11 aiohttp/3.9.2"
93.123.109.214 - - [10/Mar/2026:00:32:47 +1000] "GET / HTTP/1.1" 200 4230 "-" "Mozilla/5.0 (Windows NT 10.0; Win64; x64) AppleWebKit/537.36 (KHTML, like Gecko) Chrome/131.0.0.0 Safari/537.36"
93.123.109.214 - - [10/Mar/2026:00:32:47 +1000] "GET /.env HTTP/1.1" 404 6603 "-" "Mozilla/5.0 (Macintosh; Intel Mac OS X 10_15_7) AppleWebKit/537.36 (KHTML, like Gecko) Chrome/131.0.0.0 Safari/537.36"
93.123.109.214 - - [10/Mar/2026:00:32:47 +1000] "GET /build/assets/app-Bt-8Raav.js HTTP/1.1" 200 110021 "-" "Mozilla/5.0 (Macintosh; Intel Mac OS X 10_15_7) AppleWebKit/537.36 (KHTML, like Gecko) Chrome/131.0.0.0 Safari/537.36"
93.123.109.214 - - [10/Mar/2026:00:32:47 +1000] "GET / HTTP/1.1" 200 4230 "-" "Mozilla/5.0 (Macintosh; Intel Mac OS X 10_15_7) AppleWebKit/537.36 (KHTML, like Gecko) Chrome/131.0.0.0 Safari/537.36"
93.123.109.214 - - [10/Mar/2026:00:32:47 +1000] "GET /.env HTTP/1.1" 404 6603 "-" "Mozilla/5.0 (Macintosh; Intel Mac OS X 10_15_7) AppleWebKit/537.36 (KHTML, like Gecko) Chrome/131.0.0.0 Safari/537.36"
93.123.109.214 - - [10/Mar/2026:00:32:48 +1000] "GET /.env.bak HTTP/1.1" 404 6603 "-" "Mozilla/5.0 (Macintosh; Intel Mac OS X 10_15_7) AppleWebKit/537.36 (KHTML, like Gecko) Chrome/131.0.0.0 Safari/537.36"
93.123.109.214 - - [10/Mar/2026:00:32:48 +1000] "GET /.env.save HTTP/1.1" 404 6603 "-" "Mozilla/5.0 (Macintosh; Intel Mac OS X 10_15_7) AppleWebKit/537.36 (KHTML, like Gecko) Chrome/131.0.0.0 Safari/537.36"
93.123.109.214 - - [10/Mar/2026:00:32:48 +1000] "GET /backend/.env HTTP/1.1" 404 6603 "-" "Mozilla/5.0 (Windows NT 10.0; Win64; x64; rv:133.0) Gecko/20100101 Firefox/133.0"
93.123.109.214 - - [10/Mar/2026:00:32:49 +1000] "GET /admin/.env HTTP/1.1" 404 6603 "-" "Mozilla/5.0 (Windows NT 10.0; Win64; x64) AppleWebKit/537.36 (KHTML, like Gecko) Chrome/131.0.0.0 Safari/537.36"
93.123.109.214 - - [10/Mar/2026:00:32:49 +1000] "GET /.git/config HTTP/1.1" 404 6603 "-" "Mozilla/5.0 (Windows NT 10.0; Win64; x64; rv:133.0) Gecko/20100101 Firefox/133.0"
93.123.109.214 - - [10/Mar/2026:00:32:49 +1000] "GET /wp-config.php HTTP/1.1" 404 6603 "-" "Mozilla/5.0 (Macintosh; Intel Mac OS X 10_15_7) AppleWebKit/537.36 (KHTML, like Gecko) Chrome/131.0.0.0 Safari/537.36"
93.123.109.214 - - [10/Mar/2026:00:32:50 +1000] "GET /wp-config.php.old HTTP/1.1" 404 6603 "-" "Mozilla/5.0 (X11; Linux x86_64) AppleWebKit/537.36 (KHTML, like Gecko) Chrome/131.0.0.0 Safari/537.36"
93.123.109.214 - - [10/Mar/2026:00:32:50 +1000] "GET /config.php HTTP/1.1" 404 6603 "-" "Mozilla/5.0 (Windows NT 10.0; Win64; x64; rv:133.0) Gecko/20100101 Firefox/133.0"
93.123.109.214 - - [10/Mar/2026:00:32:50 +1000] "GET /config.php.bak HTTP/1.1" 404 6603 "-" "Mozilla/5.0 (X11; Linux x86_64) AppleWebKit/537.36 (KHTML, like Gecko) Chrome/131.0.0.0 Safari/537.36"
93.123.109.214 - - [10/Mar/2026:00:32:51 +1000] "GET /config.js HTTP/1.1" 404 6603 "-" "Mozilla/5.0 (X11; Linux x86_64) AppleWebKit/537.36 (KHTML, like Gecko) Chrome/131.0.0.0 Safari/537.36"
93.123.109.214 - - [10/Mar/2026:00:32:51 +1000] "GET /aws-config.js HTTP/1.1" 404 6603 "-" "Mozilla/5.0 (Macintosh; Intel Mac OS X 10_15_7) AppleWebKit/537.36 (KHTML, like Gecko) Chrome/131.0.0.0 Safari/537.36"
93.123.109.214 - - [10/Mar/2026:00:32:51 +1000] "GET /aws.config.js HTTP/1.1" 404 6603 "-" "Mozilla/5.0 (Macintosh; Intel Mac OS X 10_15_7) AppleWebKit/537.36 (KHTML, like Gecko) Chrome/131.0.0.0 Safari/537.36"
93.123.109.214 - - [10/Mar/2026:00:32:51 +1000] "GET /.git/HEAD HTTP/1.1" 404 6603 "-" "Mozilla/5.0 (Windows NT 10.0; Win64; x64; rv:133.0) Gecko/20100101 Firefox/133.0"
93.123.109.214 - - [10/Mar/2026:00:32:52 +1000] "GET /.git/config HTTP/1.1" 404 6603 "-" "Mozilla/5.0 (Windows NT 10.0; Win64; x64) AppleWebKit/537.36 (KHTML, like Gecko) Chrome/131.0.0.0 Safari/537.36"
118.127.40.73 - - [10/Mar/2026:00:53:08 +1000] "GET / HTTP/1.1" 200 4230 "-" "Python/3.11 aiohttp/3.9.2"
74.7.244.53 - - [10/Mar/2026:01:03:16 +1000] "GET /robots.txt HTTP/1.1" 200 24 "-" "Mozilla/5.0 (Macintosh; Intel Mac OS X 10_15_7) AppleWebKit/537.36 (KHTML, like Gecko) Chrome/131.0.0.0 Safari/537.36; compatible; OAI-SearchBot/1.3; robots.txt; +https://openai.com/searchbot"
65.49.27.187 - - [10/Mar/2026:01:05:14 +1000] "GET / HTTP/1.1" 500 1077594 "-" "Mozilla/5.0 (Macintosh; Intel Mac OS X 10_15_7) AppleWebKit/537.36 (KHTML, like Gecko) Chrome/121.0.0.0 Safari/537.36"
152.42.222.25 - - [10/Mar/2026:01:07:42 +1000] "GET /file-manager/ HTTP/1.1" 301 308 "-" "Mozilla/5.0 (Windows NT 10.0; Win64; x64) AppleWebKit/537.36 (KHTML, like Gecko) Chrome/91.0.4472.124 Safari/537.36"
152.42.222.25 - - [10/Mar/2026:01:07:42 +1000] "GET /file-manager/initialize HTTP/1.1" 404 8825 "-" "Mozilla/5.0 (Windows NT 10.0; Win64; x64) AppleWebKit/537.36 (KHTML, like Gecko) Chrome/91.0.4472.124 Safari/537.36"
118.127.40.73 - - [10/Mar/2026:01:23:11 +1000] "GET / HTTP/1.1" 200 4230 "-" "Python/3.11 aiohttp/3.9.2"
118.127.40.73 - - [10/Mar/2026:01:53:08 +1000] "GET / HTTP/1.1" 200 4230 "-" "Python/3.11 aiohttp/3.9.2"
65.49.27.187 - - [10/Mar/2026:02:14:33 +1000] "GET / HTTP/1.1" 500 1077596 "-" "Mozilla/5.0 (Macintosh; Intel Mac OS X 10_15_7) AppleWebKit/537.36 (KHTML, like Gecko) Chrome/121.0.0.0 Safari/537.36"
118.127.40.73 - - [10/Mar/2026:02:23:12 +1000] "GET / HTTP/1.1" 200 4230 "-" "Python/3.11 aiohttp/3.9.2"
118.127.40.73 - - [10/Mar/2026:02:53:11 +1000] "GET / HTTP/1.1" 200 4230 "-" "Python/3.11 aiohttp/3.9.2"
65.49.27.187 - - [10/Mar/2026:03:09:50 +1000] "GET / HTTP/1.1" 500 1077596 "-" "Mozilla/5.0 (Macintosh; Intel Mac OS X 10_15_7) AppleWebKit/537.36 (KHTML, like Gecko) Chrome/121.0.0.0 Safari/537.36"
65.49.27.187 - - [10/Mar/2026:03:09:50 +1000] "GET / HTTP/1.1" 500 1077598 "-" "Mozilla/5.0 (Macintosh; Intel Mac OS X 10_15_7) AppleWebKit/537.36 (KHTML, like Gecko) Chrome/121.0.0.0 Safari/537.36"
74.7.230.49 - - [10/Mar/2026:03:16:27 +1000] "GET /robots.txt HTTP/1.1" 200 24 "-" "Mozilla/5.0 (Macintosh; Intel Mac OS X 10_15_7) AppleWebKit/537.36 (KHTML, like Gecko) Chrome/131.0.0.0 Safari/537.36; compatible; OAI-SearchBot/1.3; robots.txt; +https://openai.com/searchbot"
118.127.40.73 - - [10/Mar/2026:03:23:11 +1000] "GET / HTTP/1.1" 200 4230 "-" "Python/3.11 aiohttp/3.9.2"
118.127.40.73 - - [10/Mar/2026:03:53:18 +1000] "GET / HTTP/1.1" 200 4230 "-" "Python/3.11 aiohttp/3.9.2"
65.49.27.187 - - [10/Mar/2026:04:06:24 +1000] "GET / HTTP/1.1" 500 1077596 "-" "Mozilla/5.0 (Macintosh; Intel Mac OS X 10_15_7) AppleWebKit/537.36 (KHTML, like Gecko) Chrome/121.0.0.0 Safari/537.36"
118.127.40.73 - - [10/Mar/2026:04:23:13 +1000] "GET / HTTP/1.1" 200 4230 "-" "Python/3.11 aiohttp/3.9.2"
136.116.98.156 - - [10/Mar/2026:04:49:43 +1000] "GET /.git/config HTTP/1.1" 404 6603 "-" "-"
118.127.40.73 - - [10/Mar/2026:04:53:11 +1000] "GET / HTTP/1.1" 200 4230 "-" "Python/3.11 aiohttp/3.9.2"
65.49.27.187 - - [10/Mar/2026:05:20:43 +1000] "GET / HTTP/1.1" 500 1077596 "-" "Mozilla/5.0 (Macintosh; Intel Mac OS X 10_15_7) AppleWebKit/537.36 (KHTML, like Gecko) Chrome/121.0.0.0 Safari/537.36"
118.127.40.73 - - [10/Mar/2026:05:23:12 +1000] "GET / HTTP/1.1" 200 4230 "-" "Python/3.11 aiohttp/3.9.2"
71.6.134.233 - - [10/Mar/2026:05:26:41 +1000] "GET / HTTP/1.1" 200 4230 "-" "Mozilla/5.0 (Windows NT 10.0; Win64; x64) AppleWebKit/537.36 (KHTML, like Gecko) Chrome/133.0.0.0 Safari/537.36"
71.6.134.233 - - [10/Mar/2026:05:27:01 +1000] "GET /favicon.ico HTTP/1.1" 200 - "-" "Mozilla/5.0 (Windows NT 10.0; Win64; x64) AppleWebKit/537.36 (KHTML, like Gecko) Chrome/133.0.0.0 Safari/537.36"
118.127.40.73 - - [10/Mar/2026:05:53:13 +1000] "GET / HTTP/1.1" 200 4230 "-" "Python/3.11 aiohttp/3.9.2"
118.127.40.73 - - [10/Mar/2026:06:23:11 +1000] "GET / HTTP/1.1" 200 4230 "-" "Python/3.11 aiohttp/3.9.2"
65.49.27.187 - - [10/Mar/2026:06:25:50 +1000] "GET / HTTP/1.1" 500 1077602 "-" "Mozilla/5.0 (Macintosh; Intel Mac OS X 10_15_7) AppleWebKit/537.36 (KHTML, like Gecko) Chrome/121.0.0.0 Safari/537.36"
118.127.40.73 - - [10/Mar/2026:06:53:12 +1000] "GET / HTTP/1.1" 200 4230 "-" "Python/3.11 aiohttp/3.9.2"
118.127.40.73 - - [10/Mar/2026:07:23:11 +1000] "GET / HTTP/1.1" 200 4230 "-" "Python/3.11 aiohttp/3.9.2"
172.245.92.196 - - [10/Mar/2026:07:23:18 +1000] "GET /.env HTTP/1.1" 404 6603 "-" "Mozilla/5.0 (iPhone; CPU iPhone OS 12_2 like Mac OS X) AppleWebKit/605.1.15 (KHTML, like Gecko) CriOS/75.0.3770.103 Mobile/15E148 Safari/605.1"
65.49.27.187 - - [10/Mar/2026:07:38:32 +1000] "GET / HTTP/1.1" 500 1077486 "-" "Mozilla/5.0 (Macintosh; Intel Mac OS X 10_15_7) AppleWebKit/537.36 (KHTML, like Gecko) Chrome/121.0.0.0 Safari/537.36"
118.127.40.73 - - [10/Mar/2026:07:53:14 +1000] "GET / HTTP/1.1" 200 4230 "-" "Python/3.11 aiohttp/3.9.2"
118.127.40.73 - - [10/Mar/2026:08:23:13 +1000] "GET / HTTP/1.1" 200 4230 "-" "Python/3.11 aiohttp/3.9.2"
65.49.27.187 - - [10/Mar/2026:08:44:02 +1000] "GET / HTTP/1.1" 500 1077594 "-" "Mozilla/5.0 (Macintosh; Intel Mac OS X 10_15_7) AppleWebKit/537.36 (KHTML, like Gecko) Chrome/121.0.0.0 Safari/537.36"
118.127.40.73 - - [10/Mar/2026:08:53:12 +1000] "GET / HTTP/1.1" 200 4230 "-" "Python/3.11 aiohttp/3.9.2"
65.49.27.187 - - [10/Mar/2026:09:20:46 +1000] "GET / HTTP/1.1" 500 1077600 "-" "Mozilla/5.0 (Macintosh; Intel Mac OS X 10_15_7) AppleWebKit/537.36 (KHTML, like Gecko) Chrome/121.0.0.0 Safari/537.36"
65.49.27.187 - - [10/Mar/2026:09:20:46 +1000] "GET / HTTP/1.1" 500 1077596 "-" "Mozilla/5.0 (Macintosh; Intel Mac OS X 10_15_7) AppleWebKit/537.36 (KHTML, like Gecko) Chrome/121.0.0.0 Safari/537.36"
118.127.40.73 - - [10/Mar/2026:09:23:13 +1000] "GET / HTTP/1.1" 200 4230 "-" "Python/3.11 aiohttp/3.9.2"
198.235.24.134 - - [10/Mar/2026:09:46:10 +1000] "GET / HTTP/1.1" 200 4230 "-" "Hello from Palo Alto Networks, find out more about our scans in https://docs-cortex.paloaltonetworks.com/r/1/Cortex-Xpanse/Scanning-activity"
160.202.35.245 - - [10/Mar/2026:09:52:57 +1000] "GET / HTTP/1.1" 500 1076960 "-" "python-requests/2.32.4"
118.127.40.73 - - [10/Mar/2026:09:53:13 +1000] "GET / HTTP/1.1" 200 4230 "-" "Python/3.11 aiohttp/3.9.2"
118.127.40.73 - - [10/Mar/2026:10:23:14 +1000] "GET / HTTP/1.1" 200 4230 "-" "Python/3.11 aiohttp/3.9.2"
65.49.27.187 - - [10/Mar/2026:10:23:32 +1000] "GET / HTTP/1.1" 500 1077600 "-" "Mozilla/5.0 (Macintosh; Intel Mac OS X 10_15_7) AppleWebKit/537.36 (KHTML, like Gecko) Chrome/121.0.0.0 Safari/537.36"
118.127.40.73 - - [10/Mar/2026:10:53:14 +1000] "GET / HTTP/1.1" 200 4230 "-" "Python/3.11 aiohttp/3.9.2"
118.127.40.73 - - [10/Mar/2026:11:23:14 +1000] "GET / HTTP/1.1" 200 4230 "-" "Python/3.11 aiohttp/3.9.2"
65.49.27.187 - - [10/Mar/2026:11:40:36 +1000] "GET / HTTP/1.1" 500 1077600 "-" "Mozilla/5.0 (Macintosh; Intel Mac OS X 10_15_7) AppleWebKit/537.36 (KHTML, like Gecko) Chrome/121.0.0.0 Safari/537.36"
