118.127.40.73 - - [10/Mar/2026:11:53:13 +1000] "GET / HTTP/1.1" 200 4230 "-" "Python/3.11 aiohttp/3.9.2"
118.127.40.73 - - [10/Mar/2026:12:23:15 +1000] "GET / HTTP/1.1" 200 4230 "-" "Python/3.11 aiohttp/3.9.2"
65.49.27.187 - - [10/Mar/2026:12:47:31 +1000] "GET / HTTP/1.1" 500 1077596 "-" "Mozilla/5.0 (Macintosh; Intel Mac OS X 10_15_7) AppleWebKit/537.36 (KHTML, like Gecko) Chrome/121.0.0.0 Safari/537.36"
118.127.40.73 - - [10/Mar/2026:12:53:13 +1000] "GET / HTTP/1.1" 200 4230 "-" "Python/3.11 aiohttp/3.9.2"
118.127.40.73 - - [10/Mar/2026:13:23:13 +1000] "GET / HTTP/1.1" 200 4230 "-" "Python/3.11 aiohttp/3.9.2"
118.127.40.73 - - [10/Mar/2026:13:53:16 +1000] "GET / HTTP/1.1" 200 4230 "-" "Python/3.11 aiohttp/3.9.2"
65.49.27.187 - - [10/Mar/2026:14:01:23 +1000] "GET / HTTP/1.1" 500 1077600 "-" "Mozilla/5.0 (Macintosh; Intel Mac OS X 10_15_7) AppleWebKit/537.36 (KHTML, like Gecko) Chrome/121.0.0.0 Safari/537.36"
118.127.40.73 - - [10/Mar/2026:14:23:15 +1000] "GET / HTTP/1.1" 200 4230 "-" "Python/3.11 aiohttp/3.9.2"
118.127.40.73 - - [10/Mar/2026:14:53:16 +1000] "GET / HTTP/1.1" 200 4230 "-" "Python/3.11 aiohttp/3.9.2"
65.49.27.187 - - [10/Mar/2026:15:03:04 +1000] "GET / HTTP/1.1" 500 1077502 "-" "Mozilla/5.0 (Macintosh; Intel Mac OS X 10_15_7) AppleWebKit/537.36 (KHTML, like Gecko) Chrome/121.0.0.0 Safari/537.36"
118.127.40.73 - - [10/Mar/2026:15:23:16 +1000] "GET / HTTP/1.1" 200 4230 "-" "Python/3.11 aiohttp/3.9.2"
118.127.40.73 - - [10/Mar/2026:15:53:16 +1000] "GET / HTTP/1.1" 200 4230 "-" "Python/3.11 aiohttp/3.9.2"
65.49.27.187 - - [10/Mar/2026:16:08:58 +1000] "GET / HTTP/1.1" 500 1077602 "-" "Mozilla/5.0 (Macintosh; Intel Mac OS X 10_15_7) AppleWebKit/537.36 (KHTML, like Gecko) Chrome/121.0.0.0 Safari/537.36"
65.49.27.187 - - [10/Mar/2026:16:08:58 +1000] "GET / HTTP/1.1" 500 1077596 "-" "Mozilla/5.0 (Macintosh; Intel Mac OS X 10_15_7) AppleWebKit/537.36 (KHTML, like Gecko) Chrome/121.0.0.0 Safari/537.36"
118.127.40.73 - - [10/Mar/2026:16:23:16 +1000] "GET / HTTP/1.1" 200 4230 "-" "Python/3.11 aiohttp/3.9.2"
118.127.40.73 - - [10/Mar/2026:16:53:15 +1000] "GET / HTTP/1.1" 200 4230 "-" "Python/3.11 aiohttp/3.9.2"
65.49.27.187 - - [10/Mar/2026:17:08:05 +1000] "GET / HTTP/1.1" 500 1077596 "-" "Mozilla/5.0 (Macintosh; Intel Mac OS X 10_15_7) AppleWebKit/537.36 (KHTML, like Gecko) Chrome/121.0.0.0 Safari/537.36"
118.127.40.73 - - [10/Mar/2026:17:23:16 +1000] "GET / HTTP/1.1" 200 4230 "-" "Python/3.11 aiohttp/3.9.2"
118.127.40.73 - - [10/Mar/2026:17:53:22 +1000] "GET / HTTP/1.1" 200 4230 "-" "Python/3.11 aiohttp/3.9.2"
65.49.27.187 - - [10/Mar/2026:18:19:53 +1000] "GET / HTTP/1.1" 500 1077596 "-" "Mozilla/5.0 (Macintosh; Intel Mac OS X 10_15_7) AppleWebKit/537.36 (KHTML, like Gecko) Chrome/121.0.0.0 Safari/537.36"
118.127.40.73 - - [10/Mar/2026:18:23:16 +1000] "GET / HTTP/1.1" 200 4230 "-" "Python/3.11 aiohttp/3.9.2"
172.233.156.98 - - [10/Mar/2026:18:45:08 +1000] "GET / HTTP/1.1" 200 4230 "-" "Mozilla/5.0 (Linux; Android 7.0; G3416) AppleWebKit/537.36 (KHTML, like Gecko) Chrome/76.0.3809.89 Mobile Safari/537.36"
118.127.40.73 - - [10/Mar/2026:18:53:17 +1000] "GET / HTTP/1.1" 200 4230 "-" "Python/3.11 aiohttp/3.9.2"
65.49.27.187 - - [10/Mar/2026:19:23:04 +1000] "GET / HTTP/1.1" 500 1077598 "-" "Mozilla/5.0 (Macintosh; Intel Mac OS X 10_15_7) AppleWebKit/537.36 (KHTML, like Gecko) Chrome/121.0.0.0 Safari/537.36"
118.127.40.73 - - [10/Mar/2026:19:23:17 +1000] "GET / HTTP/1.1" 200 4230 "-" "Python/3.11 aiohttp/3.9.2"
118.127.40.73 - - [10/Mar/2026:19:53:19 +1000] "GET / HTTP/1.1" 200 4230 "-" "Python/3.11 aiohttp/3.9.2"
118.127.40.73 - - [10/Mar/2026:20:23:16 +1000] "GET / HTTP/1.1" 200 4230 "-" "Python/3.11 aiohttp/3.9.2"
65.49.27.187 - - [10/Mar/2026:20:36:23 +1000] "GET / HTTP/1.1" 500 1077596 "-" "Mozilla/5.0 (Macintosh; Intel Mac OS X 10_15_7) AppleWebKit/537.36 (KHTML, like Gecko) Chrome/121.0.0.0 Safari/537.36"
118.127.40.73 - - [10/Mar/2026:20:53:19 +1000] "GET / HTTP/1.1" 200 4230 "-" "Python/3.11 aiohttp/3.9.2"
118.127.40.73 - - [10/Mar/2026:21:23:17 +1000] "GET / HTTP/1.1" 200 4230 "-" "Python/3.11 aiohttp/3.9.2"
65.49.27.187 - - [10/Mar/2026:21:42:18 +1000] "GET / HTTP/1.1" 500 1077592 "-" "Mozilla/5.0 (Macintosh; Intel Mac OS X 10_15_7) AppleWebKit/537.36 (KHTML, like Gecko) Chrome/121.0.0.0 Safari/537.36"
118.127.40.73 - - [10/Mar/2026:21:53:18 +1000] "GET / HTTP/1.1" 200 4230 "-" "Python/3.11 aiohttp/3.9.2"
118.127.40.73 - - [10/Mar/2026:22:23:18 +1000] "GET / HTTP/1.1" 200 4230 "-" "Python/3.11 aiohttp/3.9.2"
118.127.40.73 - - [10/Mar/2026:22:53:18 +1000] "GET / HTTP/1.1" 200 4230 "-" "Python/3.11 aiohttp/3.9.2"
65.49.27.187 - - [10/Mar/2026:22:57:01 +1000] "GET / HTTP/1.1" 500 1077596 "-" "Mozilla/5.0 (Macintosh; Intel Mac OS X 10_15_7) AppleWebKit/537.36 (KHTML, like Gecko) Chrome/121.0.0.0 Safari/537.36"
65.49.27.187 - - [10/Mar/2026:22:57:01 +1000] "GET / HTTP/1.1" 500 1077592 "-" "Mozilla/5.0 (Macintosh; Intel Mac OS X 10_15_7) AppleWebKit/537.36 (KHTML, like Gecko) Chrome/121.0.0.0 Safari/537.36"
118.127.40.73 - - [10/Mar/2026:23:23:20 +1000] "GET / HTTP/1.1" 200 4230 "-" "Python/3.11 aiohttp/3.9.2"
118.127.40.73 - - [10/Mar/2026:23:53:19 +1000] "GET / HTTP/1.1" 200 4230 "-" "Python/3.11 aiohttp/3.9.2"
65.49.27.187 - - [10/Mar/2026:23:57:28 +1000] "GET / HTTP/1.1" 500 1077592 "-" "Mozilla/5.0 (Macintosh; Intel Mac OS X 10_15_7) AppleWebKit/537.36 (KHTML, like Gecko) Chrome/121.0.0.0 Safari/537.36"
118.127.40.73 - - [11/Mar/2026:00:23:28 +1000] "GET / HTTP/1.1" 200 4230 "-" "Python/3.11 aiohttp/3.9.2"
118.127.40.73 - - [11/Mar/2026:00:53:45 +1000] "GET / HTTP/1.1" 200 4230 "-" "Python/3.11 aiohttp/3.9.2"
74.7.230.49 - - [11/Mar/2026:01:03:17 +1000] "GET /robots.txt HTTP/1.1" 200 24 "-" "Mozilla/5.0 (Macintosh; Intel Mac OS X 10_15_7) AppleWebKit/537.36 (KHTML, like Gecko) Chrome/131.0.0.0 Safari/537.36; compatible; OAI-SearchBot/1.3; robots.txt; +https://openai.com/searchbot"
65.49.27.187 - - [11/Mar/2026:01:13:35 +1000] "GET / HTTP/1.1" 500 1077596 "-" "Mozilla/5.0 (Macintosh; Intel Mac OS X 10_15_7) AppleWebKit/537.36 (KHTML, like Gecko) Chrome/121.0.0.0 Safari/537.36"
118.127.40.73 - - [11/Mar/2026:01:23:27 +1000] "GET / HTTP/1.1" 200 4230 "-" "Python/3.11 aiohttp/3.9.2"
118.127.40.73 - - [11/Mar/2026:01:53:24 +1000] "GET / HTTP/1.1" 200 4230 "-" "Python/3.11 aiohttp/3.9.2"
118.127.40.73 - - [11/Mar/2026:02:23:22 +1000] "GET / HTTP/1.1" 200 4230 "-" "Python/3.11 aiohttp/3.9.2"
65.49.27.187 - - [11/Mar/2026:02:25:40 +1000] "GET / HTTP/1.1" 500 1077598 "-" "Mozilla/5.0 (Macintosh; Intel Mac OS X 10_15_7) AppleWebKit/537.36 (KHTML, like Gecko) Chrome/121.0.0.0 Safari/537.36"
118.127.40.73 - - [11/Mar/2026:02:53:28 +1000] "GET / HTTP/1.1" 200 4230 "-" "Python/3.11 aiohttp/3.9.2"
118.127.40.73 - - [11/Mar/2026:03:23:22 +1000] "GET / HTTP/1.1" 200 4230 "-" "Python/3.11 aiohttp/3.9.2"
65.49.27.187 - - [11/Mar/2026:03:45:17 +1000] "GET / HTTP/1.1" 500 1077598 "-" "Mozilla/5.0 (Macintosh; Intel Mac OS X 10_15_7) AppleWebKit/537.36 (KHTML, like Gecko) Chrome/121.0.0.0 Safari/537.36"
118.127.40.73 - - [11/Mar/2026:03:53:26 +1000] "GET / HTTP/1.1" 200 4230 "-" "Python/3.11 aiohttp/3.9.2"
118.127.40.73 - - [11/Mar/2026:04:23:22 +1000] "GET / HTTP/1.1" 200 4230 "-" "Python/3.11 aiohttp/3.9.2"
65.49.27.187 - - [11/Mar/2026:04:51:55 +1000] "GET / HTTP/1.1" 500 1077596 "-" "Mozilla/5.0 (Macintosh; Intel Mac OS X 10_15_7) AppleWebKit/537.36 (KHTML, like Gecko) Chrome/121.0.0.0 Safari/537.36"
68.183.151.56 - - [11/Mar/2026:04:52:43 +1000] "GET /.git/config HTTP/1.1" 404 6603 "-" "Mozilla/5.0 (Windows NT 10.0; WOW64) AppleWebKit/537.36 (KHTML, like Gecko) Chrome/61.0.3163.79 Safari/537.36 Maxthon/5.2.7.2000"
118.127.40.73 - - [11/Mar/2026:04:53:23 +1000] "GET / HTTP/1.1" 200 4230 "-" "Python/3.11 aiohttp/3.9.2"
118.127.40.73 - - [11/Mar/2026:05:23:23 +1000] "GET / HTTP/1.1" 200 4230 "-" "Python/3.11 aiohttp/3.9.2"
65.49.27.187 - - [11/Mar/2026:05:43:11 +1000] "GET / HTTP/1.1" 500 1077596 "-" "Mozilla/5.0 (Macintosh; Intel Mac OS X 10_15_7) AppleWebKit/537.36 (KHTML, like Gecko) Chrome/121.0.0.0 Safari/537.36"
65.49.27.187 - - [11/Mar/2026:05:43:11 +1000] "GET / HTTP/1.1" 500 1077596 "-" "Mozilla/5.0 (Macintosh; Intel Mac OS X 10_15_7) AppleWebKit/537.36 (KHTML, like Gecko) Chrome/121.0.0.0 Safari/537.36"
118.127.40.73 - - [11/Mar/2026:05:53:24 +1000] "GET / HTTP/1.1" 200 4230 "-" "Python/3.11 aiohttp/3.9.2"
118.127.40.73 - - [11/Mar/2026:06:23:22 +1000] "GET / HTTP/1.1" 200 4230 "-" "Python/3.11 aiohttp/3.9.2"
65.49.27.187 - - [11/Mar/2026:06:45:46 +1000] "GET / HTTP/1.1" 500 1077598 "-" "Mozilla/5.0 (Macintosh; Intel Mac OS X 10_15_7) AppleWebKit/537.36 (KHTML, like Gecko) Chrome/121.0.0.0 Safari/537.36"
118.127.40.73 - - [11/Mar/2026:06:53:24 +1000] "GET / HTTP/1.1" 200 4230 "-" "Python/3.11 aiohttp/3.9.2"
118.127.40.73 - - [11/Mar/2026:07:23:24 +1000] "GET / HTTP/1.1" 200 4230 "-" "Python/3.11 aiohttp/3.9.2"
118.127.40.73 - - [11/Mar/2026:07:53:25 +1000] "GET / HTTP/1.1" 200 4230 "-" "Python/3.11 aiohttp/3.9.2"
65.49.27.187 - - [11/Mar/2026:08:00:07 +1000] "GET / HTTP/1.1" 500 1077596 "-" "Mozilla/5.0 (Macintosh; Intel Mac OS X 10_15_7) AppleWebKit/537.36 (KHTML, like Gecko) Chrome/121.0.0.0 Safari/537.36"
118.127.40.73 - - [11/Mar/2026:08:23:28 +1000] "GET / HTTP/1.1" 200 4230 "-" "Python/3.11 aiohttp/3.9.2"
118.127.40.73 - - [11/Mar/2026:08:53:25 +1000] "GET / HTTP/1.1" 200 4230 "-" "Python/3.11 aiohttp/3.9.2"
65.49.27.187 - - [11/Mar/2026:09:09:22 +1000] "GET / HTTP/1.1" 500 1077596 "-" "Mozilla/5.0 (Macintosh; Intel Mac OS X 10_15_7) AppleWebKit/537.36 (KHTML, like Gecko) Chrome/121.0.0.0 Safari/537.36"
118.127.40.73 - - [11/Mar/2026:09:23:24 +1000] "GET / HTTP/1.1" 200 4230 "-" "Python/3.11 aiohttp/3.9.2"
118.127.40.73 - - [11/Mar/2026:09:53:24 +1000] "GET / HTTP/1.1" 200 4230 "-" "Python/3.11 aiohttp/3.9.2"
118.127.40.73 - - [11/Mar/2026:10:23:25 +1000] "GET / HTTP/1.1" 200 4230 "-" "Python/3.11 aiohttp/3.9.2"
65.49.27.187 - - [11/Mar/2026:10:25:09 +1000] "GET / HTTP/1.1" 500 1077598 "-" "Mozilla/5.0 (Macintosh; Intel Mac OS X 10_15_7) AppleWebKit/537.36 (KHTML, like Gecko) Chrome/121.0.0.0 Safari/537.36"
118.127.40.73 - - [11/Mar/2026:10:53:24 +1000] "GET / HTTP/1.1" 200 4230 "-" "Python/3.11 aiohttp/3.9.2"
172.245.92.196 - - [11/Mar/2026:11:19:35 +1000] "GET /.env HTTP/1.1" 404 6603 "-" "Mozilla/5.0 (Linux; Android 9; SM-N960F) AppleWebKit/537.36 (KHTML, like Gecko) Chrome/76.0.3809.111 Mobile Safari/537.36"
118.127.40.73 - - [11/Mar/2026:11:23:26 +1000] "GET / HTTP/1.1" 200 4230 "-" "Python/3.11 aiohttp/3.9.2"
65.49.27.187 - - [11/Mar/2026:11:35:43 +1000] "GET / HTTP/1.1" 500 1077598 "-" "Mozilla/5.0 (Macintosh; Intel Mac OS X 10_15_7) AppleWebKit/537.36 (KHTML, like Gecko) Chrome/121.0.0.0 Safari/537.36"
118.127.40.73 - - [11/Mar/2026:11:53:27 +1000] "GET / HTTP/1.1" 200 4230 "-" "Python/3.11 aiohttp/3.9.2"
118.127.40.73 - - [11/Mar/2026:12:23:25 +1000] "GET / HTTP/1.1" 200 4230 "-" "Python/3.11 aiohttp/3.9.2"
65.49.27.187 - - [11/Mar/2026:12:42:50 +1000] "GET / HTTP/1.1" 500 1077502 "-" "Mozilla/5.0 (Macintosh; Intel Mac OS X 10_15_7) AppleWebKit/537.36 (KHTML, like Gecko) Chrome/121.0.0.0 Safari/537.36"
65.49.27.187 - - [11/Mar/2026:12:42:51 +1000] "GET / HTTP/1.1" 500 1077594 "-" "Mozilla/5.0 (Macintosh; Intel Mac OS X 10_15_7) AppleWebKit/537.36 (KHTML, like Gecko) Chrome/121.0.0.0 Safari/537.36"
118.127.40.73 - - [11/Mar/2026:12:53:27 +1000] "GET / HTTP/1.1" 200 4230 "-" "Python/3.11 aiohttp/3.9.2"
118.127.40.73 - - [11/Mar/2026:13:23:36 +1000] "GET / HTTP/1.1" 200 4230 "-" "Python/3.11 aiohttp/3.9.2"
194.180.48.253 - - [11/Mar/2026:13:41:45 +1000] "GET /.git/config HTTP/1.1" 404 6603 "-" "fasthttp"
118.127.40.73 - - [11/Mar/2026:13:53:25 +1000] "GET / HTTP/1.1" 200 4230 "-" "Python/3.11 aiohttp/3.9.2"
65.49.27.187 - - [11/Mar/2026:14:05:04 +1000] "GET / HTTP/1.1" 500 1077598 "-" "Mozilla/5.0 (Macintosh; Intel Mac OS X 10_15_7) AppleWebKit/537.36 (KHTML, like Gecko) Chrome/121.0.0.0 Safari/537.36"
118.127.40.73 - - [11/Mar/2026:14:23:25 +1000] "GET / HTTP/1.1" 200 4230 "-" "Python/3.11 aiohttp/3.9.2"
118.127.40.73 - - [11/Mar/2026:14:53:28 +1000] "GET / HTTP/1.1" 200 4230 "-" "Python/3.11 aiohttp/3.9.2"
118.127.40.73 - - [11/Mar/2026:15:23:27 +1000] "GET / HTTP/1.1" 200 4230 "-" "Python/3.11 aiohttp/3.9.2"
65.49.27.187 - - [11/Mar/2026:15:45:16 +1000] "GET / HTTP/1.1" 500 1077596 "-" "Mozilla/5.0 (Macintosh; Intel Mac OS X 10_15_7) AppleWebKit/537.36 (KHTML, like Gecko) Chrome/121.0.0.0 Safari/537.36"
118.127.40.73 - - [11/Mar/2026:15:53:26 +1000] "GET / HTTP/1.1" 200 4230 "-" "Python/3.11 aiohttp/3.9.2"
104.37.27.214 - - [11/Mar/2026:16:10:13 +1000] "HEAD / HTTP/1.1" 500 - "-" "Mozilla/5.0 (iPhone; CPU iPhone OS 17_1 like Mac OS X) AppleWebKit/605.1.15 (KHTML, like Gecko) EdgiOS/119.0.2151.78 Version/17.0 Mobile/15E148 Safari/604.1"
104.143.88.14 - - [11/Mar/2026:16:10:13 +1000] "HEAD / HTTP/1.1" 200 - "-" "Mozilla/5.0 (Linux; Android 10; K) AppleWebKit/537.36 (KHTML, like Gecko) Chrome/121.0.0.0 Mobile Safari/537.36 EdgA/121.0.0.0"
104.143.88.14 - - [11/Mar/2026:16:10:14 +1000] "GET / HTTP/1.1" 200 4230 "-" "Mozilla/5.0 (Linux; Android 10; K) AppleWebKit/537.36 (KHTML, like Gecko) Chrome/121.0.0.0 Mobile Safari/537.36 EdgA/121.0.0.0"
104.37.27.214 - - [11/Mar/2026:16:10:14 +1000] "GET / HTTP/1.1" 500 1077938 "-" "Mozilla/5.0 (iPhone; CPU iPhone OS 17_1 like Mac OS X) AppleWebKit/605.1.15 (KHTML, like Gecko) EdgiOS/119.0.2151.78 Version/17.0 Mobile/15E148 Safari/604.1"
172.121.208.53 - - [11/Mar/2026:16:11:16 +1000] "GET / HTTP/1.1" 200 4230 "-" "Mozilla/5.0 (Windows NT 10.0; Win64; x64) AppleWebKit/537.36 (KHTML, like Gecko) Chrome/120.0.0.0 Safari/537.36"
172.121.208.53 - - [11/Mar/2026:16:11:17 +1000] "GET /robots.txt HTTP/1.1" 200 24 "https://printmanagertenant.posscales.com.au/" "Mozilla/5.0 (Windows NT 10.0; Win64; x64) AppleWebKit/537.36 (KHTML, like Gecko) Chrome/120.0.0.0 Safari/537.36"
172.121.208.53 - - [11/Mar/2026:16:11:18 +1000] "GET / HTTP/1.1" 200 4230 "-" "Mozilla/5.0 (Windows NT 10.0; Win64; x64) AppleWebKit/537.36 (KHTML, like Gecko) Chrome/120.0.0.0 Safari/537.36"
104.168.40.133 - - [11/Mar/2026:16:11:27 +1000] "GET / HTTP/1.1" 500 1077668 "-" "Mozilla/5.0 (X11; U; Linux i686; en-US; rv:1.4) Gecko/20030624"
104.168.40.133 - - [11/Mar/2026:16:11:29 +1000] "GET /robots.txt HTTP/1.1" 200 24 "-" "Mozilla/5.0 (X11; U; Linux i686; en-US; rv:1.4) Gecko/20030624"
104.168.40.133 - - [11/Mar/2026:16:11:30 +1000] "GET / HTTP/1.1" 500 1077670 "-" "Mozilla/5.0 (X11; U; Linux i686; en-US; rv:1.4) Gecko/20030624"
104.168.40.133 - - [11/Mar/2026:16:11:32 +1000] "GET / HTTP/1.1" 500 1077672 "-" "Mozilla/5.0 (X11; U; Linux i686; en-US; rv:1.4) Gecko/20030624"
104.200.76.232 - - [11/Mar/2026:16:11:35 +1000] "HEAD / HTTP/1.1" 500 - "-" "Mozilla/5.0 (Windows NT 6.3; WOW64; Trident/7.0; rv:11.0) like Gecko"
172.121.221.161 - - [11/Mar/2026:16:11:36 +1000] "GET / HTTP/1.1" 500 1077246 "-" "Mozilla/5.0 (Windows NT 10.0; Win64; x64) AppleWebKit/537.36 (KHTML, like Gecko) Chrome/55.0.2883.87 Safari/537.36"
104.168.124.55 - - [11/Mar/2026:16:11:38 +1000] "GET / HTTP/1.1" 500 1076968 "-" "python-requests/2.31.0"
38.128.156.228 - - [11/Mar/2026:16:11:40 +1000] "HEAD / HTTP/1.1" 500 - "-" "Mozilla/4.0 (compatible; MSIE 9.0; Windows NT 6.1)"
172.121.209.176 - - [11/Mar/2026:16:11:41 +1000] "GET / HTTP/1.1" 500 1077066 "-" "Mozilla/5.0 (compatible; MSIE 9.0; Windows NT 6.1; WOW64; Trident/5.0)"
104.164.161.107 - - [11/Mar/2026:16:11:43 +1000] "GET / HTTP/1.1" 500 1076974 "-" "python-requests/2.31.0"
44.242.209.179 - - [11/Mar/2026:16:11:56 +1000] "GET / HTTP/1.1" 500 1078336 "-" "Mozilla/5.0 (X11; Linux x86_64) AppleWebKit/537.36 (KHTML, like Gecko) Chrome/140.0.0.0 Safari/537.36"
44.242.209.179 - - [11/Mar/2026:16:11:57 +1000] "GET /favicon.ico HTTP/1.1" 200 - "https://www.printmanagertenant.posscales.com.au/" "Mozilla/5.0 (X11; Linux x86_64) AppleWebKit/537.36 (KHTML, like Gecko) Chrome/140.0.0.0 Safari/537.36"
172.121.222.24 - - [11/Mar/2026:16:12:05 +1000] "HEAD / HTTP/1.1" 500 - "-" "Mozilla/5.0 (Windows NT 6.2; WOW64; Trident/7.0; rv:11.0) like Gecko"
45.5.66.98 - - [11/Mar/2026:16:12:06 +1000] "GET / HTTP/1.1" 500 1077022 "-" "Mozilla/5.0 (Windows NT 6.1; Trident/7.0; rv:11.0) like Gecko"
172.121.209.249 - - [11/Mar/2026:16:12:08 +1000] "GET / HTTP/1.1" 500 1076970 "-" "python-requests/2.31.0"
104.164.161.192 - - [11/Mar/2026:16:12:10 +1000] "HEAD / HTTP/1.1" 500 - "-" "Mozilla/5.0 (Windows NT 5.1; Win64; x64) AppleWebKit/537.36 (KHTML, like Gecko) Chrome/60.0.3112.90 Safari/537.36"
104.194.196.78 - - [11/Mar/2026:16:12:11 +1000] "GET / HTTP/1.1" 500 1077034 "-" "Mozilla/5.0 (compatible; MSIE 9.0; Windows NT 6.1; Trident/5.0)"
172.121.221.75 - - [11/Mar/2026:16:12:13 +1000] "GET / HTTP/1.1" 500 1076972 "-" "python-requests/2.31.0"
18.237.166.214 - - [11/Mar/2026:16:12:25 +1000] "GET / HTTP/1.1" 500 1078336 "-" "Mozilla/5.0 (X11; Linux x86_64) AppleWebKit/537.36 (KHTML, like Gecko) Chrome/140.0.0.0 Safari/537.36"
18.237.166.214 - - [11/Mar/2026:16:12:27 +1000] "GET /favicon.ico HTTP/1.1" 200 - "https://www.printmanagertenant.posscales.com.au/" "Mozilla/5.0 (X11; Linux x86_64) AppleWebKit/537.36 (KHTML, like Gecko) Chrome/140.0.0.0 Safari/537.36"
118.127.40.73 - - [11/Mar/2026:16:23:26 +1000] "GET / HTTP/1.1" 200 4230 "-" "Python/3.11 aiohttp/3.9.2"
118.127.40.73 - - [11/Mar/2026:16:53:27 +1000] "GET / HTTP/1.1" 200 4230 "-" "Python/3.11 aiohttp/3.9.2"
27.115.124.97 - - [11/Mar/2026:17:09:44 +1000] "GET / HTTP/1.1" 500 1077396 "-" "Mozilla/5.0 (Macintosh; Intel Mac OS X 10_15_7) AppleWebKit/537.36 (KHTML, like Gecko) Chrome/120.0.0.0 Safari/537.36 Edg/120.0.0.0"
65.49.27.187 - - [11/Mar/2026:17:10:38 +1000] "GET / HTTP/1.1" 500 1077598 "-" "Mozilla/5.0 (Macintosh; Intel Mac OS X 10_15_7) AppleWebKit/537.36 (KHTML, like Gecko) Chrome/121.0.0.0 Safari/537.36"
27.115.124.104 - - [11/Mar/2026:17:11:04 +1000] "GET /favicon.ico HTTP/1.1" 200 - "-" "Mozilla/5.0 (Macintosh; Intel Mac OS X 10_15_7) AppleWebKit/537.36 (KHTML, like Gecko) Chrome/120.0.0.0 Safari/537.36 Edg/120.0.0.0"
27.115.124.66 - - [11/Mar/2026:17:11:08 +1000] "GET /robots.txt HTTP/1.1" 200 24 "-" "Mozilla/5.0 (Macintosh; Intel Mac OS X 10_15_7) AppleWebKit/537.36 (KHTML, like Gecko) Chrome/120.0.0.0 Safari/537.36 Edg/120.0.0.0"
27.115.124.104 - - [11/Mar/2026:17:11:12 +1000] "GET /sitemap.xml HTTP/1.1" 404 6603 "-" "Mozilla/5.0 (Macintosh; Intel Mac OS X 10_15_7) AppleWebKit/537.36 (KHTML, like Gecko) Chrome/120.0.0.0 Safari/537.36 Edg/120.0.0.0"
118.127.40.73 - - [11/Mar/2026:17:23:27 +1000] "GET / HTTP/1.1" 200 4230 "-" "Python/3.11 aiohttp/3.9.2"
74.7.244.53 - - [11/Mar/2026:17:27:41 +1000] "GET /robots.txt HTTP/1.1" 200 24 "-" "Mozilla/5.0 (Macintosh; Intel Mac OS X 10_15_7) AppleWebKit/537.36 (KHTML, like Gecko) Chrome/131.0.0.0 Safari/537.36; compatible; OAI-SearchBot/1.3; robots.txt; +https://openai.com/searchbot"
74.7.227.8 - - [11/Mar/2026:17:27:45 +1000] "GET / HTTP/1.1" 500 114680 "-" "Mozilla/5.0 AppleWebKit/537.36 (KHTML, like Gecko; compatible; GPTBot/1.3; +https://openai.com/gptbot)"
204.76.203.25 - - [11/Mar/2026:17:29:40 +1000] "GET /build/assets/app-Bt-8Raav.js HTTP/1.1" 200 110021 "-" "Mozilla/5.0 (Windows NT 10.0; Win64; x64) AppleWebKit/537.36 (KHTML, like Gecko) Chrome/134.0.0.0 Safari/537.3"
170.64.233.22 - - [11/Mar/2026:17:46:11 +1000] "GET / HTTP/1.1" 200 4230 "-" "Mozilla/5.0 (Windows NT 10.0; Win64; x64) AppleWebKit/537.36 (KHTML, like Gecko) Chrome/125.0.0.0 Safari/537.36"
170.64.233.22 - - [11/Mar/2026:17:46:11 +1000] "GET /.env HTTP/1.1" 404 6603 "-" "Mozilla/5.0 (Windows NT 10.0; Win64; x64) AppleWebKit/537.36 (KHTML, like Gecko) Chrome/125.0.0.0 Safari/537.36"
170.64.233.22 - - [11/Mar/2026:17:46:11 +1000] "GET /.git/config HTTP/1.1" 404 6603 "-" "Mozilla/5.0 (Windows NT 10.0; Win64; x64) AppleWebKit/537.36 (KHTML, like Gecko) Chrome/125.0.0.0 Safari/537.36"
170.64.233.22 - - [11/Mar/2026:17:46:11 +1000] "GET /new HTTP/1.1" 404 6603 "-" "Mozilla/5.0 (Windows NT 10.0; Win64; x64) AppleWebKit/537.36 (KHTML, like Gecko) Chrome/125.0.0.0 Safari/537.36"
170.64.233.22 - - [11/Mar/2026:17:46:11 +1000] "GET /blog HTTP/1.1" 404 6603 "-" "Mozilla/5.0 (Windows NT 10.0; Win64; x64) AppleWebKit/537.36 (KHTML, like Gecko) Chrome/125.0.0.0 Safari/537.36"
170.64.233.22 - - [11/Mar/2026:17:46:11 +1000] "GET /wp HTTP/1.1" 404 6603 "-" "Mozilla/5.0 (Windows NT 10.0; Win64; x64) AppleWebKit/537.36 (KHTML, like Gecko) Chrome/125.0.0.0 Safari/537.36"
170.64.233.22 - - [11/Mar/2026:17:46:11 +1000] "GET /wordpress HTTP/1.1" 404 6603 "-" "Mozilla/5.0 (Windows NT 10.0; Win64; x64) AppleWebKit/537.36 (KHTML, like Gecko) Chrome/125.0.0.0 Safari/537.36"
170.64.233.22 - - [11/Mar/2026:17:46:11 +1000] "GET /demo HTTP/1.1" 404 6603 "-" "Mozilla/5.0 (Windows NT 10.0; Win64; x64) AppleWebKit/537.36 (KHTML, like Gecko) Chrome/125.0.0.0 Safari/537.36"
170.64.233.22 - - [11/Mar/2026:17:46:11 +1000] "GET / HTTP/1.1" 200 4230 "-" "Mozilla/5.0 (Windows NT 10.0; Win64; x64) AppleWebKit/537.36 (KHTML, like Gecko) Chrome/125.0.0.0 Safari/537.36"
170.64.233.22 - - [11/Mar/2026:17:46:11 +1000] "GET /debug/default/index HTTP/1.1" 404 6603 "-" "Mozilla/5.0 (Windows NT 10.0; Win64; x64) AppleWebKit/537.36 (KHTML, like Gecko) Chrome/125.0.0.0 Safari/537.36"
170.64.233.22 - - [11/Mar/2026:17:46:11 +1000] "POST /vendor/phpunit/phpunit/src/Util/PHP/eval-stdin.php HTTP/1.1" 404 6603 "-" "Mozilla/5.0 (Windows NT 10.0; Win64; x64) AppleWebKit/537.36 (KHTML, like Gecko) Chrome/125.0.0.0 Safari/537.36"
170.64.233.22 - - [11/Mar/2026:17:46:11 +1000] "GET /vendor/laravel-filemanager/js/script.js HTTP/1.1" 404 6603 "-" "Mozilla/5.0 (Windows NT 10.0; Win64; x64) AppleWebKit/537.36 (KHTML, like Gecko) Chrome/125.0.0.0 Safari/537.36"
170.64.233.22 - - [11/Mar/2026:17:46:11 +1000] "POST / HTTP/1.1" 419 6609 "-" "Mozilla/5.0 (Windows NT 10.0; Win64; x64) AppleWebKit/537.36 (KHTML, like Gecko) Chrome/125.0.0.0 Safari/537.36"
170.64.233.22 - - [11/Mar/2026:17:46:11 +1000] "GET /public/vendor/laravel-filemanager/js/script.js HTTP/1.1" 404 6603 "-" "Mozilla/5.0 (Windows NT 10.0; Win64; x64) AppleWebKit/537.36 (KHTML, like Gecko) Chrome/125.0.0.0 Safari/537.36"
170.64.233.22 - - [11/Mar/2026:17:46:11 +1000] "GET /_ignition/execute-solution HTTP/1.1" 405 1056235 "-" "Mozilla/5.0 (Windows NT 10.0; Win64; x64) AppleWebKit/537.36 (KHTML, like Gecko) Chrome/125.0.0.0 Safari/537.36"
118.127.40.73 - - [11/Mar/2026:17:53:28 +1000] "GET / HTTP/1.1" 200 4230 "-" "Python/3.11 aiohttp/3.9.2"
101.198.0.171 - - [11/Mar/2026:18:02:14 +1000] "GET / HTTP/1.1" 500 286688 "-" "Mozilla/5.0 (Macintosh; Intel Mac OS X 10_15_7) AppleWebKit/537.36 (KHTML, like Gecko) Chrome/120.0.0.0 Safari/537.36 Edg/120.0.0.0"
101.198.0.182 - - [11/Mar/2026:18:02:44 +1000] "GET / HTTP/1.1" 500 335832 "-" "Mozilla/5.0 (Macintosh; Intel Mac OS X 10_15_7) AppleWebKit/537.36 (KHTML, like Gecko) Chrome/120.0.0.0 Safari/537.36 Edg/120.0.0.0"
101.198.0.172 - - [11/Mar/2026:18:03:11 +1000] "GET /favicon.ico HTTP/1.1" 200 - "-" "Mozilla/5.0 (Macintosh; Intel Mac OS X 10_15_7) AppleWebKit/537.36 (KHTML, like Gecko) Chrome/120.0.0.0 Safari/537.36 Edg/120.0.0.0"
101.198.0.133 - - [11/Mar/2026:18:03:15 +1000] "GET /robots.txt HTTP/1.1" 200 24 "-" "Mozilla/5.0 (Macintosh; Intel Mac OS X 10_15_7) AppleWebKit/537.36 (KHTML, like Gecko) Chrome/120.0.0.0 Safari/537.36 Edg/120.0.0.0"
101.198.0.184 - - [11/Mar/2026:18:03:18 +1000] "GET /sitemap.xml HTTP/1.1" 404 6603 "-" "Mozilla/5.0 (Macintosh; Intel Mac OS X 10_15_7) AppleWebKit/537.36 (KHTML, like Gecko) Chrome/120.0.0.0 Safari/537.36 Edg/120.0.0.0"
159.65.167.144 - - [11/Mar/2026:18:13:28 +1000] "GET /.git/config HTTP/1.1" 404 6603 "-" "Mozilla/5.0 (X11; Linux x86_64) AppleWebKit/537.36 (KHTML, like Gecko) Chrome/77.0.3844.0 Safari/537.36"
118.127.40.73 - - [11/Mar/2026:18:23:28 +1000] "GET / HTTP/1.1" 200 4230 "-" "Python/3.11 aiohttp/3.9.2"
65.49.27.187 - - [11/Mar/2026:18:38:00 +1000] "GET / HTTP/1.1" 500 1077596 "-" "Mozilla/5.0 (Macintosh; Intel Mac OS X 10_15_7) AppleWebKit/537.36 (KHTML, like Gecko) Chrome/121.0.0.0 Safari/537.36"
118.127.40.73 - - [11/Mar/2026:18:53:29 +1000] "GET / HTTP/1.1" 200 4230 "-" "Python/3.11 aiohttp/3.9.2"
65.49.27.187 - - [11/Mar/2026:19:14:15 +1000] "GET / HTTP/1.1" 500 1077600 "-" "Mozilla/5.0 (Macintosh; Intel Mac OS X 10_15_7) AppleWebKit/537.36 (KHTML, like Gecko) Chrome/121.0.0.0 Safari/537.36"
65.49.27.187 - - [11/Mar/2026:19:14:16 +1000] "GET / HTTP/1.1" 500 1077598 "-" "Mozilla/5.0 (Macintosh; Intel Mac OS X 10_15_7) AppleWebKit/537.36 (KHTML, like Gecko) Chrome/121.0.0.0 Safari/537.36"
118.127.40.73 - - [11/Mar/2026:19:23:27 +1000] "GET / HTTP/1.1" 200 4230 "-" "Python/3.11 aiohttp/3.9.2"
67.211.213.61 - - [11/Mar/2026:19:31:05 +1000] "GET / HTTP/1.1" 500 1077596 "-" "Mozilla/5.0 (Macintosh; Intel Mac OS X 10_15_7) AppleWebKit/537.36 (KHTML, like Gecko) Chrome/121.0.0.0 Safari/537.36"
118.127.40.73 - - [11/Mar/2026:19:53:28 +1000] "GET / HTTP/1.1" 200 4230 "-" "Python/3.11 aiohttp/3.9.2"
65.49.27.187 - - [11/Mar/2026:20:11:14 +1000] "GET / HTTP/1.1" 500 1077596 "-" "Mozilla/5.0 (Macintosh; Intel Mac OS X 10_15_7) AppleWebKit/537.36 (KHTML, like Gecko) Chrome/121.0.0.0 Safari/537.36"
35.94.131.248 - - [11/Mar/2026:20:20:07 +1000] "GET /robots.txt HTTP/1.1" 200 24 "-" "Mozilla/5.0 (compatible; wpbot/1.4; +https://forms.gle/ajBaxygz9jSR8p8G9)"
35.94.131.248 - - [11/Mar/2026:20:20:07 +1000] "GET / HTTP/1.1" 500 1077080 "-" "Mozilla/5.0 (compatible; wpbot/1.4; +https://forms.gle/ajBaxygz9jSR8p8G9)"
118.127.40.73 - - [11/Mar/2026:20:23:29 +1000] "GET / HTTP/1.1" 200 4230 "-" "Python/3.11 aiohttp/3.9.2"
118.127.40.73 - - [11/Mar/2026:20:53:30 +1000] "GET / HTTP/1.1" 200 4230 "-" "Python/3.11 aiohttp/3.9.2"
118.127.40.73 - - [11/Mar/2026:21:23:27 +1000] "GET / HTTP/1.1" 200 4230 "-" "Python/3.11 aiohttp/3.9.2"
65.49.27.187 - - [11/Mar/2026:21:24:21 +1000] "GET / HTTP/1.1" 500 1077598 "-" "Mozilla/5.0 (Macintosh; Intel Mac OS X 10_15_7) AppleWebKit/537.36 (KHTML, like Gecko) Chrome/121.0.0.0 Safari/537.36"
118.127.40.73 - - [11/Mar/2026:21:53:30 +1000] "GET / HTTP/1.1" 200 4230 "-" "Python/3.11 aiohttp/3.9.2"
118.127.40.73 - - [11/Mar/2026:22:23:30 +1000] "GET / HTTP/1.1" 200 4230 "-" "Python/3.11 aiohttp/3.9.2"
65.49.27.187 - - [11/Mar/2026:22:33:23 +1000] "GET / HTTP/1.1" 500 1077594 "-" "Mozilla/5.0 (Macintosh; Intel Mac OS X 10_15_7) AppleWebKit/537.36 (KHTML, like Gecko) Chrome/121.0.0.0 Safari/537.36"
118.127.40.73 - - [11/Mar/2026:22:53:30 +1000] "GET / HTTP/1.1" 200 4230 "-" "Python/3.11 aiohttp/3.9.2"
118.127.40.73 - - [11/Mar/2026:23:23:31 +1000] "GET / HTTP/1.1" 200 4230 "-" "Python/3.11 aiohttp/3.9.2"
65.49.27.187 - - [11/Mar/2026:23:51:21 +1000] "GET / HTTP/1.1" 500 1077594 "-" "Mozilla/5.0 (Macintosh; Intel Mac OS X 10_15_7) AppleWebKit/537.36 (KHTML, like Gecko) Chrome/121.0.0.0 Safari/537.36"
118.127.40.73 - - [11/Mar/2026:23:53:29 +1000] "GET / HTTP/1.1" 200 4230 "-" "Python/3.11 aiohttp/3.9.2"
118.127.40.73 - - [12/Mar/2026:00:23:31 +1000] "GET / HTTP/1.1" 200 4230 "-" "Python/3.11 aiohttp/3.9.2"
118.127.40.73 - - [12/Mar/2026:00:53:29 +1000] "GET / HTTP/1.1" 200 4230 "-" "Python/3.11 aiohttp/3.9.2"
65.49.27.187 - - [12/Mar/2026:00:58:58 +1000] "GET / HTTP/1.1" 500 1077594 "-" "Mozilla/5.0 (Macintosh; Intel Mac OS X 10_15_7) AppleWebKit/537.36 (KHTML, like Gecko) Chrome/121.0.0.0 Safari/537.36"
118.127.40.73 - - [12/Mar/2026:01:23:29 +1000] "GET / HTTP/1.1" 200 4230 "-" "Python/3.11 aiohttp/3.9.2"
118.127.40.73 - - [12/Mar/2026:01:53:31 +1000] "GET / HTTP/1.1" 200 4230 "-" "Python/3.11 aiohttp/3.9.2"
65.49.27.187 - - [12/Mar/2026:02:03:22 +1000] "GET / HTTP/1.1" 500 1077600 "-" "Mozilla/5.0 (Macintosh; Intel Mac OS X 10_15_7) AppleWebKit/537.36 (KHTML, like Gecko) Chrome/121.0.0.0 Safari/537.36"
65.49.27.187 - - [12/Mar/2026:02:03:23 +1000] "GET / HTTP/1.1" 500 1077598 "-" "Mozilla/5.0 (Macintosh; Intel Mac OS X 10_15_7) AppleWebKit/537.36 (KHTML, like Gecko) Chrome/121.0.0.0 Safari/537.36"
35.94.254.213 - - [12/Mar/2026:02:05:53 +1000] "GET /robots.txt HTTP/1.1" 200 24 "-" "Mozilla/5.0 (compatible; wpbot/1.4; +https://forms.gle/ajBaxygz9jSR8p8G9)"
35.94.254.213 - - [12/Mar/2026:02:05:53 +1000] "GET / HTTP/1.1" 200 4230 "-" "Mozilla/5.0 (compatible; wpbot/1.4; +https://forms.gle/ajBaxygz9jSR8p8G9)"
118.127.40.73 - - [12/Mar/2026:02:23:31 +1000] "GET / HTTP/1.1" 200 4230 "-" "Python/3.11 aiohttp/3.9.2"
118.127.40.73 - - [12/Mar/2026:02:53:35 +1000] "GET / HTTP/1.1" 200 4230 "-" "Python/3.11 aiohttp/3.9.2"
65.49.27.187 - - [12/Mar/2026:03:04:54 +1000] "GET / HTTP/1.1" 500 1077592 "-" "Mozilla/5.0 (Macintosh; Intel Mac OS X 10_15_7) AppleWebKit/537.36 (KHTML, like Gecko) Chrome/121.0.0.0 Safari/537.36"
118.127.40.73 - - [12/Mar/2026:03:23:34 +1000] "GET / HTTP/1.1" 200 4230 "-" "Python/3.11 aiohttp/3.9.2"
118.127.40.73 - - [12/Mar/2026:03:53:34 +1000] "GET / HTTP/1.1" 200 4230 "-" "Python/3.11 aiohttp/3.9.2"
65.49.27.187 - - [12/Mar/2026:04:18:22 +1000] "GET / HTTP/1.1" 500 1077592 "-" "Mozilla/5.0 (Macintosh; Intel Mac OS X 10_15_7) AppleWebKit/537.36 (KHTML, like Gecko) Chrome/121.0.0.0 Safari/537.36"
118.127.40.73 - - [12/Mar/2026:04:23:31 +1000] "GET / HTTP/1.1" 200 4230 "-" "Python/3.11 aiohttp/3.9.2"
118.127.40.73 - - [12/Mar/2026:04:53:32 +1000] "GET / HTTP/1.1" 200 4230 "-" "Python/3.11 aiohttp/3.9.2"
118.127.40.73 - - [12/Mar/2026:05:23:33 +1000] "GET / HTTP/1.1" 200 4230 "-" "Python/3.11 aiohttp/3.9.2"
65.49.27.187 - - [12/Mar/2026:05:24:32 +1000] "GET / HTTP/1.1" 500 1077600 "-" "Mozilla/5.0 (Macintosh; Intel Mac OS X 10_15_7) AppleWebKit/537.36 (KHTML, like Gecko) Chrome/121.0.0.0 Safari/537.36"
118.127.40.73 - - [12/Mar/2026:05:53:33 +1000] "GET / HTTP/1.1" 200 4230 "-" "Python/3.11 aiohttp/3.9.2"
18.195.155.157 - - [12/Mar/2026:06:18:28 +1000] "GET / HTTP/1.1" 200 4230 "-" "Mozilla/5.0 (Macintosh; Intel Mac OS X 15_7_9) AppleWebKit/605.1.15 (KHTML, like Gecko) Version/17.3.4 Safari/605.1.15"
118.127.40.73 - - [12/Mar/2026:06:23:31 +1000] "GET / HTTP/1.1" 200 4230 "-" "Python/3.11 aiohttp/3.9.2"
65.49.27.187 - - [12/Mar/2026:06:44:12 +1000] "GET / HTTP/1.1" 500 1077588 "-" "Mozilla/5.0 (Macintosh; Intel Mac OS X 10_15_7) AppleWebKit/537.36 (KHTML, like Gecko) Chrome/121.0.0.0 Safari/537.36"
118.127.40.73 - - [12/Mar/2026:06:53:35 +1000] "GET / HTTP/1.1" 200 4230 "-" "Python/3.11 aiohttp/3.9.2"
118.127.40.73 - - [12/Mar/2026:07:23:57 +1000] "GET / HTTP/1.1" 200 4230 "-" "Python/3.11 aiohttp/3.9.2"
65.49.27.187 - - [12/Mar/2026:07:48:58 +1000] "GET / HTTP/1.1" 500 1077596 "-" "Mozilla/5.0 (Macintosh; Intel Mac OS X 10_15_7) AppleWebKit/537.36 (KHTML, like Gecko) Chrome/121.0.0.0 Safari/537.36"
118.127.40.73 - - [12/Mar/2026:07:53:42 +1000] "GET / HTTP/1.1" 200 4230 "-" "Python/3.11 aiohttp/3.9.2"
118.127.40.73 - - [12/Mar/2026:08:23:35 +1000] "GET / HTTP/1.1" 200 4230 "-" "Python/3.11 aiohttp/3.9.2"
65.49.27.187 - - [12/Mar/2026:08:51:04 +1000] "GET / HTTP/1.1" 500 1077598 "-" "Mozilla/5.0 (Macintosh; Intel Mac OS X 10_15_7) AppleWebKit/537.36 (KHTML, like Gecko) Chrome/121.0.0.0 Safari/537.36"
65.49.27.187 - - [12/Mar/2026:08:51:04 +1000] "GET / HTTP/1.1" 500 1077598 "-" "Mozilla/5.0 (Macintosh; Intel Mac OS X 10_15_7) AppleWebKit/537.36 (KHTML, like Gecko) Chrome/121.0.0.0 Safari/537.36"
118.127.40.73 - - [12/Mar/2026:08:53:36 +1000] "GET / HTTP/1.1" 200 4230 "-" "Python/3.11 aiohttp/3.9.2"
118.127.40.73 - - [12/Mar/2026:09:23:33 +1000] "GET / HTTP/1.1" 200 4230 "-" "Python/3.11 aiohttp/3.9.2"
65.49.27.187 - - [12/Mar/2026:09:53:23 +1000] "GET / HTTP/1.1" 500 1077598 "-" "Mozilla/5.0 (Macintosh; Intel Mac OS X 10_15_7) AppleWebKit/537.36 (KHTML, like Gecko) Chrome/121.0.0.0 Safari/537.36"
65.49.27.187 - - [12/Mar/2026:09:53:23 +1000] "GET / HTTP/1.1" 500 1077600 "-" "Mozilla/5.0 (Macintosh; Intel Mac OS X 10_15_7) AppleWebKit/537.36 (KHTML, like Gecko) Chrome/121.0.0.0 Safari/537.36"
118.127.40.73 - - [12/Mar/2026:09:53:36 +1000] "GET / HTTP/1.1" 200 4230 "-" "Python/3.11 aiohttp/3.9.2"
118.127.40.73 - - [12/Mar/2026:10:23:33 +1000] "GET / HTTP/1.1" 200 4230 "-" "Python/3.11 aiohttp/3.9.2"
118.127.40.73 - - [12/Mar/2026:10:53:34 +1000] "GET / HTTP/1.1" 200 4230 "-" "Python/3.11 aiohttp/3.9.2"
65.49.27.187 - - [12/Mar/2026:10:55:10 +1000] "GET / HTTP/1.1" 500 1077588 "-" "Mozilla/5.0 (Macintosh; Intel Mac OS X 10_15_7) AppleWebKit/537.36 (KHTML, like Gecko) Chrome/121.0.0.0 Safari/537.36"
118.127.40.73 - - [12/Mar/2026:11:23:34 +1000] "GET / HTTP/1.1" 200 4230 "-" "Python/3.11 aiohttp/3.9.2"
144.34.182.81 - - [12/Mar/2026:11:35:32 +1000] "GET / HTTP/1.1" 500 1077320 "-" "Mozilla/5.0 (Windows NT 10.0; Win64; x64) AppleWebKit/537.36 (KHTML, like Gecko) Chrome/120.0.0.0 Safari/537.36"
118.127.40.73 - - [12/Mar/2026:11:53:34 +1000] "GET / HTTP/1.1" 200 4230 "-" "Python/3.11 aiohttp/3.9.2"
65.49.27.187 - - [12/Mar/2026:12:12:13 +1000] "GET / HTTP/1.1" 500 1077600 "-" "Mozilla/5.0 (Macintosh; Intel Mac OS X 10_15_7) AppleWebKit/537.36 (KHTML, like Gecko) Chrome/121.0.0.0 Safari/537.36"
118.127.40.73 - - [12/Mar/2026:12:23:34 +1000] "GET / HTTP/1.1" 200 4230 "-" "Python/3.11 aiohttp/3.9.2"
118.127.40.73 - - [12/Mar/2026:12:53:34 +1000] "GET / HTTP/1.1" 200 4230 "-" "Python/3.11 aiohttp/3.9.2"
65.49.27.187 - - [12/Mar/2026:13:17:48 +1000] "GET / HTTP/1.1" 500 1077598 "-" "Mozilla/5.0 (Macintosh; Intel Mac OS X 10_15_7) AppleWebKit/537.36 (KHTML, like Gecko) Chrome/121.0.0.0 Safari/537.36"
118.127.40.73 - - [12/Mar/2026:13:23:35 +1000] "GET / HTTP/1.1" 200 4230 "-" "Python/3.11 aiohttp/3.9.2"
118.127.40.73 - - [12/Mar/2026:13:53:38 +1000] "GET / HTTP/1.1" 200 4230 "-" "Python/3.11 aiohttp/3.9.2"
144.34.182.81 - - [12/Mar/2026:14:02:56 +1000] "GET / HTTP/1.1" 500 1077322 "-" "Mozilla/5.0 (Windows NT 10.0; Win64; x64) AppleWebKit/537.36 (KHTML, like Gecko) Chrome/120.0.0.0 Safari/537.36"
18.201.243.125 - - [12/Mar/2026:14:07:13 +1000] "GET / HTTP/1.0" 200 4230 "-" "Mozilla/5.0 (compatible; NetcraftSurveyAgent/1.0; +info@netcraft.com)"
118.127.40.73 - - [12/Mar/2026:14:23:36 +1000] "GET / HTTP/1.1" 200 4230 "-" "Python/3.11 aiohttp/3.9.2"
65.49.27.187 - - [12/Mar/2026:14:32:40 +1000] "GET / HTTP/1.1" 500 1077596 "-" "Mozilla/5.0 (Macintosh; Intel Mac OS X 10_15_7) AppleWebKit/537.36 (KHTML, like Gecko) Chrome/121.0.0.0 Safari/537.36"
118.127.40.73 - - [12/Mar/2026:14:53:36 +1000] "GET / HTTP/1.1" 200 4230 "-" "Python/3.11 aiohttp/3.9.2"
118.127.40.73 - - [12/Mar/2026:15:23:40 +1000] "GET / HTTP/1.1" 200 4230 "-" "Python/3.11 aiohttp/3.9.2"
65.49.27.187 - - [12/Mar/2026:15:38:21 +1000] "GET / HTTP/1.1" 500 1077596 "-" "Mozilla/5.0 (Macintosh; Intel Mac OS X 10_15_7) AppleWebKit/537.36 (KHTML, like Gecko) Chrome/121.0.0.0 Safari/537.36"
159.65.167.144 - - [12/Mar/2026:15:46:57 +1000] "GET /.git/config HTTP/1.1" 404 6603 "-" "Mozilla/5.0 (Windows NT 10.0; WOW64) AppleWebKit/537.36 (KHTML, like Gecko) Chrome/66.0.3359.181 Safari/537.36"
118.127.40.73 - - [12/Mar/2026:15:53:37 +1000] "GET / HTTP/1.1" 200 4230 "-" "Python/3.11 aiohttp/3.9.2"
118.127.40.73 - - [12/Mar/2026:16:23:38 +1000] "GET / HTTP/1.1" 200 4230 "-" "Python/3.11 aiohttp/3.9.2"
65.49.27.187 - - [12/Mar/2026:16:45:45 +1000] "GET / HTTP/1.1" 500 1077596 "-" "Mozilla/5.0 (Macintosh; Intel Mac OS X 10_15_7) AppleWebKit/537.36 (KHTML, like Gecko) Chrome/121.0.0.0 Safari/537.36"
65.49.27.187 - - [12/Mar/2026:16:45:45 +1000] "GET / HTTP/1.1" 500 1077596 "-" "Mozilla/5.0 (Macintosh; Intel Mac OS X 10_15_7) AppleWebKit/537.36 (KHTML, like Gecko) Chrome/121.0.0.0 Safari/537.36"
118.127.40.73 - - [12/Mar/2026:16:53:37 +1000] "GET / HTTP/1.1" 200 4230 "-" "Python/3.11 aiohttp/3.9.2"
167.94.138.202 - - [12/Mar/2026:16:57:34 +1000] "GET / HTTP/1.1" 200 4230 "-" "Mozilla/5.0 (compatible; CensysInspect/1.1; +https://about.censys.io/)"
167.94.138.202 - - [12/Mar/2026:16:57:41 +1000] "GET /favicon.ico HTTP/1.1" 200 - "-" "Mozilla/5.0 (compatible; CensysInspect/1.1; +https://about.censys.io/)"
204.76.203.25 - - [12/Mar/2026:17:05:28 +1000] "GET /.env HTTP/1.1" 404 6603 "-" "Mozilla/5.0 (Windows NT 10.0; Win64; x64) AppleWebKit/537.36 (KHTML, like Gecko) Chrome/134.0.0.0 Safari/537.3"
185.203.118.190 - - [12/Mar/2026:17:11:16 +1000] "POST /test HTTP/1.1" 404 6603 "-" "Mozilla/5.0 (Windows NT 10.0; Win64; x64) AppleWebKit/537.36"
185.203.118.190 - - [12/Mar/2026:17:11:17 +1000] "POST /test HTTP/1.1" 404 6603 "-" "Mozilla/5.0 (Windows NT 10.0; Win64; x64) AppleWebKit/537.36"
118.127.40.73 - - [12/Mar/2026:17:23:37 +1000] "GET / HTTP/1.1" 200 4230 "-" "Python/3.11 aiohttp/3.9.2"
34.243.125.141 - - [12/Mar/2026:17:26:25 +1000] "GET / HTTP/1.0" 500 204776 "-" "Mozilla/5.0 (compatible; NetcraftSurveyAgent/1.0; +info@netcraft.com)"
144.34.182.81 - - [12/Mar/2026:17:40:30 +1000] "GET / HTTP/1.1" 500 1077318 "-" "Mozilla/5.0 (Windows NT 10.0; Win64; x64) AppleWebKit/537.36 (KHTML, like Gecko) Chrome/120.0.0.0 Safari/537.36"
65.49.27.187 - - [12/Mar/2026:17:48:58 +1000] "GET / HTTP/1.1" 500 1077600 "-" "Mozilla/5.0 (Macintosh; Intel Mac OS X 10_15_7) AppleWebKit/537.36 (KHTML, like Gecko) Chrome/121.0.0.0 Safari/537.36"
118.127.40.73 - - [12/Mar/2026:17:53:36 +1000] "GET / HTTP/1.1" 200 4230 "-" "Python/3.11 aiohttp/3.9.2"
118.127.40.73 - - [12/Mar/2026:18:23:36 +1000] "GET / HTTP/1.1" 200 4230 "-" "Python/3.11 aiohttp/3.9.2"
118.127.40.73 - - [12/Mar/2026:18:53:37 +1000] "GET / HTTP/1.1" 200 4230 "-" "Python/3.11 aiohttp/3.9.2"
65.49.27.187 - - [12/Mar/2026:19:05:24 +1000] "GET / HTTP/1.1" 500 1077596 "-" "Mozilla/5.0 (Macintosh; Intel Mac OS X 10_15_7) AppleWebKit/537.36 (KHTML, like Gecko) Chrome/121.0.0.0 Safari/537.36"
118.127.40.73 - - [12/Mar/2026:19:23:37 +1000] "GET / HTTP/1.1" 200 4230 "-" "Python/3.11 aiohttp/3.9.2"
118.127.40.73 - - [12/Mar/2026:19:53:40 +1000] "GET / HTTP/1.1" 200 4230 "-" "Python/3.11 aiohttp/3.9.2"
144.34.182.81 - - [12/Mar/2026:20:12:50 +1000] "POST / HTTP/1.1" 500 1079924 "-" "Mozilla/5.0 (Windows NT 10.0; Win64; x64; rv:121.0) Gecko/20100101 Firefox/121.0"
65.49.27.187 - - [12/Mar/2026:20:16:42 +1000] "GET / HTTP/1.1" 500 1077600 "-" "Mozilla/5.0 (Macintosh; Intel Mac OS X 10_15_7) AppleWebKit/537.36 (KHTML, like Gecko) Chrome/121.0.0.0 Safari/537.36"
118.127.40.73 - - [12/Mar/2026:20:23:40 +1000] "GET / HTTP/1.1" 200 4230 "-" "Python/3.11 aiohttp/3.9.2"
118.127.40.73 - - [12/Mar/2026:20:53:37 +1000] "GET / HTTP/1.1" 200 4230 "-" "Python/3.11 aiohttp/3.9.2"
118.127.40.73 - - [12/Mar/2026:21:23:38 +1000] "GET / HTTP/1.1" 200 4230 "-" "Python/3.11 aiohttp/3.9.2"
65.49.27.187 - - [12/Mar/2026:21:34:32 +1000] "GET / HTTP/1.1" 500 1077600 "-" "Mozilla/5.0 (Macintosh; Intel Mac OS X 10_15_7) AppleWebKit/537.36 (KHTML, like Gecko) Chrome/121.0.0.0 Safari/537.36"
118.127.40.73 - - [12/Mar/2026:21:53:38 +1000] "GET / HTTP/1.1" 200 4230 "-" "Python/3.11 aiohttp/3.9.2"
3.144.87.59 - - [12/Mar/2026:22:06:39 +1000] "GET /admin/login HTTP/1.1" 200 43223 "-" "python-requests/2.32.5"
118.127.40.73 - - [12/Mar/2026:22:23:38 +1000] "GET / HTTP/1.1" 200 4230 "-" "Python/3.11 aiohttp/3.9.2"
65.49.27.187 - - [12/Mar/2026:22:41:46 +1000] "GET / HTTP/1.1" 500 1077502 "-" "Mozilla/5.0 (Macintosh; Intel Mac OS X 10_15_7) AppleWebKit/537.36 (KHTML, like Gecko) Chrome/121.0.0.0 Safari/537.36"
118.127.40.73 - - [12/Mar/2026:22:53:40 +1000] "GET / HTTP/1.1" 200 4230 "-" "Python/3.11 aiohttp/3.9.2"
74.7.175.161 - - [12/Mar/2026:23:29:50 +1000] "GET /robots.txt HTTP/1.1" 200 24 "-" "Mozilla/5.0 (Macintosh; Intel Mac OS X 10_15_7) AppleWebKit/537.36 (KHTML, like Gecko) Chrome/131.0.0.0 Safari/537.36; compatible; OAI-SearchBot/1.3; robots.txt; +https://openai.com/searchbot"
74.7.241.13 - - [12/Mar/2026:23:29:50 +1000] "GET / HTTP/1.1" 200 4230 "-" "Mozilla/5.0 AppleWebKit/537.36 (KHTML, like Gecko; compatible; GPTBot/1.3; +https://openai.com/gptbot)"
74.7.241.13 - - [12/Mar/2026:23:29:56 +1000] "GET /build/assets/app-Bt-8Raav.js HTTP/1.1" 200 110021 "https://printmanagertenant.posscales.com.au/" "Mozilla/5.0 AppleWebKit/537.36 (KHTML, like Gecko; compatible; GPTBot/1.3; +https://openai.com/gptbot)"
74.7.241.13 - - [12/Mar/2026:23:30:01 +1000] "GET /css/new-css.css HTTP/1.1" 200 14418 "https://printmanagertenant.posscales.com.au/" "Mozilla/5.0 AppleWebKit/537.36 (KHTML, like Gecko; compatible; GPTBot/1.3; +https://openai.com/gptbot)"
74.7.241.13 - - [12/Mar/2026:23:30:04 +1000] "GET /forgot-password HTTP/1.1" 200 3423 "https://printmanagertenant.posscales.com.au/" "Mozilla/5.0 AppleWebKit/537.36 (KHTML, like Gecko; compatible; GPTBot/1.3; +https://openai.com/gptbot)"
74.7.241.13 - - [12/Mar/2026:23:30:06 +1000] "GET /css/new-css.css HTTP/1.1" 200 14418 "https://printmanagertenant.posscales.com.au/" "Mozilla/5.0 AppleWebKit/537.36 (KHTML, like Gecko; compatible; GPTBot/1.3; +https://openai.com/gptbot)"
74.7.241.13 - - [12/Mar/2026:23:30:09 +1000] "GET /build/assets/app-Dxto2m9p.css HTTP/1.1" 200 140615 "https://printmanagertenant.posscales.com.au/" "Mozilla/5.0 AppleWebKit/537.36 (KHTML, like Gecko; compatible; GPTBot/1.3; +https://openai.com/gptbot)"
74.7.241.13 - - [12/Mar/2026:23:30:11 +1000] "GET /build/assets/app-Bt-8Raav.js HTTP/1.1" 200 110021 "https://printmanagertenant.posscales.com.au/" "Mozilla/5.0 AppleWebKit/537.36 (KHTML, like Gecko; compatible; GPTBot/1.3; +https://openai.com/gptbot)"
74.7.241.13 - - [12/Mar/2026:23:30:13 +1000] "GET /build/assets/app-Dxto2m9p.css HTTP/1.1" 200 140615 "https://printmanagertenant.posscales.com.au/" "Mozilla/5.0 AppleWebKit/537.36 (KHTML, like Gecko; compatible; GPTBot/1.3; +https://openai.com/gptbot)"
65.49.27.187 - - [12/Mar/2026:23:31:04 +1000] "GET / HTTP/1.1" 500 1077602 "-" "Mozilla/5.0 (Macintosh; Intel Mac OS X 10_15_7) AppleWebKit/537.36 (KHTML, like Gecko) Chrome/121.0.0.0 Safari/537.36"
65.49.27.187 - - [12/Mar/2026:23:31:04 +1000] "GET / HTTP/1.1" 500 1077602 "-" "Mozilla/5.0 (Macintosh; Intel Mac OS X 10_15_7) AppleWebKit/537.36 (KHTML, like Gecko) Chrome/121.0.0.0 Safari/537.36"
118.127.40.73 - - [12/Mar/2026:23:52:41 +1000] "GET / HTTP/1.1" 200 4230 "-" "Python/3.11 aiohttp/3.9.2"
118.127.40.73 - - [13/Mar/2026:00:22:38 +1000] "GET / HTTP/1.1" 200 4230 "-" "Python/3.11 aiohttp/3.9.2"
65.49.27.187 - - [13/Mar/2026:00:36:55 +1000] "GET / HTTP/1.1" 500 1077600 "-" "Mozilla/5.0 (Macintosh; Intel Mac OS X 10_15_7) AppleWebKit/537.36 (KHTML, like Gecko) Chrome/121.0.0.0 Safari/537.36"
118.127.40.73 - - [13/Mar/2026:00:52:39 +1000] "GET / HTTP/1.1" 200 4230 "-" "Python/3.11 aiohttp/3.9.2"
118.127.40.73 - - [13/Mar/2026:01:22:42 +1000] "GET / HTTP/1.1" 200 4230 "-" "Python/3.11 aiohttp/3.9.2"
118.127.40.73 - - [13/Mar/2026:01:52:39 +1000] "GET / HTTP/1.1" 200 4230 "-" "Python/3.11 aiohttp/3.9.2"
65.49.27.187 - - [13/Mar/2026:02:01:06 +1000] "GET / HTTP/1.1" 500 1077600 "-" "Mozilla/5.0 (Macintosh; Intel Mac OS X 10_15_7) AppleWebKit/537.36 (KHTML, like Gecko) Chrome/121.0.0.0 Safari/537.36"
118.127.40.73 - - [13/Mar/2026:02:22:43 +1000] "GET / HTTP/1.1" 200 4230 "-" "Python/3.11 aiohttp/3.9.2"
118.127.40.73 - - [13/Mar/2026:02:52:41 +1000] "GET / HTTP/1.1" 200 4230 "-" "Python/3.11 aiohttp/3.9.2"
65.49.27.187 - - [13/Mar/2026:02:58:16 +1000] "GET / HTTP/1.1" 500 1077596 "-" "Mozilla/5.0 (Macintosh; Intel Mac OS X 10_15_7) AppleWebKit/537.36 (KHTML, like Gecko) Chrome/121.0.0.0 Safari/537.36"
65.49.27.187 - - [13/Mar/2026:02:58:16 +1000] "GET / HTTP/1.1" 500 1077598 "-" "Mozilla/5.0 (Macintosh; Intel Mac OS X 10_15_7) AppleWebKit/537.36 (KHTML, like Gecko) Chrome/121.0.0.0 Safari/537.36"
118.127.40.73 - - [13/Mar/2026:03:22:41 +1000] "GET / HTTP/1.1" 200 4230 "-" "Python/3.11 aiohttp/3.9.2"
118.127.40.73 - - [13/Mar/2026:03:52:41 +1000] "GET / HTTP/1.1" 200 4230 "-" "Python/3.11 aiohttp/3.9.2"
65.49.27.187 - - [13/Mar/2026:03:59:07 +1000] "GET / HTTP/1.1" 500 1077600 "-" "Mozilla/5.0 (Macintosh; Intel Mac OS X 10_15_7) AppleWebKit/537.36 (KHTML, like Gecko) Chrome/121.0.0.0 Safari/537.36"
118.127.40.73 - - [13/Mar/2026:04:22:41 +1000] "GET / HTTP/1.1" 200 4230 "-" "Python/3.11 aiohttp/3.9.2"
144.34.182.81 - - [13/Mar/2026:04:43:11 +1000] "POST / HTTP/1.1" 500 1079852 "-" "Mozilla/5.0 (Windows NT 10.0; Win64; x64; rv:121.0) Gecko/20100101 Firefox/121.0"
118.127.40.73 - - [13/Mar/2026:04:52:41 +1000] "GET / HTTP/1.1" 200 4230 "-" "Python/3.11 aiohttp/3.9.2"
65.49.27.187 - - [13/Mar/2026:05:15:43 +1000] "GET / HTTP/1.1" 500 1077594 "-" "Mozilla/5.0 (Macintosh; Intel Mac OS X 10_15_7) AppleWebKit/537.36 (KHTML, like Gecko) Chrome/121.0.0.0 Safari/537.36"
118.127.40.73 - - [13/Mar/2026:05:22:42 +1000] "GET / HTTP/1.1" 200 4230 "-" "Python/3.11 aiohttp/3.9.2"
118.127.40.73 - - [13/Mar/2026:05:52:41 +1000] "GET / HTTP/1.1" 200 4230 "-" "Python/3.11 aiohttp/3.9.2"
65.49.27.187 - - [13/Mar/2026:06:19:36 +1000] "GET / HTTP/1.1" 500 1077596 "-" "Mozilla/5.0 (Macintosh; Intel Mac OS X 10_15_7) AppleWebKit/537.36 (KHTML, like Gecko) Chrome/121.0.0.0 Safari/537.36"
118.127.40.73 - - [13/Mar/2026:06:22:41 +1000] "GET / HTTP/1.1" 200 4230 "-" "Python/3.11 aiohttp/3.9.2"
118.127.40.73 - - [13/Mar/2026:06:52:41 +1000] "GET / HTTP/1.1" 200 4230 "-" "Python/3.11 aiohttp/3.9.2"
118.127.40.73 - - [13/Mar/2026:07:22:42 +1000] "GET / HTTP/1.1" 200 4230 "-" "Python/3.11 aiohttp/3.9.2"
118.127.40.73 - - [13/Mar/2026:07:52:42 +1000] "GET / HTTP/1.1" 200 4230 "-" "Python/3.11 aiohttp/3.9.2"
118.127.40.73 - - [13/Mar/2026:08:22:43 +1000] "GET / HTTP/1.1" 200 4230 "-" "Python/3.11 aiohttp/3.9.2"
118.127.40.73 - - [13/Mar/2026:08:52:42 +1000] "GET / HTTP/1.1" 200 4230 "-" "Python/3.11 aiohttp/3.9.2"