118.127.40.73 - - [04/Mar/2026:03:42:11 +1000] "GET / HTTP/1.1" 200 4230 "-" "Python/3.11 aiohttp/3.9.2"
65.108.120.157 - - [04/Mar/2026:03:46:04 +1000] "GET / HTTP/1.1" 500 1077612 "-" "Mozilla/5.0 (Macintosh; Intel Mac OS X 10_15_7) AppleWebKit/537.36 (KHTML, like Gecko) Chrome/121.0.0.0 Safari/537.36"
65.108.120.157 - - [04/Mar/2026:04:04:23 +1000] "GET / HTTP/1.1" 500 1077606 "-" "Mozilla/5.0 (Macintosh; Intel Mac OS X 10_15_7) AppleWebKit/537.36 (KHTML, like Gecko) Chrome/121.0.0.0 Safari/537.36"
65.108.120.157 - - [04/Mar/2026:04:11:06 +1000] "GET / HTTP/1.1" 500 1077606 "-" "Mozilla/5.0 (Macintosh; Intel Mac OS X 10_15_7) AppleWebKit/537.36 (KHTML, like Gecko) Chrome/121.0.0.0 Safari/537.36"
118.127.40.73 - - [04/Mar/2026:04:12:10 +1000] "GET / HTTP/1.1" 200 4230 "-" "Python/3.11 aiohttp/3.9.2"
65.108.120.157 - - [04/Mar/2026:04:29:24 +1000] "GET / HTTP/1.1" 500 1077608 "-" "Mozilla/5.0 (Macintosh; Intel Mac OS X 10_15_7) AppleWebKit/537.36 (KHTML, like Gecko) Chrome/121.0.0.0 Safari/537.36"
65.108.120.157 - - [04/Mar/2026:04:36:00 +1000] "GET / HTTP/1.1" 500 1077610 "-" "Mozilla/5.0 (Macintosh; Intel Mac OS X 10_15_7) AppleWebKit/537.36 (KHTML, like Gecko) Chrome/121.0.0.0 Safari/537.36"
118.127.40.73 - - [04/Mar/2026:04:42:10 +1000] "GET / HTTP/1.1" 200 4230 "-" "Python/3.11 aiohttp/3.9.2"
65.108.120.157 - - [04/Mar/2026:04:54:33 +1000] "GET / HTTP/1.1" 500 1077610 "-" "Mozilla/5.0 (Macintosh; Intel Mac OS X 10_15_7) AppleWebKit/537.36 (KHTML, like Gecko) Chrome/121.0.0.0 Safari/537.36"
65.108.120.157 - - [04/Mar/2026:05:01:13 +1000] "GET / HTTP/1.1" 500 1077602 "-" "Mozilla/5.0 (Macintosh; Intel Mac OS X 10_15_7) AppleWebKit/537.36 (KHTML, like Gecko) Chrome/121.0.0.0 Safari/537.36"
118.127.40.73 - - [04/Mar/2026:05:12:15 +1000] "GET / HTTP/1.1" 200 4230 "-" "Python/3.11 aiohttp/3.9.2"
65.108.120.157 - - [04/Mar/2026:05:19:18 +1000] "GET / HTTP/1.1" 500 1077608 "-" "Mozilla/5.0 (Macintosh; Intel Mac OS X 10_15_7) AppleWebKit/537.36 (KHTML, like Gecko) Chrome/121.0.0.0 Safari/537.36"
65.108.120.157 - - [04/Mar/2026:05:26:04 +1000] "GET / HTTP/1.1" 500 1077610 "-" "Mozilla/5.0 (Macintosh; Intel Mac OS X 10_15_7) AppleWebKit/537.36 (KHTML, like Gecko) Chrome/121.0.0.0 Safari/537.36"
118.127.40.73 - - [04/Mar/2026:05:42:12 +1000] "GET / HTTP/1.1" 200 4230 "-" "Python/3.11 aiohttp/3.9.2"
65.108.120.157 - - [04/Mar/2026:05:44:22 +1000] "GET / HTTP/1.1" 500 1077608 "-" "Mozilla/5.0 (Macintosh; Intel Mac OS X 10_15_7) AppleWebKit/537.36 (KHTML, like Gecko) Chrome/121.0.0.0 Safari/537.36"
65.108.120.157 - - [04/Mar/2026:05:50:58 +1000] "GET / HTTP/1.1" 500 1077612 "-" "Mozilla/5.0 (Macintosh; Intel Mac OS X 10_15_7) AppleWebKit/537.36 (KHTML, like Gecko) Chrome/121.0.0.0 Safari/537.36"
65.108.120.157 - - [04/Mar/2026:06:09:21 +1000] "GET / HTTP/1.1" 500 1077606 "-" "Mozilla/5.0 (Macintosh; Intel Mac OS X 10_15_7) AppleWebKit/537.36 (KHTML, like Gecko) Chrome/121.0.0.0 Safari/537.36"
118.127.40.73 - - [04/Mar/2026:06:12:11 +1000] "GET / HTTP/1.1" 200 4230 "-" "Python/3.11 aiohttp/3.9.2"
65.108.120.157 - - [04/Mar/2026:06:16:00 +1000] "GET / HTTP/1.1" 500 1077612 "-" "Mozilla/5.0 (Macintosh; Intel Mac OS X 10_15_7) AppleWebKit/537.36 (KHTML, like Gecko) Chrome/121.0.0.0 Safari/537.36"
65.108.120.157 - - [04/Mar/2026:06:34:20 +1000] "GET / HTTP/1.1" 500 1077604 "-" "Mozilla/5.0 (Macintosh; Intel Mac OS X 10_15_7) AppleWebKit/537.36 (KHTML, like Gecko) Chrome/121.0.0.0 Safari/537.36"
65.108.120.157 - - [04/Mar/2026:06:40:59 +1000] "GET / HTTP/1.1" 500 1077604 "-" "Mozilla/5.0 (Macintosh; Intel Mac OS X 10_15_7) AppleWebKit/537.36 (KHTML, like Gecko) Chrome/121.0.0.0 Safari/537.36"
118.127.40.73 - - [04/Mar/2026:06:42:12 +1000] "GET / HTTP/1.1" 200 4230 "-" "Python/3.11 aiohttp/3.9.2"
65.108.120.157 - - [04/Mar/2026:06:59:19 +1000] "GET / HTTP/1.1" 500 1077612 "-" "Mozilla/5.0 (Macintosh; Intel Mac OS X 10_15_7) AppleWebKit/537.36 (KHTML, like Gecko) Chrome/121.0.0.0 Safari/537.36"
65.108.120.157 - - [04/Mar/2026:07:04:34 +1000] "GET / HTTP/1.1" 500 1077604 "-" "Mozilla/5.0 (Macintosh; Intel Mac OS X 10_15_7) AppleWebKit/537.36 (KHTML, like Gecko) Chrome/121.0.0.0 Safari/537.36"
65.108.120.157 - - [04/Mar/2026:07:08:57 +1000] "GET / HTTP/1.1" 500 1077612 "-" "Mozilla/5.0 (Macintosh; Intel Mac OS X 10_15_7) AppleWebKit/537.36 (KHTML, like Gecko) Chrome/121.0.0.0 Safari/537.36"
118.127.40.73 - - [04/Mar/2026:07:12:10 +1000] "GET / HTTP/1.1" 200 4230 "-" "Python/3.11 aiohttp/3.9.2"
65.108.120.157 - - [04/Mar/2026:07:14:20 +1000] "GET / HTTP/1.1" 500 1077606 "-" "Mozilla/5.0 (Macintosh; Intel Mac OS X 10_15_7) AppleWebKit/537.36 (KHTML, like Gecko) Chrome/121.0.0.0 Safari/537.36"
65.108.120.157 - - [04/Mar/2026:07:32:38 +1000] "GET / HTTP/1.1" 500 1077612 "-" "Mozilla/5.0 (Macintosh; Intel Mac OS X 10_15_7) AppleWebKit/537.36 (KHTML, like Gecko) Chrome/121.0.0.0 Safari/537.36"
65.108.120.157 - - [04/Mar/2026:07:39:21 +1000] "GET / HTTP/1.1" 500 1077614 "-" "Mozilla/5.0 (Macintosh; Intel Mac OS X 10_15_7) AppleWebKit/537.36 (KHTML, like Gecko) Chrome/121.0.0.0 Safari/537.36"
118.127.40.73 - - [04/Mar/2026:07:42:11 +1000] "GET / HTTP/1.1" 200 4230 "-" "Python/3.11 aiohttp/3.9.2"
65.108.120.157 - - [04/Mar/2026:07:57:39 +1000] "GET / HTTP/1.1" 500 1077600 "-" "Mozilla/5.0 (Macintosh; Intel Mac OS X 10_15_7) AppleWebKit/537.36 (KHTML, like Gecko) Chrome/121.0.0.0 Safari/537.36"
65.108.120.157 - - [04/Mar/2026:08:04:19 +1000] "GET / HTTP/1.1" 500 1077612 "-" "Mozilla/5.0 (Macintosh; Intel Mac OS X 10_15_7) AppleWebKit/537.36 (KHTML, like Gecko) Chrome/121.0.0.0 Safari/537.36"
118.127.40.73 - - [04/Mar/2026:08:12:11 +1000] "GET / HTTP/1.1" 200 4230 "-" "Python/3.11 aiohttp/3.9.2"
65.108.120.157 - - [04/Mar/2026:08:22:49 +1000] "GET / HTTP/1.1" 500 1077608 "-" "Mozilla/5.0 (Macintosh; Intel Mac OS X 10_15_7) AppleWebKit/537.36 (KHTML, like Gecko) Chrome/121.0.0.0 Safari/537.36"
65.108.120.157 - - [04/Mar/2026:08:29:17 +1000] "GET / HTTP/1.1" 500 1077606 "-" "Mozilla/5.0 (Macintosh; Intel Mac OS X 10_15_7) AppleWebKit/537.36 (KHTML, like Gecko) Chrome/121.0.0.0 Safari/537.36"
118.127.40.73 - - [04/Mar/2026:08:42:12 +1000] "GET / HTTP/1.1" 200 4230 "-" "Python/3.11 aiohttp/3.9.2"
65.108.120.157 - - [04/Mar/2026:08:47:37 +1000] "GET / HTTP/1.1" 500 1077604 "-" "Mozilla/5.0 (Macintosh; Intel Mac OS X 10_15_7) AppleWebKit/537.36 (KHTML, like Gecko) Chrome/121.0.0.0 Safari/537.36"
65.108.120.157 - - [04/Mar/2026:08:54:20 +1000] "GET / HTTP/1.1" 500 1077602 "-" "Mozilla/5.0 (Macintosh; Intel Mac OS X 10_15_7) AppleWebKit/537.36 (KHTML, like Gecko) Chrome/121.0.0.0 Safari/537.36"
118.127.40.73 - - [04/Mar/2026:09:12:11 +1000] "GET / HTTP/1.1" 200 4230 "-" "Python/3.11 aiohttp/3.9.2"
65.108.120.157 - - [04/Mar/2026:09:12:41 +1000] "GET / HTTP/1.1" 500 1077612 "-" "Mozilla/5.0 (Macintosh; Intel Mac OS X 10_15_7) AppleWebKit/537.36 (KHTML, like Gecko) Chrome/121.0.0.0 Safari/537.36"
65.108.120.157 - - [04/Mar/2026:09:19:18 +1000] "GET / HTTP/1.1" 500 1077610 "-" "Mozilla/5.0 (Macintosh; Intel Mac OS X 10_15_7) AppleWebKit/537.36 (KHTML, like Gecko) Chrome/121.0.0.0 Safari/537.36"
147.185.132.94 - - [04/Mar/2026:09:27:46 +1000] "GET /server-status HTTP/1.1" 404 6603 "-" "Hello from Palo Alto Networks, find out more about our scans in https://docs-cortex.paloaltonetworks.com/r/1/Cortex-Xpanse/Scanning-activity"
65.108.120.157 - - [04/Mar/2026:09:37:41 +1000] "GET / HTTP/1.1" 500 1077606 "-" "Mozilla/5.0 (Macintosh; Intel Mac OS X 10_15_7) AppleWebKit/537.36 (KHTML, like Gecko) Chrome/121.0.0.0 Safari/537.36"
118.127.40.73 - - [04/Mar/2026:09:42:13 +1000] "GET / HTTP/1.1" 200 4230 "-" "Python/3.11 aiohttp/3.9.2"
65.108.120.157 - - [04/Mar/2026:09:44:20 +1000] "GET / HTTP/1.1" 500 1077612 "-" "Mozilla/5.0 (Macintosh; Intel Mac OS X 10_15_7) AppleWebKit/537.36 (KHTML, like Gecko) Chrome/121.0.0.0 Safari/537.36"
65.108.120.157 - - [04/Mar/2026:10:02:43 +1000] "GET / HTTP/1.1" 500 1077610 "-" "Mozilla/5.0 (Macintosh; Intel Mac OS X 10_15_7) AppleWebKit/537.36 (KHTML, like Gecko) Chrome/121.0.0.0 Safari/537.36"
65.108.120.157 - - [04/Mar/2026:10:09:20 +1000] "GET / HTTP/1.1" 500 1077510 "-" "Mozilla/5.0 (Macintosh; Intel Mac OS X 10_15_7) AppleWebKit/537.36 (KHTML, like Gecko) Chrome/121.0.0.0 Safari/537.36"
118.127.40.73 - - [04/Mar/2026:10:12:12 +1000] "GET / HTTP/1.1" 200 4230 "-" "Python/3.11 aiohttp/3.9.2"
65.108.120.157 - - [04/Mar/2026:10:27:37 +1000] "GET / HTTP/1.1" 500 1077506 "-" "Mozilla/5.0 (Macintosh; Intel Mac OS X 10_15_7) AppleWebKit/537.36 (KHTML, like Gecko) Chrome/121.0.0.0 Safari/537.36"
65.108.120.157 - - [04/Mar/2026:10:34:20 +1000] "GET / HTTP/1.1" 500 1077610 "-" "Mozilla/5.0 (Macintosh; Intel Mac OS X 10_15_7) AppleWebKit/537.36 (KHTML, like Gecko) Chrome/121.0.0.0 Safari/537.36"
118.127.40.73 - - [04/Mar/2026:10:42:13 +1000] "GET / HTTP/1.1" 200 4230 "-" "Python/3.11 aiohttp/3.9.2"
87.236.176.232 - - [04/Mar/2026:10:46:37 +1000] "GET / HTTP/1.1" 200 4230 "-" "Mozilla/5.0 (compatible; InternetMeasurement/1.0; +https://internet-measurement.com/)"
65.108.120.157 - - [04/Mar/2026:10:52:39 +1000] "GET / HTTP/1.1" 500 1077512 "-" "Mozilla/5.0 (Macintosh; Intel Mac OS X 10_15_7) AppleWebKit/537.36 (KHTML, like Gecko) Chrome/121.0.0.0 Safari/537.36"
65.108.120.157 - - [04/Mar/2026:10:59:18 +1000] "GET / HTTP/1.1" 500 1077610 "-" "Mozilla/5.0 (Macintosh; Intel Mac OS X 10_15_7) AppleWebKit/537.36 (KHTML, like Gecko) Chrome/121.0.0.0 Safari/537.36"
118.127.40.73 - - [04/Mar/2026:11:12:12 +1000] "GET / HTTP/1.1" 200 4230 "-" "Python/3.11 aiohttp/3.9.2"
65.108.120.157 - - [04/Mar/2026:11:17:42 +1000] "GET / HTTP/1.1" 500 1077612 "-" "Mozilla/5.0 (Macintosh; Intel Mac OS X 10_15_7) AppleWebKit/537.36 (KHTML, like Gecko) Chrome/121.0.0.0 Safari/537.36"
193.149.189.234 - - [04/Mar/2026:11:20:35 +1000] "GET / HTTP/1.1" 500 1076864 "-" "python-requests/2.32.4"
65.108.120.157 - - [04/Mar/2026:11:21:15 +1000] "GET / HTTP/1.1" 500 1077614 "-" "Mozilla/5.0 (Macintosh; Intel Mac OS X 10_15_7) AppleWebKit/537.36 (KHTML, like Gecko) Chrome/121.0.0.0 Safari/537.36"
65.108.120.157 - - [04/Mar/2026:11:25:31 +1000] "GET / HTTP/1.1" 500 1077610 "-" "Mozilla/5.0 (Macintosh; Intel Mac OS X 10_15_7) AppleWebKit/537.36 (KHTML, like Gecko) Chrome/121.0.0.0 Safari/537.36"
65.108.120.157 - - [04/Mar/2026:11:32:38 +1000] "GET / HTTP/1.1" 500 1077612 "-" "Mozilla/5.0 (Macintosh; Intel Mac OS X 10_15_7) AppleWebKit/537.36 (KHTML, like Gecko) Chrome/121.0.0.0 Safari/537.36"
118.127.40.73 - - [04/Mar/2026:11:42:13 +1000] "GET / HTTP/1.1" 200 4230 "-" "Python/3.11 aiohttp/3.9.2"
65.108.120.157 - - [04/Mar/2026:11:51:01 +1000] "GET / HTTP/1.1" 500 1077512 "-" "Mozilla/5.0 (Macintosh; Intel Mac OS X 10_15_7) AppleWebKit/537.36 (KHTML, like Gecko) Chrome/121.0.0.0 Safari/537.36"
65.108.120.157 - - [04/Mar/2026:11:57:35 +1000] "GET / HTTP/1.1" 500 1077610 "-" "Mozilla/5.0 (Macintosh; Intel Mac OS X 10_15_7) AppleWebKit/537.36 (KHTML, like Gecko) Chrome/121.0.0.0 Safari/537.36"
118.127.40.73 - - [04/Mar/2026:12:12:13 +1000] "GET / HTTP/1.1" 200 4230 "-" "Python/3.11 aiohttp/3.9.2"
65.108.120.157 - - [04/Mar/2026:12:15:58 +1000] "GET / HTTP/1.1" 500 1077608 "-" "Mozilla/5.0 (Macintosh; Intel Mac OS X 10_15_7) AppleWebKit/537.36 (KHTML, like Gecko) Chrome/121.0.0.0 Safari/537.36"
65.108.120.157 - - [04/Mar/2026:12:22:38 +1000] "GET / HTTP/1.1" 500 1077606 "-" "Mozilla/5.0 (Macintosh; Intel Mac OS X 10_15_7) AppleWebKit/537.36 (KHTML, like Gecko) Chrome/121.0.0.0 Safari/537.36"
65.108.120.157 - - [04/Mar/2026:12:41:03 +1000] "GET / HTTP/1.1" 500 1077612 "-" "Mozilla/5.0 (Macintosh; Intel Mac OS X 10_15_7) AppleWebKit/537.36 (KHTML, like Gecko) Chrome/121.0.0.0 Safari/537.36"
118.127.40.73 - - [04/Mar/2026:12:42:13 +1000] "GET / HTTP/1.1" 200 4230 "-" "Python/3.11 aiohttp/3.9.2"
65.108.120.157 - - [04/Mar/2026:12:47:38 +1000] "GET / HTTP/1.1" 500 1077614 "-" "Mozilla/5.0 (Macintosh; Intel Mac OS X 10_15_7) AppleWebKit/537.36 (KHTML, like Gecko) Chrome/121.0.0.0 Safari/537.36"
65.108.120.157 - - [04/Mar/2026:13:05:59 +1000] "GET / HTTP/1.1" 500 1077608 "-" "Mozilla/5.0 (Macintosh; Intel Mac OS X 10_15_7) AppleWebKit/537.36 (KHTML, like Gecko) Chrome/121.0.0.0 Safari/537.36"
118.127.40.73 - - [04/Mar/2026:13:12:13 +1000] "GET / HTTP/1.1" 200 4230 "-" "Python/3.11 aiohttp/3.9.2"
65.108.120.157 - - [04/Mar/2026:13:12:37 +1000] "GET / HTTP/1.1" 500 1077608 "-" "Mozilla/5.0 (Macintosh; Intel Mac OS X 10_15_7) AppleWebKit/537.36 (KHTML, like Gecko) Chrome/121.0.0.0 Safari/537.36"
65.108.120.157 - - [04/Mar/2026:13:31:01 +1000] "GET / HTTP/1.1" 500 1077608 "-" "Mozilla/5.0 (Macintosh; Intel Mac OS X 10_15_7) AppleWebKit/537.36 (KHTML, like Gecko) Chrome/121.0.0.0 Safari/537.36"
65.108.120.157 - - [04/Mar/2026:13:37:39 +1000] "GET / HTTP/1.1" 500 1077608 "-" "Mozilla/5.0 (Macintosh; Intel Mac OS X 10_15_7) AppleWebKit/537.36 (KHTML, like Gecko) Chrome/121.0.0.0 Safari/537.36"
118.127.40.73 - - [04/Mar/2026:13:42:13 +1000] "GET / HTTP/1.1" 200 4230 "-" "Python/3.11 aiohttp/3.9.2"
65.108.120.157 - - [04/Mar/2026:13:56:02 +1000] "GET / HTTP/1.1" 500 1077608 "-" "Mozilla/5.0 (Macintosh; Intel Mac OS X 10_15_7) AppleWebKit/537.36 (KHTML, like Gecko) Chrome/121.0.0.0 Safari/537.36"
65.108.120.157 - - [04/Mar/2026:14:02:36 +1000] "GET / HTTP/1.1" 500 1077608 "-" "Mozilla/5.0 (Macintosh; Intel Mac OS X 10_15_7) AppleWebKit/537.36 (KHTML, like Gecko) Chrome/121.0.0.0 Safari/537.36"
118.127.40.73 - - [04/Mar/2026:14:12:14 +1000] "GET / HTTP/1.1" 200 4230 "-" "Python/3.11 aiohttp/3.9.2"
65.108.120.157 - - [04/Mar/2026:14:21:02 +1000] "GET / HTTP/1.1" 500 1077606 "-" "Mozilla/5.0 (Macintosh; Intel Mac OS X 10_15_7) AppleWebKit/537.36 (KHTML, like Gecko) Chrome/121.0.0.0 Safari/537.36"
65.108.120.157 - - [04/Mar/2026:14:27:41 +1000] "GET / HTTP/1.1" 500 1077608 "-" "Mozilla/5.0 (Macintosh; Intel Mac OS X 10_15_7) AppleWebKit/537.36 (KHTML, like Gecko) Chrome/121.0.0.0 Safari/537.36"
118.127.40.73 - - [04/Mar/2026:14:42:15 +1000] "GET / HTTP/1.1" 200 4230 "-" "Python/3.11 aiohttp/3.9.2"
65.108.120.157 - - [04/Mar/2026:14:46:01 +1000] "GET / HTTP/1.1" 500 1077610 "-" "Mozilla/5.0 (Macintosh; Intel Mac OS X 10_15_7) AppleWebKit/537.36 (KHTML, like Gecko) Chrome/121.0.0.0 Safari/537.36"
65.108.120.157 - - [04/Mar/2026:14:52:39 +1000] "GET / HTTP/1.1" 500 1077606 "-" "Mozilla/5.0 (Macintosh; Intel Mac OS X 10_15_7) AppleWebKit/537.36 (KHTML, like Gecko) Chrome/121.0.0.0 Safari/537.36"
65.108.120.157 - - [04/Mar/2026:15:11:01 +1000] "GET / HTTP/1.1" 500 1077608 "-" "Mozilla/5.0 (Macintosh; Intel Mac OS X 10_15_7) AppleWebKit/537.36 (KHTML, like Gecko) Chrome/121.0.0.0 Safari/537.36"
118.127.40.73 - - [04/Mar/2026:15:12:17 +1000] "GET / HTTP/1.1" 200 4230 "-" "Python/3.11 aiohttp/3.9.2"
65.108.120.157 - - [04/Mar/2026:15:17:37 +1000] "GET / HTTP/1.1" 500 1077610 "-" "Mozilla/5.0 (Macintosh; Intel Mac OS X 10_15_7) AppleWebKit/537.36 (KHTML, like Gecko) Chrome/121.0.0.0 Safari/537.36"
65.108.120.157 - - [04/Mar/2026:15:36:00 +1000] "GET / HTTP/1.1" 500 1077606 "-" "Mozilla/5.0 (Macintosh; Intel Mac OS X 10_15_7) AppleWebKit/537.36 (KHTML, like Gecko) Chrome/121.0.0.0 Safari/537.36"
65.108.120.157 - - [04/Mar/2026:15:37:55 +1000] "GET / HTTP/1.1" 500 1077612 "-" "Mozilla/5.0 (Macintosh; Intel Mac OS X 10_15_7) AppleWebKit/537.36 (KHTML, like Gecko) Chrome/121.0.0.0 Safari/537.36"
118.127.40.73 - - [04/Mar/2026:15:42:15 +1000] "GET / HTTP/1.1" 200 4230 "-" "Python/3.11 aiohttp/3.9.2"
65.108.120.157 - - [04/Mar/2026:15:42:18 +1000] "GET / HTTP/1.1" 500 1077596 "-" "Mozilla/5.0 (Macintosh; Intel Mac OS X 10_15_7) AppleWebKit/537.36 (KHTML, like Gecko) Chrome/121.0.0.0 Safari/537.36"
65.108.120.157 - - [04/Mar/2026:15:42:30 +1000] "GET / HTTP/1.1" 500 1077610 "-" "Mozilla/5.0 (Macintosh; Intel Mac OS X 10_15_7) AppleWebKit/537.36 (KHTML, like Gecko) Chrome/121.0.0.0 Safari/537.36"
65.108.120.157 - - [04/Mar/2026:16:01:02 +1000] "GET / HTTP/1.1" 500 1077612 "-" "Mozilla/5.0 (Macintosh; Intel Mac OS X 10_15_7) AppleWebKit/537.36 (KHTML, like Gecko) Chrome/121.0.0.0 Safari/537.36"
65.108.120.157 - - [04/Mar/2026:16:07:39 +1000] "GET / HTTP/1.1" 500 1077608 "-" "Mozilla/5.0 (Macintosh; Intel Mac OS X 10_15_7) AppleWebKit/537.36 (KHTML, like Gecko) Chrome/121.0.0.0 Safari/537.36"
118.127.40.73 - - [04/Mar/2026:16:12:14 +1000] "GET / HTTP/1.1" 200 4230 "-" "Python/3.11 aiohttp/3.9.2"
65.108.120.157 - - [04/Mar/2026:16:26:07 +1000] "GET / HTTP/1.1" 500 1077612 "-" "Mozilla/5.0 (Macintosh; Intel Mac OS X 10_15_7) AppleWebKit/537.36 (KHTML, like Gecko) Chrome/121.0.0.0 Safari/537.36"
65.108.120.157 - - [04/Mar/2026:16:32:43 +1000] "GET / HTTP/1.1" 500 1077610 "-" "Mozilla/5.0 (Macintosh; Intel Mac OS X 10_15_7) AppleWebKit/537.36 (KHTML, like Gecko) Chrome/121.0.0.0 Safari/537.36"
118.127.40.73 - - [04/Mar/2026:16:42:17 +1000] "GET / HTTP/1.1" 200 4230 "-" "Python/3.11 aiohttp/3.9.2"
65.108.120.157 - - [04/Mar/2026:16:51:08 +1000] "GET / HTTP/1.1" 500 1077612 "-" "Mozilla/5.0 (Macintosh; Intel Mac OS X 10_15_7) AppleWebKit/537.36 (KHTML, like Gecko) Chrome/121.0.0.0 Safari/537.36"
65.108.120.157 - - [04/Mar/2026:16:57:42 +1000] "GET / HTTP/1.1" 500 1077608 "-" "Mozilla/5.0 (Macintosh; Intel Mac OS X 10_15_7) AppleWebKit/537.36 (KHTML, like Gecko) Chrome/121.0.0.0 Safari/537.36"
118.127.40.73 - - [04/Mar/2026:17:12:16 +1000] "GET / HTTP/1.1" 200 4230 "-" "Python/3.11 aiohttp/3.9.2"
65.108.120.157 - - [04/Mar/2026:17:16:07 +1000] "GET / HTTP/1.1" 500 1077608 "-" "Mozilla/5.0 (Macintosh; Intel Mac OS X 10_15_7) AppleWebKit/537.36 (KHTML, like Gecko) Chrome/121.0.0.0 Safari/537.36"
65.108.120.157 - - [04/Mar/2026:17:22:40 +1000] "GET / HTTP/1.1" 500 1077610 "-" "Mozilla/5.0 (Macintosh; Intel Mac OS X 10_15_7) AppleWebKit/537.36 (KHTML, like Gecko) Chrome/121.0.0.0 Safari/537.36"
103.21.64.3 - - [04/Mar/2026:17:25:27 +1000] "GET / HTTP/1.1" 500 1077212 "-" "Mozilla/5.0 (Macintosh; Intel Mac OS X 10.15; rv:128.0) Gecko/20100101 Firefox/128.0"
193.149.189.234 - - [04/Mar/2026:17:38:15 +1000] "GET / HTTP/1.1" 500 1076960 "-" "python-requests/2.32.4"
65.108.120.157 - - [04/Mar/2026:17:41:05 +1000] "GET / HTTP/1.1" 500 1077612 "-" "Mozilla/5.0 (Macintosh; Intel Mac OS X 10_15_7) AppleWebKit/537.36 (KHTML, like Gecko) Chrome/121.0.0.0 Safari/537.36"
118.127.40.73 - - [04/Mar/2026:17:42:17 +1000] "GET / HTTP/1.1" 200 4230 "-" "Python/3.11 aiohttp/3.9.2"
65.108.120.157 - - [04/Mar/2026:17:47:40 +1000] "GET / HTTP/1.1" 500 1077608 "-" "Mozilla/5.0 (Macintosh; Intel Mac OS X 10_15_7) AppleWebKit/537.36 (KHTML, like Gecko) Chrome/121.0.0.0 Safari/537.36"
65.108.120.157 - - [04/Mar/2026:18:06:06 +1000] "GET / HTTP/1.1" 500 1077608 "-" "Mozilla/5.0 (Macintosh; Intel Mac OS X 10_15_7) AppleWebKit/537.36 (KHTML, like Gecko) Chrome/121.0.0.0 Safari/537.36"
118.127.40.73 - - [04/Mar/2026:18:12:15 +1000] "GET / HTTP/1.1" 200 4230 "-" "Python/3.11 aiohttp/3.9.2"
65.108.120.157 - - [04/Mar/2026:18:12:40 +1000] "GET / HTTP/1.1" 500 1077606 "-" "Mozilla/5.0 (Macintosh; Intel Mac OS X 10_15_7) AppleWebKit/537.36 (KHTML, like Gecko) Chrome/121.0.0.0 Safari/537.36"
65.108.120.157 - - [04/Mar/2026:18:31:02 +1000] "GET / HTTP/1.1" 500 1077602 "-" "Mozilla/5.0 (Macintosh; Intel Mac OS X 10_15_7) AppleWebKit/537.36 (KHTML, like Gecko) Chrome/121.0.0.0 Safari/537.36"
65.108.120.157 - - [04/Mar/2026:18:37:40 +1000] "GET / HTTP/1.1" 500 1077590 "-" "Mozilla/5.0 (Macintosh; Intel Mac OS X 10_15_7) AppleWebKit/537.36 (KHTML, like Gecko) Chrome/121.0.0.0 Safari/537.36"
118.127.40.73 - - [04/Mar/2026:18:42:16 +1000] "GET / HTTP/1.1" 200 4230 "-" "Python/3.11 aiohttp/3.9.2"
65.108.120.157 - - [04/Mar/2026:18:55:59 +1000] "GET / HTTP/1.1" 500 1077610 "-" "Mozilla/5.0 (Macintosh; Intel Mac OS X 10_15_7) AppleWebKit/537.36 (KHTML, like Gecko) Chrome/121.0.0.0 Safari/537.36"
65.108.120.157 - - [04/Mar/2026:19:02:39 +1000] "GET / HTTP/1.1" 500 1077606 "-" "Mozilla/5.0 (Macintosh; Intel Mac OS X 10_15_7) AppleWebKit/537.36 (KHTML, like Gecko) Chrome/121.0.0.0 Safari/537.36"
118.127.40.73 - - [04/Mar/2026:19:12:23 +1000] "GET / HTTP/1.1" 200 4230 "-" "Python/3.11 aiohttp/3.9.2"
65.108.120.157 - - [04/Mar/2026:19:21:02 +1000] "GET / HTTP/1.1" 500 1077606 "-" "Mozilla/5.0 (Macintosh; Intel Mac OS X 10_15_7) AppleWebKit/537.36 (KHTML, like Gecko) Chrome/121.0.0.0 Safari/537.36"
65.108.120.157 - - [04/Mar/2026:19:27:38 +1000] "GET / HTTP/1.1" 500 1077610 "-" "Mozilla/5.0 (Macintosh; Intel Mac OS X 10_15_7) AppleWebKit/537.36 (KHTML, like Gecko) Chrome/121.0.0.0 Safari/537.36"
118.127.40.73 - - [04/Mar/2026:19:42:17 +1000] "GET / HTTP/1.1" 200 4230 "-" "Python/3.11 aiohttp/3.9.2"
65.108.120.157 - - [04/Mar/2026:19:46:03 +1000] "GET / HTTP/1.1" 500 1077606 "-" "Mozilla/5.0 (Macintosh; Intel Mac OS X 10_15_7) AppleWebKit/537.36 (KHTML, like Gecko) Chrome/121.0.0.0 Safari/537.36"
65.108.120.157 - - [04/Mar/2026:19:52:40 +1000] "GET / HTTP/1.1" 500 1077612 "-" "Mozilla/5.0 (Macintosh; Intel Mac OS X 10_15_7) AppleWebKit/537.36 (KHTML, like Gecko) Chrome/121.0.0.0 Safari/537.36"
65.108.120.157 - - [04/Mar/2026:19:54:35 +1000] "GET / HTTP/1.1" 500 1077612 "-" "Mozilla/5.0 (Macintosh; Intel Mac OS X 10_15_7) AppleWebKit/537.36 (KHTML, like Gecko) Chrome/121.0.0.0 Safari/537.36"
65.108.120.157 - - [04/Mar/2026:19:58:53 +1000] "GET / HTTP/1.1" 500 1077608 "-" "Mozilla/5.0 (Macintosh; Intel Mac OS X 10_15_7) AppleWebKit/537.36 (KHTML, like Gecko) Chrome/121.0.0.0 Safari/537.36"
65.108.120.157 - - [04/Mar/2026:20:00:58 +1000] "GET / HTTP/1.1" 500 1077612 "-" "Mozilla/5.0 (Macintosh; Intel Mac OS X 10_15_7) AppleWebKit/537.36 (KHTML, like Gecko) Chrome/121.0.0.0 Safari/537.36"
118.127.40.73 - - [04/Mar/2026:20:12:16 +1000] "GET / HTTP/1.1" 200 4230 "-" "Python/3.11 aiohttp/3.9.2"
65.108.120.157 - - [04/Mar/2026:20:19:21 +1000] "GET / HTTP/1.1" 500 1077608 "-" "Mozilla/5.0 (Macintosh; Intel Mac OS X 10_15_7) AppleWebKit/537.36 (KHTML, like Gecko) Chrome/121.0.0.0 Safari/537.36"
65.108.120.157 - - [04/Mar/2026:20:25:59 +1000] "GET / HTTP/1.1" 500 1077606 "-" "Mozilla/5.0 (Macintosh; Intel Mac OS X 10_15_7) AppleWebKit/537.36 (KHTML, like Gecko) Chrome/121.0.0.0 Safari/537.36"
118.127.40.73 - - [04/Mar/2026:20:42:19 +1000] "GET / HTTP/1.1" 200 4230 "-" "Python/3.11 aiohttp/3.9.2"
74.7.230.49 - - [04/Mar/2026:20:42:20 +1000] "GET /robots.txt HTTP/1.1" 200 24 "-" "Mozilla/5.0 (Macintosh; Intel Mac OS X 10_15_7) AppleWebKit/537.36 (KHTML, like Gecko) Chrome/131.0.0.0 Safari/537.36; compatible; OAI-SearchBot/1.3; robots.txt; +https://openai.com/searchbot"
74.7.227.164 - - [04/Mar/2026:20:42:20 +1000] "GET / HTTP/1.1" 200 4230 "-" "Mozilla/5.0 AppleWebKit/537.36 (KHTML, like Gecko; compatible; GPTBot/1.3; +https://openai.com/gptbot)"
65.108.120.157 - - [04/Mar/2026:20:44:20 +1000] "GET / HTTP/1.1" 500 1077600 "-" "Mozilla/5.0 (Macintosh; Intel Mac OS X 10_15_7) AppleWebKit/537.36 (KHTML, like Gecko) Chrome/121.0.0.0 Safari/537.36"
65.108.120.157 - - [04/Mar/2026:20:51:01 +1000] "GET / HTTP/1.1" 500 1077612 "-" "Mozilla/5.0 (Macintosh; Intel Mac OS X 10_15_7) AppleWebKit/537.36 (KHTML, like Gecko) Chrome/121.0.0.0 Safari/537.36"
3.151.194.164 - - [04/Mar/2026:20:58:17 +1000] "GET / HTTP/1.1" 200 4230 "-" "visionheight.com/scan Mozilla/5.0 (Macintosh; Intel Mac OS X 10_15_7) Chrome/126.0.0.0 Safari/537.36"
172.233.156.98 - - [04/Mar/2026:21:03:07 +1000] "GET / HTTP/1.1" 200 4230 "-" "Mozilla/5.0 (Windows NT 10.0; Win64; x64) AppleWebKit/537.36 (KHTML, like Gecko) Chrome/84.0.4112.0 Safari/537.36"
65.108.120.157 - - [04/Mar/2026:21:09:25 +1000] "GET / HTTP/1.1" 500 1077612 "-" "Mozilla/5.0 (Macintosh; Intel Mac OS X 10_15_7) AppleWebKit/537.36 (KHTML, like Gecko) Chrome/121.0.0.0 Safari/537.36"
118.127.40.73 - - [04/Mar/2026:21:12:17 +1000] "GET / HTTP/1.1" 200 4230 "-" "Python/3.11 aiohttp/3.9.2"
65.108.120.157 - - [04/Mar/2026:21:16:01 +1000] "GET / HTTP/1.1" 500 1077606 "-" "Mozilla/5.0 (Macintosh; Intel Mac OS X 10_15_7) AppleWebKit/537.36 (KHTML, like Gecko) Chrome/121.0.0.0 Safari/537.36"
65.108.120.157 - - [04/Mar/2026:21:34:24 +1000] "GET / HTTP/1.1" 500 1077614 "-" "Mozilla/5.0 (Macintosh; Intel Mac OS X 10_15_7) AppleWebKit/537.36 (KHTML, like Gecko) Chrome/121.0.0.0 Safari/537.36"
74.7.244.53 - - [04/Mar/2026:21:40:15 +1000] "GET /robots.txt HTTP/1.1" 200 24 "-" "Mozilla/5.0 (Macintosh; Intel Mac OS X 10_15_7) AppleWebKit/537.36 (KHTML, like Gecko) Chrome/131.0.0.0 Safari/537.36; compatible; OAI-SearchBot/1.3; robots.txt; +https://openai.com/searchbot"
74.7.227.8 - - [04/Mar/2026:21:40:15 +1000] "GET / HTTP/1.1" 500 180208 "-" "Mozilla/5.0 AppleWebKit/537.36 (KHTML, like Gecko; compatible; GPTBot/1.3; +https://openai.com/gptbot)"
65.108.120.157 - - [04/Mar/2026:21:41:02 +1000] "GET / HTTP/1.1" 500 1077602 "-" "Mozilla/5.0 (Macintosh; Intel Mac OS X 10_15_7) AppleWebKit/537.36 (KHTML, like Gecko) Chrome/121.0.0.0 Safari/537.36"
118.127.40.73 - - [04/Mar/2026:21:42:18 +1000] "GET / HTTP/1.1" 200 4230 "-" "Python/3.11 aiohttp/3.9.2"
65.108.120.157 - - [04/Mar/2026:21:59:22 +1000] "GET / HTTP/1.1" 500 1077608 "-" "Mozilla/5.0 (Macintosh; Intel Mac OS X 10_15_7) AppleWebKit/537.36 (KHTML, like Gecko) Chrome/121.0.0.0 Safari/537.36"
65.108.120.157 - - [04/Mar/2026:22:06:02 +1000] "GET / HTTP/1.1" 500 1077612 "-" "Mozilla/5.0 (Macintosh; Intel Mac OS X 10_15_7) AppleWebKit/537.36 (KHTML, like Gecko) Chrome/121.0.0.0 Safari/537.36"
118.127.40.73 - - [04/Mar/2026:22:12:18 +1000] "GET / HTTP/1.1" 200 4230 "-" "Python/3.11 aiohttp/3.9.2"
213.35.102.249 - - [04/Mar/2026:22:22:51 +1000] "GET / HTTP/1.1" 500 1076968 "-" "python-requests/2.32.4"
65.108.120.157 - - [04/Mar/2026:22:24:22 +1000] "GET / HTTP/1.1" 500 1077594 "-" "Mozilla/5.0 (Macintosh; Intel Mac OS X 10_15_7) AppleWebKit/537.36 (KHTML, like Gecko) Chrome/121.0.0.0 Safari/537.36"
65.108.120.157 - - [04/Mar/2026:22:30:59 +1000] "GET / HTTP/1.1" 500 1077614 "-" "Mozilla/5.0 (Macintosh; Intel Mac OS X 10_15_7) AppleWebKit/537.36 (KHTML, like Gecko) Chrome/121.0.0.0 Safari/537.36"
141.98.11.168 - - [04/Mar/2026:22:34:41 +1000] "GET /wp-login.php HTTP/1.1" 404 6603 "-" "Mozilla/5.0 (Macintosh; Intel Mac OS X 10_15_7) AppleWebKit/537.36 (KHTML, like Gecko) Chrome/120.0.0.0 Safari/537.36"
141.98.11.168 - - [04/Mar/2026:22:34:41 +1000] "GET /wp-admin/ HTTP/1.1" 301 300 "-" "Mozilla/5.0 (Macintosh; Intel Mac OS X 10_15_7) AppleWebKit/537.36 (KHTML, like Gecko) Chrome/120.0.0.0 Safari/537.36"
141.98.11.168 - - [04/Mar/2026:22:34:41 +1000] "GET /wp-admin HTTP/1.1" 404 6603 "-" "Mozilla/5.0 (Macintosh; Intel Mac OS X 10_15_7) AppleWebKit/537.36 (KHTML, like Gecko) Chrome/120.0.0.0 Safari/537.36"
141.98.11.168 - - [04/Mar/2026:22:34:42 +1000] "GET /login HTTP/1.1" 404 6603 "-" "Mozilla/5.0 (Macintosh; Intel Mac OS X 10_15_7) AppleWebKit/537.36 (KHTML, like Gecko) Chrome/120.0.0.0 Safari/537.36"
141.98.11.168 - - [04/Mar/2026:22:34:42 +1000] "GET /admin HTTP/1.1" 302 466 "-" "Mozilla/5.0 (Windows NT 10.0; Win64; x64; rv:121.0) Gecko/20100101 Firefox/121.0"
141.98.11.168 - - [04/Mar/2026:22:34:42 +1000] "GET /admin/login HTTP/1.1" 200 43223 "-" "Mozilla/5.0 (Windows NT 10.0; Win64; x64; rv:121.0) Gecko/20100101 Firefox/121.0"
141.98.11.168 - - [04/Mar/2026:22:34:43 +1000] "GET /wp-login HTTP/1.1" 404 6603 "-" "Mozilla/5.0 (Windows NT 10.0; Win64; x64) AppleWebKit/537.36 (KHTML, like Gecko) Chrome/120.0.0.0 Safari/537.36"
141.98.11.168 - - [04/Mar/2026:22:34:44 +1000] "GET /wordpress/wp-login.php HTTP/1.1" 404 6603 "-" "Mozilla/5.0 (X11; Linux x86_64) AppleWebKit/537.36 (KHTML, like Gecko) Chrome/120.0.0.0 Safari/537.36"
141.98.11.168 - - [04/Mar/2026:22:34:44 +1000] "GET /blog/wp-login.php HTTP/1.1" 404 6603 "-" "Mozilla/5.0 (Macintosh; Intel Mac OS X 10_15_7) AppleWebKit/537.36 (KHTML, like Gecko) Chrome/120.0.0.0 Safari/537.36"
141.98.11.168 - - [04/Mar/2026:22:34:44 +1000] "GET /wp/wp-login.php HTTP/1.1" 404 6603 "-" "Mozilla/5.0 (Windows NT 11.0; Win64; x64) AppleWebKit/537.36 (KHTML, like Gecko) Chrome/121.0.0.0 Safari/537.36"
141.98.11.168 - - [04/Mar/2026:22:34:45 +1000] "GET /cms/wp-login.php HTTP/1.1" 404 6603 "-" "Mozilla/5.0 (Windows NT 10.0; Win64; x64; rv:121.0) Gecko/20100101 Firefox/121.0"
118.127.40.73 - - [04/Mar/2026:22:42:19 +1000] "GET / HTTP/1.1" 200 4230 "-" "Python/3.11 aiohttp/3.9.2"
65.108.120.157 - - [04/Mar/2026:22:49:24 +1000] "GET / HTTP/1.1" 500 1077610 "-" "Mozilla/5.0 (Macintosh; Intel Mac OS X 10_15_7) AppleWebKit/537.36 (KHTML, like Gecko) Chrome/121.0.0.0 Safari/537.36"
65.108.120.157 - - [04/Mar/2026:22:56:01 +1000] "GET / HTTP/1.1" 500 1077606 "-" "Mozilla/5.0 (Macintosh; Intel Mac OS X 10_15_7) AppleWebKit/537.36 (KHTML, like Gecko) Chrome/121.0.0.0 Safari/537.36"
118.127.40.73 - - [04/Mar/2026:23:12:17 +1000] "GET / HTTP/1.1" 200 4230 "-" "Python/3.11 aiohttp/3.9.2"
65.108.120.157 - - [04/Mar/2026:23:14:19 +1000] "GET / HTTP/1.1" 500 1077606 "-" "Mozilla/5.0 (Macintosh; Intel Mac OS X 10_15_7) AppleWebKit/537.36 (KHTML, like Gecko) Chrome/121.0.0.0 Safari/537.36"
65.108.120.157 - - [04/Mar/2026:23:21:01 +1000] "GET / HTTP/1.1" 500 1077608 "-" "Mozilla/5.0 (Macintosh; Intel Mac OS X 10_15_7) AppleWebKit/537.36 (KHTML, like Gecko) Chrome/121.0.0.0 Safari/537.36"
65.108.120.157 - - [04/Mar/2026:23:39:25 +1000] "GET / HTTP/1.1" 500 1077608 "-" "Mozilla/5.0 (Macintosh; Intel Mac OS X 10_15_7) AppleWebKit/537.36 (KHTML, like Gecko) Chrome/121.0.0.0 Safari/537.36"
118.127.40.73 - - [04/Mar/2026:23:42:17 +1000] "GET / HTTP/1.1" 200 4230 "-" "Python/3.11 aiohttp/3.9.2"
65.108.120.157 - - [04/Mar/2026:23:46:03 +1000] "GET / HTTP/1.1" 500 1077606 "-" "Mozilla/5.0 (Macintosh; Intel Mac OS X 10_15_7) AppleWebKit/537.36 (KHTML, like Gecko) Chrome/121.0.0.0 Safari/537.36"
65.108.120.157 - - [05/Mar/2026:00:04:24 +1000] "GET / HTTP/1.1" 500 1077604 "-" "Mozilla/5.0 (Macintosh; Intel Mac OS X 10_15_7) AppleWebKit/537.36 (KHTML, like Gecko) Chrome/121.0.0.0 Safari/537.36"
65.108.120.157 - - [05/Mar/2026:00:11:19 +1000] "GET / HTTP/1.1" 500 1077608 "-" "Mozilla/5.0 (Macintosh; Intel Mac OS X 10_15_7) AppleWebKit/537.36 (KHTML, like Gecko) Chrome/121.0.0.0 Safari/537.36"
118.127.40.73 - - [05/Mar/2026:00:12:17 +1000] "GET / HTTP/1.1" 200 4230 "-" "Python/3.11 aiohttp/3.9.2"
65.108.120.157 - - [05/Mar/2026:00:15:40 +1000] "GET / HTTP/1.1" 500 1077608 "-" "Mozilla/5.0 (Macintosh; Intel Mac OS X 10_15_7) AppleWebKit/537.36 (KHTML, like Gecko) Chrome/121.0.0.0 Safari/537.36"
65.108.120.157 - - [05/Mar/2026:00:19:19 +1000] "GET / HTTP/1.1" 500 1077612 "-" "Mozilla/5.0 (Macintosh; Intel Mac OS X 10_15_7) AppleWebKit/537.36 (KHTML, like Gecko) Chrome/121.0.0.0 Safari/537.36"
65.108.120.157 - - [05/Mar/2026:00:37:50 +1000] "GET / HTTP/1.1" 500 1077606 "-" "Mozilla/5.0 (Macintosh; Intel Mac OS X 10_15_7) AppleWebKit/537.36 (KHTML, like Gecko) Chrome/121.0.0.0 Safari/537.36"
118.127.40.73 - - [05/Mar/2026:00:42:20 +1000] "GET / HTTP/1.1" 200 4230 "-" "Python/3.11 aiohttp/3.9.2"
65.108.120.157 - - [05/Mar/2026:00:44:25 +1000] "GET / HTTP/1.1" 500 1077608 "-" "Mozilla/5.0 (Macintosh; Intel Mac OS X 10_15_7) AppleWebKit/537.36 (KHTML, like Gecko) Chrome/121.0.0.0 Safari/537.36"
18.217.186.74 - - [05/Mar/2026:00:57:12 +1000] "GET /admin/login HTTP/1.1" 200 43223 "-" "python-requests/2.32.5"
65.108.120.157 - - [05/Mar/2026:01:02:45 +1000] "GET / HTTP/1.1" 500 1077612 "-" "Mozilla/5.0 (Macintosh; Intel Mac OS X 10_15_7) AppleWebKit/537.36 (KHTML, like Gecko) Chrome/121.0.0.0 Safari/537.36"
65.108.120.157 - - [05/Mar/2026:01:09:22 +1000] "GET / HTTP/1.1" 500 1077612 "-" "Mozilla/5.0 (Macintosh; Intel Mac OS X 10_15_7) AppleWebKit/537.36 (KHTML, like Gecko) Chrome/121.0.0.0 Safari/537.36"
118.127.40.73 - - [05/Mar/2026:01:12:17 +1000] "GET / HTTP/1.1" 200 4230 "-" "Python/3.11 aiohttp/3.9.2"
65.108.120.157 - - [05/Mar/2026:01:27:42 +1000] "GET / HTTP/1.1" 500 1077608 "-" "Mozilla/5.0 (Macintosh; Intel Mac OS X 10_15_7) AppleWebKit/537.36 (KHTML, like Gecko) Chrome/121.0.0.0 Safari/537.36"
65.108.120.157 - - [05/Mar/2026:01:34:21 +1000] "GET / HTTP/1.1" 500 1077604 "-" "Mozilla/5.0 (Macintosh; Intel Mac OS X 10_15_7) AppleWebKit/537.36 (KHTML, like Gecko) Chrome/121.0.0.0 Safari/537.36"
118.127.40.73 - - [05/Mar/2026:01:42:18 +1000] "GET / HTTP/1.1" 200 4230 "-" "Python/3.11 aiohttp/3.9.2"
65.108.120.157 - - [05/Mar/2026:01:52:46 +1000] "GET / HTTP/1.1" 500 1077614 "-" "Mozilla/5.0 (Macintosh; Intel Mac OS X 10_15_7) AppleWebKit/537.36 (KHTML, like Gecko) Chrome/121.0.0.0 Safari/537.36"
65.108.120.157 - - [05/Mar/2026:01:59:23 +1000] "GET / HTTP/1.1" 500 1077606 "-" "Mozilla/5.0 (Macintosh; Intel Mac OS X 10_15_7) AppleWebKit/537.36 (KHTML, like Gecko) Chrome/121.0.0.0 Safari/537.36"
118.127.40.73 - - [05/Mar/2026:02:12:18 +1000] "GET / HTTP/1.1" 200 4230 "-" "Python/3.11 aiohttp/3.9.2"
65.108.120.157 - - [05/Mar/2026:02:17:44 +1000] "GET / HTTP/1.1" 500 1077600 "-" "Mozilla/5.0 (Macintosh; Intel Mac OS X 10_15_7) AppleWebKit/537.36 (KHTML, like Gecko) Chrome/121.0.0.0 Safari/537.36"
65.108.120.157 - - [05/Mar/2026:02:24:23 +1000] "GET / HTTP/1.1" 500 1077606 "-" "Mozilla/5.0 (Macintosh; Intel Mac OS X 10_15_7) AppleWebKit/537.36 (KHTML, like Gecko) Chrome/121.0.0.0 Safari/537.36"
118.127.40.73 - - [05/Mar/2026:02:42:27 +1000] "GET / HTTP/1.1" 200 4230 "-" "Python/3.11 aiohttp/3.9.2"
65.108.120.157 - - [05/Mar/2026:02:42:40 +1000] "GET / HTTP/1.1" 500 1077602 "-" "Mozilla/5.0 (Macintosh; Intel Mac OS X 10_15_7) AppleWebKit/537.36 (KHTML, like Gecko) Chrome/121.0.0.0 Safari/537.36"
198.235.24.151 - - [05/Mar/2026:02:48:37 +1000] "GET /server-status HTTP/1.1" 404 6603 "-" "Hello from Palo Alto Networks, find out more about our scans in https://docs-cortex.paloaltonetworks.com/r/1/Cortex-Xpanse/Scanning-activity"
65.108.120.157 - - [05/Mar/2026:02:49:17 +1000] "GET / HTTP/1.1" 500 1077606 "-" "Mozilla/5.0 (Macintosh; Intel Mac OS X 10_15_7) AppleWebKit/537.36 (KHTML, like Gecko) Chrome/121.0.0.0 Safari/537.36"
65.108.120.157 - - [05/Mar/2026:03:07:43 +1000] "GET / HTTP/1.1" 500 1077612 "-" "Mozilla/5.0 (Macintosh; Intel Mac OS X 10_15_7) AppleWebKit/537.36 (KHTML, like Gecko) Chrome/121.0.0.0 Safari/537.36"
118.127.40.73 - - [05/Mar/2026:03:12:19 +1000] "GET / HTTP/1.1" 200 4230 "-" "Python/3.11 aiohttp/3.9.2"
65.108.120.157 - - [05/Mar/2026:03:14:24 +1000] "GET / HTTP/1.1" 500 1077604 "-" "Mozilla/5.0 (Macintosh; Intel Mac OS X 10_15_7) AppleWebKit/537.36 (KHTML, like Gecko) Chrome/121.0.0.0 Safari/537.36"
205.210.31.80 - - [05/Mar/2026:03:23:05 +1000] "GET /server-status HTTP/1.1" 404 6603 "-" "Hello from Palo Alto Networks, find out more about our scans in https://docs-cortex.paloaltonetworks.com/r/1/Cortex-Xpanse/Scanning-activity"
65.108.120.157 - - [05/Mar/2026:03:32:45 +1000] "GET / HTTP/1.1" 500 1077610 "-" "Mozilla/5.0 (Macintosh; Intel Mac OS X 10_15_7) AppleWebKit/537.36 (KHTML, like Gecko) Chrome/121.0.0.0 Safari/537.36"
65.108.120.157 - - [05/Mar/2026:03:39:33 +1000] "GET / HTTP/1.1" 500 1077614 "-" "Mozilla/5.0 (Macintosh; Intel Mac OS X 10_15_7) AppleWebKit/537.36 (KHTML, like Gecko) Chrome/121.0.0.0 Safari/537.36"
118.127.40.73 - - [05/Mar/2026:03:42:19 +1000] "GET / HTTP/1.1" 200 4230 "-" "Python/3.11 aiohttp/3.9.2"
65.108.120.157 - - [05/Mar/2026:03:57:42 +1000] "GET / HTTP/1.1" 500 1077610 "-" "Mozilla/5.0 (Macintosh; Intel Mac OS X 10_15_7) AppleWebKit/537.36 (KHTML, like Gecko) Chrome/121.0.0.0 Safari/537.36"
65.108.120.157 - - [05/Mar/2026:04:04:19 +1000] "GET / HTTP/1.1" 500 1077608 "-" "Mozilla/5.0 (Macintosh; Intel Mac OS X 10_15_7) AppleWebKit/537.36 (KHTML, like Gecko) Chrome/121.0.0.0 Safari/537.36"
118.127.40.73 - - [05/Mar/2026:04:12:21 +1000] "GET / HTTP/1.1" 200 4230 "-" "Python/3.11 aiohttp/3.9.2"
65.108.120.157 - - [05/Mar/2026:04:22:57 +1000] "GET / HTTP/1.1" 500 1077608 "-" "Mozilla/5.0 (Macintosh; Intel Mac OS X 10_15_7) AppleWebKit/537.36 (KHTML, like Gecko) Chrome/121.0.0.0 Safari/537.36"
65.108.120.157 - - [05/Mar/2026:04:27:56 +1000] "GET / HTTP/1.1" 500 1077612 "-" "Mozilla/5.0 (Macintosh; Intel Mac OS X 10_15_7) AppleWebKit/537.36 (KHTML, like Gecko) Chrome/121.0.0.0 Safari/537.36"
65.108.120.157 - - [05/Mar/2026:04:32:16 +1000] "GET / HTTP/1.1" 500 1077608 "-" "Mozilla/5.0 (Macintosh; Intel Mac OS X 10_15_7) AppleWebKit/537.36 (KHTML, like Gecko) Chrome/121.0.0.0 Safari/537.36"
65.108.120.157 - - [05/Mar/2026:04:37:38 +1000] "GET / HTTP/1.1" 500 1077610 "-" "Mozilla/5.0 (Macintosh; Intel Mac OS X 10_15_7) AppleWebKit/537.36 (KHTML, like Gecko) Chrome/121.0.0.0 Safari/537.36"
118.127.40.73 - - [05/Mar/2026:04:42:21 +1000] "GET / HTTP/1.1" 200 4230 "-" "Python/3.11 aiohttp/3.9.2"
65.108.120.157 - - [05/Mar/2026:04:56:00 +1000] "GET / HTTP/1.1" 500 1077612 "-" "Mozilla/5.0 (Macintosh; Intel Mac OS X 10_15_7) AppleWebKit/537.36 (KHTML, like Gecko) Chrome/121.0.0.0 Safari/537.36"
65.108.120.157 - - [05/Mar/2026:05:02:45 +1000] "GET / HTTP/1.1" 500 1077610 "-" "Mozilla/5.0 (Macintosh; Intel Mac OS X 10_15_7) AppleWebKit/537.36 (KHTML, like Gecko) Chrome/121.0.0.0 Safari/537.36"
118.127.40.73 - - [05/Mar/2026:05:12:20 +1000] "GET / HTTP/1.1" 200 4230 "-" "Python/3.11 aiohttp/3.9.2"
65.108.120.157 - - [05/Mar/2026:05:21:03 +1000] "GET / HTTP/1.1" 500 1077610 "-" "Mozilla/5.0 (Macintosh; Intel Mac OS X 10_15_7) AppleWebKit/537.36 (KHTML, like Gecko) Chrome/121.0.0.0 Safari/537.36"
65.108.120.157 - - [05/Mar/2026:05:27:39 +1000] "GET / HTTP/1.1" 500 1077614 "-" "Mozilla/5.0 (Macintosh; Intel Mac OS X 10_15_7) AppleWebKit/537.36 (KHTML, like Gecko) Chrome/121.0.0.0 Safari/537.36"
118.127.40.73 - - [05/Mar/2026:05:42:21 +1000] "GET / HTTP/1.1" 200 4230 "-" "Python/3.11 aiohttp/3.9.2"
65.108.120.157 - - [05/Mar/2026:05:46:04 +1000] "GET / HTTP/1.1" 500 1077608 "-" "Mozilla/5.0 (Macintosh; Intel Mac OS X 10_15_7) AppleWebKit/537.36 (KHTML, like Gecko) Chrome/121.0.0.0 Safari/537.36"
65.108.120.157 - - [05/Mar/2026:05:52:40 +1000] "GET / HTTP/1.1" 500 1077610 "-" "Mozilla/5.0 (Macintosh; Intel Mac OS X 10_15_7) AppleWebKit/537.36 (KHTML, like Gecko) Chrome/121.0.0.0 Safari/537.36"
65.108.120.157 - - [05/Mar/2026:06:10:59 +1000] "GET / HTTP/1.1" 500 1077608 "-" "Mozilla/5.0 (Macintosh; Intel Mac OS X 10_15_7) AppleWebKit/537.36 (KHTML, like Gecko) Chrome/121.0.0.0 Safari/537.36"
118.127.40.73 - - [05/Mar/2026:06:12:23 +1000] "GET / HTTP/1.1" 200 4230 "-" "Python/3.11 aiohttp/3.9.2"
65.108.120.157 - - [05/Mar/2026:06:17:40 +1000] "GET / HTTP/1.1" 500 1077610 "-" "Mozilla/5.0 (Macintosh; Intel Mac OS X 10_15_7) AppleWebKit/537.36 (KHTML, like Gecko) Chrome/121.0.0.0 Safari/537.36"
65.108.120.157 - - [05/Mar/2026:06:36:05 +1000] "GET / HTTP/1.1" 500 1077608 "-" "Mozilla/5.0 (Macintosh; Intel Mac OS X 10_15_7) AppleWebKit/537.36 (KHTML, like Gecko) Chrome/121.0.0.0 Safari/537.36"
118.127.40.73 - - [05/Mar/2026:06:42:24 +1000] "GET / HTTP/1.1" 200 4230 "-" "Python/3.11 aiohttp/3.9.2"
65.108.120.157 - - [05/Mar/2026:06:42:44 +1000] "GET / HTTP/1.1" 500 1077612 "-" "Mozilla/5.0 (Macintosh; Intel Mac OS X 10_15_7) AppleWebKit/537.36 (KHTML, like Gecko) Chrome/121.0.0.0 Safari/537.36"
65.108.120.157 - - [05/Mar/2026:07:01:07 +1000] "GET / HTTP/1.1" 500 1077610 "-" "Mozilla/5.0 (Macintosh; Intel Mac OS X 10_15_7) AppleWebKit/537.36 (KHTML, like Gecko) Chrome/121.0.0.0 Safari/537.36"
65.108.120.157 - - [05/Mar/2026:07:07:42 +1000] "GET / HTTP/1.1" 500 1077612 "-" "Mozilla/5.0 (Macintosh; Intel Mac OS X 10_15_7) AppleWebKit/537.36 (KHTML, like Gecko) Chrome/121.0.0.0 Safari/537.36"
118.127.40.73 - - [05/Mar/2026:07:12:20 +1000] "GET / HTTP/1.1" 200 4230 "-" "Python/3.11 aiohttp/3.9.2"
65.108.120.157 - - [05/Mar/2026:07:26:06 +1000] "GET / HTTP/1.1" 500 1077610 "-" "Mozilla/5.0 (Macintosh; Intel Mac OS X 10_15_7) AppleWebKit/537.36 (KHTML, like Gecko) Chrome/121.0.0.0 Safari/537.36"
65.108.120.157 - - [05/Mar/2026:07:32:42 +1000] "GET / HTTP/1.1" 500 1077610 "-" "Mozilla/5.0 (Macintosh; Intel Mac OS X 10_15_7) AppleWebKit/537.36 (KHTML, like Gecko) Chrome/121.0.0.0 Safari/537.36"
118.127.40.73 - - [05/Mar/2026:07:42:21 +1000] "GET / HTTP/1.1" 200 4230 "-" "Python/3.11 aiohttp/3.9.2"
65.108.120.157 - - [05/Mar/2026:07:51:05 +1000] "GET / HTTP/1.1" 500 1077606 "-" "Mozilla/5.0 (Macintosh; Intel Mac OS X 10_15_7) AppleWebKit/537.36 (KHTML, like Gecko) Chrome/121.0.0.0 Safari/537.36"
65.108.120.157 - - [05/Mar/2026:07:57:36 +1000] "GET / HTTP/1.1" 500 1077604 "-" "Mozilla/5.0 (Macintosh; Intel Mac OS X 10_15_7) AppleWebKit/537.36 (KHTML, like Gecko) Chrome/121.0.0.0 Safari/537.36"
118.127.40.73 - - [05/Mar/2026:08:12:22 +1000] "GET / HTTP/1.1" 200 4230 "-" "Python/3.11 aiohttp/3.9.2"
65.108.120.157 - - [05/Mar/2026:08:15:59 +1000] "GET / HTTP/1.1" 500 1077608 "-" "Mozilla/5.0 (Macintosh; Intel Mac OS X 10_15_7) AppleWebKit/537.36 (KHTML, like Gecko) Chrome/121.0.0.0 Safari/537.36"
65.108.120.157 - - [05/Mar/2026:08:22:41 +1000] "GET / HTTP/1.1" 500 1077612 "-" "Mozilla/5.0 (Macintosh; Intel Mac OS X 10_15_7) AppleWebKit/537.36 (KHTML, like Gecko) Chrome/121.0.0.0 Safari/537.36"
65.108.120.157 - - [05/Mar/2026:08:41:43 +1000] "GET / HTTP/1.1" 500 1077606 "-" "Mozilla/5.0 (Macintosh; Intel Mac OS X 10_15_7) AppleWebKit/537.36 (KHTML, like Gecko) Chrome/121.0.0.0 Safari/537.36"
118.127.40.73 - - [05/Mar/2026:08:42:25 +1000] "GET / HTTP/1.1" 200 4230 "-" "Python/3.11 aiohttp/3.9.2"
65.108.120.157 - - [05/Mar/2026:08:44:37 +1000] "GET / HTTP/1.1" 500 1077610 "-" "Mozilla/5.0 (Macintosh; Intel Mac OS X 10_15_7) AppleWebKit/537.36 (KHTML, like Gecko) Chrome/121.0.0.0 Safari/537.36"
65.108.120.157 - - [05/Mar/2026:08:48:57 +1000] "GET / HTTP/1.1" 500 1077608 "-" "Mozilla/5.0 (Macintosh; Intel Mac OS X 10_15_7) AppleWebKit/537.36 (KHTML, like Gecko) Chrome/121.0.0.0 Safari/537.36"
65.108.120.157 - - [05/Mar/2026:08:56:54 +1000] "GET / HTTP/1.1" 500 1077606 "-" "Mozilla/5.0 (Macintosh; Intel Mac OS X 10_15_7) AppleWebKit/537.36 (KHTML, like Gecko) Chrome/121.0.0.0 Safari/537.36"
118.127.40.73 - - [05/Mar/2026:09:12:32 +1000] "GET / HTTP/1.1" 200 4230 "-" "Python/3.11 aiohttp/3.9.2"
65.108.120.157 - - [05/Mar/2026:09:14:22 +1000] "GET / HTTP/1.1" 500 1077606 "-" "Mozilla/5.0 (Macintosh; Intel Mac OS X 10_15_7) AppleWebKit/537.36 (KHTML, like Gecko) Chrome/121.0.0.0 Safari/537.36"
65.108.120.157 - - [05/Mar/2026:09:21:07 +1000] "GET / HTTP/1.1" 500 1077610 "-" "Mozilla/5.0 (Macintosh; Intel Mac OS X 10_15_7) AppleWebKit/537.36 (KHTML, like Gecko) Chrome/121.0.0.0 Safari/537.36"
65.108.120.157 - - [05/Mar/2026:09:39:46 +1000] "GET / HTTP/1.1" 500 1077612 "-" "Mozilla/5.0 (Macintosh; Intel Mac OS X 10_15_7) AppleWebKit/537.36 (KHTML, like Gecko) Chrome/121.0.0.0 Safari/537.36"
118.127.40.73 - - [05/Mar/2026:09:42:26 +1000] "GET / HTTP/1.1" 200 4230 "-" "Python/3.11 aiohttp/3.9.2"
65.108.120.157 - - [05/Mar/2026:09:46:15 +1000] "GET / HTTP/1.1" 500 1077608 "-" "Mozilla/5.0 (Macintosh; Intel Mac OS X 10_15_7) AppleWebKit/537.36 (KHTML, like Gecko) Chrome/121.0.0.0 Safari/537.36"
65.108.120.157 - - [05/Mar/2026:10:04:21 +1000] "GET / HTTP/1.1" 500 1077606 "-" "Mozilla/5.0 (Macintosh; Intel Mac OS X 10_15_7) AppleWebKit/537.36 (KHTML, like Gecko) Chrome/121.0.0.0 Safari/537.36"
65.108.120.157 - - [05/Mar/2026:10:10:56 +1000] "GET / HTTP/1.1" 500 1077612 "-" "Mozilla/5.0 (Macintosh; Intel Mac OS X 10_15_7) AppleWebKit/537.36 (KHTML, like Gecko) Chrome/121.0.0.0 Safari/537.36"
118.127.40.73 - - [05/Mar/2026:10:12:23 +1000] "GET / HTTP/1.1" 200 4230 "-" "Python/3.11 aiohttp/3.9.2"
204.76.203.25 - - [05/Mar/2026:10:23:16 +1000] "GET /build/assets/app-Bt-8Raav.js HTTP/1.1" 200 110021 "-" "Mozilla/5.0 (Windows NT 10.0; Win64; x64) AppleWebKit/537.36 (KHTML, like Gecko) Chrome/134.0.0.0 Safari/537.3"
65.108.120.157 - - [05/Mar/2026:10:29:20 +1000] "GET / HTTP/1.1" 500 1077608 "-" "Mozilla/5.0 (Macintosh; Intel Mac OS X 10_15_7) AppleWebKit/537.36 (KHTML, like Gecko) Chrome/121.0.0.0 Safari/537.36"
65.108.120.157 - - [05/Mar/2026:10:36:02 +1000] "GET / HTTP/1.1" 500 1077610 "-" "Mozilla/5.0 (Macintosh; Intel Mac OS X 10_15_7) AppleWebKit/537.36 (KHTML, like Gecko) Chrome/121.0.0.0 Safari/537.36"
118.127.40.73 - - [05/Mar/2026:10:42:22 +1000] "GET / HTTP/1.1" 200 4230 "-" "Python/3.11 aiohttp/3.9.2"
65.108.120.157 - - [05/Mar/2026:10:54:19 +1000] "GET / HTTP/1.1" 500 1077612 "-" "Mozilla/5.0 (Macintosh; Intel Mac OS X 10_15_7) AppleWebKit/537.36 (KHTML, like Gecko) Chrome/121.0.0.0 Safari/537.36"
65.108.120.157 - - [05/Mar/2026:11:01:01 +1000] "GET / HTTP/1.1" 500 1077610 "-" "Mozilla/5.0 (Macintosh; Intel Mac OS X 10_15_7) AppleWebKit/537.36 (KHTML, like Gecko) Chrome/121.0.0.0 Safari/537.36"
118.127.40.73 - - [05/Mar/2026:11:12:22 +1000] "GET / HTTP/1.1" 200 4230 "-" "Python/3.11 aiohttp/3.9.2"
65.108.120.157 - - [05/Mar/2026:11:19:20 +1000] "GET / HTTP/1.1" 500 1077612 "-" "Mozilla/5.0 (Macintosh; Intel Mac OS X 10_15_7) AppleWebKit/537.36 (KHTML, like Gecko) Chrome/121.0.0.0 Safari/537.36"
65.108.120.157 - - [05/Mar/2026:11:25:57 +1000] "GET / HTTP/1.1" 500 1077608 "-" "Mozilla/5.0 (Macintosh; Intel Mac OS X 10_15_7) AppleWebKit/537.36 (KHTML, like Gecko) Chrome/121.0.0.0 Safari/537.36"
118.127.40.73 - - [05/Mar/2026:11:42:26 +1000] "GET / HTTP/1.1" 200 4230 "-" "Python/3.11 aiohttp/3.9.2"
65.108.120.157 - - [05/Mar/2026:11:44:20 +1000] "GET / HTTP/1.1" 500 1077592 "-" "Mozilla/5.0 (Macintosh; Intel Mac OS X 10_15_7) AppleWebKit/537.36 (KHTML, like Gecko) Chrome/121.0.0.0 Safari/537.36"
65.108.120.157 - - [05/Mar/2026:11:50:59 +1000] "GET / HTTP/1.1" 500 1077612 "-" "Mozilla/5.0 (Macintosh; Intel Mac OS X 10_15_7) AppleWebKit/537.36 (KHTML, like Gecko) Chrome/121.0.0.0 Safari/537.36"
65.108.120.157 - - [05/Mar/2026:12:09:25 +1000] "GET / HTTP/1.1" 500 1077604 "-" "Mozilla/5.0 (Macintosh; Intel Mac OS X 10_15_7) AppleWebKit/537.36 (KHTML, like Gecko) Chrome/121.0.0.0 Safari/537.36"
118.127.40.73 - - [05/Mar/2026:12:12:23 +1000] "GET / HTTP/1.1" 200 4230 "-" "Python/3.11 aiohttp/3.9.2"
65.108.120.157 - - [05/Mar/2026:12:16:00 +1000] "GET / HTTP/1.1" 500 1077614 "-" "Mozilla/5.0 (Macintosh; Intel Mac OS X 10_15_7) AppleWebKit/537.36 (KHTML, like Gecko) Chrome/121.0.0.0 Safari/537.36"
65.108.120.157 - - [05/Mar/2026:12:34:20 +1000] "GET / HTTP/1.1" 500 1077608 "-" "Mozilla/5.0 (Macintosh; Intel Mac OS X 10_15_7) AppleWebKit/537.36 (KHTML, like Gecko) Chrome/121.0.0.0 Safari/537.36"
65.108.120.157 - - [05/Mar/2026:12:41:00 +1000] "GET / HTTP/1.1" 500 1077610 "-" "Mozilla/5.0 (Macintosh; Intel Mac OS X 10_15_7) AppleWebKit/537.36 (KHTML, like Gecko) Chrome/121.0.0.0 Safari/537.36"
118.127.40.73 - - [05/Mar/2026:12:42:27 +1000] "GET / HTTP/1.1" 200 4230 "-" "Python/3.11 aiohttp/3.9.2"
193.32.126.236 - - [05/Mar/2026:12:46:13 +1000] "HEAD / HTTP/1.1" 200 - "-" "python-requests/2.32.4"
193.32.126.236 - - [05/Mar/2026:12:46:14 +1000] "GET /wp-admin/ HTTP/1.1" 301 300 "-" "Mozilla/5.0 (Windows NT 10.0; Win64; x64) AppleWebKit/537.36 (KHTML, like Gecko) Chrome/119.0.0.0 Safari/537.36"
193.32.126.236 - - [05/Mar/2026:12:46:15 +1000] "GET /wp-admin HTTP/1.1" 404 6603 "-" "Mozilla/5.0 (Windows NT 10.0; Win64; x64) AppleWebKit/537.36 (KHTML, like Gecko) Chrome/119.0.0.0 Safari/537.36"
193.32.126.236 - - [05/Mar/2026:12:46:16 +1000] "GET /xmlrpc.php HTTP/1.1" 404 6603 "-" "Mozilla/5.0 (Macintosh; Intel Mac OS X 14_2_1) AppleWebKit/537.36 (KHTML, like Gecko) Chrome/120.0.0.0 Safari/537.36"
65.108.120.157 - - [05/Mar/2026:12:59:20 +1000] "GET / HTTP/1.1" 500 1077606 "-" "Mozilla/5.0 (Macintosh; Intel Mac OS X 10_15_7) AppleWebKit/537.36 (KHTML, like Gecko) Chrome/121.0.0.0 Safari/537.36"
65.108.120.157 - - [05/Mar/2026:13:01:17 +1000] "GET / HTTP/1.1" 500 1077600 "-" "Mozilla/5.0 (Macintosh; Intel Mac OS X 10_15_7) AppleWebKit/537.36 (KHTML, like Gecko) Chrome/121.0.0.0 Safari/537.36"
65.108.120.157 - - [05/Mar/2026:13:05:38 +1000] "GET / HTTP/1.1" 500 1077612 "-" "Mozilla/5.0 (Macintosh; Intel Mac OS X 10_15_7) AppleWebKit/537.36 (KHTML, like Gecko) Chrome/121.0.0.0 Safari/537.36"
65.108.120.157 - - [05/Mar/2026:13:05:53 +1000] "GET / HTTP/1.1" 500 1077610 "-" "Mozilla/5.0 (Macintosh; Intel Mac OS X 10_15_7) AppleWebKit/537.36 (KHTML, like Gecko) Chrome/121.0.0.0 Safari/537.36"
118.127.40.73 - - [05/Mar/2026:13:13:14 +1000] "GET / HTTP/1.1" 200 4230 "-" "Python/3.11 aiohttp/3.9.2"
65.108.120.157 - - [05/Mar/2026:13:24:22 +1000] "GET / HTTP/1.1" 500 1077598 "-" "Mozilla/5.0 (Macintosh; Intel Mac OS X 10_15_7) AppleWebKit/537.36 (KHTML, like Gecko) Chrome/121.0.0.0 Safari/537.36"
65.108.120.157 - - [05/Mar/2026:13:31:02 +1000] "GET / HTTP/1.1" 500 1077610 "-" "Mozilla/5.0 (Macintosh; Intel Mac OS X 10_15_7) AppleWebKit/537.36 (KHTML, like Gecko) Chrome/121.0.0.0 Safari/537.36"
206.168.34.216 - - [05/Mar/2026:13:38:38 +1000] "GET / HTTP/1.1" 200 4230 "-" "Mozilla/5.0 (compatible; CensysInspect/1.1; +https://about.censys.io/)"
206.168.34.216 - - [05/Mar/2026:13:38:41 +1000] "GET /favicon.ico HTTP/1.1" 200 - "-" "Mozilla/5.0 (compatible; CensysInspect/1.1; +https://about.censys.io/)"
118.127.40.73 - - [05/Mar/2026:13:42:28 +1000] "GET / HTTP/1.1" 200 4230 "-" "Python/3.11 aiohttp/3.9.2"
65.108.120.157 - - [05/Mar/2026:13:49:21 +1000] "GET / HTTP/1.1" 500 1077614 "-" "Mozilla/5.0 (Macintosh; Intel Mac OS X 10_15_7) AppleWebKit/537.36 (KHTML, like Gecko) Chrome/121.0.0.0 Safari/537.36"
65.108.120.157 - - [05/Mar/2026:13:56:03 +1000] "GET / HTTP/1.1" 500 1077612 "-" "Mozilla/5.0 (Macintosh; Intel Mac OS X 10_15_7) AppleWebKit/537.36 (KHTML, like Gecko) Chrome/121.0.0.0 Safari/537.36"
18.217.186.74 - - [05/Mar/2026:14:04:53 +1000] "GET /admin/login HTTP/1.1" 200 43255 "-" "python-requests/2.32.5"
118.127.40.73 - - [05/Mar/2026:14:12:23 +1000] "GET / HTTP/1.1" 200 4230 "-" "Python/3.11 aiohttp/3.9.2"
65.108.120.157 - - [05/Mar/2026:14:14:22 +1000] "GET / HTTP/1.1" 500 1077614 "-" "Mozilla/5.0 (Macintosh; Intel Mac OS X 10_15_7) AppleWebKit/537.36 (KHTML, like Gecko) Chrome/121.0.0.0 Safari/537.36"
65.108.120.157 - - [05/Mar/2026:14:21:00 +1000] "GET / HTTP/1.1" 500 1077606 "-" "Mozilla/5.0 (Macintosh; Intel Mac OS X 10_15_7) AppleWebKit/537.36 (KHTML, like Gecko) Chrome/121.0.0.0 Safari/537.36"
65.108.120.157 - - [05/Mar/2026:14:39:22 +1000] "GET / HTTP/1.1" 500 1077602 "-" "Mozilla/5.0 (Macintosh; Intel Mac OS X 10_15_7) AppleWebKit/537.36 (KHTML, like Gecko) Chrome/121.0.0.0 Safari/537.36"
