118.127.40.73 - - [05/Mar/2026:14:42:24 +1000] "GET / HTTP/1.1" 200 4230 "-" "Python/3.11 aiohttp/3.9.2"
65.108.120.157 - - [05/Mar/2026:14:46:00 +1000] "GET / HTTP/1.1" 500 1077610 "-" "Mozilla/5.0 (Macintosh; Intel Mac OS X 10_15_7) AppleWebKit/537.36 (KHTML, like Gecko) Chrome/121.0.0.0 Safari/537.36"
65.108.120.157 - - [05/Mar/2026:15:04:22 +1000] "GET / HTTP/1.1" 500 1077612 "-" "Mozilla/5.0 (Macintosh; Intel Mac OS X 10_15_7) AppleWebKit/537.36 (KHTML, like Gecko) Chrome/121.0.0.0 Safari/537.36"
65.108.120.157 - - [05/Mar/2026:15:11:04 +1000] "GET / HTTP/1.1" 500 1077612 "-" "Mozilla/5.0 (Macintosh; Intel Mac OS X 10_15_7) AppleWebKit/537.36 (KHTML, like Gecko) Chrome/121.0.0.0 Safari/537.36"
118.127.40.73 - - [05/Mar/2026:15:12:24 +1000] "GET / HTTP/1.1" 200 4230 "-" "Python/3.11 aiohttp/3.9.2"
103.21.64.3 - - [05/Mar/2026:15:15:30 +1000] "GET / HTTP/1.1" 500 1077168 "-" "Mozilla/5.0 (X11; Linux i686; rv:124.0) Gecko/20100101 Firefox/124.0"
103.21.64.3 - - [05/Mar/2026:15:15:30 +1000] "GET / HTTP/1.1" 500 1077220 "-" "Mozilla/5.0 (Windows NT 10.0; Win64; x64; rv:103.0) Gecko/20100101 Firefox/103.0"
65.108.120.157 - - [05/Mar/2026:15:29:24 +1000] "GET / HTTP/1.1" 500 1077502 "-" "Mozilla/5.0 (Macintosh; Intel Mac OS X 10_15_7) AppleWebKit/537.36 (KHTML, like Gecko) Chrome/121.0.0.0 Safari/537.36"
65.108.120.157 - - [05/Mar/2026:15:36:07 +1000] "GET / HTTP/1.1" 500 1077606 "-" "Mozilla/5.0 (Macintosh; Intel Mac OS X 10_15_7) AppleWebKit/537.36 (KHTML, like Gecko) Chrome/121.0.0.0 Safari/537.36"
118.127.40.73 - - [05/Mar/2026:15:42:25 +1000] "GET / HTTP/1.1" 200 4230 "-" "Python/3.11 aiohttp/3.9.2"
65.108.120.157 - - [05/Mar/2026:15:54:26 +1000] "GET / HTTP/1.1" 500 1077606 "-" "Mozilla/5.0 (Macintosh; Intel Mac OS X 10_15_7) AppleWebKit/537.36 (KHTML, like Gecko) Chrome/121.0.0.0 Safari/537.36"
5.83.150.16 - - [05/Mar/2026:15:58:44 +1000] "POST / HTTP/1.1" 500 1191350 "-" "Mozilla/5.0 (Windows NT 10.0; Win64; x64) AppleWebKit/537.36 (KHTML, like Gecko) Chrome/76.0.3809.100 Safari/537.36\tChrome 76.0"
5.83.150.16 - - [05/Mar/2026:15:58:47 +1000] "POST / HTTP/1.1" 500 1191372 "-" "Mozilla/5.0 (Macintosh; Intel Mac OS X 10_15_7) AppleWebKit/537.36 (KHTML, like Gecko) Chrome/92.0.4515.107 Safari/537.36\tChrome 92.0"
5.83.150.16 - - [05/Mar/2026:15:58:50 +1000] "POST / HTTP/1.1" 500 1191342 "-" "Mozilla/5.0 (Windows NT 6.3; Win64; x64) AppleWebKit/537.36 (KHTML, like Gecko) Chrome/92.0.4515.131 Safari/537.36\tChrome 92.0"
5.83.150.16 - - [05/Mar/2026:15:58:54 +1000] "POST / HTTP/1.1" 500 1191350 "-" "Mozilla/5.0 (Windows NT 6.3; Win64; x64) AppleWebKit/537.36 (KHTML, like Gecko) Chrome/92.0.4515.107 Safari/537.36\tChrome 92.0"
5.83.150.16 - - [05/Mar/2026:15:58:57 +1000] "POST / HTTP/1.1" 500 1191416 "-" "Mozilla/5.0 (Windows NT 10.0; Win64; x64) AppleWebKit/537.36 (KHTML, like Gecko) Chrome/91.0.4472.164 Safari/537.36 Edg/91.0.864.71\tEdge 91.0"
5.83.150.16 - - [05/Mar/2026:15:59:00 +1000] "POST / HTTP/1.1" 500 1191408 "-" "Mozilla/5.0 (Windows NT 10.0; Win64; x64) AppleWebKit/537.36 (KHTML, like Gecko) Chrome/91.0.4472.164 Safari/537.36 Edg/91.0.864.71\tEdge 91.0"
5.83.150.16 - - [05/Mar/2026:15:59:04 +1000] "POST / HTTP/1.1" 500 1191346 "-" "Mozilla/5.0 (Windows NT 10.0; Win64; x64) AppleWebKit/537.36 (KHTML, like Gecko) Chrome/91.0.4472.77 Safari/537.36\tChrome 91.0"
5.83.150.16 - - [05/Mar/2026:15:59:07 +1000] "POST / HTTP/1.1" 500 1191222 "-" "Mozilla/5.0 (Macintosh; Intel Mac OS X 10.15; rv:89.0) Gecko/20100101 Firefox/89.0\tFirefox 89.0"
5.83.150.16 - - [05/Mar/2026:15:59:10 +1000] "POST / HTTP/1.1" 500 1191350 "-" "Mozilla/5.0 (Windows NT 10.0; Win64; x64) AppleWebKit/537.36 (KHTML, like Gecko) Chrome/92.0.4515.115 Safari/537.36\tChrome 92.0"
5.83.150.16 - - [05/Mar/2026:15:59:14 +1000] "POST / HTTP/1.1" 500 1191410 "-" "Mozilla/5.0 (Windows NT 10.0; Win64; x64) AppleWebKit/537.36 (KHTML, like Gecko) Chrome/91.0.4472.124 Safari/537.36 Edg/91.0.864.67\tEdge 91.0"
65.108.120.157 - - [05/Mar/2026:16:01:05 +1000] "GET / HTTP/1.1" 500 1077608 "-" "Mozilla/5.0 (Macintosh; Intel Mac OS X 10_15_7) AppleWebKit/537.36 (KHTML, like Gecko) Chrome/121.0.0.0 Safari/537.36"
118.127.40.73 - - [05/Mar/2026:16:12:25 +1000] "GET / HTTP/1.1" 200 4230 "-" "Python/3.11 aiohttp/3.9.2"
65.108.120.157 - - [05/Mar/2026:16:19:23 +1000] "GET / HTTP/1.1" 500 1077612 "-" "Mozilla/5.0 (Macintosh; Intel Mac OS X 10_15_7) AppleWebKit/537.36 (KHTML, like Gecko) Chrome/121.0.0.0 Safari/537.36"
65.108.120.157 - - [05/Mar/2026:16:26:03 +1000] "GET / HTTP/1.1" 500 1077608 "-" "Mozilla/5.0 (Macintosh; Intel Mac OS X 10_15_7) AppleWebKit/537.36 (KHTML, like Gecko) Chrome/121.0.0.0 Safari/537.36"
118.127.40.73 - - [05/Mar/2026:16:42:25 +1000] "GET / HTTP/1.1" 200 4230 "-" "Python/3.11 aiohttp/3.9.2"
65.108.120.157 - - [05/Mar/2026:16:44:25 +1000] "GET / HTTP/1.1" 500 1077610 "-" "Mozilla/5.0 (Macintosh; Intel Mac OS X 10_15_7) AppleWebKit/537.36 (KHTML, like Gecko) Chrome/121.0.0.0 Safari/537.36"
65.108.120.157 - - [05/Mar/2026:16:51:06 +1000] "GET / HTTP/1.1" 500 1077610 "-" "Mozilla/5.0 (Macintosh; Intel Mac OS X 10_15_7) AppleWebKit/537.36 (KHTML, like Gecko) Chrome/121.0.0.0 Safari/537.36"
65.108.120.157 - - [05/Mar/2026:17:09:21 +1000] "GET / HTTP/1.1" 500 1077614 "-" "Mozilla/5.0 (Macintosh; Intel Mac OS X 10_15_7) AppleWebKit/537.36 (KHTML, like Gecko) Chrome/121.0.0.0 Safari/537.36"
118.127.40.73 - - [05/Mar/2026:17:12:25 +1000] "GET / HTTP/1.1" 200 4230 "-" "Python/3.11 aiohttp/3.9.2"
65.108.120.157 - - [05/Mar/2026:17:16:04 +1000] "GET / HTTP/1.1" 500 1077608 "-" "Mozilla/5.0 (Macintosh; Intel Mac OS X 10_15_7) AppleWebKit/537.36 (KHTML, like Gecko) Chrome/121.0.0.0 Safari/537.36"
65.108.120.157 - - [05/Mar/2026:17:18:00 +1000] "GET / HTTP/1.1" 500 1077614 "-" "Mozilla/5.0 (Macintosh; Intel Mac OS X 10_15_7) AppleWebKit/537.36 (KHTML, like Gecko) Chrome/121.0.0.0 Safari/537.36"
65.108.120.157 - - [05/Mar/2026:17:22:18 +1000] "GET / HTTP/1.1" 500 1077612 "-" "Mozilla/5.0 (Macintosh; Intel Mac OS X 10_15_7) AppleWebKit/537.36 (KHTML, like Gecko) Chrome/121.0.0.0 Safari/537.36"
65.108.120.157 - - [05/Mar/2026:17:24:18 +1000] "GET / HTTP/1.1" 500 1077610 "-" "Mozilla/5.0 (Macintosh; Intel Mac OS X 10_15_7) AppleWebKit/537.36 (KHTML, like Gecko) Chrome/121.0.0.0 Safari/537.36"
118.127.40.73 - - [05/Mar/2026:17:42:26 +1000] "GET / HTTP/1.1" 200 4230 "-" "Python/3.11 aiohttp/3.9.2"
65.108.120.157 - - [05/Mar/2026:17:42:41 +1000] "GET / HTTP/1.1" 500 1077608 "-" "Mozilla/5.0 (Macintosh; Intel Mac OS X 10_15_7) AppleWebKit/537.36 (KHTML, like Gecko) Chrome/121.0.0.0 Safari/537.36"
65.108.120.157 - - [05/Mar/2026:17:49:23 +1000] "GET / HTTP/1.1" 500 1077610 "-" "Mozilla/5.0 (Macintosh; Intel Mac OS X 10_15_7) AppleWebKit/537.36 (KHTML, like Gecko) Chrome/121.0.0.0 Safari/537.36"
65.108.120.157 - - [05/Mar/2026:18:07:45 +1000] "GET / HTTP/1.1" 500 1077612 "-" "Mozilla/5.0 (Macintosh; Intel Mac OS X 10_15_7) AppleWebKit/537.36 (KHTML, like Gecko) Chrome/121.0.0.0 Safari/537.36"
118.127.40.73 - - [05/Mar/2026:18:12:26 +1000] "GET / HTTP/1.1" 200 4230 "-" "Python/3.11 aiohttp/3.9.2"
65.108.120.157 - - [05/Mar/2026:18:14:24 +1000] "GET / HTTP/1.1" 500 1077602 "-" "Mozilla/5.0 (Macintosh; Intel Mac OS X 10_15_7) AppleWebKit/537.36 (KHTML, like Gecko) Chrome/121.0.0.0 Safari/537.36"
65.108.120.157 - - [05/Mar/2026:18:32:44 +1000] "GET / HTTP/1.1" 500 1077612 "-" "Mozilla/5.0 (Macintosh; Intel Mac OS X 10_15_7) AppleWebKit/537.36 (KHTML, like Gecko) Chrome/121.0.0.0 Safari/537.36"
65.108.120.157 - - [05/Mar/2026:18:39:19 +1000] "GET / HTTP/1.1" 500 1077606 "-" "Mozilla/5.0 (Macintosh; Intel Mac OS X 10_15_7) AppleWebKit/537.36 (KHTML, like Gecko) Chrome/121.0.0.0 Safari/537.36"
118.127.40.73 - - [05/Mar/2026:18:42:26 +1000] "GET / HTTP/1.1" 200 4230 "-" "Python/3.11 aiohttp/3.9.2"
65.108.120.157 - - [05/Mar/2026:18:57:44 +1000] "GET / HTTP/1.1" 500 1077612 "-" "Mozilla/5.0 (Macintosh; Intel Mac OS X 10_15_7) AppleWebKit/537.36 (KHTML, like Gecko) Chrome/121.0.0.0 Safari/537.36"
65.108.120.157 - - [05/Mar/2026:19:04:22 +1000] "GET / HTTP/1.1" 500 1077608 "-" "Mozilla/5.0 (Macintosh; Intel Mac OS X 10_15_7) AppleWebKit/537.36 (KHTML, like Gecko) Chrome/121.0.0.0 Safari/537.36"
118.127.40.73 - - [05/Mar/2026:19:12:25 +1000] "GET / HTTP/1.1" 200 4230 "-" "Python/3.11 aiohttp/3.9.2"
65.108.120.157 - - [05/Mar/2026:19:22:43 +1000] "GET / HTTP/1.1" 500 1077610 "-" "Mozilla/5.0 (Macintosh; Intel Mac OS X 10_15_7) AppleWebKit/537.36 (KHTML, like Gecko) Chrome/121.0.0.0 Safari/537.36"
65.108.120.157 - - [05/Mar/2026:19:29:18 +1000] "GET / HTTP/1.1" 500 1077612 "-" "Mozilla/5.0 (Macintosh; Intel Mac OS X 10_15_7) AppleWebKit/537.36 (KHTML, like Gecko) Chrome/121.0.0.0 Safari/537.36"
118.127.40.73 - - [05/Mar/2026:19:42:27 +1000] "GET / HTTP/1.1" 200 4230 "-" "Python/3.11 aiohttp/3.9.2"
65.108.120.157 - - [05/Mar/2026:19:47:43 +1000] "GET / HTTP/1.1" 500 1077606 "-" "Mozilla/5.0 (Macintosh; Intel Mac OS X 10_15_7) AppleWebKit/537.36 (KHTML, like Gecko) Chrome/121.0.0.0 Safari/537.36"
74.7.230.49 - - [05/Mar/2026:19:48:39 +1000] "GET /robots.txt HTTP/1.1" 200 24 "-" "Mozilla/5.0 (Macintosh; Intel Mac OS X 10_15_7) AppleWebKit/537.36 (KHTML, like Gecko) Chrome/131.0.0.0 Safari/537.36; compatible; OAI-SearchBot/1.3; robots.txt; +https://openai.com/searchbot"
65.108.120.157 - - [05/Mar/2026:19:54:19 +1000] "GET / HTTP/1.1" 500 1077606 "-" "Mozilla/5.0 (Macintosh; Intel Mac OS X 10_15_7) AppleWebKit/537.36 (KHTML, like Gecko) Chrome/121.0.0.0 Safari/537.36"
118.127.40.73 - - [05/Mar/2026:20:12:27 +1000] "GET / HTTP/1.1" 200 4230 "-" "Python/3.11 aiohttp/3.9.2"
65.108.120.157 - - [05/Mar/2026:20:12:45 +1000] "GET / HTTP/1.1" 500 1077612 "-" "Mozilla/5.0 (Macintosh; Intel Mac OS X 10_15_7) AppleWebKit/537.36 (KHTML, like Gecko) Chrome/121.0.0.0 Safari/537.36"
65.108.120.157 - - [05/Mar/2026:20:19:21 +1000] "GET / HTTP/1.1" 500 1077606 "-" "Mozilla/5.0 (Macintosh; Intel Mac OS X 10_15_7) AppleWebKit/537.36 (KHTML, like Gecko) Chrome/121.0.0.0 Safari/537.36"
65.108.120.157 - - [05/Mar/2026:20:37:43 +1000] "GET / HTTP/1.1" 500 1077608 "-" "Mozilla/5.0 (Macintosh; Intel Mac OS X 10_15_7) AppleWebKit/537.36 (KHTML, like Gecko) Chrome/121.0.0.0 Safari/537.36"
118.127.40.73 - - [05/Mar/2026:20:42:27 +1000] "GET / HTTP/1.1" 200 4230 "-" "Python/3.11 aiohttp/3.9.2"
65.108.120.157 - - [05/Mar/2026:20:44:24 +1000] "GET / HTTP/1.1" 500 1077606 "-" "Mozilla/5.0 (Macintosh; Intel Mac OS X 10_15_7) AppleWebKit/537.36 (KHTML, like Gecko) Chrome/121.0.0.0 Safari/537.36"
65.108.120.157 - - [05/Mar/2026:21:02:43 +1000] "GET / HTTP/1.1" 500 1077614 "-" "Mozilla/5.0 (Macintosh; Intel Mac OS X 10_15_7) AppleWebKit/537.36 (KHTML, like Gecko) Chrome/121.0.0.0 Safari/537.36"
65.108.120.157 - - [05/Mar/2026:21:09:23 +1000] "GET / HTTP/1.1" 500 1077512 "-" "Mozilla/5.0 (Macintosh; Intel Mac OS X 10_15_7) AppleWebKit/537.36 (KHTML, like Gecko) Chrome/121.0.0.0 Safari/537.36"
118.127.40.73 - - [05/Mar/2026:21:12:28 +1000] "GET / HTTP/1.1" 200 4230 "-" "Python/3.11 aiohttp/3.9.2"
65.108.120.157 - - [05/Mar/2026:21:27:49 +1000] "GET / HTTP/1.1" 500 1077606 "-" "Mozilla/5.0 (Macintosh; Intel Mac OS X 10_15_7) AppleWebKit/537.36 (KHTML, like Gecko) Chrome/121.0.0.0 Safari/537.36"
65.108.120.157 - - [05/Mar/2026:21:34:40 +1000] "GET / HTTP/1.1" 500 1077612 "-" "Mozilla/5.0 (Macintosh; Intel Mac OS X 10_15_7) AppleWebKit/537.36 (KHTML, like Gecko) Chrome/121.0.0.0 Safari/537.36"
65.108.120.157 - - [05/Mar/2026:21:38:59 +1000] "GET / HTTP/1.1" 500 1077606 "-" "Mozilla/5.0 (Macintosh; Intel Mac OS X 10_15_7) AppleWebKit/537.36 (KHTML, like Gecko) Chrome/121.0.0.0 Safari/537.36"
118.127.40.73 - - [05/Mar/2026:21:42:26 +1000] "GET / HTTP/1.1" 200 4230 "-" "Python/3.11 aiohttp/3.9.2"
65.108.120.157 - - [05/Mar/2026:21:42:35 +1000] "GET / HTTP/1.1" 500 1077614 "-" "Mozilla/5.0 (Macintosh; Intel Mac OS X 10_15_7) AppleWebKit/537.36 (KHTML, like Gecko) Chrome/121.0.0.0 Safari/537.36"
65.108.120.157 - - [05/Mar/2026:22:01:07 +1000] "GET / HTTP/1.1" 500 1077608 "-" "Mozilla/5.0 (Macintosh; Intel Mac OS X 10_15_7) AppleWebKit/537.36 (KHTML, like Gecko) Chrome/121.0.0.0 Safari/537.36"
65.108.120.157 - - [05/Mar/2026:22:07:41 +1000] "GET / HTTP/1.1" 500 1077612 "-" "Mozilla/5.0 (Macintosh; Intel Mac OS X 10_15_7) AppleWebKit/537.36 (KHTML, like Gecko) Chrome/121.0.0.0 Safari/537.36"
118.127.40.73 - - [05/Mar/2026:22:12:27 +1000] "GET / HTTP/1.1" 200 4230 "-" "Python/3.11 aiohttp/3.9.2"
65.108.120.157 - - [05/Mar/2026:22:26:08 +1000] "GET / HTTP/1.1" 500 1077606 "-" "Mozilla/5.0 (Macintosh; Intel Mac OS X 10_15_7) AppleWebKit/537.36 (KHTML, like Gecko) Chrome/121.0.0.0 Safari/537.36"
65.108.120.157 - - [05/Mar/2026:22:32:50 +1000] "GET / HTTP/1.1" 500 1077608 "-" "Mozilla/5.0 (Macintosh; Intel Mac OS X 10_15_7) AppleWebKit/537.36 (KHTML, like Gecko) Chrome/121.0.0.0 Safari/537.36"
118.127.40.73 - - [05/Mar/2026:22:42:28 +1000] "GET / HTTP/1.1" 200 4230 "-" "Python/3.11 aiohttp/3.9.2"
65.108.120.157 - - [05/Mar/2026:22:51:04 +1000] "GET / HTTP/1.1" 500 1077612 "-" "Mozilla/5.0 (Macintosh; Intel Mac OS X 10_15_7) AppleWebKit/537.36 (KHTML, like Gecko) Chrome/121.0.0.0 Safari/537.36"
65.108.120.157 - - [05/Mar/2026:22:57:44 +1000] "GET / HTTP/1.1" 500 1077592 "-" "Mozilla/5.0 (Macintosh; Intel Mac OS X 10_15_7) AppleWebKit/537.36 (KHTML, like Gecko) Chrome/121.0.0.0 Safari/537.36"
118.127.40.73 - - [05/Mar/2026:23:12:29 +1000] "GET / HTTP/1.1" 200 4230 "-" "Python/3.11 aiohttp/3.9.2"
65.108.120.157 - - [05/Mar/2026:23:16:08 +1000] "GET / HTTP/1.1" 500 1077612 "-" "Mozilla/5.0 (Macintosh; Intel Mac OS X 10_15_7) AppleWebKit/537.36 (KHTML, like Gecko) Chrome/121.0.0.0 Safari/537.36"
65.108.120.157 - - [05/Mar/2026:23:22:42 +1000] "GET / HTTP/1.1" 500 1077612 "-" "Mozilla/5.0 (Macintosh; Intel Mac OS X 10_15_7) AppleWebKit/537.36 (KHTML, like Gecko) Chrome/121.0.0.0 Safari/537.36"
74.7.244.53 - - [05/Mar/2026:23:32:57 +1000] "GET /robots.txt HTTP/1.1" 200 24 "-" "Mozilla/5.0 (Macintosh; Intel Mac OS X 10_15_7) AppleWebKit/537.36 (KHTML, like Gecko) Chrome/131.0.0.0 Safari/537.36; compatible; OAI-SearchBot/1.3; robots.txt; +https://openai.com/searchbot"
65.108.120.157 - - [05/Mar/2026:23:41:02 +1000] "GET / HTTP/1.1" 500 1077610 "-" "Mozilla/5.0 (Macintosh; Intel Mac OS X 10_15_7) AppleWebKit/537.36 (KHTML, like Gecko) Chrome/121.0.0.0 Safari/537.36"
118.127.40.73 - - [05/Mar/2026:23:42:29 +1000] "GET / HTTP/1.1" 200 4230 "-" "Python/3.11 aiohttp/3.9.2"
65.108.120.157 - - [05/Mar/2026:23:47:42 +1000] "GET / HTTP/1.1" 500 1077606 "-" "Mozilla/5.0 (Macintosh; Intel Mac OS X 10_15_7) AppleWebKit/537.36 (KHTML, like Gecko) Chrome/121.0.0.0 Safari/537.36"
65.108.120.157 - - [06/Mar/2026:00:06:09 +1000] "GET / HTTP/1.1" 500 1077614 "-" "Mozilla/5.0 (Macintosh; Intel Mac OS X 10_15_7) AppleWebKit/537.36 (KHTML, like Gecko) Chrome/121.0.0.0 Safari/537.36"
118.127.40.73 - - [06/Mar/2026:00:12:30 +1000] "GET / HTTP/1.1" 200 4230 "-" "Python/3.11 aiohttp/3.9.2"
65.108.120.157 - - [06/Mar/2026:00:12:45 +1000] "GET / HTTP/1.1" 500 1077602 "-" "Mozilla/5.0 (Macintosh; Intel Mac OS X 10_15_7) AppleWebKit/537.36 (KHTML, like Gecko) Chrome/121.0.0.0 Safari/537.36"
3.142.122.28 - - [06/Mar/2026:00:25:19 +1000] "GET /admin/login HTTP/1.1" 200 43223 "-" "python-requests/2.32.5"
65.108.120.157 - - [06/Mar/2026:00:31:10 +1000] "GET / HTTP/1.1" 500 1077608 "-" "Mozilla/5.0 (Macintosh; Intel Mac OS X 10_15_7) AppleWebKit/537.36 (KHTML, like Gecko) Chrome/121.0.0.0 Safari/537.36"
65.108.120.157 - - [06/Mar/2026:00:37:43 +1000] "GET / HTTP/1.1" 500 1077610 "-" "Mozilla/5.0 (Macintosh; Intel Mac OS X 10_15_7) AppleWebKit/537.36 (KHTML, like Gecko) Chrome/121.0.0.0 Safari/537.36"
118.127.40.73 - - [06/Mar/2026:00:42:35 +1000] "GET / HTTP/1.1" 200 4230 "-" "Python/3.11 aiohttp/3.9.2"
118.127.40.73 - - [06/Mar/2026:01:12:28 +1000] "GET / HTTP/1.1" 200 4230 "-" "Python/3.11 aiohttp/3.9.2"
65.108.120.157 - - [06/Mar/2026:01:14:04 +1000] "GET / HTTP/1.1" 500 1077612 "-" "Mozilla/5.0 (Macintosh; Intel Mac OS X 10_15_7) AppleWebKit/537.36 (KHTML, like Gecko) Chrome/121.0.0.0 Safari/537.36"
65.108.120.157 - - [06/Mar/2026:01:18:26 +1000] "GET / HTTP/1.1" 500 1077608 "-" "Mozilla/5.0 (Macintosh; Intel Mac OS X 10_15_7) AppleWebKit/537.36 (KHTML, like Gecko) Chrome/121.0.0.0 Safari/537.36"
65.108.120.157 - - [06/Mar/2026:01:19:24 +1000] "GET / HTTP/1.1" 500 1077606 "-" "Mozilla/5.0 (Macintosh; Intel Mac OS X 10_15_7) AppleWebKit/537.36 (KHTML, like Gecko) Chrome/121.0.0.0 Safari/537.36"
65.108.120.157 - - [06/Mar/2026:01:37:52 +1000] "GET / HTTP/1.1" 500 1077610 "-" "Mozilla/5.0 (Macintosh; Intel Mac OS X 10_15_7) AppleWebKit/537.36 (KHTML, like Gecko) Chrome/121.0.0.0 Safari/537.36"
65.108.120.157 - - [06/Mar/2026:01:41:36 +1000] "GET / HTTP/1.1" 500 1077610 "-" "Mozilla/5.0 (Macintosh; Intel Mac OS X 10_15_7) AppleWebKit/537.36 (KHTML, like Gecko) Chrome/121.0.0.0 Safari/537.36"
118.127.40.73 - - [06/Mar/2026:01:42:29 +1000] "GET / HTTP/1.1" 200 4230 "-" "Python/3.11 aiohttp/3.9.2"
65.108.120.157 - - [06/Mar/2026:01:46:21 +1000] "GET / HTTP/1.1" 500 1077612 "-" "Mozilla/5.0 (Macintosh; Intel Mac OS X 10_15_7) AppleWebKit/537.36 (KHTML, like Gecko) Chrome/121.0.0.0 Safari/537.36"
65.108.120.157 - - [06/Mar/2026:01:53:14 +1000] "GET / HTTP/1.1" 500 1077612 "-" "Mozilla/5.0 (Macintosh; Intel Mac OS X 10_15_7) AppleWebKit/537.36 (KHTML, like Gecko) Chrome/121.0.0.0 Safari/537.36"
65.108.120.157 - - [06/Mar/2026:02:11:41 +1000] "GET / HTTP/1.1" 500 1077600 "-" "Mozilla/5.0 (Macintosh; Intel Mac OS X 10_15_7) AppleWebKit/537.36 (KHTML, like Gecko) Chrome/121.0.0.0 Safari/537.36"
118.127.40.73 - - [06/Mar/2026:02:12:29 +1000] "GET / HTTP/1.1" 200 4230 "-" "Python/3.11 aiohttp/3.9.2"
65.108.120.157 - - [06/Mar/2026:02:17:59 +1000] "GET / HTTP/1.1" 500 1077604 "-" "Mozilla/5.0 (Macintosh; Intel Mac OS X 10_15_7) AppleWebKit/537.36 (KHTML, like Gecko) Chrome/121.0.0.0 Safari/537.36"
65.108.120.157 - - [06/Mar/2026:02:36:09 +1000] "GET / HTTP/1.1" 500 1077612 "-" "Mozilla/5.0 (Macintosh; Intel Mac OS X 10_15_7) AppleWebKit/537.36 (KHTML, like Gecko) Chrome/121.0.0.0 Safari/537.36"
118.127.40.73 - - [06/Mar/2026:02:42:30 +1000] "GET / HTTP/1.1" 200 4230 "-" "Python/3.11 aiohttp/3.9.2"
65.108.120.157 - - [06/Mar/2026:02:42:47 +1000] "GET / HTTP/1.1" 500 1077602 "-" "Mozilla/5.0 (Macintosh; Intel Mac OS X 10_15_7) AppleWebKit/537.36 (KHTML, like Gecko) Chrome/121.0.0.0 Safari/537.36"
65.108.120.157 - - [06/Mar/2026:03:01:08 +1000] "GET / HTTP/1.1" 500 1077612 "-" "Mozilla/5.0 (Macintosh; Intel Mac OS X 10_15_7) AppleWebKit/537.36 (KHTML, like Gecko) Chrome/121.0.0.0 Safari/537.36"
65.108.120.157 - - [06/Mar/2026:03:07:49 +1000] "GET / HTTP/1.1" 500 1077608 "-" "Mozilla/5.0 (Macintosh; Intel Mac OS X 10_15_7) AppleWebKit/537.36 (KHTML, like Gecko) Chrome/121.0.0.0 Safari/537.36"
118.127.40.73 - - [06/Mar/2026:03:12:30 +1000] "GET / HTTP/1.1" 200 4230 "-" "Python/3.11 aiohttp/3.9.2"
65.108.120.157 - - [06/Mar/2026:03:26:03 +1000] "GET / HTTP/1.1" 500 1077610 "-" "Mozilla/5.0 (Macintosh; Intel Mac OS X 10_15_7) AppleWebKit/537.36 (KHTML, like Gecko) Chrome/121.0.0.0 Safari/537.36"
65.108.120.157 - - [06/Mar/2026:03:32:41 +1000] "GET / HTTP/1.1" 500 1077502 "-" "Mozilla/5.0 (Macintosh; Intel Mac OS X 10_15_7) AppleWebKit/537.36 (KHTML, like Gecko) Chrome/121.0.0.0 Safari/537.36"
118.127.40.73 - - [06/Mar/2026:03:42:30 +1000] "GET / HTTP/1.1" 200 4230 "-" "Python/3.11 aiohttp/3.9.2"
65.108.120.157 - - [06/Mar/2026:03:51:09 +1000] "GET / HTTP/1.1" 500 1077614 "-" "Mozilla/5.0 (Macintosh; Intel Mac OS X 10_15_7) AppleWebKit/537.36 (KHTML, like Gecko) Chrome/121.0.0.0 Safari/537.36"
65.108.120.157 - - [06/Mar/2026:03:57:43 +1000] "GET / HTTP/1.1" 500 1077610 "-" "Mozilla/5.0 (Macintosh; Intel Mac OS X 10_15_7) AppleWebKit/537.36 (KHTML, like Gecko) Chrome/121.0.0.0 Safari/537.36"
118.127.40.73 - - [06/Mar/2026:04:12:29 +1000] "GET / HTTP/1.1" 200 4230 "-" "Python/3.11 aiohttp/3.9.2"
65.108.120.157 - - [06/Mar/2026:04:16:04 +1000] "GET / HTTP/1.1" 500 1077608 "-" "Mozilla/5.0 (Macintosh; Intel Mac OS X 10_15_7) AppleWebKit/537.36 (KHTML, like Gecko) Chrome/121.0.0.0 Safari/537.36"
65.108.120.157 - - [06/Mar/2026:04:22:39 +1000] "GET / HTTP/1.1" 500 1077612 "-" "Mozilla/5.0 (Macintosh; Intel Mac OS X 10_15_7) AppleWebKit/537.36 (KHTML, like Gecko) Chrome/121.0.0.0 Safari/537.36"
65.108.120.157 - - [06/Mar/2026:04:41:06 +1000] "GET / HTTP/1.1" 500 1077608 "-" "Mozilla/5.0 (Macintosh; Intel Mac OS X 10_15_7) AppleWebKit/537.36 (KHTML, like Gecko) Chrome/121.0.0.0 Safari/537.36"
118.127.40.73 - - [06/Mar/2026:04:42:30 +1000] "GET / HTTP/1.1" 200 4230 "-" "Python/3.11 aiohttp/3.9.2"
65.108.120.157 - - [06/Mar/2026:04:47:44 +1000] "GET / HTTP/1.1" 500 1077612 "-" "Mozilla/5.0 (Macintosh; Intel Mac OS X 10_15_7) AppleWebKit/537.36 (KHTML, like Gecko) Chrome/121.0.0.0 Safari/537.36"
65.108.120.157 - - [06/Mar/2026:05:06:04 +1000] "GET / HTTP/1.1" 500 1077612 "-" "Mozilla/5.0 (Macintosh; Intel Mac OS X 10_15_7) AppleWebKit/537.36 (KHTML, like Gecko) Chrome/121.0.0.0 Safari/537.36"
118.127.40.73 - - [06/Mar/2026:05:12:30 +1000] "GET / HTTP/1.1" 200 4230 "-" "Python/3.11 aiohttp/3.9.2"
65.108.120.157 - - [06/Mar/2026:05:12:41 +1000] "GET / HTTP/1.1" 500 1077514 "-" "Mozilla/5.0 (Macintosh; Intel Mac OS X 10_15_7) AppleWebKit/537.36 (KHTML, like Gecko) Chrome/121.0.0.0 Safari/537.36"
65.108.120.157 - - [06/Mar/2026:05:31:06 +1000] "GET / HTTP/1.1" 500 1077608 "-" "Mozilla/5.0 (Macintosh; Intel Mac OS X 10_15_7) AppleWebKit/537.36 (KHTML, like Gecko) Chrome/121.0.0.0 Safari/537.36"
65.108.120.157 - - [06/Mar/2026:05:37:39 +1000] "GET / HTTP/1.1" 500 1077612 "-" "Mozilla/5.0 (Macintosh; Intel Mac OS X 10_15_7) AppleWebKit/537.36 (KHTML, like Gecko) Chrome/121.0.0.0 Safari/537.36"
118.127.40.73 - - [06/Mar/2026:05:42:30 +1000] "GET / HTTP/1.1" 200 4230 "-" "Python/3.11 aiohttp/3.9.2"
65.108.120.157 - - [06/Mar/2026:05:56:06 +1000] "GET / HTTP/1.1" 500 1077610 "-" "Mozilla/5.0 (Macintosh; Intel Mac OS X 10_15_7) AppleWebKit/537.36 (KHTML, like Gecko) Chrome/121.0.0.0 Safari/537.36"
65.108.120.157 - - [06/Mar/2026:05:58:18 +1000] "GET / HTTP/1.1" 500 1077608 "-" "Mozilla/5.0 (Macintosh; Intel Mac OS X 10_15_7) AppleWebKit/537.36 (KHTML, like Gecko) Chrome/121.0.0.0 Safari/537.36"
65.108.120.157 - - [06/Mar/2026:06:02:43 +1000] "GET / HTTP/1.1" 500 1077614 "-" "Mozilla/5.0 (Macintosh; Intel Mac OS X 10_15_7) AppleWebKit/537.36 (KHTML, like Gecko) Chrome/121.0.0.0 Safari/537.36"
65.108.120.157 - - [06/Mar/2026:06:02:43 +1000] "GET / HTTP/1.1" 500 1077610 "-" "Mozilla/5.0 (Macintosh; Intel Mac OS X 10_15_7) AppleWebKit/537.36 (KHTML, like Gecko) Chrome/121.0.0.0 Safari/537.36"
118.127.40.73 - - [06/Mar/2026:06:12:29 +1000] "GET / HTTP/1.1" 200 4230 "-" "Python/3.11 aiohttp/3.9.2"
65.108.120.157 - - [06/Mar/2026:06:21:09 +1000] "GET / HTTP/1.1" 500 1077612 "-" "Mozilla/5.0 (Macintosh; Intel Mac OS X 10_15_7) AppleWebKit/537.36 (KHTML, like Gecko) Chrome/121.0.0.0 Safari/537.36"
65.108.120.157 - - [06/Mar/2026:06:27:50 +1000] "GET / HTTP/1.1" 500 1077614 "-" "Mozilla/5.0 (Macintosh; Intel Mac OS X 10_15_7) AppleWebKit/537.36 (KHTML, like Gecko) Chrome/121.0.0.0 Safari/537.36"
118.127.40.73 - - [06/Mar/2026:06:42:30 +1000] "GET / HTTP/1.1" 200 4230 "-" "Python/3.11 aiohttp/3.9.2"
65.108.120.157 - - [06/Mar/2026:06:46:05 +1000] "GET / HTTP/1.1" 500 1077604 "-" "Mozilla/5.0 (Macintosh; Intel Mac OS X 10_15_7) AppleWebKit/537.36 (KHTML, like Gecko) Chrome/121.0.0.0 Safari/537.36"
65.108.120.157 - - [06/Mar/2026:06:52:41 +1000] "GET / HTTP/1.1" 500 1077614 "-" "Mozilla/5.0 (Macintosh; Intel Mac OS X 10_15_7) AppleWebKit/537.36 (KHTML, like Gecko) Chrome/121.0.0.0 Safari/537.36"
65.108.120.157 - - [06/Mar/2026:07:11:06 +1000] "GET / HTTP/1.1" 500 1077604 "-" "Mozilla/5.0 (Macintosh; Intel Mac OS X 10_15_7) AppleWebKit/537.36 (KHTML, like Gecko) Chrome/121.0.0.0 Safari/537.36"
118.127.40.73 - - [06/Mar/2026:07:12:30 +1000] "GET / HTTP/1.1" 200 4230 "-" "Python/3.11 aiohttp/3.9.2"
65.108.120.157 - - [06/Mar/2026:07:17:42 +1000] "GET / HTTP/1.1" 500 1077610 "-" "Mozilla/5.0 (Macintosh; Intel Mac OS X 10_15_7) AppleWebKit/537.36 (KHTML, like Gecko) Chrome/121.0.0.0 Safari/537.36"
159.89.111.150 - - [06/Mar/2026:07:25:45 +1000] "HEAD / HTTP/1.1" 200 - "-" "python-requests/2.32.4"
65.108.120.157 - - [06/Mar/2026:07:36:03 +1000] "GET / HTTP/1.1" 500 1077608 "-" "Mozilla/5.0 (Macintosh; Intel Mac OS X 10_15_7) AppleWebKit/537.36 (KHTML, like Gecko) Chrome/121.0.0.0 Safari/537.36"
118.127.40.73 - - [06/Mar/2026:07:42:30 +1000] "GET / HTTP/1.1" 200 4230 "-" "Python/3.11 aiohttp/3.9.2"
65.108.120.157 - - [06/Mar/2026:07:42:42 +1000] "GET / HTTP/1.1" 500 1077608 "-" "Mozilla/5.0 (Macintosh; Intel Mac OS X 10_15_7) AppleWebKit/537.36 (KHTML, like Gecko) Chrome/121.0.0.0 Safari/537.36"
65.108.120.157 - - [06/Mar/2026:08:01:07 +1000] "GET / HTTP/1.1" 500 1077606 "-" "Mozilla/5.0 (Macintosh; Intel Mac OS X 10_15_7) AppleWebKit/537.36 (KHTML, like Gecko) Chrome/121.0.0.0 Safari/537.36"
65.108.120.157 - - [06/Mar/2026:08:07:40 +1000] "GET / HTTP/1.1" 500 1077610 "-" "Mozilla/5.0 (Macintosh; Intel Mac OS X 10_15_7) AppleWebKit/537.36 (KHTML, like Gecko) Chrome/121.0.0.0 Safari/537.36"
118.127.40.73 - - [06/Mar/2026:08:12:31 +1000] "GET / HTTP/1.1" 200 4230 "-" "Python/3.11 aiohttp/3.9.2"
65.108.120.157 - - [06/Mar/2026:08:26:13 +1000] "GET / HTTP/1.1" 500 1077614 "-" "Mozilla/5.0 (Macintosh; Intel Mac OS X 10_15_7) AppleWebKit/537.36 (KHTML, like Gecko) Chrome/121.0.0.0 Safari/537.36"
3.143.141.223 - - [06/Mar/2026:08:28:02 +1000] "GET / HTTP/1.1" 200 4230 "-" "Mozilla/5.0 (Macintosh; Intel Mac OS X 10_15_7) AppleWebKit/537.36 (KHTML, like Gecko) Chrome/131.0.0.0 Safari/537.36"
3.143.141.223 - - [06/Mar/2026:08:28:03 +1000] "POST / HTTP/1.1" 419 6609 "-" "Mozilla/5.0 (Macintosh; Intel Mac OS X 10_15_7) AppleWebKit/537.36 (KHTML, like Gecko) Chrome/131.0.0.0 Safari/537.36"
3.143.141.223 - - [06/Mar/2026:08:28:03 +1000] "POST / HTTP/1.1" 419 6609 "-" "Mozilla/5.0 (Macintosh; Intel Mac OS X 10_15_7) AppleWebKit/537.36 (KHTML, like Gecko) Chrome/131.0.0.0 Safari/537.36"
3.143.141.223 - - [06/Mar/2026:08:28:03 +1000] "POST / HTTP/1.1" 419 6609 "-" "Mozilla/5.0 (Macintosh; Intel Mac OS X 10_15_7) AppleWebKit/537.36 (KHTML, like Gecko) Chrome/131.0.0.0 Safari/537.36"
65.108.120.157 - - [06/Mar/2026:08:32:43 +1000] "GET / HTTP/1.1" 500 1077610 "-" "Mozilla/5.0 (Macintosh; Intel Mac OS X 10_15_7) AppleWebKit/537.36 (KHTML, like Gecko) Chrome/121.0.0.0 Safari/537.36"
118.127.40.73 - - [06/Mar/2026:08:42:32 +1000] "GET / HTTP/1.1" 200 4230 "-" "Python/3.11 aiohttp/3.9.2"
35.178.232.1 - - [06/Mar/2026:08:47:19 +1000] "GET / HTTP/1.1" 500 1077394 "-" "Mozilla/5.0 (X11; Linux x86_64) AppleWebKit/537.36 (KHTML, like Gecko) Chrome/131.0.0.0 Safari/537.36"
35.178.232.1 - - [06/Mar/2026:08:47:22 +1000] "POST / HTTP/1.1" 500 1078966 "-" "Mozilla/5.0 (X11; Linux x86_64) AppleWebKit/537.36 (KHTML, like Gecko) Chrome/131.0.0.0 Safari/537.36"
35.178.232.1 - - [06/Mar/2026:08:47:26 +1000] "POST / HTTP/1.1" 500 1079064 "-" "Mozilla/5.0 (X11; Linux x86_64) AppleWebKit/537.36 (KHTML, like Gecko) Chrome/131.0.0.0 Safari/537.36"
35.178.232.1 - - [06/Mar/2026:08:47:31 +1000] "POST / HTTP/1.1" 500 1078724 "-" "Mozilla/5.0 (X11; Linux x86_64) AppleWebKit/537.36 (KHTML, like Gecko) Chrome/131.0.0.0 Safari/537.36"
65.108.120.157 - - [06/Mar/2026:08:51:01 +1000] "GET / HTTP/1.1" 500 1077598 "-" "Mozilla/5.0 (Macintosh; Intel Mac OS X 10_15_7) AppleWebKit/537.36 (KHTML, like Gecko) Chrome/121.0.0.0 Safari/537.36"
65.108.120.157 - - [06/Mar/2026:08:57:42 +1000] "GET / HTTP/1.1" 500 1077612 "-" "Mozilla/5.0 (Macintosh; Intel Mac OS X 10_15_7) AppleWebKit/537.36 (KHTML, like Gecko) Chrome/121.0.0.0 Safari/537.36"
118.127.40.73 - - [06/Mar/2026:09:12:31 +1000] "GET / HTTP/1.1" 200 4230 "-" "Python/3.11 aiohttp/3.9.2"
65.108.120.157 - - [06/Mar/2026:09:16:09 +1000] "GET / HTTP/1.1" 500 1077612 "-" "Mozilla/5.0 (Macintosh; Intel Mac OS X 10_15_7) AppleWebKit/537.36 (KHTML, like Gecko) Chrome/121.0.0.0 Safari/537.36"
134.209.100.43 - - [06/Mar/2026:09:17:16 +1000] "GET / HTTP/1.1" 500 1076964 "-" "python-requests/2.31.0"
65.108.120.157 - - [06/Mar/2026:09:22:42 +1000] "GET / HTTP/1.1" 500 1077604 "-" "Mozilla/5.0 (Macintosh; Intel Mac OS X 10_15_7) AppleWebKit/537.36 (KHTML, like Gecko) Chrome/121.0.0.0 Safari/537.36"
65.108.120.157 - - [06/Mar/2026:09:41:06 +1000] "GET / HTTP/1.1" 500 1077596 "-" "Mozilla/5.0 (Macintosh; Intel Mac OS X 10_15_7) AppleWebKit/537.36 (KHTML, like Gecko) Chrome/121.0.0.0 Safari/537.36"
118.127.40.73 - - [06/Mar/2026:09:42:33 +1000] "GET / HTTP/1.1" 200 4230 "-" "Python/3.11 aiohttp/3.9.2"
65.108.120.157 - - [06/Mar/2026:09:47:42 +1000] "GET / HTTP/1.1" 500 1077612 "-" "Mozilla/5.0 (Macintosh; Intel Mac OS X 10_15_7) AppleWebKit/537.36 (KHTML, like Gecko) Chrome/121.0.0.0 Safari/537.36"
65.108.120.157 - - [06/Mar/2026:10:06:06 +1000] "GET / HTTP/1.1" 500 1077610 "-" "Mozilla/5.0 (Macintosh; Intel Mac OS X 10_15_7) AppleWebKit/537.36 (KHTML, like Gecko) Chrome/121.0.0.0 Safari/537.36"
118.127.40.73 - - [06/Mar/2026:10:12:31 +1000] "GET / HTTP/1.1" 200 4230 "-" "Python/3.11 aiohttp/3.9.2"
65.108.120.157 - - [06/Mar/2026:10:12:44 +1000] "GET / HTTP/1.1" 500 1077608 "-" "Mozilla/5.0 (Macintosh; Intel Mac OS X 10_15_7) AppleWebKit/537.36 (KHTML, like Gecko) Chrome/121.0.0.0 Safari/537.36"
65.108.120.157 - - [06/Mar/2026:10:14:59 +1000] "GET / HTTP/1.1" 500 1077608 "-" "Mozilla/5.0 (Macintosh; Intel Mac OS X 10_15_7) AppleWebKit/537.36 (KHTML, like Gecko) Chrome/121.0.0.0 Safari/537.36"
65.108.120.157 - - [06/Mar/2026:10:19:15 +1000] "GET / HTTP/1.1" 500 1077610 "-" "Mozilla/5.0 (Macintosh; Intel Mac OS X 10_15_7) AppleWebKit/537.36 (KHTML, like Gecko) Chrome/121.0.0.0 Safari/537.36"
65.108.120.157 - - [06/Mar/2026:10:21:01 +1000] "GET / HTTP/1.1" 500 1077604 "-" "Mozilla/5.0 (Macintosh; Intel Mac OS X 10_15_7) AppleWebKit/537.36 (KHTML, like Gecko) Chrome/121.0.0.0 Safari/537.36"
123.6.49.4 - - [06/Mar/2026:10:22:33 +1000] "GET / HTTP/1.1" 200 4230 "-" "Mozilla/5.0 (Macintosh; Intel Mac OS X 10_15_7) AppleWebKit/537.36 (KHTML, like Gecko) Chrome/120.0.0.0 Safari/537.36 Edg/120.0.0.0"
123.6.49.49 - - [06/Mar/2026:10:22:59 +1000] "GET /robots.txt HTTP/1.1" 200 24 "-" "Mozilla/5.0 (Macintosh; Intel Mac OS X 10_15_7) AppleWebKit/537.36 (KHTML, like Gecko) Chrome/120.0.0.0 Safari/537.36 Edg/120.0.0.0"
123.6.49.41 - - [06/Mar/2026:10:23:03 +1000] "GET /sitemap.xml HTTP/1.1" 404 6603 "-" "Mozilla/5.0 (Macintosh; Intel Mac OS X 10_15_7) AppleWebKit/537.36 (KHTML, like Gecko) Chrome/120.0.0.0 Safari/537.36 Edg/120.0.0.0"
123.6.49.36 - - [06/Mar/2026:10:23:19 +1000] "GET /config.json HTTP/1.1" 404 6603 "-" "Mozilla/5.0 (Macintosh; Intel Mac OS X 10_7_0) AppleWebKit/535.11 (KHTML, like Gecko) Chrome/17.0.963.56 Safari/535.11"
65.108.120.157 - - [06/Mar/2026:10:39:25 +1000] "GET / HTTP/1.1" 500 1077614 "-" "Mozilla/5.0 (Macintosh; Intel Mac OS X 10_15_7) AppleWebKit/537.36 (KHTML, like Gecko) Chrome/121.0.0.0 Safari/537.36"
118.127.40.73 - - [06/Mar/2026:10:42:35 +1000] "GET / HTTP/1.1" 200 4230 "-" "Python/3.11 aiohttp/3.9.2"
65.108.120.157 - - [06/Mar/2026:10:46:06 +1000] "GET / HTTP/1.1" 500 1077610 "-" "Mozilla/5.0 (Macintosh; Intel Mac OS X 10_15_7) AppleWebKit/537.36 (KHTML, like Gecko) Chrome/121.0.0.0 Safari/537.36"
65.108.120.157 - - [06/Mar/2026:11:04:27 +1000] "GET / HTTP/1.1" 500 1077612 "-" "Mozilla/5.0 (Macintosh; Intel Mac OS X 10_15_7) AppleWebKit/537.36 (KHTML, like Gecko) Chrome/121.0.0.0 Safari/537.36"
65.108.120.157 - - [06/Mar/2026:11:11:06 +1000] "GET / HTTP/1.1" 500 1077506 "-" "Mozilla/5.0 (Macintosh; Intel Mac OS X 10_15_7) AppleWebKit/537.36 (KHTML, like Gecko) Chrome/121.0.0.0 Safari/537.36"
118.127.40.73 - - [06/Mar/2026:11:12:31 +1000] "GET / HTTP/1.1" 200 4230 "-" "Python/3.11 aiohttp/3.9.2"
65.108.120.157 - - [06/Mar/2026:11:29:28 +1000] "GET / HTTP/1.1" 500 1077610 "-" "Mozilla/5.0 (Macintosh; Intel Mac OS X 10_15_7) AppleWebKit/537.36 (KHTML, like Gecko) Chrome/121.0.0.0 Safari/537.36"
65.108.120.157 - - [06/Mar/2026:11:36:05 +1000] "GET / HTTP/1.1" 500 1077610 "-" "Mozilla/5.0 (Macintosh; Intel Mac OS X 10_15_7) AppleWebKit/537.36 (KHTML, like Gecko) Chrome/121.0.0.0 Safari/537.36"
118.127.40.73 - - [06/Mar/2026:11:42:33 +1000] "GET / HTTP/1.1" 200 4230 "-" "Python/3.11 aiohttp/3.9.2"
65.108.120.157 - - [06/Mar/2026:11:54:26 +1000] "GET / HTTP/1.1" 500 1077608 "-" "Mozilla/5.0 (Macintosh; Intel Mac OS X 10_15_7) AppleWebKit/537.36 (KHTML, like Gecko) Chrome/121.0.0.0 Safari/537.36"
65.108.120.157 - - [06/Mar/2026:12:01:06 +1000] "GET / HTTP/1.1" 500 1077612 "-" "Mozilla/5.0 (Macintosh; Intel Mac OS X 10_15_7) AppleWebKit/537.36 (KHTML, like Gecko) Chrome/121.0.0.0 Safari/537.36"
118.127.40.73 - - [06/Mar/2026:12:12:32 +1000] "GET / HTTP/1.1" 200 4230 "-" "Python/3.11 aiohttp/3.9.2"
65.108.120.157 - - [06/Mar/2026:12:19:31 +1000] "GET / HTTP/1.1" 500 1077612 "-" "Mozilla/5.0 (Macintosh; Intel Mac OS X 10_15_7) AppleWebKit/537.36 (KHTML, like Gecko) Chrome/121.0.0.0 Safari/537.36"
65.108.120.157 - - [06/Mar/2026:12:26:05 +1000] "GET / HTTP/1.1" 500 1077608 "-" "Mozilla/5.0 (Macintosh; Intel Mac OS X 10_15_7) AppleWebKit/537.36 (KHTML, like Gecko) Chrome/121.0.0.0 Safari/537.36"
118.127.40.73 - - [06/Mar/2026:12:42:33 +1000] "GET / HTTP/1.1" 200 4230 "-" "Python/3.11 aiohttp/3.9.2"
65.108.120.157 - - [06/Mar/2026:12:44:23 +1000] "GET / HTTP/1.1" 500 1077612 "-" "Mozilla/5.0 (Macintosh; Intel Mac OS X 10_15_7) AppleWebKit/537.36 (KHTML, like Gecko) Chrome/121.0.0.0 Safari/537.36"
65.108.120.157 - - [06/Mar/2026:12:51:06 +1000] "GET / HTTP/1.1" 500 1077608 "-" "Mozilla/5.0 (Macintosh; Intel Mac OS X 10_15_7) AppleWebKit/537.36 (KHTML, like Gecko) Chrome/121.0.0.0 Safari/537.36"
65.108.120.157 - - [06/Mar/2026:13:09:30 +1000] "GET / HTTP/1.1" 500 1077604 "-" "Mozilla/5.0 (Macintosh; Intel Mac OS X 10_15_7) AppleWebKit/537.36 (KHTML, like Gecko) Chrome/121.0.0.0 Safari/537.36"
118.127.40.73 - - [06/Mar/2026:13:12:33 +1000] "GET / HTTP/1.1" 200 4230 "-" "Python/3.11 aiohttp/3.9.2"
65.108.120.157 - - [06/Mar/2026:13:16:04 +1000] "GET / HTTP/1.1" 500 1077608 "-" "Mozilla/5.0 (Macintosh; Intel Mac OS X 10_15_7) AppleWebKit/537.36 (KHTML, like Gecko) Chrome/121.0.0.0 Safari/537.36"
65.108.120.157 - - [06/Mar/2026:13:34:25 +1000] "GET / HTTP/1.1" 500 1077606 "-" "Mozilla/5.0 (Macintosh; Intel Mac OS X 10_15_7) AppleWebKit/537.36 (KHTML, like Gecko) Chrome/121.0.0.0 Safari/537.36"
65.108.120.157 - - [06/Mar/2026:13:41:04 +1000] "GET / HTTP/1.1" 500 1077608 "-" "Mozilla/5.0 (Macintosh; Intel Mac OS X 10_15_7) AppleWebKit/537.36 (KHTML, like Gecko) Chrome/121.0.0.0 Safari/537.36"
118.127.40.73 - - [06/Mar/2026:13:42:35 +1000] "GET / HTTP/1.1" 200 4230 "-" "Python/3.11 aiohttp/3.9.2"
65.108.120.157 - - [06/Mar/2026:13:59:25 +1000] "GET / HTTP/1.1" 500 1077610 "-" "Mozilla/5.0 (Macintosh; Intel Mac OS X 10_15_7) AppleWebKit/537.36 (KHTML, like Gecko) Chrome/121.0.0.0 Safari/537.36"
65.108.120.157 - - [06/Mar/2026:14:06:07 +1000] "GET / HTTP/1.1" 500 1077606 "-" "Mozilla/5.0 (Macintosh; Intel Mac OS X 10_15_7) AppleWebKit/537.36 (KHTML, like Gecko) Chrome/121.0.0.0 Safari/537.36"
204.76.203.25 - - [06/Mar/2026:14:08:08 +1000] "GET /.env HTTP/1.1" 404 6603 "-" "Mozilla/5.0 (Windows NT 10.0; Win64; x64) AppleWebKit/537.36 (KHTML, like Gecko) Chrome/134.0.0.0 Safari/537.3"
118.127.40.73 - - [06/Mar/2026:14:12:33 +1000] "GET / HTTP/1.1" 200 4230 "-" "Python/3.11 aiohttp/3.9.2"
65.108.120.157 - - [06/Mar/2026:14:24:24 +1000] "GET / HTTP/1.1" 500 1077606 "-" "Mozilla/5.0 (Macintosh; Intel Mac OS X 10_15_7) AppleWebKit/537.36 (KHTML, like Gecko) Chrome/121.0.0.0 Safari/537.36"
65.108.120.157 - - [06/Mar/2026:14:31:37 +1000] "GET / HTTP/1.1" 500 1077610 "-" "Mozilla/5.0 (Macintosh; Intel Mac OS X 10_15_7) AppleWebKit/537.36 (KHTML, like Gecko) Chrome/121.0.0.0 Safari/537.36"
65.108.120.157 - - [06/Mar/2026:14:36:02 +1000] "GET / HTTP/1.1" 500 1077612 "-" "Mozilla/5.0 (Macintosh; Intel Mac OS X 10_15_7) AppleWebKit/537.36 (KHTML, like Gecko) Chrome/121.0.0.0 Safari/537.36"
65.108.120.157 - - [06/Mar/2026:14:39:17 +1000] "GET / HTTP/1.1" 500 1077608 "-" "Mozilla/5.0 (Macintosh; Intel Mac OS X 10_15_7) AppleWebKit/537.36 (KHTML, like Gecko) Chrome/121.0.0.0 Safari/537.36"
118.127.40.73 - - [06/Mar/2026:14:42:34 +1000] "GET / HTTP/1.1" 200 4230 "-" "Python/3.11 aiohttp/3.9.2"
65.108.120.157 - - [06/Mar/2026:14:57:47 +1000] "GET / HTTP/1.1" 500 1077610 "-" "Mozilla/5.0 (Macintosh; Intel Mac OS X 10_15_7) AppleWebKit/537.36 (KHTML, like Gecko) Chrome/121.0.0.0 Safari/537.36"
65.108.120.157 - - [06/Mar/2026:15:04:25 +1000] "GET / HTTP/1.1" 500 1077512 "-" "Mozilla/5.0 (Macintosh; Intel Mac OS X 10_15_7) AppleWebKit/537.36 (KHTML, like Gecko) Chrome/121.0.0.0 Safari/537.36"
118.127.40.73 - - [06/Mar/2026:15:12:35 +1000] "GET / HTTP/1.1" 200 4230 "-" "Python/3.11 aiohttp/3.9.2"
65.108.120.157 - - [06/Mar/2026:15:22:45 +1000] "GET / HTTP/1.1" 500 1077612 "-" "Mozilla/5.0 (Macintosh; Intel Mac OS X 10_15_7) AppleWebKit/537.36 (KHTML, like Gecko) Chrome/121.0.0.0 Safari/537.36"
65.108.120.157 - - [06/Mar/2026:15:29:25 +1000] "GET / HTTP/1.1" 500 1077606 "-" "Mozilla/5.0 (Macintosh; Intel Mac OS X 10_15_7) AppleWebKit/537.36 (KHTML, like Gecko) Chrome/121.0.0.0 Safari/537.36"
118.127.40.73 - - [06/Mar/2026:15:42:35 +1000] "GET / HTTP/1.1" 200 4230 "-" "Python/3.11 aiohttp/3.9.2"
65.108.120.157 - - [06/Mar/2026:15:47:47 +1000] "GET / HTTP/1.1" 500 1077612 "-" "Mozilla/5.0 (Macintosh; Intel Mac OS X 10_15_7) AppleWebKit/537.36 (KHTML, like Gecko) Chrome/121.0.0.0 Safari/537.36"
18.217.186.74 - - [06/Mar/2026:15:53:04 +1000] "GET / HTTP/1.1" 200 4230 "-" "python-requests/2.32.5"
65.108.120.157 - - [06/Mar/2026:15:54:24 +1000] "GET / HTTP/1.1" 500 1077612 "-" "Mozilla/5.0 (Macintosh; Intel Mac OS X 10_15_7) AppleWebKit/537.36 (KHTML, like Gecko) Chrome/121.0.0.0 Safari/537.36"
118.127.40.73 - - [06/Mar/2026:16:12:34 +1000] "GET / HTTP/1.1" 200 4230 "-" "Python/3.11 aiohttp/3.9.2"
65.108.120.157 - - [06/Mar/2026:16:12:45 +1000] "GET / HTTP/1.1" 500 1077610 "-" "Mozilla/5.0 (Macintosh; Intel Mac OS X 10_15_7) AppleWebKit/537.36 (KHTML, like Gecko) Chrome/121.0.0.0 Safari/537.36"
65.108.120.157 - - [06/Mar/2026:16:19:21 +1000] "GET / HTTP/1.1" 500 1077606 "-" "Mozilla/5.0 (Macintosh; Intel Mac OS X 10_15_7) AppleWebKit/537.36 (KHTML, like Gecko) Chrome/121.0.0.0 Safari/537.36"
65.108.120.157 - - [06/Mar/2026:16:37:46 +1000] "GET / HTTP/1.1" 500 1077610 "-" "Mozilla/5.0 (Macintosh; Intel Mac OS X 10_15_7) AppleWebKit/537.36 (KHTML, like Gecko) Chrome/121.0.0.0 Safari/537.36"
118.127.40.73 - - [06/Mar/2026:16:42:34 +1000] "GET / HTTP/1.1" 200 4230 "-" "Python/3.11 aiohttp/3.9.2"
65.108.120.157 - - [06/Mar/2026:16:44:24 +1000] "GET / HTTP/1.1" 500 1077610 "-" "Mozilla/5.0 (Macintosh; Intel Mac OS X 10_15_7) AppleWebKit/537.36 (KHTML, like Gecko) Chrome/121.0.0.0 Safari/537.36"
65.108.120.157 - - [06/Mar/2026:17:02:43 +1000] "GET / HTTP/1.1" 500 1077612 "-" "Mozilla/5.0 (Macintosh; Intel Mac OS X 10_15_7) AppleWebKit/537.36 (KHTML, like Gecko) Chrome/121.0.0.0 Safari/537.36"
65.108.120.157 - - [06/Mar/2026:17:09:22 +1000] "GET / HTTP/1.1" 500 1077612 "-" "Mozilla/5.0 (Macintosh; Intel Mac OS X 10_15_7) AppleWebKit/537.36 (KHTML, like Gecko) Chrome/121.0.0.0 Safari/537.36"
118.127.40.73 - - [06/Mar/2026:17:12:34 +1000] "GET / HTTP/1.1" 200 4230 "-" "Python/3.11 aiohttp/3.9.2"
65.108.120.157 - - [06/Mar/2026:17:27:45 +1000] "GET / HTTP/1.1" 500 1077608 "-" "Mozilla/5.0 (Macintosh; Intel Mac OS X 10_15_7) AppleWebKit/537.36 (KHTML, like Gecko) Chrome/121.0.0.0 Safari/537.36"
65.108.120.157 - - [06/Mar/2026:17:34:30 +1000] "GET / HTTP/1.1" 500 1077608 "-" "Mozilla/5.0 (Macintosh; Intel Mac OS X 10_15_7) AppleWebKit/537.36 (KHTML, like Gecko) Chrome/121.0.0.0 Safari/537.36"
118.127.40.73 - - [06/Mar/2026:17:42:35 +1000] "GET / HTTP/1.1" 200 4230 "-" "Python/3.11 aiohttp/3.9.2"
65.108.120.157 - - [06/Mar/2026:17:52:49 +1000] "GET / HTTP/1.1" 500 1077598 "-" "Mozilla/5.0 (Macintosh; Intel Mac OS X 10_15_7) AppleWebKit/537.36 (KHTML, like Gecko) Chrome/121.0.0.0 Safari/537.36"
65.108.120.157 - - [06/Mar/2026:17:59:26 +1000] "GET / HTTP/1.1" 500 1077612 "-" "Mozilla/5.0 (Macintosh; Intel Mac OS X 10_15_7) AppleWebKit/537.36 (KHTML, like Gecko) Chrome/121.0.0.0 Safari/537.36"
118.127.40.73 - - [06/Mar/2026:18:12:35 +1000] "GET / HTTP/1.1" 200 4230 "-" "Python/3.11 aiohttp/3.9.2"
65.108.120.157 - - [06/Mar/2026:18:17:57 +1000] "GET / HTTP/1.1" 500 1077606 "-" "Mozilla/5.0 (Macintosh; Intel Mac OS X 10_15_7) AppleWebKit/537.36 (KHTML, like Gecko) Chrome/121.0.0.0 Safari/537.36"
65.108.120.157 - - [06/Mar/2026:18:24:29 +1000] "GET / HTTP/1.1" 500 1077602 "-" "Mozilla/5.0 (Macintosh; Intel Mac OS X 10_15_7) AppleWebKit/537.36 (KHTML, like Gecko) Chrome/121.0.0.0 Safari/537.36"
118.127.40.73 - - [06/Mar/2026:18:42:36 +1000] "GET / HTTP/1.1" 200 4230 "-" "Python/3.11 aiohttp/3.9.2"
65.108.120.157 - - [06/Mar/2026:18:42:57 +1000] "GET / HTTP/1.1" 500 1077610 "-" "Mozilla/5.0 (Macintosh; Intel Mac OS X 10_15_7) AppleWebKit/537.36 (KHTML, like Gecko) Chrome/121.0.0.0 Safari/537.36"
65.108.120.157 - - [06/Mar/2026:18:48:22 +1000] "GET / HTTP/1.1" 500 1077602 "-" "Mozilla/5.0 (Macintosh; Intel Mac OS X 10_15_7) AppleWebKit/537.36 (KHTML, like Gecko) Chrome/121.0.0.0 Safari/537.36"
65.108.120.157 - - [06/Mar/2026:18:52:45 +1000] "GET / HTTP/1.1" 500 1077608 "-" "Mozilla/5.0 (Macintosh; Intel Mac OS X 10_15_7) AppleWebKit/537.36 (KHTML, like Gecko) Chrome/121.0.0.0 Safari/537.36"
65.108.120.157 - - [06/Mar/2026:18:57:44 +1000] "GET / HTTP/1.1" 500 1077608 "-" "Mozilla/5.0 (Macintosh; Intel Mac OS X 10_15_7) AppleWebKit/537.36 (KHTML, like Gecko) Chrome/121.0.0.0 Safari/537.36"
118.127.40.73 - - [06/Mar/2026:19:12:34 +1000] "GET / HTTP/1.1" 200 4230 "-" "Python/3.11 aiohttp/3.9.2"
54.87.41.152 - - [06/Mar/2026:19:14:30 +1000] "GET / HTTP/1.1" 200 4230 "-" "Mozilla/5.0 (Windows NT 10.0; Win64; x64) AppleWebKit/537.36"
65.108.120.157 - - [06/Mar/2026:19:16:11 +1000] "GET / HTTP/1.1" 500 1077612 "-" "Mozilla/5.0 (Macintosh; Intel Mac OS X 10_15_7) AppleWebKit/537.36 (KHTML, like Gecko) Chrome/121.0.0.0 Safari/537.36"
65.108.120.157 - - [06/Mar/2026:19:22:58 +1000] "GET / HTTP/1.1" 500 1077608 "-" "Mozilla/5.0 (Macintosh; Intel Mac OS X 10_15_7) AppleWebKit/537.36 (KHTML, like Gecko) Chrome/121.0.0.0 Safari/537.36"
65.108.120.157 - - [06/Mar/2026:19:41:09 +1000] "GET / HTTP/1.1" 500 1077606 "-" "Mozilla/5.0 (Macintosh; Intel Mac OS X 10_15_7) AppleWebKit/537.36 (KHTML, like Gecko) Chrome/121.0.0.0 Safari/537.36"
118.127.40.73 - - [06/Mar/2026:19:42:35 +1000] "GET / HTTP/1.1" 200 4230 "-" "Python/3.11 aiohttp/3.9.2"
65.108.120.157 - - [06/Mar/2026:19:47:46 +1000] "GET / HTTP/1.1" 500 1077604 "-" "Mozilla/5.0 (Macintosh; Intel Mac OS X 10_15_7) AppleWebKit/537.36 (KHTML, like Gecko) Chrome/121.0.0.0 Safari/537.36"
65.108.120.157 - - [06/Mar/2026:20:06:09 +1000] "GET / HTTP/1.1" 500 1077610 "-" "Mozilla/5.0 (Macintosh; Intel Mac OS X 10_15_7) AppleWebKit/537.36 (KHTML, like Gecko) Chrome/121.0.0.0 Safari/537.36"
118.127.40.73 - - [06/Mar/2026:20:12:35 +1000] "GET / HTTP/1.1" 200 4230 "-" "Python/3.11 aiohttp/3.9.2"
65.108.120.157 - - [06/Mar/2026:20:12:44 +1000] "GET / HTTP/1.1" 500 1077614 "-" "Mozilla/5.0 (Macintosh; Intel Mac OS X 10_15_7) AppleWebKit/537.36 (KHTML, like Gecko) Chrome/121.0.0.0 Safari/537.36"
65.108.120.157 - - [06/Mar/2026:20:31:09 +1000] "GET / HTTP/1.1" 500 1077610 "-" "Mozilla/5.0 (Macintosh; Intel Mac OS X 10_15_7) AppleWebKit/537.36 (KHTML, like Gecko) Chrome/121.0.0.0 Safari/537.36"
3.142.122.28 - - [06/Mar/2026:20:36:51 +1000] "GET / HTTP/1.1" 200 4230 "-" "python-requests/2.32.5"
65.108.120.157 - - [06/Mar/2026:20:37:47 +1000] "GET / HTTP/1.1" 500 1077614 "-" "Mozilla/5.0 (Macintosh; Intel Mac OS X 10_15_7) AppleWebKit/537.36 (KHTML, like Gecko) Chrome/121.0.0.0 Safari/537.36"
118.127.40.73 - - [06/Mar/2026:20:42:36 +1000] "GET / HTTP/1.1" 200 4230 "-" "Python/3.11 aiohttp/3.9.2"
65.108.120.157 - - [06/Mar/2026:20:56:10 +1000] "GET / HTTP/1.1" 500 1077610 "-" "Mozilla/5.0 (Macintosh; Intel Mac OS X 10_15_7) AppleWebKit/537.36 (KHTML, like Gecko) Chrome/121.0.0.0 Safari/537.36"
65.108.120.157 - - [06/Mar/2026:21:02:46 +1000] "GET / HTTP/1.1" 500 1077612 "-" "Mozilla/5.0 (Macintosh; Intel Mac OS X 10_15_7) AppleWebKit/537.36 (KHTML, like Gecko) Chrome/121.0.0.0 Safari/537.36"
118.127.40.73 - - [06/Mar/2026:21:12:36 +1000] "GET / HTTP/1.1" 200 4230 "-" "Python/3.11 aiohttp/3.9.2"
65.108.120.157 - - [06/Mar/2026:21:21:12 +1000] "GET / HTTP/1.1" 500 1077608 "-" "Mozilla/5.0 (Macintosh; Intel Mac OS X 10_15_7) AppleWebKit/537.36 (KHTML, like Gecko) Chrome/121.0.0.0 Safari/537.36"
3.142.122.28 - - [06/Mar/2026:21:22:09 +1000] "GET /admin/login HTTP/1.1" 200 43223 "-" "python-requests/2.32.5"
65.108.120.157 - - [06/Mar/2026:21:27:46 +1000] "GET / HTTP/1.1" 500 1077610 "-" "Mozilla/5.0 (Macintosh; Intel Mac OS X 10_15_7) AppleWebKit/537.36 (KHTML, like Gecko) Chrome/121.0.0.0 Safari/537.36"
118.127.40.73 - - [06/Mar/2026:21:42:36 +1000] "GET / HTTP/1.1" 200 4230 "-" "Python/3.11 aiohttp/3.9.2"
65.108.120.157 - - [06/Mar/2026:21:46:10 +1000] "GET / HTTP/1.1" 500 1077604 "-" "Mozilla/5.0 (Macintosh; Intel Mac OS X 10_15_7) AppleWebKit/537.36 (KHTML, like Gecko) Chrome/121.0.0.0 Safari/537.36"
65.108.120.157 - - [06/Mar/2026:21:52:45 +1000] "GET / HTTP/1.1" 500 1077610 "-" "Mozilla/5.0 (Macintosh; Intel Mac OS X 10_15_7) AppleWebKit/537.36 (KHTML, like Gecko) Chrome/121.0.0.0 Safari/537.36"
68.183.177.58 - - [06/Mar/2026:22:08:15 +1000] "GET / HTTP/1.1" 500 1076960 "-" "python-requests/2.31.0"
65.108.120.157 - - [06/Mar/2026:22:11:06 +1000] "GET / HTTP/1.1" 500 1077608 "-" "Mozilla/5.0 (Macintosh; Intel Mac OS X 10_15_7) AppleWebKit/537.36 (KHTML, like Gecko) Chrome/121.0.0.0 Safari/537.36"
118.127.40.73 - - [06/Mar/2026:22:12:36 +1000] "GET / HTTP/1.1" 200 4230 "-" "Python/3.11 aiohttp/3.9.2"
65.108.120.157 - - [06/Mar/2026:22:17:48 +1000] "GET / HTTP/1.1" 500 1077606 "-" "Mozilla/5.0 (Macintosh; Intel Mac OS X 10_15_7) AppleWebKit/537.36 (KHTML, like Gecko) Chrome/121.0.0.0 Safari/537.36"
65.108.120.157 - - [06/Mar/2026:22:36:10 +1000] "GET / HTTP/1.1" 500 1077614 "-" "Mozilla/5.0 (Macintosh; Intel Mac OS X 10_15_7) AppleWebKit/537.36 (KHTML, like Gecko) Chrome/121.0.0.0 Safari/537.36"
118.127.40.73 - - [06/Mar/2026:22:42:37 +1000] "GET / HTTP/1.1" 200 4230 "-" "Python/3.11 aiohttp/3.9.2"
65.108.120.157 - - [06/Mar/2026:22:42:47 +1000] "GET / HTTP/1.1" 500 1077512 "-" "Mozilla/5.0 (Macintosh; Intel Mac OS X 10_15_7) AppleWebKit/537.36 (KHTML, like Gecko) Chrome/121.0.0.0 Safari/537.36"
65.108.120.157 - - [06/Mar/2026:23:01:10 +1000] "GET / HTTP/1.1" 500 1077610 "-" "Mozilla/5.0 (Macintosh; Intel Mac OS X 10_15_7) AppleWebKit/537.36 (KHTML, like Gecko) Chrome/121.0.0.0 Safari/537.36"
65.108.120.157 - - [06/Mar/2026:23:05:02 +1000] "GET / HTTP/1.1" 500 1077606 "-" "Mozilla/5.0 (Macintosh; Intel Mac OS X 10_15_7) AppleWebKit/537.36 (KHTML, like Gecko) Chrome/121.0.0.0 Safari/537.36"
65.108.120.157 - - [06/Mar/2026:23:09:24 +1000] "GET / HTTP/1.1" 500 1077606 "-" "Mozilla/5.0 (Macintosh; Intel Mac OS X 10_15_7) AppleWebKit/537.36 (KHTML, like Gecko) Chrome/121.0.0.0 Safari/537.36"
118.127.40.73 - - [06/Mar/2026:23:12:36 +1000] "GET / HTTP/1.1" 200 4230 "-" "Python/3.11 aiohttp/3.9.2"
65.108.120.157 - - [06/Mar/2026:23:16:12 +1000] "GET / HTTP/1.1" 500 1077600 "-" "Mozilla/5.0 (Macintosh; Intel Mac OS X 10_15_7) AppleWebKit/537.36 (KHTML, like Gecko) Chrome/121.0.0.0 Safari/537.36"
65.108.120.157 - - [06/Mar/2026:23:34:26 +1000] "GET / HTTP/1.1" 500 1077612 "-" "Mozilla/5.0 (Macintosh; Intel Mac OS X 10_15_7) AppleWebKit/537.36 (KHTML, like Gecko) Chrome/121.0.0.0 Safari/537.36"
65.108.120.157 - - [06/Mar/2026:23:41:10 +1000] "GET / HTTP/1.1" 500 1077606 "-" "Mozilla/5.0 (Macintosh; Intel Mac OS X 10_15_7) AppleWebKit/537.36 (KHTML, like Gecko) Chrome/121.0.0.0 Safari/537.36"
118.127.40.73 - - [06/Mar/2026:23:42:43 +1000] "GET / HTTP/1.1" 200 4230 "-" "Python/3.11 aiohttp/3.9.2"
65.108.120.157 - - [06/Mar/2026:23:59:26 +1000] "GET / HTTP/1.1" 500 1077604 "-" "Mozilla/5.0 (Macintosh; Intel Mac OS X 10_15_7) AppleWebKit/537.36 (KHTML, like Gecko) Chrome/121.0.0.0 Safari/537.36"
65.108.120.157 - - [07/Mar/2026:00:06:13 +1000] "GET / HTTP/1.1" 500 1077610 "-" "Mozilla/5.0 (Macintosh; Intel Mac OS X 10_15_7) AppleWebKit/537.36 (KHTML, like Gecko) Chrome/121.0.0.0 Safari/537.36"
118.127.40.73 - - [07/Mar/2026:00:12:42 +1000] "GET / HTTP/1.1" 200 4230 "-" "Python/3.11 aiohttp/3.9.2"
65.108.120.157 - - [07/Mar/2026:00:24:29 +1000] "GET / HTTP/1.1" 500 1077602 "-" "Mozilla/5.0 (Macintosh; Intel Mac OS X 10_15_7) AppleWebKit/537.36 (KHTML, like Gecko) Chrome/121.0.0.0 Safari/537.36"
118.127.40.73 - - [07/Mar/2026:00:42:38 +1000] "GET / HTTP/1.1" 200 4230 "-" "Python/3.11 aiohttp/3.9.2"
118.127.40.73 - - [07/Mar/2026:01:22:43 +1000] "GET / HTTP/1.1" 200 4230 "-" "Python/3.11 aiohttp/3.9.2"
118.127.40.73 - - [07/Mar/2026:01:52:41 +1000] "GET / HTTP/1.1" 200 4230 "-" "Python/3.11 aiohttp/3.9.2"
74.7.244.53 - - [07/Mar/2026:01:57:32 +1000] "GET /robots.txt HTTP/1.1" 200 24 "-" "Mozilla/5.0 (Macintosh; Intel Mac OS X 10_15_7) AppleWebKit/537.36 (KHTML, like Gecko) Chrome/131.0.0.0 Safari/537.36; compatible; OAI-SearchBot/1.3; robots.txt; +https://openai.com/searchbot"
74.7.227.8 - - [07/Mar/2026:01:57:32 +1000] "GET / HTTP/1.1" 500 155632 "-" "Mozilla/5.0 AppleWebKit/537.36 (KHTML, like Gecko; compatible; GPTBot/1.3; +https://openai.com/gptbot)"
118.127.40.73 - - [07/Mar/2026:02:22:45 +1000] "GET / HTTP/1.1" 200 4230 "-" "Python/3.11 aiohttp/3.9.2"
118.127.40.73 - - [07/Mar/2026:02:52:52 +1000] "GET / HTTP/1.1" 200 4230 "-" "Python/3.11 aiohttp/3.9.2"
118.127.40.73 - - [07/Mar/2026:03:22:42 +1000] "GET / HTTP/1.1" 200 4230 "-" "Python/3.11 aiohttp/3.9.2"
118.127.40.73 - - [07/Mar/2026:03:52:42 +1000] "GET / HTTP/1.1" 200 4230 "-" "Python/3.11 aiohttp/3.9.2"
