118.127.40.73 - - [07/Mar/2026:12:52:43 +1000] "GET / HTTP/1.1" 200 4160 "-" "Python/3.11 aiohttp/3.9.2"
205.210.31.27 - - [07/Mar/2026:12:56:12 +1000] "GET / HTTP/1.1" 500 1076564 "-" "Hello from Palo Alto Networks, find out more about our scans in https://docs-cortex.paloaltonetworks.com/r/1/Cortex-Xpanse/Scanning-activity"
118.127.40.73 - - [07/Mar/2026:13:22:43 +1000] "GET / HTTP/1.1" 200 4160 "-" "Python/3.11 aiohttp/3.9.2"
118.127.40.73 - - [07/Mar/2026:13:52:43 +1000] "GET / HTTP/1.1" 200 4160 "-" "Python/3.11 aiohttp/3.9.2"
118.127.40.73 - - [07/Mar/2026:14:22:42 +1000] "GET / HTTP/1.1" 200 4160 "-" "Python/3.11 aiohttp/3.9.2"
118.127.40.73 - - [07/Mar/2026:14:52:44 +1000] "GET / HTTP/1.1" 200 4160 "-" "Python/3.11 aiohttp/3.9.2"
118.127.40.73 - - [07/Mar/2026:15:22:43 +1000] "GET / HTTP/1.1" 200 4160 "-" "Python/3.11 aiohttp/3.9.2"
118.127.40.73 - - [07/Mar/2026:15:52:44 +1000] "GET / HTTP/1.1" 200 4160 "-" "Python/3.11 aiohttp/3.9.2"
118.127.40.73 - - [07/Mar/2026:16:22:43 +1000] "GET / HTTP/1.1" 200 4160 "-" "Python/3.11 aiohttp/3.9.2"
118.127.40.73 - - [07/Mar/2026:16:52:44 +1000] "GET / HTTP/1.1" 200 4160 "-" "Python/3.11 aiohttp/3.9.2"
118.127.40.73 - - [07/Mar/2026:17:22:44 +1000] "GET / HTTP/1.1" 200 4160 "-" "Python/3.11 aiohttp/3.9.2"
118.127.40.73 - - [07/Mar/2026:17:52:45 +1000] "GET / HTTP/1.1" 200 4160 "-" "Python/3.11 aiohttp/3.9.2"
118.127.40.73 - - [07/Mar/2026:18:22:44 +1000] "GET / HTTP/1.1" 200 4160 "-" "Python/3.11 aiohttp/3.9.2"
54.211.48.27 - - [07/Mar/2026:18:46:47 +1000] "GET / HTTP/1.1" 200 4160 "-" "python-requests/2.32.4"
118.127.40.73 - - [07/Mar/2026:18:52:46 +1000] "GET / HTTP/1.1" 200 4160 "-" "Python/3.11 aiohttp/3.9.2"
185.247.137.43 - - [07/Mar/2026:19:07:52 +1000] "GET / HTTP/1.1" 500 1076460 "-" "Mozilla/5.0 (compatible; InternetMeasurement/1.0; +https://internet-measurement.com/)"
118.127.40.73 - - [07/Mar/2026:19:22:45 +1000] "GET / HTTP/1.1" 200 4160 "-" "Python/3.11 aiohttp/3.9.2"
118.127.40.73 - - [07/Mar/2026:19:52:46 +1000] "GET / HTTP/1.1" 200 4160 "-" "Python/3.11 aiohttp/3.9.2"
118.127.40.73 - - [07/Mar/2026:20:22:45 +1000] "GET / HTTP/1.1" 200 4160 "-" "Python/3.11 aiohttp/3.9.2"
118.127.40.73 - - [07/Mar/2026:20:52:46 +1000] "GET / HTTP/1.1" 200 4160 "-" "Python/3.11 aiohttp/3.9.2"
118.127.40.73 - - [07/Mar/2026:21:22:46 +1000] "GET / HTTP/1.1" 200 4160 "-" "Python/3.11 aiohttp/3.9.2"
118.127.40.73 - - [07/Mar/2026:21:52:45 +1000] "GET / HTTP/1.1" 200 4160 "-" "Python/3.11 aiohttp/3.9.2"
118.127.40.73 - - [07/Mar/2026:22:22:47 +1000] "GET / HTTP/1.1" 200 4160 "-" "Python/3.11 aiohttp/3.9.2"
118.127.40.73 - - [07/Mar/2026:22:52:46 +1000] "GET / HTTP/1.1" 200 4160 "-" "Python/3.11 aiohttp/3.9.2"
118.127.40.73 - - [07/Mar/2026:23:22:47 +1000] "GET / HTTP/1.1" 200 4160 "-" "Python/3.11 aiohttp/3.9.2"
165.245.134.45 - - [07/Mar/2026:23:51:16 +1000] "GET /wp-login.php HTTP/1.1" 404 6603 "" "Mozilla/5.0 (Windows NT 10.0; Win64; x64) AppleWebKit/537.36 (KHTML, like Gecko) Chrome/121.0.0.0 Safari/537.36"
165.245.134.45 - - [07/Mar/2026:23:51:17 +1000] "GET /wp-admin/ HTTP/1.1" 301 290 "https://wordpress.org/" "Mozilla/5.0 (X11; Ubuntu; Linux x86_64) AppleWebKit/537.36 (KHTML, like Gecko) Chrome/121.0.0.0 Safari/537.36"
165.245.134.45 - - [07/Mar/2026:23:51:17 +1000] "GET /wp-admin HTTP/1.1" 404 6603 "https://wordpress.org/" "Mozilla/5.0 (X11; Ubuntu; Linux x86_64) AppleWebKit/537.36 (KHTML, like Gecko) Chrome/121.0.0.0 Safari/537.36"
165.245.134.45 - - [07/Mar/2026:23:51:18 +1000] "GET /wp-login.php HTTP/1.1" 404 6603 "https://www.google.com/" "Mozilla/5.0 (Macintosh; Intel Mac OS X 13_6_1; rv:121.0) Gecko/20100101 Firefox/121.0"
165.245.134.45 - - [07/Mar/2026:23:51:19 +1000] "GET /wp-admin/ HTTP/1.1" 301 294 "https://www.bing.com/" "Mozilla/5.0 (X11; Linux x86_64) AppleWebKit/537.36 (KHTML, like Gecko) Chrome/120.0.0.0 Safari/537.36"
165.245.134.45 - - [07/Mar/2026:23:51:19 +1000] "GET /wp-admin HTTP/1.1" 404 6603 "https://www.bing.com/" "Mozilla/5.0 (X11; Linux x86_64) AppleWebKit/537.36 (KHTML, like Gecko) Chrome/120.0.0.0 Safari/537.36"
118.127.40.73 - - [07/Mar/2026:23:52:47 +1000] "GET / HTTP/1.1" 200 4160 "-" "Python/3.11 aiohttp/3.9.2"
118.127.40.73 - - [08/Mar/2026:00:22:46 +1000] "GET / HTTP/1.1" 200 4160 "-" "Python/3.11 aiohttp/3.9.2"
147.135.213.130 - - [08/Mar/2026:00:51:16 +1000] "GET /robots.txt HTTP/1.1" 200 24 "-" "Mozilla/5.0 (compatible; MJ12bot/v1.4.8; http://mj12bot.com/)"
147.135.213.130 - - [08/Mar/2026:00:51:18 +1000] "GET / HTTP/1.1" 500 1076780 "-" "Mozilla/5.0 (compatible; MJ12bot/v1.4.8; http://mj12bot.com/)"
118.127.40.73 - - [08/Mar/2026:00:52:48 +1000] "GET / HTTP/1.1" 200 4160 "-" "Python/3.11 aiohttp/3.9.2"
118.127.40.73 - - [08/Mar/2026:01:22:50 +1000] "GET / HTTP/1.1" 200 4160 "-" "Python/3.11 aiohttp/3.9.2"
118.127.40.73 - - [08/Mar/2026:01:52:47 +1000] "GET / HTTP/1.1" 200 4160 "-" "Python/3.11 aiohttp/3.9.2"
118.127.40.73 - - [08/Mar/2026:02:22:51 +1000] "GET / HTTP/1.1" 200 4160 "-" "Python/3.11 aiohttp/3.9.2"
118.127.40.73 - - [08/Mar/2026:02:52:50 +1000] "GET / HTTP/1.1" 200 4160 "-" "Python/3.11 aiohttp/3.9.2"
118.127.40.73 - - [08/Mar/2026:03:22:48 +1000] "GET / HTTP/1.1" 200 4160 "-" "Python/3.11 aiohttp/3.9.2"
118.127.40.73 - - [08/Mar/2026:03:52:50 +1000] "GET / HTTP/1.1" 200 4160 "-" "Python/3.11 aiohttp/3.9.2"
118.127.40.73 - - [08/Mar/2026:04:22:48 +1000] "GET / HTTP/1.1" 200 4160 "-" "Python/3.11 aiohttp/3.9.2"
118.127.40.73 - - [08/Mar/2026:04:52:49 +1000] "GET / HTTP/1.1" 200 4160 "-" "Python/3.11 aiohttp/3.9.2"
118.127.40.73 - - [08/Mar/2026:05:22:49 +1000] "GET / HTTP/1.1" 200 4160 "-" "Python/3.11 aiohttp/3.9.2"
118.127.40.73 - - [08/Mar/2026:05:52:49 +1000] "GET / HTTP/1.1" 200 4160 "-" "Python/3.11 aiohttp/3.9.2"
118.127.40.73 - - [08/Mar/2026:06:22:49 +1000] "GET / HTTP/1.1" 200 4160 "-" "Python/3.11 aiohttp/3.9.2"
118.127.40.73 - - [08/Mar/2026:06:52:49 +1000] "GET / HTTP/1.1" 200 4160 "-" "Python/3.11 aiohttp/3.9.2"
118.127.40.73 - - [08/Mar/2026:07:22:49 +1000] "GET / HTTP/1.1" 200 4160 "-" "Python/3.11 aiohttp/3.9.2"
118.127.40.73 - - [08/Mar/2026:07:52:50 +1000] "GET / HTTP/1.1" 200 4160 "-" "Python/3.11 aiohttp/3.9.2"
118.127.40.73 - - [08/Mar/2026:08:22:51 +1000] "GET / HTTP/1.1" 200 4160 "-" "Python/3.11 aiohttp/3.9.2"
118.127.40.73 - - [08/Mar/2026:08:52:52 +1000] "GET / HTTP/1.1" 200 4160 "-" "Python/3.11 aiohttp/3.9.2"
118.127.40.73 - - [08/Mar/2026:09:22:51 +1000] "GET / HTTP/1.1" 200 4160 "-" "Python/3.11 aiohttp/3.9.2"
118.127.40.73 - - [08/Mar/2026:09:52:51 +1000] "GET / HTTP/1.1" 200 4160 "-" "Python/3.11 aiohttp/3.9.2"
118.127.40.73 - - [08/Mar/2026:10:22:50 +1000] "GET / HTTP/1.1" 200 4160 "-" "Python/3.11 aiohttp/3.9.2"
118.127.40.73 - - [08/Mar/2026:10:52:51 +1000] "GET / HTTP/1.1" 200 4160 "-" "Python/3.11 aiohttp/3.9.2"
118.127.40.73 - - [08/Mar/2026:11:22:52 +1000] "GET / HTTP/1.1" 200 4160 "-" "Python/3.11 aiohttp/3.9.2"
118.127.40.73 - - [08/Mar/2026:11:52:52 +1000] "GET / HTTP/1.1" 200 4160 "-" "Python/3.11 aiohttp/3.9.2"
118.127.40.73 - - [08/Mar/2026:12:22:50 +1000] "GET / HTTP/1.1" 200 4160 "-" "Python/3.11 aiohttp/3.9.2"
118.127.40.73 - - [08/Mar/2026:12:52:52 +1000] "GET / HTTP/1.1" 200 4160 "-" "Python/3.11 aiohttp/3.9.2"
118.127.40.73 - - [08/Mar/2026:13:22:53 +1000] "GET / HTTP/1.1" 200 4160 "-" "Python/3.11 aiohttp/3.9.2"
118.127.40.73 - - [08/Mar/2026:13:52:53 +1000] "GET / HTTP/1.1" 200 4160 "-" "Python/3.11 aiohttp/3.9.2"
118.127.40.73 - - [08/Mar/2026:14:22:52 +1000] "GET / HTTP/1.1" 200 4160 "-" "Python/3.11 aiohttp/3.9.2"
118.127.40.73 - - [08/Mar/2026:14:52:53 +1000] "GET / HTTP/1.1" 200 4160 "-" "Python/3.11 aiohttp/3.9.2"
118.127.40.73 - - [08/Mar/2026:15:22:53 +1000] "GET / HTTP/1.1" 200 4160 "-" "Python/3.11 aiohttp/3.9.2"
118.127.40.73 - - [08/Mar/2026:15:52:53 +1000] "GET / HTTP/1.1" 200 4160 "-" "Python/3.11 aiohttp/3.9.2"
118.127.40.73 - - [08/Mar/2026:16:22:53 +1000] "GET / HTTP/1.1" 200 4160 "-" "Python/3.11 aiohttp/3.9.2"
118.127.40.73 - - [08/Mar/2026:16:52:56 +1000] "GET / HTTP/1.1" 200 4160 "-" "Python/3.11 aiohttp/3.9.2"
52.200.211.242 - - [08/Mar/2026:16:59:01 +1000] "GET / HTTP/1.1" 500 245736 "-" "Mozilla/5.0 (Windows NT 6.1; WOW64; rv:43.0) Gecko/20100101 Firefox/43.0"
118.127.40.73 - - [08/Mar/2026:17:22:52 +1000] "GET / HTTP/1.1" 200 4160 "-" "Python/3.11 aiohttp/3.9.2"
118.127.40.73 - - [08/Mar/2026:17:52:53 +1000] "GET / HTTP/1.1" 200 4160 "-" "Python/3.11 aiohttp/3.9.2"
205.210.31.3 - - [08/Mar/2026:18:09:37 +1000] "GET / HTTP/1.1" 200 4160 "-" "Hello from Palo Alto Networks, find out more about our scans in https://docs-cortex.paloaltonetworks.com/r/1/Cortex-Xpanse/Scanning-activity"
118.127.40.73 - - [08/Mar/2026:18:22:54 +1000] "GET / HTTP/1.1" 200 4160 "-" "Python/3.11 aiohttp/3.9.2"
118.127.40.73 - - [08/Mar/2026:18:52:56 +1000] "GET / HTTP/1.1" 200 4160 "-" "Python/3.11 aiohttp/3.9.2"
118.127.40.73 - - [08/Mar/2026:19:22:54 +1000] "GET / HTTP/1.1" 200 4160 "-" "Python/3.11 aiohttp/3.9.2"
118.127.40.73 - - [08/Mar/2026:19:52:56 +1000] "GET / HTTP/1.1" 200 4160 "-" "Python/3.11 aiohttp/3.9.2"
118.127.40.73 - - [08/Mar/2026:20:22:55 +1000] "GET / HTTP/1.1" 200 4160 "-" "Python/3.11 aiohttp/3.9.2"
118.127.40.73 - - [08/Mar/2026:20:52:56 +1000] "GET / HTTP/1.1" 200 4160 "-" "Python/3.11 aiohttp/3.9.2"
118.127.40.73 - - [08/Mar/2026:21:22:55 +1000] "GET / HTTP/1.1" 200 4160 "-" "Python/3.11 aiohttp/3.9.2"
118.127.40.73 - - [08/Mar/2026:21:52:57 +1000] "GET / HTTP/1.1" 200 4160 "-" "Python/3.11 aiohttp/3.9.2"
118.127.40.73 - - [08/Mar/2026:22:22:55 +1000] "GET / HTTP/1.1" 200 4160 "-" "Python/3.11 aiohttp/3.9.2"
118.127.40.73 - - [08/Mar/2026:22:52:55 +1000] "GET / HTTP/1.1" 200 4160 "-" "Python/3.11 aiohttp/3.9.2"
118.127.40.73 - - [08/Mar/2026:23:22:57 +1000] "GET / HTTP/1.1" 200 4160 "-" "Python/3.11 aiohttp/3.9.2"
118.127.40.73 - - [08/Mar/2026:23:52:55 +1000] "GET / HTTP/1.1" 200 4160 "-" "Python/3.11 aiohttp/3.9.2"
118.127.40.73 - - [09/Mar/2026:00:22:56 +1000] "GET / HTTP/1.1" 200 4160 "-" "Python/3.11 aiohttp/3.9.2"
118.127.40.73 - - [09/Mar/2026:00:52:57 +1000] "GET / HTTP/1.1" 200 4160 "-" "Python/3.11 aiohttp/3.9.2"
118.127.40.73 - - [09/Mar/2026:01:23:02 +1000] "GET / HTTP/1.1" 200 4160 "-" "Python/3.11 aiohttp/3.9.2"
118.127.40.73 - - [09/Mar/2026:01:52:56 +1000] "GET / HTTP/1.1" 200 4160 "-" "Python/3.11 aiohttp/3.9.2"
118.127.40.73 - - [09/Mar/2026:02:22:57 +1000] "GET / HTTP/1.1" 200 4160 "-" "Python/3.11 aiohttp/3.9.2"
118.127.40.73 - - [09/Mar/2026:02:52:57 +1000] "GET / HTTP/1.1" 200 4160 "-" "Python/3.11 aiohttp/3.9.2"
118.127.40.73 - - [09/Mar/2026:03:23:04 +1000] "GET / HTTP/1.1" 200 4160 "-" "Python/3.11 aiohttp/3.9.2"
118.127.40.73 - - [09/Mar/2026:03:52:58 +1000] "GET / HTTP/1.1" 200 4160 "-" "Python/3.11 aiohttp/3.9.2"
118.127.40.73 - - [09/Mar/2026:04:23:12 +1000] "GET / HTTP/1.1" 200 4160 "-" "Python/3.11 aiohttp/3.9.2"
118.127.40.73 - - [09/Mar/2026:04:52:58 +1000] "GET / HTTP/1.1" 200 4160 "-" "Python/3.11 aiohttp/3.9.2"
118.127.40.73 - - [09/Mar/2026:05:22:58 +1000] "GET / HTTP/1.1" 200 4160 "-" "Python/3.11 aiohttp/3.9.2"
118.127.40.73 - - [09/Mar/2026:05:53:00 +1000] "GET / HTTP/1.1" 200 4160 "-" "Python/3.11 aiohttp/3.9.2"
118.127.40.73 - - [09/Mar/2026:06:23:00 +1000] "GET / HTTP/1.1" 200 4160 "-" "Python/3.11 aiohttp/3.9.2"
118.127.40.73 - - [09/Mar/2026:06:53:02 +1000] "GET / HTTP/1.1" 200 4160 "-" "Python/3.11 aiohttp/3.9.2"
118.127.40.73 - - [09/Mar/2026:07:23:00 +1000] "GET / HTTP/1.1" 200 4160 "-" "Python/3.11 aiohttp/3.9.2"
118.127.40.73 - - [09/Mar/2026:07:53:06 +1000] "GET / HTTP/1.1" 200 4160 "-" "Python/3.11 aiohttp/3.9.2"
194.180.48.253 - - [09/Mar/2026:08:22:57 +1000] "GET /.git/config HTTP/1.1" 404 6603 "-" "fasthttp"
118.127.40.73 - - [09/Mar/2026:08:23:04 +1000] "GET / HTTP/1.1" 200 4160 "-" "Python/3.11 aiohttp/3.9.2"
118.127.40.73 - - [09/Mar/2026:08:53:04 +1000] "GET / HTTP/1.1" 200 4160 "-" "Python/3.11 aiohttp/3.9.2"
118.127.40.73 - - [09/Mar/2026:09:23:01 +1000] "GET / HTTP/1.1" 200 4160 "-" "Python/3.11 aiohttp/3.9.2"
204.76.203.25 - - [09/Mar/2026:09:52:56 +1000] "GET / HTTP/1.1" 200 4160 "-" "Mozilla/5.0 (Windows NT 10.0; Win64; x64) AppleWebKit/537.36 (KHTML, like Gecko) Chrome/134.0.0.0 Safari/537.3"
118.127.40.73 - - [09/Mar/2026:09:53:05 +1000] "GET / HTTP/1.1" 200 4160 "-" "Python/3.11 aiohttp/3.9.2"
118.127.40.73 - - [09/Mar/2026:10:23:07 +1000] "GET / HTTP/1.1" 200 4160 "-" "Python/3.11 aiohttp/3.9.2"
118.127.40.73 - - [09/Mar/2026:10:53:02 +1000] "GET / HTTP/1.1" 200 4160 "-" "Python/3.11 aiohttp/3.9.2"
118.127.40.73 - - [09/Mar/2026:11:23:04 +1000] "GET / HTTP/1.1" 200 4160 "-" "Python/3.11 aiohttp/3.9.2"
118.127.40.73 - - [09/Mar/2026:11:53:01 +1000] "GET / HTTP/1.1" 200 4160 "-" "Python/3.11 aiohttp/3.9.2"
118.127.40.73 - - [09/Mar/2026:12:23:02 +1000] "GET / HTTP/1.1" 200 4160 "-" "Python/3.11 aiohttp/3.9.2"
205.210.31.26 - - [09/Mar/2026:12:38:35 +1000] "GET / HTTP/1.1" 500 1076566 "-" "Hello from Palo Alto Networks, find out more about our scans in https://docs-cortex.paloaltonetworks.com/r/1/Cortex-Xpanse/Scanning-activity"
65.108.78.33 - - [09/Mar/2026:12:49:28 +1000] "GET /robots.txt HTTP/1.1" 200 24 "-" "Mozilla/5.0 (compatible; MJ12bot/v1.4.8; http://mj12bot.com/)"
65.108.78.33 - - [09/Mar/2026:12:49:31 +1000] "GET / HTTP/1.1" 200 4160 "-" "Mozilla/5.0 (compatible; MJ12bot/v1.4.8; http://mj12bot.com/)"
118.127.40.73 - - [09/Mar/2026:12:53:07 +1000] "GET / HTTP/1.1" 200 4160 "-" "Python/3.11 aiohttp/3.9.2"
118.127.40.73 - - [09/Mar/2026:13:23:02 +1000] "GET / HTTP/1.1" 200 4160 "-" "Python/3.11 aiohttp/3.9.2"
118.127.40.73 - - [09/Mar/2026:13:53:02 +1000] "GET / HTTP/1.1" 200 4160 "-" "Python/3.11 aiohttp/3.9.2"
74.7.244.63 - - [09/Mar/2026:13:53:19 +1000] "GET /robots.txt HTTP/1.1" 200 24 "-" "Mozilla/5.0 (Macintosh; Intel Mac OS X 10_15_7) AppleWebKit/537.36 (KHTML, like Gecko) Chrome/131.0.0.0 Safari/537.36; compatible; OAI-SearchBot/1.3; robots.txt; +https://openai.com/searchbot"
74.7.242.29 - - [09/Mar/2026:13:53:22 +1000] "GET / HTTP/1.1" 500 155632 "-" "Mozilla/5.0 AppleWebKit/537.36 (KHTML, like Gecko; compatible; GPTBot/1.3; +https://openai.com/gptbot)"
118.127.40.73 - - [09/Mar/2026:14:23:03 +1000] "GET / HTTP/1.1" 200 4160 "-" "Python/3.11 aiohttp/3.9.2"
118.127.40.73 - - [09/Mar/2026:14:53:03 +1000] "GET / HTTP/1.1" 200 4160 "-" "Python/3.11 aiohttp/3.9.2"
118.127.40.73 - - [09/Mar/2026:15:23:03 +1000] "GET / HTTP/1.1" 200 4160 "-" "Python/3.11 aiohttp/3.9.2"
118.127.40.73 - - [09/Mar/2026:15:53:03 +1000] "GET / HTTP/1.1" 200 4160 "-" "Python/3.11 aiohttp/3.9.2"
118.127.40.73 - - [09/Mar/2026:16:23:04 +1000] "GET / HTTP/1.1" 200 4160 "-" "Python/3.11 aiohttp/3.9.2"
118.127.40.73 - - [09/Mar/2026:16:53:04 +1000] "GET / HTTP/1.1" 200 4160 "-" "Python/3.11 aiohttp/3.9.2"
118.127.40.73 - - [09/Mar/2026:17:23:05 +1000] "GET / HTTP/1.1" 200 4160 "-" "Python/3.11 aiohttp/3.9.2"
118.127.40.73 - - [09/Mar/2026:17:53:03 +1000] "GET / HTTP/1.1" 200 4160 "-" "Python/3.11 aiohttp/3.9.2"
74.7.241.152 - - [09/Mar/2026:18:05:29 +1000] "GET /robots.txt HTTP/1.1" 200 24 "-" "Mozilla/5.0 (Macintosh; Intel Mac OS X 10_15_7) AppleWebKit/537.36 (KHTML, like Gecko) Chrome/131.0.0.0 Safari/537.36; compatible; OAI-SearchBot/1.3; robots.txt; +https://openai.com/searchbot"
74.7.242.21 - - [09/Mar/2026:18:05:29 +1000] "GET / HTTP/1.1" 200 4160 "-" "Mozilla/5.0 AppleWebKit/537.36 (KHTML, like Gecko; compatible; GPTBot/1.3; +https://openai.com/gptbot)"
118.127.40.73 - - [09/Mar/2026:18:23:04 +1000] "GET / HTTP/1.1" 200 4160 "-" "Python/3.11 aiohttp/3.9.2"
118.127.40.73 - - [09/Mar/2026:18:53:05 +1000] "GET / HTTP/1.1" 200 4160 "-" "Python/3.11 aiohttp/3.9.2"
118.127.40.73 - - [09/Mar/2026:19:23:04 +1000] "GET / HTTP/1.1" 200 4160 "-" "Python/3.11 aiohttp/3.9.2"
3.139.242.79 - - [09/Mar/2026:19:28:13 +1000] "GET / HTTP/1.1" 200 4160 "-" "visionheight.com/scan Mozilla/5.0 (Macintosh; Intel Mac OS X 10_15_7) Chrome/126.0.0.0 Safari/537.36"
184.32.50.22 - - [09/Mar/2026:19:43:48 +1000] "GET /robots.txt HTTP/1.1" 200 24 "-" "Mozilla/5.0 (compatible; wpbot/1.4; +https://forms.gle/ajBaxygz9jSR8p8G9)"
184.32.50.22 - - [09/Mar/2026:19:43:48 +1000] "GET / HTTP/1.1" 200 4160 "-" "Mozilla/5.0 (compatible; wpbot/1.4; +https://forms.gle/ajBaxygz9jSR8p8G9)"
118.127.40.73 - - [09/Mar/2026:19:53:06 +1000] "GET / HTTP/1.1" 200 4160 "-" "Python/3.11 aiohttp/3.9.2"
118.127.40.73 - - [09/Mar/2026:20:23:05 +1000] "GET / HTTP/1.1" 200 4160 "-" "Python/3.11 aiohttp/3.9.2"
118.127.40.73 - - [09/Mar/2026:20:53:05 +1000] "GET / HTTP/1.1" 200 4160 "-" "Python/3.11 aiohttp/3.9.2"
118.127.40.73 - - [09/Mar/2026:21:23:06 +1000] "GET / HTTP/1.1" 200 4160 "-" "Python/3.11 aiohttp/3.9.2"
74.7.244.63 - - [09/Mar/2026:21:48:17 +1000] "GET /robots.txt HTTP/1.1" 200 24 "-" "Mozilla/5.0 (Macintosh; Intel Mac OS X 10_15_7) AppleWebKit/537.36 (KHTML, like Gecko) Chrome/131.0.0.0 Safari/537.36; compatible; OAI-SearchBot/1.3; robots.txt; +https://openai.com/searchbot"
118.127.40.73 - - [09/Mar/2026:21:53:06 +1000] "GET / HTTP/1.1" 200 4160 "-" "Python/3.11 aiohttp/3.9.2"
118.127.40.73 - - [09/Mar/2026:22:23:07 +1000] "GET / HTTP/1.1" 200 4160 "-" "Python/3.11 aiohttp/3.9.2"
118.127.40.73 - - [09/Mar/2026:22:53:08 +1000] "GET / HTTP/1.1" 200 4160 "-" "Python/3.11 aiohttp/3.9.2"
24.144.89.8 - - [09/Mar/2026:23:13:42 +1000] "GET / HTTP/1.1" 500 1076920 "-" "Mozilla/5.0 (X11; Linux x86_64; rv:142.0) Gecko/20100101 Firefox/142.0"
24.144.89.8 - - [09/Mar/2026:23:13:46 +1000] "GET /favicon.ico HTTP/1.1" 200 - "https://www.davetest.posscales.com.au/" "Mozilla/5.0 (X11; Linux x86_64; rv:142.0) Gecko/20100101 Firefox/142.0"
118.127.40.73 - - [09/Mar/2026:23:23:07 +1000] "GET / HTTP/1.1" 200 4160 "-" "Python/3.11 aiohttp/3.9.2"
118.127.40.73 - - [09/Mar/2026:23:53:06 +1000] "GET / HTTP/1.1" 200 4160 "-" "Python/3.11 aiohttp/3.9.2"
93.123.109.214 - - [10/Mar/2026:00:15:18 +1000] "GET / HTTP/1.1" 200 4160 "-" "Mozilla/5.0 (Macintosh; Intel Mac OS X 10_15_7) AppleWebKit/537.36 (KHTML, like Gecko) Chrome/131.0.0.0 Safari/537.36"
93.123.109.214 - - [10/Mar/2026:00:15:18 +1000] "GET /.env HTTP/1.1" 404 6603 "-" "Mozilla/5.0 (Macintosh; Intel Mac OS X 10_15_7) AppleWebKit/537.36 (KHTML, like Gecko) Chrome/131.0.0.0 Safari/537.36"
93.123.109.214 - - [10/Mar/2026:00:15:19 +1000] "GET /build/assets/app-Bt-8Raav.js HTTP/1.1" 200 110021 "-" "Mozilla/5.0 (Windows NT 10.0; Win64; x64) AppleWebKit/537.36 (KHTML, like Gecko) Chrome/131.0.0.0 Safari/537.36"
93.123.109.214 - - [10/Mar/2026:00:15:19 +1000] "GET /.env HTTP/1.1" 404 6603 "-" "Mozilla/5.0 (Windows NT 10.0; Win64; x64) AppleWebKit/537.36 (KHTML, like Gecko) Chrome/131.0.0.0 Safari/537.36"
93.123.109.214 - - [10/Mar/2026:00:15:19 +1000] "GET / HTTP/1.1" 200 4160 "-" "Mozilla/5.0 (Macintosh; Intel Mac OS X 10_15_7) AppleWebKit/537.36 (KHTML, like Gecko) Chrome/131.0.0.0 Safari/537.36"
93.123.109.214 - - [10/Mar/2026:00:15:19 +1000] "GET /.env.bak HTTP/1.1" 404 6603 "-" "Mozilla/5.0 (Windows NT 10.0; Win64; x64; rv:133.0) Gecko/20100101 Firefox/133.0"
93.123.109.214 - - [10/Mar/2026:00:15:20 +1000] "GET /.env.save HTTP/1.1" 404 6603 "-" "Mozilla/5.0 (Macintosh; Intel Mac OS X 10_15_7) AppleWebKit/537.36 (KHTML, like Gecko) Chrome/131.0.0.0 Safari/537.36"
93.123.109.214 - - [10/Mar/2026:00:15:20 +1000] "GET /backend/.env HTTP/1.1" 404 6603 "-" "Mozilla/5.0 (Windows NT 10.0; Win64; x64; rv:133.0) Gecko/20100101 Firefox/133.0"
93.123.109.214 - - [10/Mar/2026:00:15:20 +1000] "GET /admin/.env HTTP/1.1" 404 6603 "-" "Mozilla/5.0 (X11; Linux x86_64) AppleWebKit/537.36 (KHTML, like Gecko) Chrome/131.0.0.0 Safari/537.36"
93.123.109.214 - - [10/Mar/2026:00:15:21 +1000] "GET /.git/config HTTP/1.1" 404 6603 "-" "Mozilla/5.0 (X11; Linux x86_64) AppleWebKit/537.36 (KHTML, like Gecko) Chrome/131.0.0.0 Safari/537.36"
93.123.109.214 - - [10/Mar/2026:00:15:21 +1000] "GET /wp-config.php HTTP/1.1" 404 6603 "-" "Mozilla/5.0 (X11; Linux x86_64) AppleWebKit/537.36 (KHTML, like Gecko) Chrome/131.0.0.0 Safari/537.36"
93.123.109.214 - - [10/Mar/2026:00:15:21 +1000] "GET /wp-config.php.old HTTP/1.1" 404 6603 "-" "Mozilla/5.0 (Windows NT 10.0; Win64; x64; rv:133.0) Gecko/20100101 Firefox/133.0"
93.123.109.214 - - [10/Mar/2026:00:15:22 +1000] "GET /config.php HTTP/1.1" 404 6603 "-" "Mozilla/5.0 (X11; Linux x86_64) AppleWebKit/537.36 (KHTML, like Gecko) Chrome/131.0.0.0 Safari/537.36"
93.123.109.214 - - [10/Mar/2026:00:15:22 +1000] "GET /config.php.bak HTTP/1.1" 404 6603 "-" "Mozilla/5.0 (Windows NT 10.0; Win64; x64) AppleWebKit/537.36 (KHTML, like Gecko) Chrome/131.0.0.0 Safari/537.36"
93.123.109.214 - - [10/Mar/2026:00:15:22 +1000] "GET /config.js HTTP/1.1" 404 6603 "-" "Mozilla/5.0 (Windows NT 10.0; Win64; x64; rv:133.0) Gecko/20100101 Firefox/133.0"
93.123.109.214 - - [10/Mar/2026:00:15:22 +1000] "GET /aws-config.js HTTP/1.1" 404 6603 "-" "Mozilla/5.0 (Windows NT 10.0; Win64; x64) AppleWebKit/537.36 (KHTML, like Gecko) Chrome/131.0.0.0 Safari/537.36"
93.123.109.214 - - [10/Mar/2026:00:15:23 +1000] "GET /aws.config.js HTTP/1.1" 404 6603 "-" "Mozilla/5.0 (Windows NT 10.0; Win64; x64) AppleWebKit/537.36 (KHTML, like Gecko) Chrome/131.0.0.0 Safari/537.36"
93.123.109.214 - - [10/Mar/2026:00:15:23 +1000] "GET /.git/HEAD HTTP/1.1" 404 6603 "-" "Mozilla/5.0 (Macintosh; Intel Mac OS X 10_15_7) AppleWebKit/537.36 (KHTML, like Gecko) Chrome/131.0.0.0 Safari/537.36"
93.123.109.214 - - [10/Mar/2026:00:15:23 +1000] "GET /.git/config HTTP/1.1" 404 6603 "-" "Mozilla/5.0 (Windows NT 10.0; Win64; x64; rv:133.0) Gecko/20100101 Firefox/133.0"
118.127.40.73 - - [10/Mar/2026:00:23:06 +1000] "GET / HTTP/1.1" 200 4160 "-" "Python/3.11 aiohttp/3.9.2"
118.127.40.73 - - [10/Mar/2026:00:53:06 +1000] "GET / HTTP/1.1" 200 4160 "-" "Python/3.11 aiohttp/3.9.2"
74.7.241.152 - - [10/Mar/2026:01:14:44 +1000] "GET /robots.txt HTTP/1.1" 200 24 "-" "Mozilla/5.0 (Macintosh; Intel Mac OS X 10_15_7) AppleWebKit/537.36 (KHTML, like Gecko) Chrome/131.0.0.0 Safari/537.36; compatible; OAI-SearchBot/1.3; robots.txt; +https://openai.com/searchbot"
118.127.40.73 - - [10/Mar/2026:01:23:09 +1000] "GET / HTTP/1.1" 200 4160 "-" "Python/3.11 aiohttp/3.9.2"
118.127.40.73 - - [10/Mar/2026:01:53:06 +1000] "GET / HTTP/1.1" 200 4160 "-" "Python/3.11 aiohttp/3.9.2"
118.127.40.73 - - [10/Mar/2026:02:23:08 +1000] "GET / HTTP/1.1" 200 4160 "-" "Python/3.11 aiohttp/3.9.2"
118.127.40.73 - - [10/Mar/2026:02:53:08 +1000] "GET / HTTP/1.1" 200 4160 "-" "Python/3.11 aiohttp/3.9.2"
118.127.40.73 - - [10/Mar/2026:03:23:08 +1000] "GET / HTTP/1.1" 200 4160 "-" "Python/3.11 aiohttp/3.9.2"
118.127.40.73 - - [10/Mar/2026:03:53:15 +1000] "GET / HTTP/1.1" 200 4160 "-" "Python/3.11 aiohttp/3.9.2"
118.127.40.73 - - [10/Mar/2026:04:23:09 +1000] "GET / HTTP/1.1" 200 4160 "-" "Python/3.11 aiohttp/3.9.2"
118.127.40.73 - - [10/Mar/2026:04:53:08 +1000] "GET / HTTP/1.1" 200 4160 "-" "Python/3.11 aiohttp/3.9.2"
118.127.40.73 - - [10/Mar/2026:05:23:09 +1000] "GET / HTTP/1.1" 200 4160 "-" "Python/3.11 aiohttp/3.9.2"
118.127.40.73 - - [10/Mar/2026:05:53:10 +1000] "GET / HTTP/1.1" 200 4160 "-" "Python/3.11 aiohttp/3.9.2"
71.6.134.231 - - [10/Mar/2026:06:19:43 +1000] "GET / HTTP/1.1" 200 4160 "-" "Mozilla/5.0 (Windows NT 10.0; Win64; x64) AppleWebKit/537.36 (KHTML, like Gecko) Chrome/133.0.0.0 Safari/537.36"
71.6.134.231 - - [10/Mar/2026:06:22:23 +1000] "GET /favicon.ico HTTP/1.1" 200 - "-" "Mozilla/5.0 (Windows NT 10.0; Win64; x64) AppleWebKit/537.36 (KHTML, like Gecko) Chrome/133.0.0.0 Safari/537.36"
118.127.40.73 - - [10/Mar/2026:06:23:09 +1000] "GET / HTTP/1.1" 200 4160 "-" "Python/3.11 aiohttp/3.9.2"
118.127.40.73 - - [10/Mar/2026:06:53:10 +1000] "GET / HTTP/1.1" 200 4160 "-" "Python/3.11 aiohttp/3.9.2"
118.127.40.73 - - [10/Mar/2026:07:23:09 +1000] "GET / HTTP/1.1" 200 4160 "-" "Python/3.11 aiohttp/3.9.2"
118.127.40.73 - - [10/Mar/2026:07:53:10 +1000] "GET / HTTP/1.1" 200 4160 "-" "Python/3.11 aiohttp/3.9.2"
118.127.40.73 - - [10/Mar/2026:08:23:10 +1000] "GET / HTTP/1.1" 200 4160 "-" "Python/3.11 aiohttp/3.9.2"
118.127.40.73 - - [10/Mar/2026:08:53:10 +1000] "GET / HTTP/1.1" 200 4160 "-" "Python/3.11 aiohttp/3.9.2"
118.127.40.73 - - [10/Mar/2026:09:23:10 +1000] "GET / HTTP/1.1" 200 4160 "-" "Python/3.11 aiohttp/3.9.2"
118.127.40.73 - - [10/Mar/2026:09:53:11 +1000] "GET / HTTP/1.1" 200 4160 "-" "Python/3.11 aiohttp/3.9.2"
118.127.40.73 - - [10/Mar/2026:10:23:11 +1000] "GET / HTTP/1.1" 200 4160 "-" "Python/3.11 aiohttp/3.9.2"
118.127.40.73 - - [10/Mar/2026:10:53:11 +1000] "GET / HTTP/1.1" 200 4160 "-" "Python/3.11 aiohttp/3.9.2"
118.127.40.73 - - [10/Mar/2026:11:23:11 +1000] "GET / HTTP/1.1" 200 4160 "-" "Python/3.11 aiohttp/3.9.2"
118.127.40.73 - - [10/Mar/2026:11:53:11 +1000] "GET / HTTP/1.1" 200 4160 "-" "Python/3.11 aiohttp/3.9.2"
118.127.40.73 - - [10/Mar/2026:12:23:12 +1000] "GET / HTTP/1.1" 200 4160 "-" "Python/3.11 aiohttp/3.9.2"
71.6.134.233 - - [10/Mar/2026:12:46:33 +1000] "GET / HTTP/1.1" 200 4160 "-" "Mozilla/5.0 (Windows NT 10.0; Win64; x64) AppleWebKit/537.36 (KHTML, like Gecko) Chrome/133.0.0.0 Safari/537.36"
71.6.134.233 - - [10/Mar/2026:12:49:07 +1000] "GET /favicon.ico HTTP/1.1" 200 - "-" "Mozilla/5.0 (Windows NT 10.0; Win64; x64) AppleWebKit/537.36 (KHTML, like Gecko) Chrome/133.0.0.0 Safari/537.36"
118.127.40.73 - - [10/Mar/2026:12:53:11 +1000] "GET / HTTP/1.1" 200 4160 "-" "Python/3.11 aiohttp/3.9.2"
118.127.40.73 - - [10/Mar/2026:13:23:11 +1000] "GET / HTTP/1.1" 200 4160 "-" "Python/3.11 aiohttp/3.9.2"
118.127.40.73 - - [10/Mar/2026:13:53:13 +1000] "GET / HTTP/1.1" 200 4160 "-" "Python/3.11 aiohttp/3.9.2"
118.127.40.73 - - [10/Mar/2026:14:23:13 +1000] "GET / HTTP/1.1" 200 4160 "-" "Python/3.11 aiohttp/3.9.2"
118.127.40.73 - - [10/Mar/2026:14:53:13 +1000] "GET / HTTP/1.1" 200 4160 "-" "Python/3.11 aiohttp/3.9.2"
118.127.40.73 - - [10/Mar/2026:15:23:13 +1000] "GET / HTTP/1.1" 200 4160 "-" "Python/3.11 aiohttp/3.9.2"
118.127.40.73 - - [10/Mar/2026:15:53:14 +1000] "GET / HTTP/1.1" 200 4160 "-" "Python/3.11 aiohttp/3.9.2"
118.127.40.73 - - [10/Mar/2026:16:23:13 +1000] "GET / HTTP/1.1" 200 4160 "-" "Python/3.11 aiohttp/3.9.2"
118.127.40.73 - - [10/Mar/2026:16:53:13 +1000] "GET / HTTP/1.1" 200 4160 "-" "Python/3.11 aiohttp/3.9.2"
118.127.40.73 - - [10/Mar/2026:17:23:14 +1000] "GET / HTTP/1.1" 200 4160 "-" "Python/3.11 aiohttp/3.9.2"
118.127.40.73 - - [10/Mar/2026:17:53:17 +1000] "GET / HTTP/1.1" 200 4160 "-" "Python/3.11 aiohttp/3.9.2"
118.127.40.73 - - [10/Mar/2026:18:23:14 +1000] "GET / HTTP/1.1" 200 4160 "-" "Python/3.11 aiohttp/3.9.2"
118.127.40.73 - - [10/Mar/2026:18:53:15 +1000] "GET / HTTP/1.1" 200 4160 "-" "Python/3.11 aiohttp/3.9.2"
118.127.40.73 - - [10/Mar/2026:19:23:14 +1000] "GET / HTTP/1.1" 200 4160 "-" "Python/3.11 aiohttp/3.9.2"
118.127.40.73 - - [10/Mar/2026:19:53:16 +1000] "GET / HTTP/1.1" 200 4160 "-" "Python/3.11 aiohttp/3.9.2"
118.127.40.73 - - [10/Mar/2026:20:23:14 +1000] "GET / HTTP/1.1" 200 4160 "-" "Python/3.11 aiohttp/3.9.2"
118.127.40.73 - - [10/Mar/2026:20:53:16 +1000] "GET / HTTP/1.1" 200 4160 "-" "Python/3.11 aiohttp/3.9.2"
118.127.40.73 - - [10/Mar/2026:21:23:15 +1000] "GET / HTTP/1.1" 200 4160 "-" "Python/3.11 aiohttp/3.9.2"
118.127.40.73 - - [10/Mar/2026:21:53:16 +1000] "GET / HTTP/1.1" 200 4160 "-" "Python/3.11 aiohttp/3.9.2"
167.94.146.54 - - [10/Mar/2026:22:15:01 +1000] "GET / HTTP/1.1" 200 4160 "-" "Mozilla/5.0 (compatible; CensysInspect/1.1; +https://about.censys.io/)"
167.94.146.54 - - [10/Mar/2026:22:15:03 +1000] "GET /favicon.ico HTTP/1.1" 200 - "-" "Mozilla/5.0 (compatible; CensysInspect/1.1; +https://about.censys.io/)"
118.127.40.73 - - [10/Mar/2026:22:23:16 +1000] "GET / HTTP/1.1" 200 4160 "-" "Python/3.11 aiohttp/3.9.2"
118.127.40.73 - - [10/Mar/2026:22:53:16 +1000] "GET / HTTP/1.1" 200 4160 "-" "Python/3.11 aiohttp/3.9.2"
74.7.241.152 - - [10/Mar/2026:23:19:48 +1000] "GET /robots.txt HTTP/1.1" 200 24 "-" "Mozilla/5.0 (Macintosh; Intel Mac OS X 10_15_7) AppleWebKit/537.36 (KHTML, like Gecko) Chrome/131.0.0.0 Safari/537.36; compatible; OAI-SearchBot/1.3; robots.txt; +https://openai.com/searchbot"
118.127.40.73 - - [10/Mar/2026:23:23:16 +1000] "GET / HTTP/1.1" 200 4160 "-" "Python/3.11 aiohttp/3.9.2"
118.127.40.73 - - [10/Mar/2026:23:53:16 +1000] "GET / HTTP/1.1" 200 4160 "-" "Python/3.11 aiohttp/3.9.2"
118.127.40.73 - - [11/Mar/2026:00:23:23 +1000] "GET / HTTP/1.1" 200 4160 "-" "Python/3.11 aiohttp/3.9.2"
118.127.40.73 - - [11/Mar/2026:00:53:41 +1000] "GET / HTTP/1.1" 200 4160 "-" "Python/3.11 aiohttp/3.9.2"
118.127.40.73 - - [11/Mar/2026:01:23:22 +1000] "GET / HTTP/1.1" 200 4160 "-" "Python/3.11 aiohttp/3.9.2"
118.127.40.73 - - [11/Mar/2026:01:53:21 +1000] "GET / HTTP/1.1" 200 4160 "-" "Python/3.11 aiohttp/3.9.2"
118.127.40.73 - - [11/Mar/2026:02:23:20 +1000] "GET / HTTP/1.1" 200 4160 "-" "Python/3.11 aiohttp/3.9.2"
118.127.40.73 - - [11/Mar/2026:02:53:23 +1000] "GET / HTTP/1.1" 200 4160 "-" "Python/3.11 aiohttp/3.9.2"
118.127.40.73 - - [11/Mar/2026:03:23:19 +1000] "GET / HTTP/1.1" 200 4160 "-" "Python/3.11 aiohttp/3.9.2"
118.127.40.73 - - [11/Mar/2026:03:53:22 +1000] "GET / HTTP/1.1" 200 4160 "-" "Python/3.11 aiohttp/3.9.2"
118.127.40.73 - - [11/Mar/2026:04:23:20 +1000] "GET / HTTP/1.1" 200 4160 "-" "Python/3.11 aiohttp/3.9.2"
118.127.40.73 - - [11/Mar/2026:04:53:21 +1000] "GET / HTTP/1.1" 200 4160 "-" "Python/3.11 aiohttp/3.9.2"
74.7.244.63 - - [11/Mar/2026:05:02:38 +1000] "GET /robots.txt HTTP/1.1" 200 24 "-" "Mozilla/5.0 (Macintosh; Intel Mac OS X 10_15_7) AppleWebKit/537.36 (KHTML, like Gecko) Chrome/131.0.0.0 Safari/537.36; compatible; OAI-SearchBot/1.3; robots.txt; +https://openai.com/searchbot"
118.127.40.73 - - [11/Mar/2026:05:23:20 +1000] "GET / HTTP/1.1" 200 4160 "-" "Python/3.11 aiohttp/3.9.2"
118.127.40.73 - - [11/Mar/2026:05:53:21 +1000] "GET / HTTP/1.1" 200 4160 "-" "Python/3.11 aiohttp/3.9.2"
118.127.40.73 - - [11/Mar/2026:06:23:20 +1000] "GET / HTTP/1.1" 200 4160 "-" "Python/3.11 aiohttp/3.9.2"
118.127.40.73 - - [11/Mar/2026:06:53:21 +1000] "GET / HTTP/1.1" 200 4160 "-" "Python/3.11 aiohttp/3.9.2"
159.65.188.29 - - [11/Mar/2026:07:06:17 +1000] "GET /.git/config HTTP/1.1" 404 6603 "-" "Mozilla/5.0 (Windows NT 10.0) AppleWebKit/537.36 (KHTML, like Gecko) Chrome/75.0.3770.142 Safari/537.36"
118.127.40.73 - - [11/Mar/2026:07:23:21 +1000] "GET / HTTP/1.1" 200 4160 "-" "Python/3.11 aiohttp/3.9.2"
118.127.40.73 - - [11/Mar/2026:07:53:22 +1000] "GET / HTTP/1.1" 200 4160 "-" "Python/3.11 aiohttp/3.9.2"
118.127.40.73 - - [11/Mar/2026:08:23:22 +1000] "GET / HTTP/1.1" 200 4160 "-" "Python/3.11 aiohttp/3.9.2"
118.127.40.73 - - [11/Mar/2026:08:53:22 +1000] "GET / HTTP/1.1" 200 4160 "-" "Python/3.11 aiohttp/3.9.2"
118.127.40.73 - - [11/Mar/2026:09:23:21 +1000] "GET / HTTP/1.1" 200 4160 "-" "Python/3.11 aiohttp/3.9.2"
118.127.40.73 - - [11/Mar/2026:09:53:22 +1000] "GET / HTTP/1.1" 200 4160 "-" "Python/3.11 aiohttp/3.9.2"
118.127.40.73 - - [11/Mar/2026:10:23:22 +1000] "GET / HTTP/1.1" 200 4160 "-" "Python/3.11 aiohttp/3.9.2"
118.127.40.73 - - [11/Mar/2026:10:53:22 +1000] "GET / HTTP/1.1" 200 4160 "-" "Python/3.11 aiohttp/3.9.2"
118.127.40.73 - - [11/Mar/2026:11:23:23 +1000] "GET / HTTP/1.1" 200 4160 "-" "Python/3.11 aiohttp/3.9.2"
118.127.40.73 - - [11/Mar/2026:11:53:24 +1000] "GET / HTTP/1.1" 200 4160 "-" "Python/3.11 aiohttp/3.9.2"
118.127.40.73 - - [11/Mar/2026:12:23:22 +1000] "GET / HTTP/1.1" 200 4160 "-" "Python/3.11 aiohttp/3.9.2"
118.127.40.73 - - [11/Mar/2026:12:53:23 +1000] "GET / HTTP/1.1" 200 4160 "-" "Python/3.11 aiohttp/3.9.2"
118.127.40.73 - - [11/Mar/2026:13:23:27 +1000] "GET / HTTP/1.1" 200 4160 "-" "Python/3.11 aiohttp/3.9.2"
118.127.40.73 - - [11/Mar/2026:13:53:23 +1000] "GET / HTTP/1.1" 200 4160 "-" "Python/3.11 aiohttp/3.9.2"
118.127.40.73 - - [11/Mar/2026:14:23:23 +1000] "GET / HTTP/1.1" 200 4160 "-" "Python/3.11 aiohttp/3.9.2"
118.127.40.73 - - [11/Mar/2026:14:53:26 +1000] "GET / HTTP/1.1" 200 4160 "-" "Python/3.11 aiohttp/3.9.2"
118.127.40.73 - - [11/Mar/2026:15:23:25 +1000] "GET / HTTP/1.1" 200 4160 "-" "Python/3.11 aiohttp/3.9.2"
185.92.139.9 - - [11/Mar/2026:15:23:47 +1000] "GET /robots.txt HTTP/1.1" 200 24 "-" "Mozilla/5.0 (Windows NT 10.0; Win64; x64) AppleWebKit/537.36 (KHTML, like Gecko) Chrome/114.0.0.0 Safari/537.36 Edg/114.0.1823.43"
118.127.40.73 - - [11/Mar/2026:15:53:24 +1000] "GET / HTTP/1.1" 200 4160 "-" "Python/3.11 aiohttp/3.9.2"
104.165.105.2 - - [11/Mar/2026:16:10:12 +1000] "HEAD / HTTP/1.1" 500 - "-" "Mozilla/5.0 (Macintosh; Intel Mac OS X 10_15_7) AppleWebKit/605.1.15 (KHTML, like Gecko) Version/17.0 Safari/605.1.15"
104.194.196.200 - - [11/Mar/2026:16:10:12 +1000] "HEAD / HTTP/1.1" 200 - "-" "Mozilla/5.0 (Windows NT 10.0; Win64; x64) AppleWebKit/537.36 (KHTML, like Gecko) Chrome/121.0.0.0 Safari/537.36 Edg/121.0.0.0"
104.194.196.200 - - [11/Mar/2026:16:10:14 +1000] "GET / HTTP/1.1" 200 4160 "-" "Mozilla/5.0 (Windows NT 10.0; Win64; x64) AppleWebKit/537.36 (KHTML, like Gecko) Chrome/121.0.0.0 Safari/537.36 Edg/121.0.0.0"
104.165.105.2 - - [11/Mar/2026:16:10:13 +1000] "GET / HTTP/1.1" 500 1077032 "-" "Mozilla/5.0 (Macintosh; Intel Mac OS X 10_15_7) AppleWebKit/605.1.15 (KHTML, like Gecko) Version/17.0 Safari/605.1.15"
172.121.218.121 - - [11/Mar/2026:16:10:59 +1000] "GET / HTTP/1.1" 200 4160 "-" "Mozilla/5.0 (Windows NT 10.0; Win64; x64) AppleWebKit/537.36 (KHTML, like Gecko) Chrome/120.0.0.0 Safari/537.36"
172.121.216.30 - - [11/Mar/2026:16:10:59 +1000] "GET / HTTP/1.1" 500 1077162 "-" "Mozilla/5.0 (Macintosh; Intel Mac OS X 14_2_1) AppleWebKit/605.1.15 (KHTML, like Gecko) Version/17.2 Safari/605.1.15"
172.121.218.121 - - [11/Mar/2026:16:11:00 +1000] "GET /robots.txt HTTP/1.1" 200 24 "https://davetest.posscales.com.au/" "Mozilla/5.0 (Windows NT 10.0; Win64; x64) AppleWebKit/537.36 (KHTML, like Gecko) Chrome/120.0.0.0 Safari/537.36"
172.121.216.30 - - [11/Mar/2026:16:11:00 +1000] "GET /robots.txt HTTP/1.1" 200 24 "-" "Mozilla/5.0 (Macintosh; Intel Mac OS X 14_2_1) AppleWebKit/605.1.15 (KHTML, like Gecko) Version/17.2 Safari/605.1.15"
172.121.218.121 - - [11/Mar/2026:16:11:00 +1000] "GET / HTTP/1.1" 200 4160 "-" "Mozilla/5.0 (Windows NT 10.0; Win64; x64) AppleWebKit/537.36 (KHTML, like Gecko) Chrome/120.0.0.0 Safari/537.36"
172.121.216.30 - - [11/Mar/2026:16:11:01 +1000] "GET / HTTP/1.1" 500 1077154 "-" "Mozilla/5.0 (Macintosh; Intel Mac OS X 14_2_1) AppleWebKit/605.1.15 (KHTML, like Gecko) Version/17.2 Safari/605.1.15"
172.121.216.30 - - [11/Mar/2026:16:11:03 +1000] "GET / HTTP/1.1" 500 1077164 "-" "Mozilla/5.0 (Macintosh; Intel Mac OS X 14_2_1) AppleWebKit/605.1.15 (KHTML, like Gecko) Version/17.2 Safari/605.1.15"
172.121.208.14 - - [11/Mar/2026:16:11:05 +1000] "HEAD / HTTP/1.1" 500 - "-" "Mozilla/5.0 (Windows NT 6.2; Win64; x64) AppleWebKit/537.36 (KHTML, like Gecko) Chrome/60.0.3112.90 Safari/537.36"
172.121.222.237 - - [11/Mar/2026:16:11:06 +1000] "GET / HTTP/1.1" 500 1076502 "-" "Mozilla/5.0 (Windows NT 6.1; Win64; x64) AppleWebKit/537.36 (KHTML, like Gecko) Chrome/60.0.3112.90 Safari/537.36"
104.164.161.28 - - [11/Mar/2026:16:11:08 +1000] "GET / HTTP/1.1" 500 1076234 "-" "python-requests/2.31.0"
104.194.196.207 - - [11/Mar/2026:16:11:10 +1000] "HEAD / HTTP/1.1" 500 - "-" "Mozilla/5.0 (Windows NT 6.1; Win64; x64) AppleWebKit/537.36 (KHTML, like Gecko) Chrome/57.0.2987.133 Safari/537.36"
45.5.67.40 - - [11/Mar/2026:16:11:11 +1000] "GET / HTTP/1.1" 500 1076552 "-" "Mozilla/4.0 (compatible; MSIE 8.0; Windows NT 5.1; Trident/4.0; .NET CLR 2.0.50727; .NET CLR 3.0.4506.2152; .NET CLR 3.5.30729)"
172.121.218.168 - - [11/Mar/2026:16:11:13 +1000] "GET / HTTP/1.1" 500 1076224 "-" "python-requests/2.31.0"
34.223.241.102 - - [11/Mar/2026:16:11:25 +1000] "GET / HTTP/1.1" 500 1077592 "-" "Mozilla/5.0 (X11; Linux x86_64) AppleWebKit/537.36 (KHTML, like Gecko) Chrome/140.0.0.0 Safari/537.36"
34.223.241.102 - - [11/Mar/2026:16:11:27 +1000] "GET /favicon.ico HTTP/1.1" 200 - "https://www.davetest.posscales.com.au/" "Mozilla/5.0 (X11; Linux x86_64) AppleWebKit/537.36 (KHTML, like Gecko) Chrome/140.0.0.0 Safari/537.36"
118.127.40.73 - - [11/Mar/2026:16:23:24 +1000] "GET / HTTP/1.1" 200 4160 "-" "Python/3.11 aiohttp/3.9.2"
118.127.40.73 - - [11/Mar/2026:16:53:25 +1000] "GET / HTTP/1.1" 200 4160 "-" "Python/3.11 aiohttp/3.9.2"
118.127.40.73 - - [11/Mar/2026:17:23:25 +1000] "GET / HTTP/1.1" 200 4160 "-" "Python/3.11 aiohttp/3.9.2"
118.127.40.73 - - [11/Mar/2026:17:53:25 +1000] "GET / HTTP/1.1" 200 4160 "-" "Python/3.11 aiohttp/3.9.2"
118.127.40.73 - - [11/Mar/2026:18:23:25 +1000] "GET / HTTP/1.1" 200 4160 "-" "Python/3.11 aiohttp/3.9.2"
118.127.40.73 - - [11/Mar/2026:18:53:26 +1000] "GET / HTTP/1.1" 200 4160 "-" "Python/3.11 aiohttp/3.9.2"
118.127.40.73 - - [11/Mar/2026:19:23:25 +1000] "GET / HTTP/1.1" 200 4160 "-" "Python/3.11 aiohttp/3.9.2"
118.127.40.73 - - [11/Mar/2026:19:53:26 +1000] "GET / HTTP/1.1" 200 4160 "-" "Python/3.11 aiohttp/3.9.2"
118.127.40.73 - - [11/Mar/2026:20:23:26 +1000] "GET / HTTP/1.1" 200 4160 "-" "Python/3.11 aiohttp/3.9.2"
71.6.134.233 - - [11/Mar/2026:20:33:40 +1000] "GET / HTTP/1.1" 200 4160 "-" "Mozilla/5.0 (Windows NT 10.0; Win64; x64) AppleWebKit/537.36 (KHTML, like Gecko) Chrome/133.0.0.0 Safari/537.36"
71.6.134.233 - - [11/Mar/2026:20:34:00 +1000] "GET /favicon.ico HTTP/1.1" 200 - "-" "Mozilla/5.0 (Windows NT 10.0; Win64; x64) AppleWebKit/537.36 (KHTML, like Gecko) Chrome/133.0.0.0 Safari/537.36"
118.127.40.73 - - [11/Mar/2026:20:53:27 +1000] "GET / HTTP/1.1" 200 4160 "-" "Python/3.11 aiohttp/3.9.2"
204.76.203.25 - - [11/Mar/2026:21:14:07 +1000] "GET /build/assets/app-Bt-8Raav.js HTTP/1.1" 200 110021 "-" "Mozilla/5.0 (Windows NT 10.0; Win64; x64) AppleWebKit/537.36 (KHTML, like Gecko) Chrome/134.0.0.0 Safari/537.3"
118.127.40.73 - - [11/Mar/2026:21:23:25 +1000] "GET / HTTP/1.1" 200 4160 "-" "Python/3.11 aiohttp/3.9.2"
118.127.40.73 - - [11/Mar/2026:21:53:27 +1000] "GET / HTTP/1.1" 200 4160 "-" "Python/3.11 aiohttp/3.9.2"
167.94.146.56 - - [11/Mar/2026:22:16:01 +1000] "GET / HTTP/1.1" 500 368600 "-" "Mozilla/5.0 (compatible; CensysInspect/1.1; +https://about.censys.io/)"
167.94.146.56 - - [11/Mar/2026:22:17:06 +1000] "GET / HTTP/1.1" 421 362 "-" "Mozilla/5.0 (compatible; CensysInspect/1.1; +https://about.censys.io/)"
118.127.40.73 - - [11/Mar/2026:22:23:27 +1000] "GET / HTTP/1.1" 200 4160 "-" "Python/3.11 aiohttp/3.9.2"
118.127.40.73 - - [11/Mar/2026:22:53:28 +1000] "GET / HTTP/1.1" 200 4160 "-" "Python/3.11 aiohttp/3.9.2"
118.127.40.73 - - [11/Mar/2026:23:23:28 +1000] "GET / HTTP/1.1" 200 4160 "-" "Python/3.11 aiohttp/3.9.2"
89.222.112.43 - - [11/Mar/2026:23:47:41 +1000] "GET / HTTP/1.1" 200 4160 "-" "Mozilla/5.0 (Macintosh; Intel Mac OS X 10_15_7) AppleWebKit/605.1.15 (KHTML, like Gecko) Version/15.6 Safari/605.1.15"
118.127.40.73 - - [11/Mar/2026:23:53:27 +1000] "GET / HTTP/1.1" 200 4160 "-" "Python/3.11 aiohttp/3.9.2"
118.127.40.73 - - [12/Mar/2026:00:23:28 +1000] "GET / HTTP/1.1" 200 4160 "-" "Python/3.11 aiohttp/3.9.2"
206.168.34.113 - - [12/Mar/2026:00:42:19 +1000] "GET / HTTP/1.1" 200 4160 "-" "Mozilla/5.0 (compatible; CensysInspect/1.1; +https://about.censys.io/)"
206.168.34.113 - - [12/Mar/2026:00:42:22 +1000] "GET /favicon.ico HTTP/1.1" 200 - "-" "Mozilla/5.0 (compatible; CensysInspect/1.1; +https://about.censys.io/)"
159.65.188.29 - - [12/Mar/2026:00:50:15 +1000] "GET /.git/config HTTP/1.1" 404 6603 "-" "Mozilla/5.0 (X11; U; Linux i686; en-US; rv:1.9.0.8) Gecko Galeon/2.0.6 (Ubuntu 2.0.6-2)"
118.127.40.73 - - [12/Mar/2026:00:53:26 +1000] "GET / HTTP/1.1" 200 4160 "-" "Python/3.11 aiohttp/3.9.2"
118.127.40.73 - - [12/Mar/2026:01:23:27 +1000] "GET / HTTP/1.1" 200 4160 "-" "Python/3.11 aiohttp/3.9.2"
118.127.40.73 - - [12/Mar/2026:01:53:28 +1000] "GET / HTTP/1.1" 200 4160 "-" "Python/3.11 aiohttp/3.9.2"
118.127.40.73 - - [12/Mar/2026:02:23:28 +1000] "GET / HTTP/1.1" 200 4160 "-" "Python/3.11 aiohttp/3.9.2"
118.127.40.73 - - [12/Mar/2026:02:53:31 +1000] "GET / HTTP/1.1" 200 4160 "-" "Python/3.11 aiohttp/3.9.2"
118.127.40.73 - - [12/Mar/2026:03:23:30 +1000] "GET / HTTP/1.1" 200 4160 "-" "Python/3.11 aiohttp/3.9.2"
118.127.40.73 - - [12/Mar/2026:03:53:30 +1000] "GET / HTTP/1.1" 200 4160 "-" "Python/3.11 aiohttp/3.9.2"
118.127.40.73 - - [12/Mar/2026:04:23:29 +1000] "GET / HTTP/1.1" 200 4160 "-" "Python/3.11 aiohttp/3.9.2"
118.127.40.73 - - [12/Mar/2026:04:53:30 +1000] "GET / HTTP/1.1" 200 4160 "-" "Python/3.11 aiohttp/3.9.2"
118.127.40.73 - - [12/Mar/2026:05:23:30 +1000] "GET / HTTP/1.1" 200 4160 "-" "Python/3.11 aiohttp/3.9.2"
118.127.40.73 - - [12/Mar/2026:05:53:30 +1000] "GET / HTTP/1.1" 200 4160 "-" "Python/3.11 aiohttp/3.9.2"
118.127.40.73 - - [12/Mar/2026:06:23:29 +1000] "GET / HTTP/1.1" 200 4160 "-" "Python/3.11 aiohttp/3.9.2"
118.127.40.73 - - [12/Mar/2026:06:53:32 +1000] "GET / HTTP/1.1" 200 4160 "-" "Python/3.11 aiohttp/3.9.2"
118.127.40.73 - - [12/Mar/2026:07:23:49 +1000] "GET / HTTP/1.1" 200 4160 "-" "Python/3.11 aiohttp/3.9.2"
118.127.40.73 - - [12/Mar/2026:07:53:37 +1000] "GET / HTTP/1.1" 200 4160 "-" "Python/3.11 aiohttp/3.9.2"
118.127.40.73 - - [12/Mar/2026:08:23:31 +1000] "GET / HTTP/1.1" 200 4160 "-" "Python/3.11 aiohttp/3.9.2"
118.127.40.73 - - [12/Mar/2026:08:53:32 +1000] "GET / HTTP/1.1" 200 4160 "-" "Python/3.11 aiohttp/3.9.2"
118.127.40.73 - - [12/Mar/2026:09:23:32 +1000] "GET / HTTP/1.1" 200 4160 "-" "Python/3.11 aiohttp/3.9.2"
118.127.40.73 - - [12/Mar/2026:09:53:33 +1000] "GET / HTTP/1.1" 200 4160 "-" "Python/3.11 aiohttp/3.9.2"
118.127.40.73 - - [12/Mar/2026:10:23:31 +1000] "GET / HTTP/1.1" 200 4160 "-" "Python/3.11 aiohttp/3.9.2"
3.255.112.210 - - [12/Mar/2026:10:28:37 +1000] "GET / HTTP/1.0" 200 4160 "-" "Mozilla/5.0 (compatible; NetcraftSurveyAgent/1.0; +info@netcraft.com)"
118.127.40.73 - - [12/Mar/2026:10:53:32 +1000] "GET / HTTP/1.1" 200 4160 "-" "Python/3.11 aiohttp/3.9.2"
34.243.242.98 - - [12/Mar/2026:11:00:50 +1000] "GET / HTTP/1.0" 500 241320 "-" "Mozilla/5.0 (compatible; NetcraftSurveyAgent/1.0; +info@netcraft.com)"
118.127.40.73 - - [12/Mar/2026:11:23:32 +1000] "GET / HTTP/1.1" 200 4160 "-" "Python/3.11 aiohttp/3.9.2"
118.127.40.73 - - [12/Mar/2026:11:53:31 +1000] "GET / HTTP/1.1" 200 4160 "-" "Python/3.11 aiohttp/3.9.2"
118.127.40.73 - - [12/Mar/2026:12:23:32 +1000] "GET / HTTP/1.1" 200 4160 "-" "Python/3.11 aiohttp/3.9.2"
118.127.40.73 - - [12/Mar/2026:12:53:32 +1000] "GET / HTTP/1.1" 200 4160 "-" "Python/3.11 aiohttp/3.9.2"
118.127.40.73 - - [12/Mar/2026:13:23:33 +1000] "GET / HTTP/1.1" 200 4160 "-" "Python/3.11 aiohttp/3.9.2"
118.127.40.73 - - [12/Mar/2026:13:53:35 +1000] "GET / HTTP/1.1" 200 4160 "-" "Python/3.11 aiohttp/3.9.2"
74.7.230.57 - - [12/Mar/2026:14:15:58 +1000] "GET /robots.txt HTTP/1.1" 200 24 "-" "Mozilla/5.0 (Macintosh; Intel Mac OS X 10_15_7) AppleWebKit/537.36 (KHTML, like Gecko) Chrome/131.0.0.0 Safari/537.36; compatible; OAI-SearchBot/1.3; robots.txt; +https://openai.com/searchbot"
74.7.242.56 - - [12/Mar/2026:14:16:05 +1000] "GET / HTTP/1.1" 200 4160 "-" "Mozilla/5.0 AppleWebKit/537.36 (KHTML, like Gecko; compatible; GPTBot/1.3; +https://openai.com/gptbot)"
74.7.242.56 - - [12/Mar/2026:14:16:19 +1000] "GET /forgot-password HTTP/1.1" 200 3363 "https://davetest.posscales.com.au/" "Mozilla/5.0 AppleWebKit/537.36 (KHTML, like Gecko; compatible; GPTBot/1.3; +https://openai.com/gptbot)"
74.7.242.56 - - [12/Mar/2026:14:16:22 +1000] "GET /build/assets/app-Dxto2m9p.css HTTP/1.1" 200 140615 "https://davetest.posscales.com.au/" "Mozilla/5.0 AppleWebKit/537.36 (KHTML, like Gecko; compatible; GPTBot/1.3; +https://openai.com/gptbot)"
74.7.242.56 - - [12/Mar/2026:14:16:24 +1000] "GET /css/new-css.css HTTP/1.1" 200 14418 "https://davetest.posscales.com.au/" "Mozilla/5.0 AppleWebKit/537.36 (KHTML, like Gecko; compatible; GPTBot/1.3; +https://openai.com/gptbot)"
74.7.242.56 - - [12/Mar/2026:14:16:26 +1000] "GET /build/assets/app-Bt-8Raav.js HTTP/1.1" 200 110021 "https://davetest.posscales.com.au/" "Mozilla/5.0 AppleWebKit/537.36 (KHTML, like Gecko; compatible; GPTBot/1.3; +https://openai.com/gptbot)"
118.127.40.73 - - [12/Mar/2026:14:23:34 +1000] "GET / HTTP/1.1" 200 4160 "-" "Python/3.11 aiohttp/3.9.2"
16.147.188.173 - - [12/Mar/2026:14:24:30 +1000] "GET /robots.txt HTTP/1.1" 200 24 "-" "Mozilla/5.0 (compatible; wpbot/1.4; +https://forms.gle/ajBaxygz9jSR8p8G9)"
16.147.188.173 - - [12/Mar/2026:14:24:30 +1000] "GET / HTTP/1.1" 500 1076342 "-" "Mozilla/5.0 (compatible; wpbot/1.4; +https://forms.gle/ajBaxygz9jSR8p8G9)"
118.127.40.73 - - [12/Mar/2026:14:53:33 +1000] "GET / HTTP/1.1" 200 4160 "-" "Python/3.11 aiohttp/3.9.2"
118.127.40.73 - - [12/Mar/2026:15:23:36 +1000] "GET / HTTP/1.1" 200 4160 "-" "Python/3.11 aiohttp/3.9.2"
118.127.40.73 - - [12/Mar/2026:15:53:34 +1000] "GET / HTTP/1.1" 200 4160 "-" "Python/3.11 aiohttp/3.9.2"
118.127.40.73 - - [12/Mar/2026:16:23:35 +1000] "GET / HTTP/1.1" 200 4160 "-" "Python/3.11 aiohttp/3.9.2"
118.127.40.73 - - [12/Mar/2026:16:53:34 +1000] "GET / HTTP/1.1" 200 4160 "-" "Python/3.11 aiohttp/3.9.2"
118.127.40.73 - - [12/Mar/2026:17:23:34 +1000] "GET / HTTP/1.1" 200 4160 "-" "Python/3.11 aiohttp/3.9.2"
118.127.40.73 - - [12/Mar/2026:17:53:34 +1000] "GET / HTTP/1.1" 200 4160 "-" "Python/3.11 aiohttp/3.9.2"
118.127.40.73 - - [12/Mar/2026:18:23:34 +1000] "GET / HTTP/1.1" 200 4160 "-" "Python/3.11 aiohttp/3.9.2"
118.127.40.73 - - [12/Mar/2026:18:53:34 +1000] "GET / HTTP/1.1" 200 4160 "-" "Python/3.11 aiohttp/3.9.2"
118.127.40.73 - - [12/Mar/2026:19:23:35 +1000] "GET / HTTP/1.1" 200 4160 "-" "Python/3.11 aiohttp/3.9.2"
118.127.40.73 - - [12/Mar/2026:19:53:36 +1000] "GET / HTTP/1.1" 200 4160 "-" "Python/3.11 aiohttp/3.9.2"
118.127.40.73 - - [12/Mar/2026:20:23:37 +1000] "GET / HTTP/1.1" 200 4160 "-" "Python/3.11 aiohttp/3.9.2"
118.127.40.73 - - [12/Mar/2026:20:53:35 +1000] "GET / HTTP/1.1" 200 4160 "-" "Python/3.11 aiohttp/3.9.2"
118.127.40.73 - - [12/Mar/2026:21:23:36 +1000] "GET / HTTP/1.1" 200 4160 "-" "Python/3.11 aiohttp/3.9.2"
118.127.40.73 - - [12/Mar/2026:21:53:36 +1000] "GET / HTTP/1.1" 200 4160 "-" "Python/3.11 aiohttp/3.9.2"
118.127.40.73 - - [12/Mar/2026:22:23:36 +1000] "GET / HTTP/1.1" 200 4160 "-" "Python/3.11 aiohttp/3.9.2"
118.127.40.73 - - [12/Mar/2026:22:53:38 +1000] "GET / HTTP/1.1" 200 4160 "-" "Python/3.11 aiohttp/3.9.2"
118.127.40.73 - - [12/Mar/2026:23:52:48 +1000] "GET / HTTP/1.1" 200 4160 "-" "Python/3.11 aiohttp/3.9.2"
118.127.40.73 - - [13/Mar/2026:00:22:43 +1000] "GET / HTTP/1.1" 200 4160 "-" "Python/3.11 aiohttp/3.9.2"
118.127.40.73 - - [13/Mar/2026:00:52:44 +1000] "GET / HTTP/1.1" 200 4160 "-" "Python/3.11 aiohttp/3.9.2"
118.127.40.73 - - [13/Mar/2026:01:22:51 +1000] "GET / HTTP/1.1" 200 4160 "-" "Python/3.11 aiohttp/3.9.2"
118.127.40.73 - - [13/Mar/2026:01:52:44 +1000] "GET / HTTP/1.1" 200 4160 "-" "Python/3.11 aiohttp/3.9.2"
118.127.40.73 - - [13/Mar/2026:02:22:51 +1000] "GET / HTTP/1.1" 200 4160 "-" "Python/3.11 aiohttp/3.9.2"
118.127.40.73 - - [13/Mar/2026:02:52:48 +1000] "GET / HTTP/1.1" 200 4160 "-" "Python/3.11 aiohttp/3.9.2"
118.127.40.73 - - [13/Mar/2026:03:22:53 +1000] "GET / HTTP/1.1" 200 4160 "-" "Python/3.11 aiohttp/3.9.2"
118.127.40.73 - - [13/Mar/2026:03:52:45 +1000] "GET / HTTP/1.1" 200 4160 "-" "Python/3.11 aiohttp/3.9.2"
118.127.40.73 - - [13/Mar/2026:04:22:45 +1000] "GET / HTTP/1.1" 200 4160 "-" "Python/3.11 aiohttp/3.9.2"
204.76.203.25 - - [13/Mar/2026:04:26:04 +1000] "GET /.env HTTP/1.1" 404 6603 "-" "Mozilla/5.0 (Windows NT 10.0; Win64; x64) AppleWebKit/537.36 (KHTML, like Gecko) Chrome/134.0.0.0 Safari/537.3"
118.127.40.73 - - [13/Mar/2026:04:52:48 +1000] "GET / HTTP/1.1" 200 4160 "-" "Python/3.11 aiohttp/3.9.2"
118.127.40.73 - - [13/Mar/2026:05:22:46 +1000] "GET / HTTP/1.1" 200 4160 "-" "Python/3.11 aiohttp/3.9.2"
118.127.40.73 - - [13/Mar/2026:05:52:47 +1000] "GET / HTTP/1.1" 200 4160 "-" "Python/3.11 aiohttp/3.9.2"
118.127.40.73 - - [13/Mar/2026:06:22:47 +1000] "GET / HTTP/1.1" 200 4160 "-" "Python/3.11 aiohttp/3.9.2"
118.127.40.73 - - [13/Mar/2026:06:52:47 +1000] "GET / HTTP/1.1" 200 4160 "-" "Python/3.11 aiohttp/3.9.2"
118.127.40.73 - - [13/Mar/2026:07:22:49 +1000] "GET / HTTP/1.1" 200 4160 "-" "Python/3.11 aiohttp/3.9.2"
118.127.40.73 - - [13/Mar/2026:07:52:50 +1000] "GET / HTTP/1.1" 200 4160 "-" "Python/3.11 aiohttp/3.9.2"
118.127.40.73 - - [13/Mar/2026:08:22:49 +1000] "GET / HTTP/1.1" 200 4160 "-" "Python/3.11 aiohttp/3.9.2"
118.127.40.73 - - [13/Mar/2026:08:52:48 +1000] "GET / HTTP/1.1" 200 4160 "-" "Python/3.11 aiohttp/3.9.2"
74.7.228.1 - - [13/Mar/2026:09:06:50 +1000] "GET /robots.txt HTTP/1.1" 200 24 "-" "Mozilla/5.0 (Macintosh; Intel Mac OS X 10_15_7) AppleWebKit/537.36 (KHTML, like Gecko) Chrome/131.0.0.0 Safari/537.36; compatible; OAI-SearchBot/1.3; robots.txt; +https://openai.com/searchbot"
74.7.227.44 - - [13/Mar/2026:09:06:50 +1000] "GET / HTTP/1.1" 500 147440 "-" "Mozilla/5.0 AppleWebKit/537.36 (KHTML, like Gecko; compatible; GPTBot/1.3; +https://openai.com/gptbot)"
118.127.40.73 - - [13/Mar/2026:09:22:46 +1000] "GET / HTTP/1.1" 200 4160 "-" "Python/3.11 aiohttp/3.9.2"
118.127.40.73 - - [13/Mar/2026:09:52:47 +1000] "GET / HTTP/1.1" 200 4160 "-" "Python/3.11 aiohttp/3.9.2"
118.127.40.73 - - [13/Mar/2026:10:22:46 +1000] "GET / HTTP/1.1" 200 4160 "-" "Python/3.11 aiohttp/3.9.2"
118.127.40.73 - - [13/Mar/2026:10:52:50 +1000] "GET / HTTP/1.1" 200 4160 "-" "Python/3.11 aiohttp/3.9.2"
3.254.145.129 - - [13/Mar/2026:11:16:36 +1000] "GET / HTTP/1.0" 200 4160 "-" "Mozilla/5.0 (compatible; NetcraftSurveyAgent/1.0; +info@netcraft.com)"
118.127.40.73 - - [13/Mar/2026:11:22:47 +1000] "GET / HTTP/1.1" 200 4160 "-" "Python/3.11 aiohttp/3.9.2"
74.7.230.30 - - [13/Mar/2026:11:43:35 +1000] "GET /robots.txt HTTP/1.1" 200 24 "-" "Mozilla/5.0 (Macintosh; Intel Mac OS X 10_15_7) AppleWebKit/537.36 (KHTML, like Gecko) Chrome/131.0.0.0 Safari/537.36; compatible; OAI-SearchBot/1.3; robots.txt; +https://openai.com/searchbot"
118.127.40.73 - - [13/Mar/2026:11:52:48 +1000] "GET / HTTP/1.1" 200 4160 "-" "Python/3.11 aiohttp/3.9.2"
118.127.40.73 - - [13/Mar/2026:12:22:47 +1000] "GET / HTTP/1.1" 200 4160 "-" "Python/3.11 aiohttp/3.9.2"
3.255.138.202 - - [13/Mar/2026:12:23:00 +1000] "GET / HTTP/1.0" 500 204776 "-" "Mozilla/5.0 (compatible; NetcraftSurveyAgent/1.0; +info@netcraft.com)"
118.127.40.73 - - [13/Mar/2026:12:52:50 +1000] "GET / HTTP/1.1" 200 4160 "-" "Python/3.11 aiohttp/3.9.2"
