HEX
Server: Apache
System: Linux server2.voipitup.com.au 4.18.0-553.104.1.lve.el8.x86_64 #1 SMP Tue Feb 10 20:07:30 UTC 2026 x86_64
User: posscale (1027)
PHP: 8.2.29
Disabled: exec,passthru,shell_exec,system
Upload Files
File: //home/posscale/access-logs/davetest.posscales.com.au-ssl_log
118.127.40.73 - - [28/Feb/2026:22:44:58 +1000] "GET / HTTP/1.1" 200 4160 "-" "Python/3.11 aiohttp/3.9.2"
45.153.34.31 - - [28/Feb/2026:22:50:53 +1000] "GET /.git/config HTTP/1.1" 404 6603 "-" "Mozilla/5.0 (Windows; U; Windows NT 5.2; en-US) AppleWebKit/533.17.8 (KHTML, like Gecko) Version/5.0.1 Safari/533.17.8"
118.127.40.73 - - [28/Feb/2026:23:15:01 +1000] "GET / HTTP/1.1" 200 4160 "-" "Python/3.11 aiohttp/3.9.2"
118.127.40.73 - - [28/Feb/2026:23:44:58 +1000] "GET / HTTP/1.1" 200 4160 "-" "Python/3.11 aiohttp/3.9.2"
118.127.40.73 - - [01/Mar/2026:00:14:59 +1000] "GET / HTTP/1.1" 200 4160 "-" "Python/3.11 aiohttp/3.9.2"
118.127.40.73 - - [01/Mar/2026:00:45:04 +1000] "GET / HTTP/1.1" 200 4160 "-" "Python/3.11 aiohttp/3.9.2"
118.127.40.73 - - [01/Mar/2026:01:14:59 +1000] "GET / HTTP/1.1" 200 4160 "-" "Python/3.11 aiohttp/3.9.2"
118.127.40.73 - - [01/Mar/2026:01:45:00 +1000] "GET / HTTP/1.1" 200 4160 "-" "Python/3.11 aiohttp/3.9.2"
118.127.40.73 - - [01/Mar/2026:02:15:00 +1000] "GET / HTTP/1.1" 200 4160 "-" "Python/3.11 aiohttp/3.9.2"
118.127.40.73 - - [01/Mar/2026:02:45:04 +1000] "GET / HTTP/1.1" 200 4160 "-" "Python/3.11 aiohttp/3.9.2"
118.127.40.73 - - [01/Mar/2026:03:15:03 +1000] "GET / HTTP/1.1" 200 4160 "-" "Python/3.11 aiohttp/3.9.2"
118.127.40.73 - - [01/Mar/2026:03:45:02 +1000] "GET / HTTP/1.1" 200 4160 "-" "Python/3.11 aiohttp/3.9.2"
118.127.40.73 - - [01/Mar/2026:04:15:16 +1000] "GET / HTTP/1.1" 200 4160 "-" "Python/3.11 aiohttp/3.9.2"
118.127.40.73 - - [01/Mar/2026:04:45:05 +1000] "GET / HTTP/1.1" 200 4160 "-" "Python/3.11 aiohttp/3.9.2"
118.127.40.73 - - [01/Mar/2026:05:15:03 +1000] "GET / HTTP/1.1" 200 4160 "-" "Python/3.11 aiohttp/3.9.2"
118.127.40.73 - - [01/Mar/2026:05:45:06 +1000] "GET / HTTP/1.1" 200 4160 "-" "Python/3.11 aiohttp/3.9.2"
118.127.40.73 - - [01/Mar/2026:06:15:04 +1000] "GET / HTTP/1.1" 200 4160 "-" "Python/3.11 aiohttp/3.9.2"
118.127.40.73 - - [01/Mar/2026:06:45:04 +1000] "GET / HTTP/1.1" 200 4160 "-" "Python/3.11 aiohttp/3.9.2"
118.127.40.73 - - [01/Mar/2026:07:15:04 +1000] "GET / HTTP/1.1" 200 4160 "-" "Python/3.11 aiohttp/3.9.2"
118.127.40.73 - - [01/Mar/2026:07:45:08 +1000] "GET / HTTP/1.1" 200 4160 "-" "Python/3.11 aiohttp/3.9.2"
118.127.40.73 - - [01/Mar/2026:08:15:07 +1000] "GET / HTTP/1.1" 200 4160 "-" "Python/3.11 aiohttp/3.9.2"
118.127.40.73 - - [01/Mar/2026:08:45:06 +1000] "GET / HTTP/1.1" 200 4160 "-" "Python/3.11 aiohttp/3.9.2"
118.127.40.73 - - [01/Mar/2026:09:15:05 +1000] "GET / HTTP/1.1" 200 4160 "-" "Python/3.11 aiohttp/3.9.2"
204.76.203.25 - - [01/Mar/2026:09:42:32 +1000] "GET /.env HTTP/1.1" 404 6603 "-" "Mozilla/5.0 (Windows NT 10.0; Win64; x64) AppleWebKit/537.36 (KHTML, like Gecko) Chrome/134.0.0.0 Safari/537.3"
118.127.40.73 - - [01/Mar/2026:09:45:05 +1000] "GET / HTTP/1.1" 200 4160 "-" "Python/3.11 aiohttp/3.9.2"
118.127.40.73 - - [01/Mar/2026:10:15:05 +1000] "GET / HTTP/1.1" 200 4160 "-" "Python/3.11 aiohttp/3.9.2"
118.127.40.73 - - [01/Mar/2026:10:45:05 +1000] "GET / HTTP/1.1" 200 4160 "-" "Python/3.11 aiohttp/3.9.2"
118.127.40.73 - - [01/Mar/2026:11:15:06 +1000] "GET / HTTP/1.1" 200 4160 "-" "Python/3.11 aiohttp/3.9.2"
167.86.118.77 - - [01/Mar/2026:11:28:52 +1000] "HEAD / HTTP/1.1" 500 - "-" "python-requests/2.32.5"
167.86.118.77 - - [01/Mar/2026:11:28:53 +1000] "HEAD / HTTP/1.1" 200 - "-" "python-requests/2.32.5"
167.86.118.77 - - [01/Mar/2026:11:28:54 +1000] "GET /wp-admin/ HTTP/1.1" 301 290 "binance.com" "Mozilla/5.0 (Windows NT 10.0; Win64; x64) AppleWebKit/537.36 (KHTML, like Gecko) Edge/120.0.2210.91"
167.86.118.77 - - [01/Mar/2026:11:28:54 +1000] "GET /wp-admin HTTP/1.1" 404 6603 "binance.com" "Mozilla/5.0 (Windows NT 10.0; Win64; x64) AppleWebKit/537.36 (KHTML, like Gecko) Edge/120.0.2210.91"
118.127.40.73 - - [01/Mar/2026:11:45:07 +1000] "GET / HTTP/1.1" 200 4160 "-" "Python/3.11 aiohttp/3.9.2"
118.127.40.73 - - [01/Mar/2026:12:15:07 +1000] "GET / HTTP/1.1" 200 4160 "-" "Python/3.11 aiohttp/3.9.2"
118.127.40.73 - - [01/Mar/2026:12:45:13 +1000] "GET / HTTP/1.1" 200 4160 "-" "Python/3.11 aiohttp/3.9.2"
118.127.40.73 - - [01/Mar/2026:13:15:07 +1000] "GET / HTTP/1.1" 200 4160 "-" "Python/3.11 aiohttp/3.9.2"
118.127.40.73 - - [01/Mar/2026:13:45:07 +1000] "GET / HTTP/1.1" 200 4160 "-" "Python/3.11 aiohttp/3.9.2"
118.127.40.73 - - [01/Mar/2026:14:15:07 +1000] "GET / HTTP/1.1" 200 4160 "-" "Python/3.11 aiohttp/3.9.2"
118.127.40.73 - - [01/Mar/2026:14:45:07 +1000] "GET / HTTP/1.1" 200 4160 "-" "Python/3.11 aiohttp/3.9.2"
118.127.40.73 - - [01/Mar/2026:15:15:08 +1000] "GET / HTTP/1.1" 200 4160 "-" "Python/3.11 aiohttp/3.9.2"
118.127.40.73 - - [01/Mar/2026:15:45:08 +1000] "GET / HTTP/1.1" 200 4160 "-" "Python/3.11 aiohttp/3.9.2"
118.127.40.73 - - [01/Mar/2026:16:15:08 +1000] "GET / HTTP/1.1" 200 4160 "-" "Python/3.11 aiohttp/3.9.2"
118.127.40.73 - - [01/Mar/2026:16:45:08 +1000] "GET / HTTP/1.1" 200 4160 "-" "Python/3.11 aiohttp/3.9.2"
118.127.40.73 - - [01/Mar/2026:17:15:09 +1000] "GET / HTTP/1.1" 200 4160 "-" "Python/3.11 aiohttp/3.9.2"
198.235.24.155 - - [01/Mar/2026:17:36:55 +1000] "GET / HTTP/1.1" 500 1076562 "-" "Hello from Palo Alto Networks, find out more about our scans in https://docs-cortex.paloaltonetworks.com/r/1/Cortex-Xpanse/Scanning-activity"
118.127.40.73 - - [01/Mar/2026:17:45:08 +1000] "GET / HTTP/1.1" 200 4160 "-" "Python/3.11 aiohttp/3.9.2"
118.127.40.73 - - [01/Mar/2026:18:15:12 +1000] "GET / HTTP/1.1" 200 4160 "-" "Python/3.11 aiohttp/3.9.2"
118.127.40.73 - - [01/Mar/2026:18:45:09 +1000] "GET / HTTP/1.1" 200 4160 "-" "Python/3.11 aiohttp/3.9.2"
118.127.40.73 - - [01/Mar/2026:19:15:10 +1000] "GET / HTTP/1.1" 200 4160 "-" "Python/3.11 aiohttp/3.9.2"
1.192.195.11 - - [01/Mar/2026:19:15:19 +1000] "GET / HTTP/1.1" 500 466888 "-" "Mozilla/5.0 (Macintosh; Intel Mac OS X 10_15_7) AppleWebKit/537.36 (KHTML, like Gecko) Chrome/120.0.0.0 Safari/537.36 Edg/120.0.0.0"
1.192.195.5 - - [01/Mar/2026:19:16:26 +1000] "GET /robots.txt HTTP/1.1" 200 24 "-" "Mozilla/5.0 (Macintosh; Intel Mac OS X 10_15_7) AppleWebKit/537.36 (KHTML, like Gecko) Chrome/120.0.0.0 Safari/537.36 Edg/120.0.0.0"
118.127.40.73 - - [01/Mar/2026:19:45:09 +1000] "GET / HTTP/1.1" 200 4160 "-" "Python/3.11 aiohttp/3.9.2"
118.127.40.73 - - [01/Mar/2026:20:15:09 +1000] "GET / HTTP/1.1" 200 4160 "-" "Python/3.11 aiohttp/3.9.2"
118.127.40.73 - - [01/Mar/2026:20:45:10 +1000] "GET / HTTP/1.1" 200 4160 "-" "Python/3.11 aiohttp/3.9.2"
74.7.244.1 - - [01/Mar/2026:20:46:30 +1000] "GET /robots.txt HTTP/1.1" 200 24 "-" "Mozilla/5.0 (Macintosh; Intel Mac OS X 10_15_7) AppleWebKit/537.36 (KHTML, like Gecko) Chrome/131.0.0.0 Safari/537.36; compatible; OAI-SearchBot/1.3; robots.txt; +https://openai.com/searchbot"
74.7.227.129 - - [01/Mar/2026:20:46:31 +1000] "GET / HTTP/1.1" 200 4160 "-" "Mozilla/5.0 AppleWebKit/537.36 (KHTML, like Gecko; compatible; GPTBot/1.3; +https://openai.com/gptbot)"
74.7.227.129 - - [01/Mar/2026:20:46:36 +1000] "GET /build/assets/app-Bt-8Raav.js HTTP/1.1" 200 110021 "https://davetest.posscales.com.au/" "Mozilla/5.0 AppleWebKit/537.36 (KHTML, like Gecko; compatible; GPTBot/1.3; +https://openai.com/gptbot)"
74.7.227.129 - - [01/Mar/2026:20:46:40 +1000] "GET /css/new-css.css HTTP/1.1" 200 14418 "https://davetest.posscales.com.au/" "Mozilla/5.0 AppleWebKit/537.36 (KHTML, like Gecko; compatible; GPTBot/1.3; +https://openai.com/gptbot)"
74.7.227.129 - - [01/Mar/2026:20:46:43 +1000] "GET /forgot-password HTTP/1.1" 200 3363 "https://davetest.posscales.com.au/" "Mozilla/5.0 AppleWebKit/537.36 (KHTML, like Gecko; compatible; GPTBot/1.3; +https://openai.com/gptbot)"
74.7.227.129 - - [01/Mar/2026:20:46:45 +1000] "GET /build/assets/app-Dxto2m9p.css HTTP/1.1" 200 140615 "https://davetest.posscales.com.au/" "Mozilla/5.0 AppleWebKit/537.36 (KHTML, like Gecko; compatible; GPTBot/1.3; +https://openai.com/gptbot)"
118.127.40.73 - - [01/Mar/2026:21:15:10 +1000] "GET / HTTP/1.1" 200 4160 "-" "Python/3.11 aiohttp/3.9.2"
118.127.40.73 - - [01/Mar/2026:21:45:12 +1000] "GET / HTTP/1.1" 200 4160 "-" "Python/3.11 aiohttp/3.9.2"
118.127.40.73 - - [01/Mar/2026:22:15:11 +1000] "GET / HTTP/1.1" 200 4160 "-" "Python/3.11 aiohttp/3.9.2"
118.127.40.73 - - [01/Mar/2026:22:45:11 +1000] "GET / HTTP/1.1" 200 4160 "-" "Python/3.11 aiohttp/3.9.2"
74.7.241.162 - - [01/Mar/2026:23:01:55 +1000] "GET /robots.txt HTTP/1.1" 200 24 "-" "Mozilla/5.0 (Macintosh; Intel Mac OS X 10_15_7) AppleWebKit/537.36 (KHTML, like Gecko) Chrome/131.0.0.0 Safari/537.36; compatible; OAI-SearchBot/1.3; robots.txt; +https://openai.com/searchbot"
74.7.243.230 - - [01/Mar/2026:23:01:55 +1000] "GET / HTTP/1.1" 500 155632 "-" "Mozilla/5.0 AppleWebKit/537.36 (KHTML, like Gecko; compatible; GPTBot/1.3; +https://openai.com/gptbot)"
118.127.40.73 - - [01/Mar/2026:23:15:11 +1000] "GET / HTTP/1.1" 200 4160 "-" "Python/3.11 aiohttp/3.9.2"
118.127.40.73 - - [01/Mar/2026:23:45:11 +1000] "GET / HTTP/1.1" 200 4160 "-" "Python/3.11 aiohttp/3.9.2"
118.127.40.73 - - [02/Mar/2026:00:15:12 +1000] "GET / HTTP/1.1" 200 4160 "-" "Python/3.11 aiohttp/3.9.2"
118.127.40.73 - - [02/Mar/2026:00:45:11 +1000] "GET / HTTP/1.1" 200 4160 "-" "Python/3.11 aiohttp/3.9.2"
149.27.247.129 - - [02/Mar/2026:00:50:26 +1000] "GET /robots.txt HTTP/1.1" 200 24 "-" "Mozilla/5.0 (Windows NT 10.0; Win64; x64) AppleWebKit/537.36 (KHTML, like Gecko) Chrome/114.0.0.0 Safari/537.36 Edg/114.0.1823.43"
118.127.40.73 - - [02/Mar/2026:01:15:11 +1000] "GET / HTTP/1.1" 200 4160 "-" "Python/3.11 aiohttp/3.9.2"
118.127.40.73 - - [02/Mar/2026:01:45:11 +1000] "GET / HTTP/1.1" 200 4160 "-" "Python/3.11 aiohttp/3.9.2"
118.127.40.73 - - [02/Mar/2026:02:15:12 +1000] "GET / HTTP/1.1" 200 4160 "-" "Python/3.11 aiohttp/3.9.2"
118.127.40.73 - - [02/Mar/2026:02:45:12 +1000] "GET / HTTP/1.1" 200 4160 "-" "Python/3.11 aiohttp/3.9.2"
118.127.40.73 - - [02/Mar/2026:03:15:13 +1000] "GET / HTTP/1.1" 200 4160 "-" "Python/3.11 aiohttp/3.9.2"
118.127.40.73 - - [02/Mar/2026:03:45:13 +1000] "GET / HTTP/1.1" 200 4160 "-" "Python/3.11 aiohttp/3.9.2"
118.127.40.73 - - [02/Mar/2026:04:15:16 +1000] "GET / HTTP/1.1" 200 4160 "-" "Python/3.11 aiohttp/3.9.2"
118.127.40.73 - - [02/Mar/2026:04:45:14 +1000] "GET / HTTP/1.1" 200 4160 "-" "Python/3.11 aiohttp/3.9.2"
118.127.40.73 - - [02/Mar/2026:05:15:14 +1000] "GET / HTTP/1.1" 200 4160 "-" "Python/3.11 aiohttp/3.9.2"
118.127.40.73 - - [02/Mar/2026:05:45:13 +1000] "GET / HTTP/1.1" 200 4160 "-" "Python/3.11 aiohttp/3.9.2"
118.127.40.73 - - [02/Mar/2026:06:15:17 +1000] "GET / HTTP/1.1" 200 4160 "-" "Python/3.11 aiohttp/3.9.2"
118.127.40.73 - - [02/Mar/2026:06:45:14 +1000] "GET / HTTP/1.1" 200 4160 "-" "Python/3.11 aiohttp/3.9.2"
118.127.40.73 - - [02/Mar/2026:07:15:14 +1000] "GET / HTTP/1.1" 200 4160 "-" "Python/3.11 aiohttp/3.9.2"
118.127.40.73 - - [02/Mar/2026:07:45:14 +1000] "GET / HTTP/1.1" 200 4160 "-" "Python/3.11 aiohttp/3.9.2"
193.32.248.139 - - [02/Mar/2026:07:55:54 +1000] "HEAD / HTTP/1.1" 200 - "-" "python-requests/2.32.4"
193.32.248.139 - - [02/Mar/2026:07:55:55 +1000] "GET /wp-admin/ HTTP/1.1" 301 290 "-" "Mozilla/5.0 (Windows NT 10.0; Win64; x64; rv:121.0) Gecko/20100101 Firefox/121.0"
193.32.248.139 - - [02/Mar/2026:07:55:56 +1000] "GET /wp-admin HTTP/1.1" 404 6603 "-" "Mozilla/5.0 (Windows NT 10.0; Win64; x64; rv:121.0) Gecko/20100101 Firefox/121.0"
193.32.248.139 - - [02/Mar/2026:07:55:57 +1000] "GET /xmlrpc.php HTTP/1.1" 404 6603 "-" "Mozilla/5.0 (Macintosh; Intel Mac OS X 14_3) AppleWebKit/537.36 (KHTML, like Gecko) Chrome/121.0.0.0 Safari/537.36"
118.127.40.73 - - [02/Mar/2026:08:15:16 +1000] "GET / HTTP/1.1" 200 4160 "-" "Python/3.11 aiohttp/3.9.2"
118.127.40.73 - - [02/Mar/2026:08:45:14 +1000] "GET / HTTP/1.1" 200 4160 "-" "Python/3.11 aiohttp/3.9.2"
118.127.40.73 - - [02/Mar/2026:09:15:14 +1000] "GET / HTTP/1.1" 200 4160 "-" "Python/3.11 aiohttp/3.9.2"
118.127.40.73 - - [02/Mar/2026:09:45:15 +1000] "GET / HTTP/1.1" 200 4160 "-" "Python/3.11 aiohttp/3.9.2"
51.75.128.94 - - [02/Mar/2026:10:09:36 +1000] "GET /robots.txt HTTP/1.1" 200 24 "-" "Mozilla/5.0 (compatible; MJ12bot/v1.4.8; http://mj12bot.com/)"
51.75.128.94 - - [02/Mar/2026:10:09:38 +1000] "GET / HTTP/1.1" 200 4160 "-" "Mozilla/5.0 (compatible; MJ12bot/v1.4.8; http://mj12bot.com/)"
118.127.40.73 - - [02/Mar/2026:10:15:17 +1000] "GET / HTTP/1.1" 200 4160 "-" "Python/3.11 aiohttp/3.9.2"
118.127.40.73 - - [02/Mar/2026:10:45:15 +1000] "GET / HTTP/1.1" 200 4160 "-" "Python/3.11 aiohttp/3.9.2"
118.127.40.73 - - [02/Mar/2026:11:15:16 +1000] "GET / HTTP/1.1" 200 4160 "-" "Python/3.11 aiohttp/3.9.2"
118.127.40.73 - - [02/Mar/2026:11:45:16 +1000] "GET / HTTP/1.1" 200 4160 "-" "Python/3.11 aiohttp/3.9.2"
118.127.40.73 - - [02/Mar/2026:12:15:16 +1000] "GET / HTTP/1.1" 200 4160 "-" "Python/3.11 aiohttp/3.9.2"
118.127.40.73 - - [02/Mar/2026:12:45:17 +1000] "GET / HTTP/1.1" 200 4160 "-" "Python/3.11 aiohttp/3.9.2"
118.127.40.73 - - [02/Mar/2026:13:15:17 +1000] "GET / HTTP/1.1" 200 4160 "-" "Python/3.11 aiohttp/3.9.2"
118.127.40.73 - - [02/Mar/2026:13:45:21 +1000] "GET / HTTP/1.1" 200 4160 "-" "Python/3.11 aiohttp/3.9.2"
195.178.110.157 - - [02/Mar/2026:13:54:32 +1000] "GET /.git/config HTTP/1.1" 404 6603 "-" "Mozilla/5.0 (Windows NT 10.0; Win64; x64) AppleWebKit/537.36 (KHTML, like Gecko) Chrome/122.0.0.0 Safari/537.36"
118.127.40.73 - - [02/Mar/2026:14:15:17 +1000] "GET / HTTP/1.1" 200 4160 "-" "Python/3.11 aiohttp/3.9.2"
118.127.40.73 - - [02/Mar/2026:14:45:18 +1000] "GET / HTTP/1.1" 200 4160 "-" "Python/3.11 aiohttp/3.9.2"
118.127.40.73 - - [02/Mar/2026:15:15:18 +1000] "GET / HTTP/1.1" 200 4160 "-" "Python/3.11 aiohttp/3.9.2"
118.127.40.73 - - [02/Mar/2026:15:45:19 +1000] "GET / HTTP/1.1" 200 4160 "-" "Python/3.11 aiohttp/3.9.2"
118.127.40.73 - - [02/Mar/2026:16:15:19 +1000] "GET / HTTP/1.1" 200 4160 "-" "Python/3.11 aiohttp/3.9.2"
118.127.40.73 - - [02/Mar/2026:16:45:18 +1000] "GET / HTTP/1.1" 200 4160 "-" "Python/3.11 aiohttp/3.9.2"
118.127.40.73 - - [02/Mar/2026:17:15:18 +1000] "GET / HTTP/1.1" 200 4160 "-" "Python/3.11 aiohttp/3.9.2"
118.127.40.73 - - [02/Mar/2026:17:45:19 +1000] "GET / HTTP/1.1" 200 4160 "-" "Python/3.11 aiohttp/3.9.2"
118.127.40.73 - - [02/Mar/2026:18:15:19 +1000] "GET / HTTP/1.1" 200 4160 "-" "Python/3.11 aiohttp/3.9.2"
118.127.40.73 - - [02/Mar/2026:18:45:20 +1000] "GET / HTTP/1.1" 200 4160 "-" "Python/3.11 aiohttp/3.9.2"
118.127.40.73 - - [02/Mar/2026:19:15:19 +1000] "GET / HTTP/1.1" 200 4160 "-" "Python/3.11 aiohttp/3.9.2"
118.127.40.73 - - [02/Mar/2026:19:45:20 +1000] "GET / HTTP/1.1" 200 4160 "-" "Python/3.11 aiohttp/3.9.2"
118.127.40.73 - - [02/Mar/2026:20:15:20 +1000] "GET / HTTP/1.1" 200 4160 "-" "Python/3.11 aiohttp/3.9.2"
118.127.40.73 - - [02/Mar/2026:20:45:20 +1000] "GET / HTTP/1.1" 200 4160 "-" "Python/3.11 aiohttp/3.9.2"
74.7.228.37 - - [02/Mar/2026:20:50:30 +1000] "GET /robots.txt HTTP/1.1" 200 24 "-" "Mozilla/5.0 (Macintosh; Intel Mac OS X 10_15_7) AppleWebKit/537.36 (KHTML, like Gecko) Chrome/131.0.0.0 Safari/537.36; compatible; OAI-SearchBot/1.3; robots.txt; +https://openai.com/searchbot"
118.127.40.73 - - [02/Mar/2026:21:15:20 +1000] "GET / HTTP/1.1" 200 4160 "-" "Python/3.11 aiohttp/3.9.2"
118.127.40.73 - - [02/Mar/2026:21:45:20 +1000] "GET / HTTP/1.1" 200 4160 "-" "Python/3.11 aiohttp/3.9.2"
118.127.40.73 - - [02/Mar/2026:22:15:21 +1000] "GET / HTTP/1.1" 200 4160 "-" "Python/3.11 aiohttp/3.9.2"
118.127.40.73 - - [02/Mar/2026:22:45:21 +1000] "GET / HTTP/1.1" 200 4160 "-" "Python/3.11 aiohttp/3.9.2"
118.127.40.73 - - [02/Mar/2026:23:15:21 +1000] "GET / HTTP/1.1" 200 4160 "-" "Python/3.11 aiohttp/3.9.2"
118.127.40.73 - - [02/Mar/2026:23:45:21 +1000] "GET / HTTP/1.1" 200 4160 "-" "Python/3.11 aiohttp/3.9.2"
74.7.244.61 - - [03/Mar/2026:00:12:47 +1000] "GET /robots.txt HTTP/1.1" 200 24 "-" "Mozilla/5.0 (Macintosh; Intel Mac OS X 10_15_7) AppleWebKit/537.36 (KHTML, like Gecko) Chrome/131.0.0.0 Safari/537.36; compatible; OAI-SearchBot/1.3; robots.txt; +https://openai.com/searchbot"
118.127.40.73 - - [03/Mar/2026:00:15:21 +1000] "GET / HTTP/1.1" 200 4160 "-" "Python/3.11 aiohttp/3.9.2"
118.127.40.73 - - [03/Mar/2026:00:45:23 +1000] "GET / HTTP/1.1" 200 4160 "-" "Python/3.11 aiohttp/3.9.2"
118.127.40.73 - - [03/Mar/2026:01:15:22 +1000] "GET / HTTP/1.1" 200 4160 "-" "Python/3.11 aiohttp/3.9.2"
118.127.40.73 - - [03/Mar/2026:01:45:23 +1000] "GET / HTTP/1.1" 200 4160 "-" "Python/3.11 aiohttp/3.9.2"
118.127.40.73 - - [03/Mar/2026:02:15:23 +1000] "GET / HTTP/1.1" 200 4160 "-" "Python/3.11 aiohttp/3.9.2"
118.127.40.73 - - [03/Mar/2026:02:45:23 +1000] "GET / HTTP/1.1" 200 4160 "-" "Python/3.11 aiohttp/3.9.2"
118.127.40.73 - - [03/Mar/2026:03:15:23 +1000] "GET / HTTP/1.1" 200 4160 "-" "Python/3.11 aiohttp/3.9.2"
118.127.40.73 - - [03/Mar/2026:03:45:25 +1000] "GET / HTTP/1.1" 200 4160 "-" "Python/3.11 aiohttp/3.9.2"
118.127.40.73 - - [03/Mar/2026:04:15:29 +1000] "GET / HTTP/1.1" 200 4160 "-" "Python/3.11 aiohttp/3.9.2"
118.127.40.73 - - [03/Mar/2026:04:45:24 +1000] "GET / HTTP/1.1" 200 4160 "-" "Python/3.11 aiohttp/3.9.2"
118.127.40.73 - - [03/Mar/2026:05:15:24 +1000] "GET / HTTP/1.1" 200 4160 "-" "Python/3.11 aiohttp/3.9.2"
118.127.40.73 - - [03/Mar/2026:05:45:25 +1000] "GET / HTTP/1.1" 200 4160 "-" "Python/3.11 aiohttp/3.9.2"
118.127.40.73 - - [03/Mar/2026:06:15:25 +1000] "GET / HTTP/1.1" 200 4160 "-" "Python/3.11 aiohttp/3.9.2"
118.127.40.73 - - [03/Mar/2026:06:45:24 +1000] "GET / HTTP/1.1" 200 4160 "-" "Python/3.11 aiohttp/3.9.2"
118.127.40.73 - - [03/Mar/2026:07:15:25 +1000] "GET / HTTP/1.1" 200 4160 "-" "Python/3.11 aiohttp/3.9.2"
118.127.40.73 - - [03/Mar/2026:07:45:25 +1000] "GET / HTTP/1.1" 200 4160 "-" "Python/3.11 aiohttp/3.9.2"
118.127.40.73 - - [03/Mar/2026:08:15:27 +1000] "GET / HTTP/1.1" 200 4160 "-" "Python/3.11 aiohttp/3.9.2"
118.127.40.73 - - [03/Mar/2026:08:45:25 +1000] "GET / HTTP/1.1" 200 4160 "-" "Python/3.11 aiohttp/3.9.2"
118.127.40.73 - - [03/Mar/2026:09:15:26 +1000] "GET / HTTP/1.1" 200 4160 "-" "Python/3.11 aiohttp/3.9.2"
118.127.40.73 - - [03/Mar/2026:09:45:26 +1000] "GET / HTTP/1.1" 200 4160 "-" "Python/3.11 aiohttp/3.9.2"
118.127.40.73 - - [03/Mar/2026:10:15:26 +1000] "GET / HTTP/1.1" 200 4160 "-" "Python/3.11 aiohttp/3.9.2"
118.127.40.73 - - [03/Mar/2026:10:45:26 +1000] "GET / HTTP/1.1" 200 4160 "-" "Python/3.11 aiohttp/3.9.2"
118.127.40.73 - - [03/Mar/2026:11:15:26 +1000] "GET / HTTP/1.1" 200 4160 "-" "Python/3.11 aiohttp/3.9.2"
118.127.40.73 - - [03/Mar/2026:11:45:27 +1000] "GET / HTTP/1.1" 200 4160 "-" "Python/3.11 aiohttp/3.9.2"
18.206.217.244 - - [03/Mar/2026:12:12:46 +1000] "GET / HTTP/1.1" 200 4160 "-" "python-requests/2.32.4"
118.127.40.73 - - [03/Mar/2026:12:15:28 +1000] "GET / HTTP/1.1" 200 4160 "-" "Python/3.11 aiohttp/3.9.2"
118.127.40.73 - - [03/Mar/2026:12:45:28 +1000] "GET / HTTP/1.1" 200 4160 "-" "Python/3.11 aiohttp/3.9.2"
118.127.40.73 - - [03/Mar/2026:13:15:28 +1000] "GET / HTTP/1.1" 200 4160 "-" "Python/3.11 aiohttp/3.9.2"
118.127.40.73 - - [03/Mar/2026:13:45:44 +1000] "GET / HTTP/1.1" 200 4160 "-" "Python/3.11 aiohttp/3.9.2"
118.127.40.73 - - [03/Mar/2026:14:15:30 +1000] "GET / HTTP/1.1" 200 4160 "-" "Python/3.11 aiohttp/3.9.2"
118.127.40.73 - - [03/Mar/2026:14:45:30 +1000] "GET / HTTP/1.1" 200 4160 "-" "Python/3.11 aiohttp/3.9.2"
118.127.40.73 - - [03/Mar/2026:15:15:30 +1000] "GET / HTTP/1.1" 200 4160 "-" "Python/3.11 aiohttp/3.9.2"
118.127.40.73 - - [03/Mar/2026:15:45:31 +1000] "GET / HTTP/1.1" 200 4160 "-" "Python/3.11 aiohttp/3.9.2"
167.94.138.187 - - [03/Mar/2026:16:05:17 +1000] "GET / HTTP/1.1" 200 4160 "-" "Mozilla/5.0 (compatible; CensysInspect/1.1; +https://about.censys.io/)"
167.94.138.187 - - [03/Mar/2026:16:05:18 +1000] "GET /favicon.ico HTTP/1.1" 200 - "-" "Mozilla/5.0 (compatible; CensysInspect/1.1; +https://about.censys.io/)"
118.127.40.73 - - [03/Mar/2026:16:15:31 +1000] "GET / HTTP/1.1" 200 4160 "-" "Python/3.11 aiohttp/3.9.2"
118.127.40.73 - - [03/Mar/2026:16:45:31 +1000] "GET / HTTP/1.1" 200 4160 "-" "Python/3.11 aiohttp/3.9.2"
118.127.40.73 - - [03/Mar/2026:17:15:31 +1000] "GET / HTTP/1.1" 200 4160 "-" "Python/3.11 aiohttp/3.9.2"
204.76.203.25 - - [03/Mar/2026:17:30:59 +1000] "GET / HTTP/1.1" 200 4160 "-" "Mozilla/5.0 (Windows NT 10.0; Win64; x64) AppleWebKit/537.36 (KHTML, like Gecko) Chrome/134.0.0.0 Safari/537.3"
118.127.40.73 - - [03/Mar/2026:17:45:31 +1000] "GET / HTTP/1.1" 200 4160 "-" "Python/3.11 aiohttp/3.9.2"
118.127.40.73 - - [03/Mar/2026:18:15:32 +1000] "GET / HTTP/1.1" 200 4160 "-" "Python/3.11 aiohttp/3.9.2"
118.127.40.73 - - [03/Mar/2026:18:45:32 +1000] "GET / HTTP/1.1" 200 4160 "-" "Python/3.11 aiohttp/3.9.2"
118.127.40.73 - - [03/Mar/2026:19:15:33 +1000] "GET / HTTP/1.1" 200 4160 "-" "Python/3.11 aiohttp/3.9.2"
74.7.228.40 - - [03/Mar/2026:19:44:09 +1000] "GET /robots.txt HTTP/1.1" 200 24 "-" "Mozilla/5.0 (Macintosh; Intel Mac OS X 10_15_7) AppleWebKit/537.36 (KHTML, like Gecko) Chrome/131.0.0.0 Safari/537.36; compatible; OAI-SearchBot/1.3; robots.txt; +https://openai.com/searchbot"
118.127.40.73 - - [03/Mar/2026:19:45:33 +1000] "GET / HTTP/1.1" 200 4160 "-" "Python/3.11 aiohttp/3.9.2"
87.236.176.78 - - [03/Mar/2026:20:13:58 +1000] "GET / HTTP/1.1" 500 1076462 "-" "Mozilla/5.0 (compatible; InternetMeasurement/1.0; +https://internet-measurement.com/)"
74.7.175.138 - - [03/Mar/2026:20:15:06 +1000] "GET /robots.txt HTTP/1.1" 200 24 "-" "Mozilla/5.0 (Macintosh; Intel Mac OS X 10_15_7) AppleWebKit/537.36 (KHTML, like Gecko) Chrome/131.0.0.0 Safari/537.36; compatible; OAI-SearchBot/1.3; robots.txt; +https://openai.com/searchbot"
118.127.40.73 - - [03/Mar/2026:20:15:32 +1000] "GET / HTTP/1.1" 200 4160 "-" "Python/3.11 aiohttp/3.9.2"
118.127.40.73 - - [03/Mar/2026:20:45:33 +1000] "GET / HTTP/1.1" 200 4160 "-" "Python/3.11 aiohttp/3.9.2"
118.127.40.73 - - [03/Mar/2026:21:15:33 +1000] "GET / HTTP/1.1" 200 4160 "-" "Python/3.11 aiohttp/3.9.2"
118.127.40.73 - - [03/Mar/2026:21:45:33 +1000] "GET / HTTP/1.1" 200 4160 "-" "Python/3.11 aiohttp/3.9.2"
118.127.40.73 - - [03/Mar/2026:22:15:34 +1000] "GET / HTTP/1.1" 200 4160 "-" "Python/3.11 aiohttp/3.9.2"
118.127.40.73 - - [03/Mar/2026:22:45:34 +1000] "GET / HTTP/1.1" 200 4160 "-" "Python/3.11 aiohttp/3.9.2"
118.127.40.73 - - [03/Mar/2026:23:15:40 +1000] "GET / HTTP/1.1" 200 4160 "-" "Python/3.11 aiohttp/3.9.2"
118.127.40.73 - - [04/Mar/2026:00:12:24 +1000] "GET / HTTP/1.1" 200 4160 "-" "Python/3.11 aiohttp/3.9.2"
118.127.40.73 - - [04/Mar/2026:00:42:17 +1000] "GET / HTTP/1.1" 200 4160 "-" "Python/3.11 aiohttp/3.9.2"
118.127.40.73 - - [04/Mar/2026:01:12:22 +1000] "GET / HTTP/1.1" 200 4160 "-" "Python/3.11 aiohttp/3.9.2"
118.127.40.73 - - [04/Mar/2026:01:42:14 +1000] "GET / HTTP/1.1" 200 4160 "-" "Python/3.11 aiohttp/3.9.2"
118.127.40.73 - - [04/Mar/2026:02:12:22 +1000] "GET / HTTP/1.1" 200 4160 "-" "Python/3.11 aiohttp/3.9.2"
118.127.40.73 - - [04/Mar/2026:02:42:16 +1000] "GET / HTTP/1.1" 200 4160 "-" "Python/3.11 aiohttp/3.9.2"
118.127.40.73 - - [04/Mar/2026:03:12:17 +1000] "GET / HTTP/1.1" 200 4160 "-" "Python/3.11 aiohttp/3.9.2"
118.127.40.73 - - [04/Mar/2026:03:42:18 +1000] "GET / HTTP/1.1" 200 4160 "-" "Python/3.11 aiohttp/3.9.2"
118.127.40.73 - - [04/Mar/2026:04:12:18 +1000] "GET / HTTP/1.1" 200 4160 "-" "Python/3.11 aiohttp/3.9.2"
118.127.40.73 - - [04/Mar/2026:04:42:18 +1000] "GET / HTTP/1.1" 200 4160 "-" "Python/3.11 aiohttp/3.9.2"
118.127.40.73 - - [04/Mar/2026:05:12:27 +1000] "GET / HTTP/1.1" 200 4160 "-" "Python/3.11 aiohttp/3.9.2"
118.127.40.73 - - [04/Mar/2026:05:42:18 +1000] "GET / HTTP/1.1" 200 4160 "-" "Python/3.11 aiohttp/3.9.2"
118.127.40.73 - - [04/Mar/2026:06:12:17 +1000] "GET / HTTP/1.1" 200 4160 "-" "Python/3.11 aiohttp/3.9.2"
118.127.40.73 - - [04/Mar/2026:06:42:20 +1000] "GET / HTTP/1.1" 200 4160 "-" "Python/3.11 aiohttp/3.9.2"
118.127.40.73 - - [04/Mar/2026:07:12:17 +1000] "GET / HTTP/1.1" 200 4160 "-" "Python/3.11 aiohttp/3.9.2"
118.127.40.73 - - [04/Mar/2026:07:42:16 +1000] "GET / HTTP/1.1" 200 4160 "-" "Python/3.11 aiohttp/3.9.2"
118.127.40.73 - - [04/Mar/2026:08:12:16 +1000] "GET / HTTP/1.1" 200 4160 "-" "Python/3.11 aiohttp/3.9.2"
118.127.40.73 - - [04/Mar/2026:08:42:19 +1000] "GET / HTTP/1.1" 200 4160 "-" "Python/3.11 aiohttp/3.9.2"
118.127.40.73 - - [04/Mar/2026:09:12:16 +1000] "GET / HTTP/1.1" 200 4160 "-" "Python/3.11 aiohttp/3.9.2"
198.235.24.55 - - [04/Mar/2026:09:41:58 +1000] "GET / HTTP/1.1" 500 1076558 "-" "Hello from Palo Alto Networks, find out more about our scans in https://docs-cortex.paloaltonetworks.com/r/1/Cortex-Xpanse/Scanning-activity"
118.127.40.73 - - [04/Mar/2026:09:42:20 +1000] "GET / HTTP/1.1" 200 4160 "-" "Python/3.11 aiohttp/3.9.2"
118.127.40.73 - - [04/Mar/2026:10:12:16 +1000] "GET / HTTP/1.1" 200 4160 "-" "Python/3.11 aiohttp/3.9.2"
118.127.40.73 - - [04/Mar/2026:10:42:20 +1000] "GET / HTTP/1.1" 200 4160 "-" "Python/3.11 aiohttp/3.9.2"
118.127.40.73 - - [04/Mar/2026:11:12:20 +1000] "GET / HTTP/1.1" 200 4160 "-" "Python/3.11 aiohttp/3.9.2"
118.127.40.73 - - [04/Mar/2026:11:42:17 +1000] "GET / HTTP/1.1" 200 4160 "-" "Python/3.11 aiohttp/3.9.2"
118.127.40.73 - - [04/Mar/2026:12:12:18 +1000] "GET / HTTP/1.1" 200 4160 "-" "Python/3.11 aiohttp/3.9.2"
118.127.40.73 - - [04/Mar/2026:12:42:29 +1000] "GET / HTTP/1.1" 200 4160 "-" "Python/3.11 aiohttp/3.9.2"
118.127.40.73 - - [04/Mar/2026:13:12:19 +1000] "GET / HTTP/1.1" 200 4160 "-" "Python/3.11 aiohttp/3.9.2"
118.127.40.73 - - [04/Mar/2026:13:42:17 +1000] "GET / HTTP/1.1" 200 4160 "-" "Python/3.11 aiohttp/3.9.2"
118.127.40.73 - - [04/Mar/2026:14:12:19 +1000] "GET / HTTP/1.1" 200 4160 "-" "Python/3.11 aiohttp/3.9.2"
118.127.40.73 - - [04/Mar/2026:14:42:23 +1000] "GET / HTTP/1.1" 200 4160 "-" "Python/3.11 aiohttp/3.9.2"
118.127.40.73 - - [04/Mar/2026:15:12:28 +1000] "GET / HTTP/1.1" 200 4160 "-" "Python/3.11 aiohttp/3.9.2"
118.127.40.73 - - [04/Mar/2026:15:42:22 +1000] "GET / HTTP/1.1" 200 4160 "-" "Python/3.11 aiohttp/3.9.2"
118.127.40.73 - - [04/Mar/2026:16:12:18 +1000] "GET / HTTP/1.1" 200 4160 "-" "Python/3.11 aiohttp/3.9.2"
118.127.40.73 - - [04/Mar/2026:16:42:32 +1000] "GET / HTTP/1.1" 200 4160 "-" "Python/3.11 aiohttp/3.9.2"
118.127.40.73 - - [04/Mar/2026:17:12:23 +1000] "GET / HTTP/1.1" 200 4160 "-" "Python/3.11 aiohttp/3.9.2"
66.132.153.142 - - [04/Mar/2026:17:19:31 +1000] "GET / HTTP/1.1" 500 1076264 "-" "Mozilla/5.0 (compatible; CensysInspect/1.1; +https://about.censys.io/)"
66.132.153.142 - - [04/Mar/2026:17:19:45 +1000] "GET / HTTP/1.1" 421 362 "-" "Mozilla/5.0 (compatible; CensysInspect/1.1; +https://about.censys.io/)"
118.127.40.73 - - [04/Mar/2026:17:42:23 +1000] "GET / HTTP/1.1" 200 4160 "-" "Python/3.11 aiohttp/3.9.2"
118.127.40.73 - - [04/Mar/2026:18:12:26 +1000] "GET / HTTP/1.1" 200 4160 "-" "Python/3.11 aiohttp/3.9.2"
118.127.40.73 - - [04/Mar/2026:18:42:26 +1000] "GET / HTTP/1.1" 200 4160 "-" "Python/3.11 aiohttp/3.9.2"
74.7.241.152 - - [04/Mar/2026:18:43:38 +1000] "GET /robots.txt HTTP/1.1" 200 24 "-" "Mozilla/5.0 (Macintosh; Intel Mac OS X 10_15_7) AppleWebKit/537.36 (KHTML, like Gecko) Chrome/131.0.0.0 Safari/537.36; compatible; OAI-SearchBot/1.3; robots.txt; +https://openai.com/searchbot"
74.7.242.21 - - [04/Mar/2026:18:43:39 +1000] "GET / HTTP/1.1" 200 4160 "-" "Mozilla/5.0 AppleWebKit/537.36 (KHTML, like Gecko; compatible; GPTBot/1.3; +https://openai.com/gptbot)"
118.127.40.73 - - [04/Mar/2026:19:12:33 +1000] "GET / HTTP/1.1" 200 4160 "-" "Python/3.11 aiohttp/3.9.2"
118.127.40.73 - - [04/Mar/2026:19:42:26 +1000] "GET / HTTP/1.1" 200 4160 "-" "Python/3.11 aiohttp/3.9.2"
118.127.40.73 - - [04/Mar/2026:20:12:21 +1000] "GET / HTTP/1.1" 200 4160 "-" "Python/3.11 aiohttp/3.9.2"
118.127.40.73 - - [04/Mar/2026:20:42:35 +1000] "GET / HTTP/1.1" 200 4160 "-" "Python/3.11 aiohttp/3.9.2"
185.247.137.18 - - [04/Mar/2026:20:47:06 +1000] "GET / HTTP/1.1" 500 1076460 "-" "Mozilla/5.0 (compatible; InternetMeasurement/1.0; +https://internet-measurement.com/)"
118.127.40.73 - - [04/Mar/2026:21:12:24 +1000] "GET / HTTP/1.1" 200 4160 "-" "Python/3.11 aiohttp/3.9.2"
74.7.244.63 - - [04/Mar/2026:21:36:35 +1000] "GET /robots.txt HTTP/1.1" 200 24 "-" "Mozilla/5.0 (Macintosh; Intel Mac OS X 10_15_7) AppleWebKit/537.36 (KHTML, like Gecko) Chrome/131.0.0.0 Safari/537.36; compatible; OAI-SearchBot/1.3; robots.txt; +https://openai.com/searchbot"
74.7.242.29 - - [04/Mar/2026:21:36:35 +1000] "GET / HTTP/1.1" 500 155632 "-" "Mozilla/5.0 AppleWebKit/537.36 (KHTML, like Gecko; compatible; GPTBot/1.3; +https://openai.com/gptbot)"
118.127.40.73 - - [04/Mar/2026:21:42:24 +1000] "GET / HTTP/1.1" 200 4160 "-" "Python/3.11 aiohttp/3.9.2"
118.127.40.73 - - [04/Mar/2026:22:12:26 +1000] "GET / HTTP/1.1" 200 4160 "-" "Python/3.11 aiohttp/3.9.2"
118.127.40.73 - - [04/Mar/2026:22:42:26 +1000] "GET / HTTP/1.1" 200 4160 "-" "Python/3.11 aiohttp/3.9.2"
118.127.40.73 - - [04/Mar/2026:23:12:24 +1000] "GET / HTTP/1.1" 200 4160 "-" "Python/3.11 aiohttp/3.9.2"
118.127.40.73 - - [04/Mar/2026:23:42:25 +1000] "GET / HTTP/1.1" 200 4160 "-" "Python/3.11 aiohttp/3.9.2"
118.127.40.73 - - [05/Mar/2026:00:12:25 +1000] "GET / HTTP/1.1" 200 4160 "-" "Python/3.11 aiohttp/3.9.2"
118.127.40.73 - - [05/Mar/2026:00:42:29 +1000] "GET / HTTP/1.1" 200 4160 "-" "Python/3.11 aiohttp/3.9.2"
118.127.40.73 - - [05/Mar/2026:01:12:22 +1000] "GET / HTTP/1.1" 200 4160 "-" "Python/3.11 aiohttp/3.9.2"
34.106.196.205 - - [05/Mar/2026:01:42:08 +1000] "GET /.git/config HTTP/1.1" 404 6603 "-" "-"
118.127.40.73 - - [05/Mar/2026:01:42:24 +1000] "GET / HTTP/1.1" 200 4160 "-" "Python/3.11 aiohttp/3.9.2"
118.127.40.73 - - [05/Mar/2026:02:12:26 +1000] "GET / HTTP/1.1" 200 4160 "-" "Python/3.11 aiohttp/3.9.2"
118.127.40.73 - - [05/Mar/2026:02:42:41 +1000] "GET / HTTP/1.1" 200 4160 "-" "Python/3.11 aiohttp/3.9.2"
195.178.110.187 - - [05/Mar/2026:03:12:18 +1000] "GET / HTTP/1.1" 200 4160 "-" "Mozilla/5.0 (Macintosh; Intel Mac OS X 10_14_5) AppleWebKit/605.1.15 (KHTML, like Gecko) Version/12.1.1 Safari/605.1.15"
118.127.40.73 - - [05/Mar/2026:03:12:24 +1000] "GET / HTTP/1.1" 200 4160 "-" "Python/3.11 aiohttp/3.9.2"
147.185.132.13 - - [05/Mar/2026:03:20:44 +1000] "GET / HTTP/1.1" 200 4160 "-" "Hello from Palo Alto Networks, find out more about our scans in https://docs-cortex.paloaltonetworks.com/r/1/Cortex-Xpanse/Scanning-activity"
118.127.40.73 - - [05/Mar/2026:03:42:27 +1000] "GET / HTTP/1.1" 200 4160 "-" "Python/3.11 aiohttp/3.9.2"
118.127.40.73 - - [05/Mar/2026:04:12:29 +1000] "GET / HTTP/1.1" 200 4160 "-" "Python/3.11 aiohttp/3.9.2"
194.180.48.253 - - [05/Mar/2026:04:33:21 +1000] "GET /.git/config HTTP/1.1" 404 6603 "-" "fasthttp"
118.127.40.73 - - [05/Mar/2026:04:42:30 +1000] "GET / HTTP/1.1" 200 4160 "-" "Python/3.11 aiohttp/3.9.2"
118.127.40.73 - - [05/Mar/2026:05:12:26 +1000] "GET / HTTP/1.1" 200 4160 "-" "Python/3.11 aiohttp/3.9.2"
118.127.40.73 - - [05/Mar/2026:05:42:29 +1000] "GET / HTTP/1.1" 200 4160 "-" "Python/3.11 aiohttp/3.9.2"
118.127.40.73 - - [05/Mar/2026:06:12:35 +1000] "GET / HTTP/1.1" 200 4160 "-" "Python/3.11 aiohttp/3.9.2"
118.127.40.73 - - [05/Mar/2026:06:42:34 +1000] "GET / HTTP/1.1" 200 4160 "-" "Python/3.11 aiohttp/3.9.2"
118.127.40.73 - - [05/Mar/2026:07:12:28 +1000] "GET / HTTP/1.1" 200 4160 "-" "Python/3.11 aiohttp/3.9.2"
118.127.40.73 - - [05/Mar/2026:07:42:29 +1000] "GET / HTTP/1.1" 200 4160 "-" "Python/3.11 aiohttp/3.9.2"
118.127.40.73 - - [05/Mar/2026:08:12:36 +1000] "GET / HTTP/1.1" 200 4160 "-" "Python/3.11 aiohttp/3.9.2"
118.127.40.73 - - [05/Mar/2026:08:42:38 +1000] "GET / HTTP/1.1" 200 4160 "-" "Python/3.11 aiohttp/3.9.2"
118.127.40.73 - - [05/Mar/2026:09:12:50 +1000] "GET / HTTP/1.1" 200 4160 "-" "Python/3.11 aiohttp/3.9.2"
118.127.40.73 - - [05/Mar/2026:09:42:40 +1000] "GET / HTTP/1.1" 200 4160 "-" "Python/3.11 aiohttp/3.9.2"
118.127.40.73 - - [05/Mar/2026:10:12:37 +1000] "GET / HTTP/1.1" 200 4160 "-" "Python/3.11 aiohttp/3.9.2"
118.127.40.73 - - [05/Mar/2026:10:42:28 +1000] "GET / HTTP/1.1" 200 4160 "-" "Python/3.11 aiohttp/3.9.2"
118.127.40.73 - - [05/Mar/2026:11:12:27 +1000] "GET / HTTP/1.1" 200 4160 "-" "Python/3.11 aiohttp/3.9.2"
118.127.40.73 - - [05/Mar/2026:11:42:41 +1000] "GET / HTTP/1.1" 200 4160 "-" "Python/3.11 aiohttp/3.9.2"
204.76.203.25 - - [05/Mar/2026:11:46:41 +1000] "GET /build/assets/app-Bt-8Raav.js HTTP/1.1" 200 110021 "-" "Mozilla/5.0 (Windows NT 10.0; Win64; x64) AppleWebKit/537.36 (KHTML, like Gecko) Chrome/134.0.0.0 Safari/537.3"
118.127.40.73 - - [05/Mar/2026:12:12:28 +1000] "GET / HTTP/1.1" 200 4160 "-" "Python/3.11 aiohttp/3.9.2"
118.127.40.73 - - [05/Mar/2026:12:42:37 +1000] "GET / HTTP/1.1" 200 4160 "-" "Python/3.11 aiohttp/3.9.2"
193.32.126.236 - - [05/Mar/2026:12:46:14 +1000] "HEAD / HTTP/1.1" 200 - "-" "python-requests/2.32.4"
193.32.126.236 - - [05/Mar/2026:12:46:15 +1000] "GET /wp-admin/ HTTP/1.1" 301 290 "-" "Mozilla/5.0 (Windows NT 11.0; Win64; x64) AppleWebKit/537.36 (KHTML, like Gecko) Chrome/121.0.0.0 Safari/537.36"
193.32.126.236 - - [05/Mar/2026:12:46:15 +1000] "GET /wp-admin HTTP/1.1" 404 6603 "-" "Mozilla/5.0 (Windows NT 11.0; Win64; x64) AppleWebKit/537.36 (KHTML, like Gecko) Chrome/121.0.0.0 Safari/537.36"
193.32.126.236 - - [05/Mar/2026:12:46:16 +1000] "GET /xmlrpc.php HTTP/1.1" 404 6603 "-" "Mozilla/5.0 (Windows NT 10.0; Win64; x64) AppleWebKit/537.36 (KHTML, like Gecko) Chrome/119.0.0.0 Safari/537.36"
118.127.40.73 - - [05/Mar/2026:13:14:04 +1000] "GET / HTTP/1.1" 200 4160 "-" "Python/3.11 aiohttp/3.9.2"
118.127.40.73 - - [05/Mar/2026:13:42:44 +1000] "GET / HTTP/1.1" 200 4160 "-" "Python/3.11 aiohttp/3.9.2"
118.127.40.73 - - [05/Mar/2026:14:12:28 +1000] "GET / HTTP/1.1" 200 4160 "-" "Python/3.11 aiohttp/3.9.2"
118.127.40.73 - - [05/Mar/2026:14:42:29 +1000] "GET / HTTP/1.1" 200 4160 "-" "Python/3.11 aiohttp/3.9.2"
118.127.40.73 - - [05/Mar/2026:15:12:29 +1000] "GET / HTTP/1.1" 200 4160 "-" "Python/3.11 aiohttp/3.9.2"
118.127.40.73 - - [05/Mar/2026:15:42:31 +1000] "GET / HTTP/1.1" 200 4160 "-" "Python/3.11 aiohttp/3.9.2"
118.127.40.73 - - [05/Mar/2026:16:12:32 +1000] "GET / HTTP/1.1" 200 4160 "-" "Python/3.11 aiohttp/3.9.2"
118.127.40.73 - - [05/Mar/2026:16:42:29 +1000] "GET / HTTP/1.1" 200 4160 "-" "Python/3.11 aiohttp/3.9.2"
118.127.40.73 - - [05/Mar/2026:17:12:30 +1000] "GET / HTTP/1.1" 200 4160 "-" "Python/3.11 aiohttp/3.9.2"
118.127.40.73 - - [05/Mar/2026:17:42:31 +1000] "GET / HTTP/1.1" 200 4160 "-" "Python/3.11 aiohttp/3.9.2"
118.127.40.73 - - [05/Mar/2026:18:12:33 +1000] "GET / HTTP/1.1" 200 4160 "-" "Python/3.11 aiohttp/3.9.2"
118.127.40.73 - - [05/Mar/2026:18:42:31 +1000] "GET / HTTP/1.1" 200 4160 "-" "Python/3.11 aiohttp/3.9.2"
52.47.104.113 - - [05/Mar/2026:18:48:50 +1000] "GET / HTTP/1.1" 200 4160 "-" "Mozilla/5.0 (Macintosh; Intel Mac OS X 10_15_7) AppleWebKit/537.36 (KHTML, like Gecko) Chrome/131.0.0.0 Safari/537.36"
52.47.104.113 - - [05/Mar/2026:18:48:51 +1000] "POST / HTTP/1.1" 419 6609 "-" "Mozilla/5.0 (Macintosh; Intel Mac OS X 10_15_7) AppleWebKit/537.36 (KHTML, like Gecko) Chrome/131.0.0.0 Safari/537.36"
52.47.104.113 - - [05/Mar/2026:18:48:51 +1000] "POST / HTTP/1.1" 419 6609 "-" "Mozilla/5.0 (Macintosh; Intel Mac OS X 10_15_7) AppleWebKit/537.36 (KHTML, like Gecko) Chrome/131.0.0.0 Safari/537.36"
52.47.104.113 - - [05/Mar/2026:18:48:51 +1000] "POST / HTTP/1.1" 419 6609 "-" "Mozilla/5.0 (Macintosh; Intel Mac OS X 10_15_7) AppleWebKit/537.36 (KHTML, like Gecko) Chrome/131.0.0.0 Safari/537.36"
118.127.40.73 - - [05/Mar/2026:19:12:31 +1000] "GET / HTTP/1.1" 200 4160 "-" "Python/3.11 aiohttp/3.9.2"
74.7.241.152 - - [05/Mar/2026:19:22:24 +1000] "GET /robots.txt HTTP/1.1" 200 24 "-" "Mozilla/5.0 (Macintosh; Intel Mac OS X 10_15_7) AppleWebKit/537.36 (KHTML, like Gecko) Chrome/131.0.0.0 Safari/537.36; compatible; OAI-SearchBot/1.3; robots.txt; +https://openai.com/searchbot"
35.91.207.171 - - [05/Mar/2026:19:24:28 +1000] "GET / HTTP/1.1" 500 1076692 "-" "Mozilla/5.0 (Windows NT 10.0; Win64; x64) AppleWebKit/537.36 (KHTML, like Gecko) Chrome/131.0.0.0 Safari/537.36"
35.91.207.171 - - [05/Mar/2026:19:24:32 +1000] "POST / HTTP/1.1" 500 1078258 "-" "Mozilla/5.0 (Windows NT 10.0; Win64; x64) AppleWebKit/537.36 (KHTML, like Gecko) Chrome/131.0.0.0 Safari/537.36"
35.91.207.171 - - [05/Mar/2026:19:24:35 +1000] "POST / HTTP/1.1" 500 1078370 "-" "Mozilla/5.0 (Windows NT 10.0; Win64; x64) AppleWebKit/537.36 (KHTML, like Gecko) Chrome/131.0.0.0 Safari/537.36"
35.91.207.171 - - [05/Mar/2026:19:24:37 +1000] "POST / HTTP/1.1" 500 1078028 "-" "Mozilla/5.0 (Windows NT 10.0; Win64; x64) AppleWebKit/537.36 (KHTML, like Gecko) Chrome/131.0.0.0 Safari/537.36"
118.127.40.73 - - [05/Mar/2026:19:42:32 +1000] "GET / HTTP/1.1" 200 4160 "-" "Python/3.11 aiohttp/3.9.2"
118.127.40.73 - - [05/Mar/2026:20:12:35 +1000] "GET / HTTP/1.1" 200 4160 "-" "Python/3.11 aiohttp/3.9.2"
118.127.40.73 - - [05/Mar/2026:20:42:35 +1000] "GET / HTTP/1.1" 200 4160 "-" "Python/3.11 aiohttp/3.9.2"
118.127.40.73 - - [05/Mar/2026:21:12:40 +1000] "GET / HTTP/1.1" 200 4160 "-" "Python/3.11 aiohttp/3.9.2"
118.127.40.73 - - [05/Mar/2026:21:42:31 +1000] "GET / HTTP/1.1" 200 4160 "-" "Python/3.11 aiohttp/3.9.2"
118.127.40.73 - - [05/Mar/2026:22:12:33 +1000] "GET / HTTP/1.1" 200 4160 "-" "Python/3.11 aiohttp/3.9.2"
118.127.40.73 - - [05/Mar/2026:22:42:35 +1000] "GET / HTTP/1.1" 200 4160 "-" "Python/3.11 aiohttp/3.9.2"
3.18.186.238 - - [05/Mar/2026:22:49:50 +1000] "GET / HTTP/1.1" 200 4160 "-" "visionheight.com/scan Mozilla/5.0 (Macintosh; Intel Mac OS X 10_15_7) Chrome/126.0.0.0 Safari/537.36"
118.127.40.73 - - [05/Mar/2026:23:12:40 +1000] "GET / HTTP/1.1" 200 4160 "-" "Python/3.11 aiohttp/3.9.2"
74.7.244.63 - - [05/Mar/2026:23:31:19 +1000] "GET /robots.txt HTTP/1.1" 200 24 "-" "Mozilla/5.0 (Macintosh; Intel Mac OS X 10_15_7) AppleWebKit/537.36 (KHTML, like Gecko) Chrome/131.0.0.0 Safari/537.36; compatible; OAI-SearchBot/1.3; robots.txt; +https://openai.com/searchbot"
118.127.40.73 - - [05/Mar/2026:23:42:38 +1000] "GET / HTTP/1.1" 200 4160 "-" "Python/3.11 aiohttp/3.9.2"
118.127.40.73 - - [06/Mar/2026:00:12:40 +1000] "GET / HTTP/1.1" 200 4160 "-" "Python/3.11 aiohttp/3.9.2"
118.127.40.73 - - [06/Mar/2026:00:42:47 +1000] "GET / HTTP/1.1" 200 4160 "-" "Python/3.11 aiohttp/3.9.2"
118.127.40.73 - - [06/Mar/2026:01:12:34 +1000] "GET / HTTP/1.1" 200 4160 "-" "Python/3.11 aiohttp/3.9.2"
118.127.40.73 - - [06/Mar/2026:01:42:36 +1000] "GET / HTTP/1.1" 200 4160 "-" "Python/3.11 aiohttp/3.9.2"
118.127.40.73 - - [06/Mar/2026:02:12:36 +1000] "GET / HTTP/1.1" 200 4160 "-" "Python/3.11 aiohttp/3.9.2"
118.127.40.73 - - [06/Mar/2026:02:42:36 +1000] "GET / HTTP/1.1" 200 4160 "-" "Python/3.11 aiohttp/3.9.2"
118.127.40.73 - - [06/Mar/2026:03:12:36 +1000] "GET / HTTP/1.1" 200 4160 "-" "Python/3.11 aiohttp/3.9.2"
118.127.40.73 - - [06/Mar/2026:03:42:39 +1000] "GET / HTTP/1.1" 200 4160 "-" "Python/3.11 aiohttp/3.9.2"
118.127.40.73 - - [06/Mar/2026:04:12:35 +1000] "GET / HTTP/1.1" 200 4160 "-" "Python/3.11 aiohttp/3.9.2"
118.127.40.73 - - [06/Mar/2026:04:42:34 +1000] "GET / HTTP/1.1" 200 4160 "-" "Python/3.11 aiohttp/3.9.2"
118.127.40.73 - - [06/Mar/2026:05:12:35 +1000] "GET / HTTP/1.1" 200 4160 "-" "Python/3.11 aiohttp/3.9.2"
118.127.40.73 - - [06/Mar/2026:05:42:35 +1000] "GET / HTTP/1.1" 200 4160 "-" "Python/3.11 aiohttp/3.9.2"
118.127.40.73 - - [06/Mar/2026:06:12:34 +1000] "GET / HTTP/1.1" 200 4160 "-" "Python/3.11 aiohttp/3.9.2"
141.98.11.168 - - [06/Mar/2026:06:33:00 +1000] "GET /wp-login.php HTTP/1.1" 404 6603 "-" "Mozilla/5.0 (X11; Linux x86_64) AppleWebKit/537.36 (KHTML, like Gecko) Chrome/120.0.0.0 Safari/537.36"
141.98.11.168 - - [06/Mar/2026:06:33:01 +1000] "GET /wp-admin/ HTTP/1.1" 301 290 "-" "Mozilla/5.0 (Windows NT 11.0; Win64; x64) AppleWebKit/537.36 (KHTML, like Gecko) Chrome/121.0.0.0 Safari/537.36"
141.98.11.168 - - [06/Mar/2026:06:33:01 +1000] "GET /wp-admin HTTP/1.1" 404 6603 "-" "Mozilla/5.0 (Windows NT 11.0; Win64; x64) AppleWebKit/537.36 (KHTML, like Gecko) Chrome/121.0.0.0 Safari/537.36"
141.98.11.168 - - [06/Mar/2026:06:33:01 +1000] "GET /login HTTP/1.1" 404 6603 "-" "Mozilla/5.0 (Windows NT 11.0; Win64; x64) AppleWebKit/537.36 (KHTML, like Gecko) Chrome/121.0.0.0 Safari/537.36"
141.98.11.168 - - [06/Mar/2026:06:33:02 +1000] "GET /admin HTTP/1.1" 302 426 "-" "Mozilla/5.0 (Windows NT 10.0; Win64; x64) AppleWebKit/537.36 (KHTML, like Gecko) Chrome/120.0.0.0 Safari/537.36"
141.98.11.168 - - [06/Mar/2026:06:33:02 +1000] "GET /admin/login HTTP/1.1" 200 43143 "-" "Mozilla/5.0 (Windows NT 10.0; Win64; x64) AppleWebKit/537.36 (KHTML, like Gecko) Chrome/120.0.0.0 Safari/537.36"
141.98.11.168 - - [06/Mar/2026:06:33:03 +1000] "GET /wp-login HTTP/1.1" 404 6603 "-" "Mozilla/5.0 (Macintosh; Intel Mac OS X 10_15_7) AppleWebKit/537.36 (KHTML, like Gecko) Chrome/120.0.0.0 Safari/537.36"
141.98.11.168 - - [06/Mar/2026:06:33:03 +1000] "GET /wordpress/wp-login.php HTTP/1.1" 404 6603 "-" "Mozilla/5.0 (Macintosh; Intel Mac OS X 10_15_7) AppleWebKit/537.36 (KHTML, like Gecko) Chrome/120.0.0.0 Safari/537.36"
141.98.11.168 - - [06/Mar/2026:06:33:03 +1000] "GET /blog/wp-login.php HTTP/1.1" 404 6603 "-" "Mozilla/5.0 (Windows NT 10.0; Win64; x64; rv:121.0) Gecko/20100101 Firefox/121.0"
141.98.11.168 - - [06/Mar/2026:06:33:03 +1000] "GET /wp/wp-login.php HTTP/1.1" 404 6603 "-" "Mozilla/5.0 (Windows NT 10.0; Win64; x64; rv:121.0) Gecko/20100101 Firefox/121.0"
141.98.11.168 - - [06/Mar/2026:06:33:04 +1000] "GET /cms/wp-login.php HTTP/1.1" 404 6603 "-" "Mozilla/5.0 (Windows NT 10.0; Win64; x64; rv:121.0) Gecko/20100101 Firefox/121.0"
118.127.40.73 - - [06/Mar/2026:06:42:34 +1000] "GET / HTTP/1.1" 200 4160 "-" "Python/3.11 aiohttp/3.9.2"
118.127.40.73 - - [06/Mar/2026:07:12:35 +1000] "GET / HTTP/1.1" 200 4160 "-" "Python/3.11 aiohttp/3.9.2"
64.89.160.178 - - [06/Mar/2026:07:25:45 +1000] "HEAD / HTTP/1.1" 200 - "-" "python-requests/2.32.4"
64.89.160.178 - - [06/Mar/2026:07:25:46 +1000] "GET /wp-admin/ HTTP/1.1" 301 290 "-" "Mozilla/5.0 (Macintosh; Intel Mac OS X 14_1) AppleWebKit/605.1.15 (KHTML, like Gecko) Version/17.0 Safari/605.1.15"
64.89.160.178 - - [06/Mar/2026:07:25:46 +1000] "GET /wp-admin HTTP/1.1" 404 6603 "-" "Mozilla/5.0 (Macintosh; Intel Mac OS X 14_1) AppleWebKit/605.1.15 (KHTML, like Gecko) Version/17.0 Safari/605.1.15"
64.89.160.178 - - [06/Mar/2026:07:25:47 +1000] "GET /xmlrpc.php HTTP/1.1" 404 6603 "-" "Mozilla/5.0 (Macintosh; Intel Mac OS X 14_1) AppleWebKit/605.1.15 (KHTML, like Gecko) Version/17.0 Safari/605.1.15"
118.127.40.73 - - [06/Mar/2026:07:42:35 +1000] "GET / HTTP/1.1" 200 4160 "-" "Python/3.11 aiohttp/3.9.2"
118.127.40.73 - - [06/Mar/2026:08:12:36 +1000] "GET / HTTP/1.1" 200 4160 "-" "Python/3.11 aiohttp/3.9.2"
118.127.40.73 - - [06/Mar/2026:08:42:40 +1000] "GET / HTTP/1.1" 200 4160 "-" "Python/3.11 aiohttp/3.9.2"
118.127.40.73 - - [06/Mar/2026:09:12:37 +1000] "GET / HTTP/1.1" 200 4160 "-" "Python/3.11 aiohttp/3.9.2"
118.127.40.73 - - [06/Mar/2026:09:42:42 +1000] "GET / HTTP/1.1" 200 4160 "-" "Python/3.11 aiohttp/3.9.2"
118.127.40.73 - - [06/Mar/2026:10:12:37 +1000] "GET / HTTP/1.1" 200 4160 "-" "Python/3.11 aiohttp/3.9.2"
118.127.40.73 - - [06/Mar/2026:10:42:43 +1000] "GET / HTTP/1.1" 200 4160 "-" "Python/3.11 aiohttp/3.9.2"
118.127.40.73 - - [06/Mar/2026:11:12:37 +1000] "GET / HTTP/1.1" 200 4160 "-" "Python/3.11 aiohttp/3.9.2"
118.127.40.73 - - [06/Mar/2026:11:42:40 +1000] "GET / HTTP/1.1" 200 4160 "-" "Python/3.11 aiohttp/3.9.2"
118.127.40.73 - - [06/Mar/2026:12:12:37 +1000] "GET / HTTP/1.1" 200 4160 "-" "Python/3.11 aiohttp/3.9.2"
118.127.40.73 - - [06/Mar/2026:12:42:38 +1000] "GET / HTTP/1.1" 200 4160 "-" "Python/3.11 aiohttp/3.9.2"
118.127.40.73 - - [06/Mar/2026:13:12:38 +1000] "GET / HTTP/1.1" 200 4160 "-" "Python/3.11 aiohttp/3.9.2"
118.127.40.73 - - [06/Mar/2026:13:42:45 +1000] "GET / HTTP/1.1" 200 4160 "-" "Python/3.11 aiohttp/3.9.2"
118.127.40.73 - - [06/Mar/2026:14:12:41 +1000] "GET / HTTP/1.1" 200 4160 "-" "Python/3.11 aiohttp/3.9.2"
118.127.40.73 - - [06/Mar/2026:14:42:42 +1000] "GET / HTTP/1.1" 200 4160 "-" "Python/3.11 aiohttp/3.9.2"
118.127.40.73 - - [06/Mar/2026:15:12:43 +1000] "GET / HTTP/1.1" 200 4160 "-" "Python/3.11 aiohttp/3.9.2"
118.127.40.73 - - [06/Mar/2026:15:42:42 +1000] "GET / HTTP/1.1" 200 4160 "-" "Python/3.11 aiohttp/3.9.2"
118.127.40.73 - - [06/Mar/2026:16:12:40 +1000] "GET / HTTP/1.1" 200 4160 "-" "Python/3.11 aiohttp/3.9.2"
118.127.40.73 - - [06/Mar/2026:16:42:42 +1000] "GET / HTTP/1.1" 200 4160 "-" "Python/3.11 aiohttp/3.9.2"
118.127.40.73 - - [06/Mar/2026:17:12:39 +1000] "GET / HTTP/1.1" 200 4160 "-" "Python/3.11 aiohttp/3.9.2"
118.127.40.73 - - [06/Mar/2026:17:42:41 +1000] "GET / HTTP/1.1" 200 4160 "-" "Python/3.11 aiohttp/3.9.2"
118.127.40.73 - - [06/Mar/2026:18:12:42 +1000] "GET / HTTP/1.1" 200 4160 "-" "Python/3.11 aiohttp/3.9.2"
118.127.40.73 - - [06/Mar/2026:18:42:48 +1000] "GET / HTTP/1.1" 200 4160 "-" "Python/3.11 aiohttp/3.9.2"
143.198.32.175 - - [06/Mar/2026:19:00:10 +1000] "GET / HTTP/1.1" 200 4160 "-" "Mozilla/5.0 (X11; Linux x86_64) AppleWebKit/537.36 (KHTML, like Gecko) Chrome/142.0.0.0 Safari/537.36"
143.198.32.175 - - [06/Mar/2026:19:00:16 +1000] "GET /favicon.ico HTTP/1.1" 200 - "https://davetest.posscales.com.au/" "Mozilla/5.0 (X11; Linux x86_64) AppleWebKit/537.36 (KHTML, like Gecko) Chrome/142.0.0.0 Safari/537.36"
118.127.40.73 - - [06/Mar/2026:19:12:39 +1000] "GET / HTTP/1.1" 200 4160 "-" "Python/3.11 aiohttp/3.9.2"
118.127.40.73 - - [06/Mar/2026:19:42:41 +1000] "GET / HTTP/1.1" 200 4160 "-" "Python/3.11 aiohttp/3.9.2"
118.127.40.73 - - [06/Mar/2026:20:12:42 +1000] "GET / HTTP/1.1" 200 4160 "-" "Python/3.11 aiohttp/3.9.2"
118.127.40.73 - - [06/Mar/2026:20:42:41 +1000] "GET / HTTP/1.1" 200 4160 "-" "Python/3.11 aiohttp/3.9.2"
118.127.40.73 - - [06/Mar/2026:21:12:40 +1000] "GET / HTTP/1.1" 200 4160 "-" "Python/3.11 aiohttp/3.9.2"
118.127.40.73 - - [06/Mar/2026:21:42:41 +1000] "GET / HTTP/1.1" 200 4160 "-" "Python/3.11 aiohttp/3.9.2"
118.127.40.73 - - [06/Mar/2026:22:12:42 +1000] "GET / HTTP/1.1" 200 4160 "-" "Python/3.11 aiohttp/3.9.2"
118.127.40.73 - - [06/Mar/2026:22:42:45 +1000] "GET / HTTP/1.1" 200 4160 "-" "Python/3.11 aiohttp/3.9.2"
118.127.40.73 - - [06/Mar/2026:23:12:41 +1000] "GET / HTTP/1.1" 200 4160 "-" "Python/3.11 aiohttp/3.9.2"
118.127.40.73 - - [06/Mar/2026:23:42:56 +1000] "GET / HTTP/1.1" 200 4160 "-" "Python/3.11 aiohttp/3.9.2"
118.127.40.73 - - [07/Mar/2026:00:12:53 +1000] "GET / HTTP/1.1" 200 4160 "-" "Python/3.11 aiohttp/3.9.2"
118.127.40.73 - - [07/Mar/2026:00:42:44 +1000] "GET / HTTP/1.1" 200 4160 "-" "Python/3.11 aiohttp/3.9.2"
74.7.241.152 - - [07/Mar/2026:00:57:40 +1000] "GET /robots.txt HTTP/1.1" 200 24 "-" "Mozilla/5.0 (Macintosh; Intel Mac OS X 10_15_7) AppleWebKit/537.36 (KHTML, like Gecko) Chrome/131.0.0.0 Safari/537.36; compatible; OAI-SearchBot/1.3; robots.txt; +https://openai.com/searchbot"
74.7.242.21 - - [07/Mar/2026:00:57:40 +1000] "GET / HTTP/1.1" 200 4160 "-" "Mozilla/5.0 AppleWebKit/537.36 (KHTML, like Gecko; compatible; GPTBot/1.3; +https://openai.com/gptbot)"
74.7.244.63 - - [07/Mar/2026:00:59:18 +1000] "GET /robots.txt HTTP/1.1" 200 24 "-" "Mozilla/5.0 (Macintosh; Intel Mac OS X 10_15_7) AppleWebKit/537.36 (KHTML, like Gecko) Chrome/131.0.0.0 Safari/537.36; compatible; OAI-SearchBot/1.3; robots.txt; +https://openai.com/searchbot"
74.7.242.29 - - [07/Mar/2026:00:59:18 +1000] "GET / HTTP/1.1" 500 114680 "-" "Mozilla/5.0 AppleWebKit/537.36 (KHTML, like Gecko; compatible; GPTBot/1.3; +https://openai.com/gptbot)"
118.127.40.73 - - [07/Mar/2026:01:22:41 +1000] "GET / HTTP/1.1" 200 4160 "-" "Python/3.11 aiohttp/3.9.2"
204.76.203.25 - - [07/Mar/2026:01:39:08 +1000] "GET /.env HTTP/1.1" 404 6603 "-" "Mozilla/5.0 (Windows NT 10.0; Win64; x64) AppleWebKit/537.36 (KHTML, like Gecko) Chrome/134.0.0.0 Safari/537.3"
118.127.40.73 - - [07/Mar/2026:01:52:39 +1000] "GET / HTTP/1.1" 200 4160 "-" "Python/3.11 aiohttp/3.9.2"
118.127.40.73 - - [07/Mar/2026:02:22:41 +1000] "GET / HTTP/1.1" 200 4160 "-" "Python/3.11 aiohttp/3.9.2"
118.127.40.73 - - [07/Mar/2026:02:52:46 +1000] "GET / HTTP/1.1" 200 4160 "-" "Python/3.11 aiohttp/3.9.2"
118.127.40.73 - - [07/Mar/2026:03:22:39 +1000] "GET / HTTP/1.1" 200 4160 "-" "Python/3.11 aiohttp/3.9.2"
118.127.40.73 - - [07/Mar/2026:03:52:39 +1000] "GET / HTTP/1.1" 200 4160 "-" "Python/3.11 aiohttp/3.9.2"
118.127.40.73 - - [07/Mar/2026:04:22:39 +1000] "GET / HTTP/1.1" 200 4160 "-" "Python/3.11 aiohttp/3.9.2"
118.127.40.73 - - [07/Mar/2026:04:52:40 +1000] "GET / HTTP/1.1" 200 4160 "-" "Python/3.11 aiohttp/3.9.2"
118.127.40.73 - - [07/Mar/2026:05:22:40 +1000] "GET / HTTP/1.1" 200 4160 "-" "Python/3.11 aiohttp/3.9.2"
118.127.40.73 - - [07/Mar/2026:05:52:40 +1000] "GET / HTTP/1.1" 200 4160 "-" "Python/3.11 aiohttp/3.9.2"
118.127.40.73 - - [07/Mar/2026:06:22:42 +1000] "GET / HTTP/1.1" 200 4160 "-" "Python/3.11 aiohttp/3.9.2"
118.127.40.73 - - [07/Mar/2026:06:52:41 +1000] "GET / HTTP/1.1" 200 4160 "-" "Python/3.11 aiohttp/3.9.2"
118.127.40.73 - - [07/Mar/2026:07:22:41 +1000] "GET / HTTP/1.1" 200 4160 "-" "Python/3.11 aiohttp/3.9.2"
118.127.40.73 - - [07/Mar/2026:07:52:42 +1000] "GET / HTTP/1.1" 200 4160 "-" "Python/3.11 aiohttp/3.9.2"
118.127.40.73 - - [07/Mar/2026:08:22:44 +1000] "GET / HTTP/1.1" 200 4160 "-" "Python/3.11 aiohttp/3.9.2"
118.127.40.73 - - [07/Mar/2026:08:52:40 +1000] "GET / HTTP/1.1" 200 4160 "-" "Python/3.11 aiohttp/3.9.2"
118.127.40.73 - - [07/Mar/2026:09:22:40 +1000] "GET / HTTP/1.1" 200 4160 "-" "Python/3.11 aiohttp/3.9.2"
118.127.40.73 - - [07/Mar/2026:09:52:41 +1000] "GET / HTTP/1.1" 200 4160 "-" "Python/3.11 aiohttp/3.9.2"
118.127.40.73 - - [07/Mar/2026:10:22:42 +1000] "GET / HTTP/1.1" 200 4160 "-" "Python/3.11 aiohttp/3.9.2"
118.127.40.73 - - [07/Mar/2026:10:52:43 +1000] "GET / HTTP/1.1" 200 4160 "-" "Python/3.11 aiohttp/3.9.2"
118.127.40.73 - - [07/Mar/2026:11:22:42 +1000] "GET / HTTP/1.1" 200 4160 "-" "Python/3.11 aiohttp/3.9.2"
118.127.40.73 - - [07/Mar/2026:11:52:43 +1000] "GET / HTTP/1.1" 200 4160 "-" "Python/3.11 aiohttp/3.9.2"
118.127.40.73 - - [07/Mar/2026:12:22:42 +1000] "GET / HTTP/1.1" 200 4160 "-" "Python/3.11 aiohttp/3.9.2"
